CREATE TABLE `oc_address` (
  `address_id` int(11) NOT NULL AUTO_INCREMENT,
  `customer_id` int(11) NOT NULL,
  `firstname` varchar(32) NOT NULL,
  `lastname` varchar(32) NOT NULL,
  `company` varchar(32) NOT NULL,
  `company_id` varchar(32) NOT NULL,
  `tax_id` varchar(32) NOT NULL,
  `address_1` varchar(128) NOT NULL,
  `address_2` varchar(128) NOT NULL,
  `city` varchar(128) NOT NULL,
  `postcode` varchar(10) NOT NULL,
  `country_id` int(11) NOT NULL DEFAULT '0',
  `zone_id` int(11) NOT NULL DEFAULT '0',
  PRIMARY KEY (`address_id`),
  KEY `customer_id` (`customer_id`)
) ENGINE=MyISAM AUTO_INCREMENT=196 DEFAULT CHARSET=utf8;
INSERT INTO `oc_address` VALUES (1,1,'aaa','sadfda','','','','sdfdasf','','sadfsadfsdaf','',123,1913),(2,2,'Pranas','Maškara','','','','Adresas ąčęėįšųū90','','Vilnius','LT-123456',123,1920),(3,3,'Eduards','Dombrovskis','','','','Višķu iela 13 - 24','','Riga','LV-1057',117,1850),(5,4,'Dominykas','Žernys','','','','Gedvydžių g, 35-28','','Vilnius','',123,1920),(4,4,'Mindaugas','Pakalniškis','','','','Studentų g. 69-511','','Kaunas','',123,1912),(6,5,'Eglė','fffff','','','','fffffffffff','ffffffffffffff','Vilnius','',123,1920),(7,6,'Tomas','Matijosaitis','','','','Laisves pr. 72-7','','Vilnius','05263',123,1920),(8,7,'Marius','Žiulys','','','','Pramonės pr. 91-13','','Kaunas','50352',123,1912),(9,8,'Valdas','Serapinas','','','','Dzūkų 25-5','','Vilnius','',123,1920),(10,9,'Andrius','Jakas','','','','S.Dariaus ir S.Girėno 1-6','','Šilalė','',123,1917),(11,10,'Konstantin','Muravjov','','','','Architektų 136-16','','Vilnius','',123,1920),(12,11,'Justė','Trinkūnaitė','','','','Partizanų 10c - 5','','Kaunas','50213',123,1912),(13,12,'Ignas','Kamarauskas','','','','Gineitiškės, Antežerio 30','','Vilniaus rajonas','',123,1920),(14,13,'Dailius','Urbanavicius','UAB AD LIBROS','181610165','','Sv. Stepono 16-1','','Vilnius','',123,1920),(15,14,'Gintarė','Petrauskaitė','','','','Molėtų raj. Suginčių km. Ateities 14','','Molėtai','',123,1919),(16,15,'Nerijus','Žutautas','','','','Tilžės 21-4','','Klaipėda','',123,1913),(18,17,'Kristina','Štaupaitė','','','','K. Griniaus 5 - 32','','Kaunas','48372',123,1912),(19,18,'Paulius','Babilas','','','','Šeškinės 13-41','','Vilnius','07153',123,1920),(20,19,'Edgars','Grants','','','','Zvejas iela 39','','Riga','LV-1030',117,1850),(21,20,'Gunars','Dirins','','','','Noliktavas str.16a','','Liepaja','LV-3405',117,1848),(22,21,'Danielius','Stirbys','','','','Geležinio vilko gatvė 11-72','','Kaunas','49273',123,1912),(23,22,'Remigijus','Pranskaitis','','','','A. J. Povilaičio 12-175','','Vilnius','',123,1920),(24,23,'Justinas','Kosteckas','','','','Šiaurės pr. 67-50','','Kaunas','',123,1912),(26,24,'Davis','Freimanis','','','','Bäckbornas Väg 17','Bromma','Stockholm','16860',203,3088),(25,24,'Olafs','Zakis','','','','Lapu iela 15-13','','Riga','LV1002',117,1850),(27,25,'Valdas','Stonkus','','','','Sodo 79','','Šiauliai','76184',123,1916),(28,6,'Tomas','Matijošaitis','','','','Kapsų g. 44','','Vilnius','',123,1920),(29,26,'Konstamtin','Krupenin','','','','Molo 62 - 5 ','','Klaipeda','',123,1913),(30,27,'Liga','Lange','','','','101 Inzenieru street','','Ventspils','',117,1851),(31,28,'Milda','Kaušpėdaitė','','','','Tulpių 5-46','','Panevėžys','LT35161',123,1915),(32,29,'Agnė','Chme','','','','Medeinos 43-66','','Vilnius','',123,1920),(17,16,'Renata','Vellemaa','','','','Šeškinės 20 g.','','Vilnius','LT-07156',123,1920),(55,30,'Gytis','Palepšys','','','','V. Maciulevičiaus 30-34','','Vilnius','',123,1920),(34,31,'Medeinė','Kapačinskaitė','','','','Baltijos pr. 19-60','','Klaipėda','',123,1913),(35,32,'Domas','Džiaugys','','','','Šaltinių g. 1-9','','Vilnius','03218',123,1920),(36,33,'Violeta','Grazuleviciene','-','-','','Šiaurinė 12 ','','Kaunas','47712',123,1912),(37,34,'Raimonda','Kupla','','','','Kaivas iela 50k3-92b','','Riga','LV-1021',117,1850),(38,35,'Harijs','Biete','','','','Uriekstes 8a','','Rīga','1005',117,1850),(39,36,'Priit','Juhani','','','','Turba Aia-1','','Harjumaa','',67,1054),(40,37,'Ineta','Karavaicuka','','','','Upmali 1','Berzaune','Madonas nov.','LV - 4853',117,1834),(41,38,'Gžegož','Oleškevič','','','','Justiniškių 95-10','','Vilnius','05253',123,1920),(42,39,'Giedrius','Bartaška','','','','Savanorių pr. 393 - 42','','Kaunas','49359',123,1912),(43,40,'Artūras','Gudas','','','','Sudervės 12-8','Avižieniai','Vilniaus r.','14184',123,1920),(44,41,'Tomas','Kovarskas','','','','Maciuleviciaus 45-82','','Vilnius','04311',123,1920),(45,42,'EGIDIJUS','ARLAUSKAS','','','','Tilžės g. 39-11','','ŠIAULIAI','',123,1916),(46,43,'Maris','Freifalts','','','','Lermontova 3/1-17','','Riga','LV1002',117,1850),(48,44,'Petras','Radziunas','','','','Savanorių pr 59-3','','Vilnius','',123,1920),(47,44,'Augustina','Radziunaite','','','','Savanorių pr. 59-3','','Vilnius','',123,1920),(49,45,'Vidmantas','Maceika','','','','Jaunystės g.8-70','','Rokiškis','42147',123,1915),(50,46,'Andrius','Kukis','','','','Narto km. Liepynų g. 10','','Marijampolės raj','',123,1914),(51,47,'Laura','Tikka','','','','Kuusikuja 14','','Kärsämäki','86710',72,1090),(52,48,'Arvydas','Gudelis','','','','Rudens g. 4-1','','Vilnius','',123,1920),(53,49,'Edmundas','Riškus','','','','A. Vienuolio g. 1','','Kuršėnai','81193',123,1916),(54,50,'Egidijus','Kusas','','','','Ukmergės g. 300F-8','','Vilnius','',123,1920),(33,30,'Gytis','Palepšys','','','','Filaretu 61A-46','','Vilnius','01211',123,1920),(56,51,'Tomas','Stefanovič','','','','pakalniu kaimas 5','','Vilniaus raj','',123,1920),(57,52,'Nathalie','Buerli','','','','Chaeppelimatte 5','','Wikon','4806',204,3106),(58,53,'Dainius','Morkūnas','','','','Beržų g.12, Kutiškių k.','','Radviliškio r.','LT-82102',123,1916),(59,54,'Ramunė','Vinauskaitė','','','','A.Mickevičiaus 17A-3','','Kaunas','',123,1912),(60,55,'tautvydas','Mickevičius','','','','kauno 123','','marijampole','68728',123,1914),(61,56,'Paul','Dyett','','Yes','','64 Bedfont Close','Bedfont','Feltham','TW14 8LE',222,3553),(62,57,'Povilas','Pazarauskas','','','','J. Gruso 2 - 38','','Kaunas','',123,1912),(63,58,'Annija','Vimba','','','','Kaivas 29/3-92','','Rīga','LV-1021',117,1850),(64,59,'Edgaras','Sviščiovas','','','','Vilniaus 155-3','','Šiauliai','76352',123,1916),(65,60,'Jurga','Zubkaitytė','','','','Naujakurių 4-2','','Vilnius, Antakalnis','',123,1920),(66,61,'Pijus','Kamandulis','','','','508060 LPEXPRESS24','','Alytus','',123,1911),(67,62,'Irena','Skarda','','','','Rododendru iela 5-4','','Riga','LV-1084',117,1850),(68,63,'Arvydas','Stonys','','','','A/D 1275','','Vilnius','05002',123,1920),(69,64,'Povilas','Ignatavičius','','','','Geležinio vilko g. 1A-46','','Kaunas','49275',123,1912),(70,65,'Elena','Kurlavičiūtė','','','','Kapsų g. 30-24','','Vilnius','',123,1920),(71,66,'Birutė','Šeršniova','','','','Vytauto 36-6','','Trakai','',123,1920),(72,67,'Rudite','Borga','','','','Baltasbaznicas 21 - 6','','RIGA','LV - 1015',117,1850),(73,68,'Arvydas','Jakubauskas','','','','Baltų pr. 29-49','','Kaunas','',123,1912),(74,69,'Vilius','Vilkas','','','','Bugenio g. 2 Kapėnu k.','','Mažeikiu r.','',123,1918),(75,70,'Kristina','Gruodienė','','','','S.Nėries 105-50','','Vilnius','',123,1920),(77,71,'Saulius','Bagdonas','SIA Adventus solutions','','','Verkių g. 34','','Vilnius','',123,1920),(76,71,'Saulius','Bagdonas','','','','Sausio 13-osios 37-75','','Vilnius','',123,1920),(78,72,'Jurijus','Michailovas','','','','Taikos pr. 61-20','','Kaunas','LT50433',123,1912),(79,73,'Raimondas','Petrikas','','','','Beržų g. 2-48','','Telšiai','87345',123,1918),(80,75,'Mindaugas','Putelis','','','','Ivanausko g. 11','','Ringaudai','LT-53334',123,1912),(81,76,'Mihkel','Paal','','','','Kadri tee 12, Viimsi, Harjumaa','','Viimsi','',67,1054),(82,2,'sadfasdf','sadfadsfads','','','','sadfsadfsad','','fsadfsadfasd','',67,1066),(83,77,'Mindaugas','Maižvilas','','','','Pylimo g. 35 - 32','','Vilnius','',123,1920),(84,78,'Edgaras','Jasaitis','','','','Studentų g. 29-36','','Kaunas','LT-51364',123,1912),(85,79,'Martins','Bekeris','','','','Rusova iela 3-11','','Riga','LV-1029',117,1850),(86,80,'ingrida','draguniene','','','','simonaitytes g.31-24','','klaipeda','',123,1913),(87,81,'Arūnas ','Dirsė','','','','Laimės g 46','','Kaunas','LT 46307',123,1912),(88,82,'Annija','Vimba','','','','Kaivas 29/3-92','','Riga','LV-1021',117,1850),(89,83,'Mangirdas','Rasiulis','','','','Pašilės g. 39','','Kaunas','',123,1912),(90,84,'ANdris','Leja','','','','Jelgavas 50 - 4','','Riga','LV-1004',117,1850),(91,85,'ALEKSANDR','SERSNIOV','','','','Sedulinos al.71-6','','Visaginas','',123,1919),(92,86,'Kristina','Girčytė','','','','Medeinos 39-12','','Vilnius','',123,1920),(93,87,'Justinas','Žvinys','','','','Mileišiškių sodų 1-oji g. 11','','Vilnius','10211',123,1920),(94,88,'arėjas','samaitis','','','','žirmūnų g. 102-53','','vilnius','LT-09121',123,1920),(95,89,'Agnė','Stokonytė','UAB &quot;Terra media&quot;','136009970','','Gedimino g. 47-305','','Kaunas','LT-44242',123,1912),(96,90,'Irmantas','Truska','UAB ,,Lemminkainen Lietuva\'\'','122657512','','Granito 4, ','','Vilnius','02241 ',123,1920),(97,91,'Darius','Janušonis','','','','Antakalnio g. 94-31','','Vilnius','LT-10202',123,1920),(98,92,'Erika','Tarutiene','UAB&quot;Dėlionė LT&quot;','302598503','','Kalno g. 12, Smiltynų I k.','','Kauno r.','54440',123,1912),(99,93,'Elena','Makuškiene','','','','J.Zikaro g.3-4','','Panevėžys','35224',123,1915),(100,94,'Andrius','Račkauskas','','','','J. Lukšos-Daumanto 6-402','','Kaunas','',123,1912),(101,95,'Paulius','Buitvydas','','','','Ašigalio g. 25-53','','Kaunas','LT-49149',123,1912),(102,96,'Rudite','Borga','','','','Baltasbaznicas 21-6','','Riga','LV-1015',117,1850),(103,97,'Andrej','Staniukynas','','','','Azuolyno 24','','Vilnius','07171',123,1920),(104,97,'Kazimieras','Staniukynas','','','','Azuolyno 24','','Vilnius','07171',123,1920),(105,98,'Rokas','Zalatorius','','','','Šiaurės pr. 9-7','','Kaunas','49189',123,1912),(106,99,'Aurimas','Dirsė','Konekesko Lietuva','','','Molėtų g.13','','Didžioji Riešė','LT-14262',123,1920),(107,100,'Egils','Erentrauts','','','','Ilukstes 58-60','','Riga','LV-1082',117,1850),(108,99,'Aurimas','Dirsė','Konekesko Lietuva','','','Konekesko Lietuva, Molėtų g. 13','','Didžioji Riešė',' LT-14262',123,1920),(109,101,'Simonas','Sprindys','','','','Traidenio 40-4','','Vilnius','',123,1920),(110,54,'Ramunė','Vinauskaitė','','','','J.Žemgulio g. 3-20','','Kaunas','50186',123,1912),(111,102,'as','tu','','','','chemiku 92-36, jonava','','jonava','',123,1912),(112,103,'Povilas','Ramonas','','','','J. Matulaičio a. 5-21','','Vilnius','05111',123,1920),(113,104,'Tatjana','Murnikova','','','','Kampiskiu g. 3-33 ','','Kaunas','45306',123,1912),(114,104,'Dziuginta','Siuskaite','','','','Chemiku 92-36','','Jonava','',123,1912),(115,105,'Reinis','Solzemnieks','','','','Kreivju street 3-42','','Bauska','LV-3901',117,1822),(116,106,'Valdas','Rekašius','','','','J. Kubiliaus 4B-37','','Vilnius','08234',123,1920),(117,107,'Kristijonas','Kaminskas','','','','Meldų 10','','Utena','',123,1919),(118,108,'Linas','Spraunius','','','','Algirdo g. 27A','','Vilnius','03219',123,1920),(119,109,'Aldis','Poznaks','','','','Ciemupes iela2-17','','Riga','',117,1850),(120,110,'Rokas','Ulinauskas','','','','Šiaurės pr. 31-19','','Kaunas','49195',123,1912),(121,111,'Pavel','Goglachev','','','','Kurzemes prospekts 98-56','','Riga','LV-1069',117,1850),(122,112,'Jevgenij','Ivanov','','','','Naujakiemio 12','','Klaipeda','',123,1913),(123,113,'Mindaugas','Ruzgys','','','','Dubijos 1b-414A','','Siauliai','77158',123,1916),(124,114,'Marius','Serbentas','','','','Panerių 17-43','','Jonava','55188',123,1912),(125,115,'gediminas','Palaima','Verslo Tiltas','zeimiu 11','','zeimiu 11','','Jonava','55001',123,1912),(126,116,'Juste','Gudauskyte','','','','Naugarduko g.26-22','','Vilnius','',123,1920),(127,117,'Tadas','Aleksandravičius','','','','Taikos g. 50 - 9','','Vilnius','05236',123,1920),(128,118,'KRISTINA','DUMČIENĖ','','','','J.Andriuškevičiaus g. 4-2','','Marijampolės sav., Želsvos k.','LT69193',123,1914),(129,119,'Tautvydas','Armonas','','','','Vytauto g. 200','','Garliava','',123,1912),(130,120,'Liudvikas','Teišerskis','','','','Ateities 9','','Raseiniai','60154',123,1912),(131,121,'Randa','Medne','Latvijas Mazpulki','','','Ezermalas iela 28-2','','Rīga','LV-1014',117,1850),(132,122,'Darius','Mikalauskas','','','','Taikos g. 14-24','','Vilnius','',123,1920),(133,123,'Rytis','Briedis','','','','Pašilės g. 96 - 47','','Kaunas','51314',123,1912),(134,124,'Mindaugas','Pelionis','','','','J. Balčikonio g. 7-32','','Vilnius','08247',123,1920),(135,114,'Marius','Serbentas','','','','Panerių 17-43','','Jonava','',123,1912),(136,125,'Marius','Serbentas','','','','Panerių 17-43','','Jonava','55188',123,1912),(137,126,'Matas','Liberis','','','','Projektuotojų g 35-43','','Panevėžys','37132',123,1915),(138,127,'Laura','Aleksynienė','','','','Kiparisų g. 2-9','','Giraitės k. ','',123,1912),(139,128,'Jurģis','Lūsis','','','','Pēkšēna iela 18','','Riga','LV-1006',117,1850),(140,129,'Emilis','Navickas','','','','Dainavos 6','','Alytaus raj. Miklusėnų k.','62466',123,1911),(141,130,'Aivaras','Špokas','','','','Gumbinės 8A','','Šiauliai','77166',123,1916),(142,131,'Šarūnas','Zilnys','','','','Sukilėliu pr. 68','','Kaunas','',123,1912),(143,132,'Gintaras','Stalauskas','','','','Liepų 21-11','','Moletai','33121',123,1919),(144,132,'Gintaras','Stalauskas','','','','Vilniaus g. 66B','','Molėtai','33140',123,1919),(145,133,'Aigars','Cadors','','','','Ozolu 2-12','','Grobinas novads','',117,1831),(146,134,'arturas','pazerauskas','','','','grinkeviciaus20-28','','siauliai','',123,1916),(147,135,'Gedeminas','Grikietis','Sefas210','','','Budos kaimas, Siaurine gatve 5, Kazlu Rudos savivaldybe','','Budos kaimas','71257 ',123,1914),(148,136,'Kazimieras','Dovidas','','','','Kranto g. 11','','Josvainiai','',123,1912),(149,137,'Giedrius','Butkevicius','','','','S.Daukanto g. 48','','Siauliai','',123,1916),(150,138,'Vytautas','Rupšys','','','','Pavenčių g. 17-30','','Mažeikiai','',123,1918),(151,139,'Linda','Stepanuka','','','','Klavu iela 2','','Salaspils','LV-2121',117,1838),(152,140,'Simas','Stankevičius','','','','Vilkų 10-5','','Kaunas','',123,1912),(153,141,'Heidi','Vuorinen','','','','Käkeläntie 19','','Orimattila','16300',72,1086),(154,142,'Mindaugas','Pakalniškis','','','','Studentų g. 69-511','','Kaunas','',123,1912),(155,143,'Albertas','Padriezas','','','','Šilutės pl. 20-85','','Klaipėda','LT-91174',123,1913),(156,144,'Sandis','Maskalonoks','','','','Calispurva27 k 1 dz 14a','','Balozi','LV-2128',117,1838),(157,145,'Gintautas','Morkūnas','','','','Kęstučio 21-2','','Vilnius','08105',123,1920),(158,146,'Emilija','Žilinskaitė','','','','Seinų 15 - 5','','Kaunas','',123,1912),(159,147,'Titas','Mičiulis','','','','Nepriklausomybės 64-50','','Vilkaviškis','70183',123,1914),(160,148,'Ignas','Šabanas','','','','Mažojo Kaimelio g. 67A','','Klaipėda','LT-92328',123,1913),(161,149,'Edmundas','Šostakas','','','','Žirmūnų 42-63','','Vilnius','09228',123,1920),(162,150,'Elmars','Ozolins','','','','&quot;Kalna Leimani&quot;, Marsnenu pagasts','','Priekulu novads','LV4129',117,1823),(163,151,'Ona','Rubinskiene','','','','Babtai prieplaukos g.','','Kauno r','',123,1912),(164,152,'Raimondas','Zujus','','','','Vismaliuku g. 26-20','','Vilnius','',123,1920),(165,152,'Aivaras','Zujus','','','','Vismaliuku g. 26-20','','Vilnius','10243',123,1920),(166,153,'Daiva','Pustelnikova','','','','Kalvarijų 270-6','','Vilnius','08339',123,1920),(167,154,'Živilė','Zėčienė','','','','K. Donelaičio 3-16','','Rusnė','',123,1913),(168,155,'Aidas','Prunskus','','','','Kaunas, Kapsų gatvė 30-4','','Kaunas','',123,1912),(169,156,'Julius','Rupšys','','','','Liepų 4','','Kvėdarna ','',123,1917),(170,157,'Elina','Zvirbule','','','','Valguma 12-3','','Riga','1048',117,1850),(171,158,'Karina','Germanovic','','','','Grybo g. 43-4','','Vilnius','',123,1920),(172,159,'Veikko','Nenonen','','','','Kalliorinne 24-26','','Tuusula','04360',72,1086),(173,160,'Povilas','Gurskas','','','','Baltijos g. 2-43','','Kaunas','48255',123,1912),(174,161,'Arnis','Preimanis','','','','Spīdolas 9-2','','Lielvārde','LV-5070',117,1835),(175,162,'Zigmas','Rabačiauskas','','','','Melioratorių 1- 1, Vilainių k.','','Kėdainių raj.','58102',123,1912),(176,163,'Julija','Kolobovaite','','','','Architektu g.36-60','','Vilnius','04121',123,1920),(177,164,'Andrius','Tinteris','','','','S. Nėries g. 7','','Joniškėlis, Pasvalio raj.','',123,1915),(178,165,'Tomas','Smagurauskas','','','','V. Kudirkos 18a - 11','','Vilnius','03105',123,1920),(179,166,'Ingus','Grasis','','','','Ogres 5-11','','Riga','LV1019',117,1850),(180,167,'Justinas','Aleksandravicius','','','','Vytauto g. 50-22','','Varėna','65001',123,1911),(181,168,'Jurgita','Babkauskienė','','','','Sodų g. 4','','Ramygala','38260',123,1915),(182,169,'Augustė ir Rokas','Nykštukai','','','','Šiaurės prospektas 9-7','','Kaunas','',123,1912),(183,169,'Auguste','Nykštukai','','','','K.Petrausko g.44-9','','Kaunas','',123,1912),(184,169,'Auguste','Sinkeviciute','','','','K.Petrausko g.44-9','','Kaunas','',123,1912),(185,170,'Raimundas','Venskaitis','','','','Baltupio 83-10 ','','Vilnius','',123,1920),(186,171,'Kristina ','Antanaviciene ','','','','Rambyno 6-40','','Klaipeda ','93193',123,1913),(187,172,'Rimantas','Juknevičius','UAB&quot;Langų gama&quot;','302416107','','Beržuonų g.1','','Vilnius','0121',123,1920),(188,173,'Liga','Strazdina','','','','Motoru iela 3-64','','Riga','LV1055',117,1850),(189,173,'Inara','Strazdina','','','','Liepajas iela 45-17','','Skrunda','LV3326',117,1830),(190,174,'Sigita','Dzedzickaitė','','','','S. Nėries g. 103-83','','Vilnius','',123,1920),(191,174,'Sigita','Dzedzickaitė','','','','Ukmergės g. 282','','Vilnius','06115',123,1920),(192,175,'Rūta','Jašinskaitė','','','','S.Konarskio 21-22','','Vilnius','',123,1920),(193,175,'Rūta','Jašinskaitė','Juozas Statkevičius   Mados nama','','','Pamėnkalnio g. 2-1','','Vilnius','LT-01116',123,1920),(194,176,'Gintas','Sabaliauskas','','','','Liepų 33-57, Kauno raj.','','Garliava','',123,1912),(195,177,'Liutauras','Miakiševas','','','','Petrošių km. Šiaulėnų sen.','','Radviliškio r.','82440',123,1916);
CREATE TABLE `oc_affiliate_transaction` (
  `affiliate_transaction_id` int(11) NOT NULL AUTO_INCREMENT,
  `affiliate_id` int(11) NOT NULL,
  `order_id` int(11) NOT NULL,
  `description` text NOT NULL,
  `amount` decimal(15,4) NOT NULL,
  `date_added` datetime NOT NULL,
  PRIMARY KEY (`affiliate_transaction_id`)
) ENGINE=MyISAM DEFAULT CHARSET=utf8;
CREATE TABLE `oc_attribute` (
  `attribute_id` int(11) NOT NULL AUTO_INCREMENT,
  `attribute_group_id` int(11) NOT NULL,
  `sort_order` int(3) NOT NULL,
  PRIMARY KEY (`attribute_id`)
) ENGINE=MyISAM AUTO_INCREMENT=12 DEFAULT CHARSET=utf8;
INSERT INTO `oc_attribute` VALUES (1,6,1),(2,6,5),(3,6,3),(4,3,1),(5,3,2),(6,3,3),(7,3,4),(8,3,5),(9,3,6),(10,3,7),(11,3,8);
CREATE TABLE `oc_attribute_description` (
  `attribute_id` int(11) NOT NULL,
  `language_id` int(11) NOT NULL,
  `name` varchar(64) NOT NULL,
  PRIMARY KEY (`attribute_id`,`language_id`)
) ENGINE=MyISAM DEFAULT CHARSET=utf8;
INSERT INTO `oc_attribute_description` VALUES (1,1,'Description'),(2,1,'No. of Cores'),(4,1,'test 1'),(5,1,'test 2'),(6,1,'test 3'),(7,1,'test 4'),(8,1,'test 5'),(9,1,'test 6'),(10,1,'test 7'),(11,1,'test 8'),(3,1,'Clockspeed'),(1,2,'Description'),(2,2,'No. of Cores'),(4,2,'test 1'),(5,2,'test 2'),(6,2,'test 3'),(7,2,'test 4'),(8,2,'test 5'),(9,2,'test 6'),(10,2,'test 7'),(11,2,'test 8'),(3,2,'Clockspeed');
CREATE TABLE `oc_attribute_group` (
  `attribute_group_id` int(11) NOT NULL AUTO_INCREMENT,
  `sort_order` int(3) NOT NULL,
  PRIMARY KEY (`attribute_group_id`)
) ENGINE=MyISAM AUTO_INCREMENT=7 DEFAULT CHARSET=utf8;
INSERT INTO `oc_attribute_group` VALUES (3,2),(4,1),(5,3),(6,4);
CREATE TABLE `oc_attribute_group_description` (
  `attribute_group_id` int(11) NOT NULL,
  `language_id` int(11) NOT NULL,
  `name` varchar(64) NOT NULL,
  PRIMARY KEY (`attribute_group_id`,`language_id`)
) ENGINE=MyISAM DEFAULT CHARSET=utf8;
INSERT INTO `oc_attribute_group_description` VALUES (3,1,'Memory'),(4,1,'Technical'),(5,1,'Motherboard'),(6,1,'Processor'),(3,2,'Memory'),(4,2,'Technical'),(5,2,'Motherboard'),(6,2,'Processor');
CREATE TABLE `oc_banner` (
  `banner_id` int(11) NOT NULL AUTO_INCREMENT,
  `name` varchar(64) NOT NULL,
  `status` tinyint(1) NOT NULL,
  PRIMARY KEY (`banner_id`)
) ENGINE=MyISAM AUTO_INCREMENT=11 DEFAULT CHARSET=utf8;
INSERT INTO `oc_banner` VALUES (6,'HP Products',0),(7,'Samsung Tab',1),(8,'Manufacturers',1),(9,'Geocaching photo',1),(10,'Atostogos 2015 04 03',1);
CREATE TABLE `oc_banner_image` (
  `banner_image_id` int(11) NOT NULL AUTO_INCREMENT,
  `banner_id` int(11) NOT NULL,
  `link` varchar(255) NOT NULL,
  `image` varchar(255) NOT NULL,
  PRIMARY KEY (`banner_image_id`)
) ENGINE=MyISAM AUTO_INCREMENT=329 DEFAULT CHARSET=utf8;
INSERT INTO `oc_banner_image` VALUES (54,7,'index.php?route=product/product&amp;path=57&amp;product_id=49','data/demo/samsung_banner.jpg'),(108,6,'index.php?route=product/manufacturer/info&amp;manufacturer_id=7','data/demo/hp_banner.jpg'),(327,8,'http://www.groundspeak.com/','data/Manufacturers/Groundspeak.gif'),(326,8,'http://www.geoshop.lt/index.php?route=product/manufacturer/info&amp;manufacturer_id=10','data/Manufacturers/rite-in-the-rain.gif'),(325,8,'http://www.geoshop.lt/index.php?route=product/manufacturer/info&amp;manufacturer_id=9','data/Manufacturers/cachemark.png'),(323,8,'http://www.geocaching.com/','data/Manufacturers/Official GC distributor2.png'),(324,8,'/index.php?route=product/category&amp;path=18_63','data/Manufacturers/Oakcoins.jpg'),(301,9,'index.php?route=information/information&amp;information_id=7','data/About_geocaching/uodai.jpg'),(300,9,'index.php?route=information/information&amp;information_id=7','data/About_geocaching/lock lock.jpg'),(299,9,'index.php?route=information/information&amp;information_id=7','data/About_geocaching/suolas.jpg'),(298,9,'index.php?route=information/information&amp;information_id=7','data/About_geocaching/Gaidys.jpg'),(296,9,'index.php?route=information/information&amp;information_id=7','data/About_geocaching/sauleta.jpg'),(297,9,'index.php?route=information/information&amp;information_id=7','data/About_geocaching/Gummy.jpg'),(295,9,'index.php?route=information/information&amp;information_id=7','data/About_geocaching/Oak.jpg'),(294,9,'index.php?route=information/information&amp;information_id=7','data/About_geocaching/sauleta.jpg'),(293,9,'index.php?route=information/information&amp;information_id=7','data/About_geocaching/Raudonkepuraite.jpg'),(328,10,'','data/Vocation/ATOSTOGOS 2015 04 copy.jpg');
CREATE TABLE `oc_banner_image_description` (
  `banner_image_id` int(11) NOT NULL,
  `language_id` int(11) NOT NULL,
  `banner_id` int(11) NOT NULL,
  `title` varchar(64) NOT NULL,
  PRIMARY KEY (`banner_image_id`,`language_id`)
) ENGINE=MyISAM DEFAULT CHARSET=utf8;
INSERT INTO `oc_banner_image_description` VALUES (54,1,7,'Samsung Tab 10.1'),(108,2,6,'HP Banner'),(327,1,8,'Groundspeak'),(54,2,7,'Samsung Tab 10.1'),(108,1,6,'HP Banner'),(327,2,8,'Groundspeak'),(326,1,8,'Rite in the Rain'),(326,2,8,'Rite in the Rain'),(325,1,8,'CacheMark'),(325,2,8,'CacheMark'),(324,1,8,'Oakcoins'),(323,2,8,'Geocaching.com'),(323,1,8,'Geocaching.com'),(301,1,9,'About geocaching'),(301,2,9,'Apie geocaching'),(300,1,9,'About geocaching'),(300,2,9,'Apie geocaching'),(299,1,9,'About geocaching'),(299,2,9,'Apie geocaching'),(298,1,9,'About geocaching'),(298,2,9,'Apie geocaching'),(297,1,9,'About geocaching'),(297,2,9,'Apie geocaching'),(296,1,9,'About geocaching'),(296,2,9,'Apie geocaching'),(295,1,9,'About geocaching'),(295,2,9,'Apie geocaching'),(294,1,9,'About geocaching'),(294,2,9,'Apie geocaching'),(293,1,9,'About geocaching'),(293,2,9,'Apie geocaching'),(324,2,8,'Oakcoins'),(328,2,10,'Atostogos 2015 04 03'),(328,1,10,'Vocation 2015 04 03');
CREATE TABLE `oc_category` (
  `category_id` int(11) NOT NULL AUTO_INCREMENT,
  `image` varchar(255) DEFAULT NULL,
  `parent_id` int(11) NOT NULL DEFAULT '0',
  `top` tinyint(1) NOT NULL,
  `linkto` varchar(255) CHARACTER SET utf8 COLLATE utf8_bin NOT NULL,
  `column` int(3) NOT NULL,
  `sort_order` int(3) NOT NULL DEFAULT '0',
  `status` tinyint(1) NOT NULL,
  `date_added` datetime NOT NULL DEFAULT '0000-00-00 00:00:00',
  `date_modified` datetime NOT NULL DEFAULT '0000-00-00 00:00:00',
  PRIMARY KEY (`category_id`)
) ENGINE=MyISAM AUTO_INCREMENT=91 DEFAULT CHARSET=utf8;
INSERT INTO `oc_category` VALUES (25,'',0,1,'',1,3,1,'2009-01-31 01:04:25','2015-03-26 23:31:35'),(27,'',20,0,'',0,1,1,'2009-01-31 01:55:34','2013-12-08 21:23:23'),(20,'data/Containers/Geocaching_containers.jpg',0,1,'',1,1,1,'2009-01-05 21:49:43','2014-08-01 13:41:51'),(24,'',0,1,'',1,5,1,'2009-01-20 02:36:26','2014-01-07 21:51:27'),(18,'data/Newsletter/Geoshop.LT_Velykos_2014.jpg',0,1,'',0,2,1,'2009-01-05 21:49:15','2014-04-20 23:02:22'),(17,'',0,1,'',1,4,1,'2009-01-03 21:08:57','2014-01-06 22:17:34'),(26,'',20,0,'',0,3,1,'2009-01-31 01:55:14','2014-01-11 17:33:49'),(29,'',57,0,'',0,1,1,'2009-02-02 13:11:37','2015-03-26 23:33:51'),(30,'',57,0,'',0,1,1,'2009-02-02 13:11:59','2015-03-26 23:37:43'),(69,'',17,0,'',1,0,1,'2013-12-08 21:59:10','2013-12-08 21:59:10'),(66,'data/Medziagos/Magnetai/Magnets.jpg',57,0,'',1,1,1,'2013-12-08 21:53:35','2015-03-26 23:38:14'),(33,'',0,1,'',1,6,1,'2009-02-03 14:17:55','2014-08-01 13:39:04'),(34,'data/demo/ipod_touch_4.jpg',0,1,'',4,7,0,'2009-02-03 14:18:11','2014-01-07 21:48:02'),(70,'',17,0,'',1,0,1,'2013-12-08 22:00:14','2013-12-08 22:00:14'),(67,'',57,0,'',1,2,1,'2013-12-08 21:54:13','2013-12-08 21:54:13'),(68,'',57,0,'',1,3,1,'2013-12-08 21:54:57','2013-12-08 21:54:57'),(65,'',25,0,'',1,3,0,'2013-12-08 21:49:10','2014-01-28 22:27:14'),(45,'data/Trackables/Trackable_Tags/Trackable_tags.jpg',18,0,'',0,2,1,'2010-09-24 18:29:16','2014-01-15 23:22:33'),(46,'',18,0,'',0,1,1,'2010-09-24 18:29:31','2014-01-01 17:48:01'),(64,'',18,0,'',1,4,1,'2013-12-08 21:45:26','2014-01-13 14:41:31'),(63,'',18,0,'',1,3,1,'2013-12-08 21:43:15','2013-12-08 21:44:39'),(73,'',33,0,'',1,1,1,'2013-12-08 22:06:26','2014-08-01 13:37:00'),(72,'',33,0,'',1,2,0,'2013-12-08 22:05:51','2014-08-01 14:18:54'),(71,'',17,0,'',1,0,1,'2013-12-08 22:00:43','2013-12-08 22:00:43'),(57,'',0,1,'',1,3,1,'2011-04-26 08:53:16','2015-04-21 09:31:03'),(59,'',0,0,'',1,0,0,'2013-12-07 16:28:25','2014-01-07 21:48:40'),(60,'',20,0,'',1,4,1,'2013-12-08 21:26:25','2014-01-11 17:34:21'),(61,'',20,0,'',1,5,0,'2013-12-08 21:28:32','2014-01-11 18:59:42'),(62,'data/Logbooks_logsheets/Logbooks_logsheets.jpg',20,0,'',1,5,1,'2013-12-08 21:29:25','2014-02-13 10:17:15'),(74,'',20,0,'',1,2,1,'2014-01-11 17:29:30','2014-01-11 17:30:39'),(75,'',17,1,'',1,3,1,'2014-01-19 12:29:57','2014-01-19 12:29:57'),(76,'',57,0,'',1,4,1,'2014-01-28 18:32:56','2014-01-28 18:32:56'),(77,'',18,0,'',1,4,1,'2014-02-04 21:52:56','2014-02-04 21:52:56'),(78,'',20,0,'',1,6,1,'2014-02-13 10:13:58','2014-02-13 10:14:25'),(79,'',0,1,'',1,8,1,'2014-02-20 13:55:33','2014-02-24 21:47:36'),(80,'',0,1,'http://www.geoshop.lt/index.php?route=information/information&amp;information_id=7',1,9,1,'2014-02-24 21:34:58','2014-08-01 14:10:48'),(81,'',80,1,'http://www.geoshop.lt/index.php?route=information/information&amp;information_id=7',1,0,1,'2014-02-24 21:37:45','2014-08-01 14:11:47'),(82,'',80,0,'http://www.geoshop.lt/index.php?route=information/information&amp;information_id=8',0,0,1,'2014-02-24 21:41:30','2014-08-01 14:10:29'),(83,'',80,1,'http://www.geoshop.lt/index.php?route=information/information&amp;information_id=9',1,9,1,'2014-02-25 18:36:42','2014-08-01 14:10:21'),(84,'',20,1,'',1,5,1,'2014-03-02 15:59:45','2014-03-02 15:59:45'),(85,'data/Wood_geocoin/LWG_Lithuanian_wood_geocoin.jpg',18,0,'',1,0,1,'2014-11-06 22:33:07','2014-11-06 22:33:07'),(86,'',20,0,'',1,4,1,'2014-12-24 13:27:46','2014-12-24 13:29:23'),(87,'data/Rite_In_The_Rain/RIT_produktai_small.jpg',20,0,'',1,8,1,'2014-12-27 22:15:52','2015-01-09 21:31:26'),(88,'',25,0,'',1,0,1,'2015-03-26 23:35:18','2015-03-26 23:35:18'),(89,'',25,0,'',1,0,1,'2015-03-26 23:36:07','2015-03-26 23:36:07'),(90,'',57,0,'',1,0,1,'2015-03-26 23:47:13','2015-03-26 23:47:13');
CREATE TABLE `oc_category_description` (
  `category_id` int(11) NOT NULL,
  `language_id` int(11) NOT NULL,
  `name` varchar(255) NOT NULL,
  `description` text NOT NULL,
  `meta_description` varchar(255) NOT NULL,
  `meta_keyword` varchar(255) NOT NULL,
  PRIMARY KEY (`category_id`,`language_id`),
  KEY `name` (`name`)
) ENGINE=MyISAM DEFAULT CHARSET=utf8;
INSERT INTO `oc_category_description` VALUES (33,1,'Stamps','','',''),(66,2,'Magnetai','','Magnets magnetai magnetas','Magnets magnetai magnetas'),(17,2,'Priedai aparatūrai','','',''),(30,1,'Flashlights','','',''),(29,2,'Specialūs įrankiai','','',''),(26,1,'Micro','','',''),(17,1,'For your equipment','','',''),(24,2,'Geogrobis','','',''),(20,2,'Konteineriai,kt.','&lt;p&gt;Geocaching konteineriai&lt;/p&gt;\r\n','','Geocaching konteineriai'),(68,1,'Glue','','',''),(68,2,'Klijai','','',''),(65,1,'Knifes','','',''),(59,1,'Z_DEMO OpenCart products','','',''),(34,2,'Žemėlapiai','&lt;p&gt;Shop Laptop feature only the best laptop deals on the market. By comparing laptop deals from the likes of PC World, Comet, Dixons, The Link and Carphone Warehouse, Shop Laptop has the most comprehensive selection of laptops on the internet. At Shop Laptop, we pride ourselves on offering customers the very best laptop deals. From refurbished laptops to netbooks, Shop Laptop ensures that every laptop - in every colour, style, size and technical spec - is featured on the site at the lowest possible price.&lt;/p&gt;\r\n','',''),(18,1,'Trackables','','',''),(76,2,'Kita','&lt;p&gt;Įvairios medžiagos, priedai iš kitokie įdomūs dalykai.&lt;/p&gt;\r\n','',''),(76,1,'Other','&lt;p&gt;Other materials, consumables, accessories and other interesting things.&lt;/p&gt;\r\n','',''),(77,2,'Priedai','','',''),(77,1,'Extras','','',''),(78,2,'Rašymo reikmenys','','',''),(78,1,'Stationery','','',''),(79,2,'Premium','','',''),(80,2,'Apie Geocaching','','',''),(46,1,'Travel bugs','','',''),(64,1,'Geocoins','','',''),(63,1,'Geocoins (micro)','','',''),(63,2,'Geomonetos (mikro)','','',''),(70,1,'Chargers, Cables','','',''),(57,2,'Įrankiai,kt.','','',''),(67,1,'Adhesive tapes','','',''),(74,2,'Maži','','',''),(29,1,'Special tools','','',''),(27,1,'Regular','','',''),(26,2,'Mikro','','',''),(80,1,'About Geocaching','','',''),(24,1,'Geoswag','','',''),(20,1,'Containers,etc','&lt;p&gt;Geocaching Containers&lt;/p&gt;\r\n','','Geocaching Containers'),(69,1,'Rechargable batteries','','',''),(67,2,'Lipnios juostos','','',''),(69,2,'Įkraunami elementai(akumuliatoriai)','','',''),(65,2,'Peiliukai','','',''),(30,2,'Žibintuvėliai','','',''),(45,2,'Keliaujantys prisegtukai','','',''),(34,1,'Maps','&lt;p&gt;Shop Laptop feature only the best laptop deals on the market. By comparing laptop deals from the likes of PC World, Comet, Dixons, The Link and Carphone Warehouse, Shop Laptop has the most comprehensive selection of laptops on the internet. At Shop Laptop, we pride ourselves on offering customers the very best laptop deals. From refurbished laptops to netbooks, Shop Laptop ensures that every laptop - in every colour, style, size and technical spec - is featured on the site at the lowest possible price.&lt;/p&gt;\r\n','',''),(18,2,'Keliauninkai','','',''),(25,2,'Atributika','','',''),(71,2,'Ekrano apsaugos','','',''),(33,2,'Antspaudai','','',''),(72,1,'Simple','','',''),(72,2,'Paprasti','','',''),(73,1,'Date stamp','','',''),(73,2,'Datatoriai','','',''),(62,2,'Užrašinės[logsheets]','','',''),(74,1,'Small','','',''),(66,1,'Magnets','','Magnets magnetai magnetas','Magnets magnetai magnetas'),(71,1,'Screen protectors','','',''),(46,2,'Keliauninkai','','',''),(64,2,'Geomonetos','','',''),(45,1,'Trackable Tags','','',''),(70,2,'Pakrovėjai, kabeliai','','',''),(59,2,'Z_DEMO OpenCart products','','',''),(27,2,'Tradiciniai','','',''),(60,1,'Nano','','',''),(60,2,'Nano','','',''),(61,1,'Unique','','',''),(61,2,'Unikalūs','','',''),(62,1,'Logbooks and Logsheets','','',''),(75,2,'Kita','','',''),(75,1,'Other','','',''),(81,2,'Apie Geocaching (1)','','',''),(81,1,'About Geocaching (1)','','',''),(82,2,'Kaip ieškoti lobių (1)','','',''),(79,1,'Premium','','',''),(83,2,'Straipsniai ir nuorodos (1)','','',''),(83,1,'Articles and links (1)','','',''),(84,2,'Priedai','','',''),(84,1,'Extras','','',''),(82,1,'How to start Geocaching? (1)','','',''),(85,2,'Geomonetos (medinės)','','',''),(85,1,'Wooden geocoins','','',''),(86,2,'Rinkiniai','','',''),(86,1,'Container Sets','','',''),(87,2,'Rite In The Rain produktai','','',''),(87,1,'Rite In The Rain products','','',''),(25,1,'Patches,etc','','',''),(57,1,'Tools,etc','','',''),(88,2,'Antsiuvai','','',''),(88,1,'Patches','','',''),(89,2,'Lipdukai','','',''),(89,1,'Stickers','','',''),(90,2,'Naktiniai lobiai','','',''),(90,1,'Night caching','','','');
CREATE TABLE `oc_category_filter` (
  `category_id` int(11) NOT NULL,
  `filter_id` int(11) NOT NULL,
  PRIMARY KEY (`category_id`,`filter_id`)
) ENGINE=MyISAM DEFAULT CHARSET=utf8;
CREATE TABLE `oc_category_path` (
  `category_id` int(11) NOT NULL,
  `path_id` int(11) NOT NULL,
  `level` int(11) NOT NULL,
  PRIMARY KEY (`category_id`,`path_id`)
) ENGINE=MyISAM DEFAULT CHARSET=utf8;
INSERT INTO `oc_category_path` VALUES (25,25,0),(71,71,1),(71,17,0),(68,57,0),(70,70,1),(70,17,0),(67,67,1),(67,57,0),(68,68,1),(29,57,0),(29,29,1),(30,57,0),(30,30,1),(69,17,0),(69,69,1),(66,66,1),(66,57,0),(20,20,0),(27,20,0),(27,27,1),(26,20,0),(26,26,1),(24,24,0),(18,18,0),(45,18,0),(45,45,1),(46,18,0),(46,46,1),(17,17,0),(33,33,0),(34,34,0),(77,18,0),(77,77,1),(78,20,0),(78,78,1),(76,57,0),(76,76,1),(75,17,0),(75,75,1),(73,73,1),(73,33,0),(72,72,1),(72,33,0),(74,20,0),(74,74,1),(87,87,1),(65,65,1),(65,25,0),(64,64,1),(64,18,0),(63,63,1),(63,18,0),(86,86,1),(87,20,0),(85,85,1),(86,20,0),(84,20,0),(84,84,1),(85,18,0),(83,80,0),(83,83,1),(82,80,0),(82,82,1),(81,80,0),(81,81,1),(79,79,0),(80,80,0),(57,57,0),(59,59,0),(60,20,0),(60,60,1),(61,20,0),(61,61,1),(62,62,1),(62,20,0),(88,25,0),(88,88,1),(89,25,0),(89,89,1),(90,57,0),(90,90,1);
CREATE TABLE `oc_category_to_layout` (
  `category_id` int(11) NOT NULL,
  `store_id` int(11) NOT NULL,
  `layout_id` int(11) NOT NULL,
  PRIMARY KEY (`category_id`,`store_id`)
) ENGINE=MyISAM DEFAULT CHARSET=utf8;
CREATE TABLE `oc_category_to_store` (
  `category_id` int(11) NOT NULL,
  `store_id` int(11) NOT NULL,
  PRIMARY KEY (`category_id`,`store_id`)
) ENGINE=MyISAM DEFAULT CHARSET=utf8;
INSERT INTO `oc_category_to_store` VALUES (17,0),(18,0),(20,0),(24,0),(25,0),(26,0),(27,0),(29,0),(30,0),(33,0),(34,0),(45,0),(46,0),(57,0),(59,0),(60,0),(61,0),(62,0),(63,0),(64,0),(65,0),(66,0),(67,0),(68,0),(69,0),(70,0),(71,0),(72,0),(73,0),(74,0),(75,0),(76,0),(77,0),(78,0),(79,0),(80,0),(81,0),(82,0),(83,0),(84,0),(85,0),(86,0),(87,0),(88,0),(89,0),(90,0);
CREATE TABLE `oc_country` (
  `country_id` int(11) NOT NULL AUTO_INCREMENT,
  `name` varchar(128) NOT NULL,
  `iso_code_2` varchar(2) NOT NULL,
  `iso_code_3` varchar(3) NOT NULL,
  `address_format` text NOT NULL,
  `postcode_required` tinyint(1) NOT NULL,
  `status` tinyint(1) NOT NULL DEFAULT '1',
  PRIMARY KEY (`country_id`)
) ENGINE=MyISAM AUTO_INCREMENT=252 DEFAULT CHARSET=utf8;
INSERT INTO `oc_country` VALUES (1,'Afghanistan','AF','AFG','',0,1),(2,'Albania','AL','ALB','',0,1),(3,'Algeria','DZ','DZA','',0,1),(4,'American Samoa','AS','ASM','',0,1),(5,'Andorra','AD','AND','',0,1),(6,'Angola','AO','AGO','',0,1),(7,'Anguilla','AI','AIA','',0,1),(8,'Antarctica','AQ','ATA','',0,1),(9,'Antigua and Barbuda','AG','ATG','',0,1),(10,'Argentina','AR','ARG','',0,1),(11,'Armenia','AM','ARM','',0,1),(12,'Aruba','AW','ABW','',0,1),(13,'Australia','AU','AUS','',0,1),(14,'Austria','AT','AUT','',0,1),(15,'Azerbaijan','AZ','AZE','',0,1),(16,'Bahamas','BS','BHS','',0,1),(17,'Bahrain','BH','BHR','',0,1),(18,'Bangladesh','BD','BGD','',0,1),(19,'Barbados','BB','BRB','',0,1),(20,'Belarus','BY','BLR','',0,1),(21,'Belgium','BE','BEL','{firstname} {lastname}\r\n{company}\r\n{address_1}\r\n{address_2}\r\n{postcode} {city}\r\n{country}',0,1),(22,'Belize','BZ','BLZ','',0,1),(23,'Benin','BJ','BEN','',0,1),(24,'Bermuda','BM','BMU','',0,1),(25,'Bhutan','BT','BTN','',0,1),(26,'Bolivia','BO','BOL','',0,1),(27,'Bosnia and Herzegovina','BA','BIH','',0,1),(28,'Botswana','BW','BWA','',0,1),(29,'Bouvet Island','BV','BVT','',0,1),(30,'Brazil','BR','BRA','',0,1),(31,'British Indian Ocean Territory','IO','IOT','',0,1),(32,'Brunei Darussalam','BN','BRN','',0,1),(33,'Bulgaria','BG','BGR','',0,1),(34,'Burkina Faso','BF','BFA','',0,1),(35,'Burundi','BI','BDI','',0,1),(36,'Cambodia','KH','KHM','',0,1),(37,'Cameroon','CM','CMR','',0,1),(38,'Canada','CA','CAN','',0,1),(39,'Cape Verde','CV','CPV','',0,1),(40,'Cayman Islands','KY','CYM','',0,1),(41,'Central African Republic','CF','CAF','',0,1),(42,'Chad','TD','TCD','',0,1),(43,'Chile','CL','CHL','',0,1),(44,'China','CN','CHN','',0,1),(45,'Christmas Island','CX','CXR','',0,1),(46,'Cocos (Keeling) Islands','CC','CCK','',0,1),(47,'Colombia','CO','COL','',0,1),(48,'Comoros','KM','COM','',0,1),(49,'Congo','CG','COG','',0,1),(50,'Cook Islands','CK','COK','',0,1),(51,'Costa Rica','CR','CRI','',0,1),(52,'Cote D\'Ivoire','CI','CIV','',0,1),(53,'Croatia','HR','HRV','',0,1),(54,'Cuba','CU','CUB','',0,1),(55,'Cyprus','CY','CYP','',0,1),(56,'Czech Republic','CZ','CZE','',0,1),(57,'Denmark','DK','DNK','',0,1),(58,'Djibouti','DJ','DJI','',0,1),(59,'Dominica','DM','DMA','',0,1),(60,'Dominican Republic','DO','DOM','',0,1),(61,'East Timor','TL','TLS','',0,1),(62,'Ecuador','EC','ECU','',0,1),(63,'Egypt','EG','EGY','',0,1),(64,'El Salvador','SV','SLV','',0,1),(65,'Equatorial Guinea','GQ','GNQ','',0,1),(66,'Eritrea','ER','ERI','',0,1),(67,'Estonia','EE','EST','',0,1),(68,'Ethiopia','ET','ETH','',0,1),(69,'Falkland Islands (Malvinas)','FK','FLK','',0,1),(70,'Faroe Islands','FO','FRO','',0,1),(71,'Fiji','FJ','FJI','',0,1),(72,'Finland','FI','FIN','',0,1),(74,'France, Metropolitan','FR','FRA','{firstname} {lastname}\r\n{company}\r\n{address_1}\r\n{address_2}\r\n{postcode} {city}\r\n{country}',1,1),(75,'French Guiana','GF','GUF','',0,1),(76,'French Polynesia','PF','PYF','',0,1),(77,'French Southern Territories','TF','ATF','',0,1),(78,'Gabon','GA','GAB','',0,1),(79,'Gambia','GM','GMB','',0,1),(80,'Georgia','GE','GEO','',0,1),(81,'Germany','DE','DEU','{company}\r\n{firstname} {lastname}\r\n{address_1}\r\n{address_2}\r\n{postcode} {city}\r\n{country}',1,1),(82,'Ghana','GH','GHA','',0,1),(83,'Gibraltar','GI','GIB','',0,1),(84,'Greece','GR','GRC','',0,1),(85,'Greenland','GL','GRL','',0,1),(86,'Grenada','GD','GRD','',0,1),(87,'Guadeloupe','GP','GLP','',0,1),(88,'Guam','GU','GUM','',0,1),(89,'Guatemala','GT','GTM','',0,1),(90,'Guinea','GN','GIN','',0,1),(91,'Guinea-Bissau','GW','GNB','',0,1),(92,'Guyana','GY','GUY','',0,1),(93,'Haiti','HT','HTI','',0,1),(94,'Heard and Mc Donald Islands','HM','HMD','',0,1),(95,'Honduras','HN','HND','',0,1),(96,'Hong Kong','HK','HKG','',0,1),(97,'Hungary','HU','HUN','',0,1),(98,'Iceland','IS','ISL','',0,1),(99,'India','IN','IND','',0,1),(100,'Indonesia','ID','IDN','',0,1),(101,'Iran (Islamic Republic of)','IR','IRN','',0,1),(102,'Iraq','IQ','IRQ','',0,1),(103,'Ireland','IE','IRL','',0,1),(104,'Israel','IL','ISR','',0,1),(105,'Italy','IT','ITA','',0,1),(106,'Jamaica','JM','JAM','',0,1),(107,'Japan','JP','JPN','',0,1),(108,'Jordan','JO','JOR','',0,1),(109,'Kazakhstan','KZ','KAZ','',0,1),(110,'Kenya','KE','KEN','',0,1),(111,'Kiribati','KI','KIR','',0,1),(112,'North Korea','KP','PRK','',0,1),(113,'Korea, Republic of','KR','KOR','',0,1),(114,'Kuwait','KW','KWT','',0,1),(115,'Kyrgyzstan','KG','KGZ','',0,1),(116,'Lao People\'s Democratic Republic','LA','LAO','',0,1),(117,'Latvia','LV','LVA','',0,1),(118,'Lebanon','LB','LBN','',0,1),(119,'Lesotho','LS','LSO','',0,1),(120,'Liberia','LR','LBR','',0,1),(121,'Libyan Arab Jamahiriya','LY','LBY','',0,1),(122,'Liechtenstein','LI','LIE','',0,1),(123,'Lithuania','LT','LTU','',0,1),(124,'Luxembourg','LU','LUX','',0,1),(125,'Macau','MO','MAC','',0,1),(126,'FYROM','MK','MKD','',0,1),(127,'Madagascar','MG','MDG','',0,1),(128,'Malawi','MW','MWI','',0,1),(129,'Malaysia','MY','MYS','',0,1),(130,'Maldives','MV','MDV','',0,1),(131,'Mali','ML','MLI','',0,1),(132,'Malta','MT','MLT','',0,1),(133,'Marshall Islands','MH','MHL','',0,1),(134,'Martinique','MQ','MTQ','',0,1),(135,'Mauritania','MR','MRT','',0,1),(136,'Mauritius','MU','MUS','',0,1),(137,'Mayotte','YT','MYT','',0,1),(138,'Mexico','MX','MEX','',0,1),(139,'Micronesia, Federated States of','FM','FSM','',0,1),(140,'Moldova, Republic of','MD','MDA','',0,1),(141,'Monaco','MC','MCO','',0,1),(142,'Mongolia','MN','MNG','',0,1),(143,'Montserrat','MS','MSR','',0,1),(144,'Morocco','MA','MAR','',0,1),(145,'Mozambique','MZ','MOZ','',0,1),(146,'Myanmar','MM','MMR','',0,1),(147,'Namibia','NA','NAM','',0,1),(148,'Nauru','NR','NRU','',0,1),(149,'Nepal','NP','NPL','',0,1),(150,'Netherlands','NL','NLD','',0,1),(151,'Netherlands Antilles','AN','ANT','',0,1),(152,'New Caledonia','NC','NCL','',0,1),(153,'New Zealand','NZ','NZL','',0,1),(154,'Nicaragua','NI','NIC','',0,1),(155,'Niger','NE','NER','',0,1),(156,'Nigeria','NG','NGA','',0,1),(157,'Niue','NU','NIU','',0,1),(158,'Norfolk Island','NF','NFK','',0,1),(159,'Northern Mariana Islands','MP','MNP','',0,1),(160,'Norway','NO','NOR','',0,1),(161,'Oman','OM','OMN','',0,1),(162,'Pakistan','PK','PAK','',0,1),(163,'Palau','PW','PLW','',0,1),(164,'Panama','PA','PAN','',0,1),(165,'Papua New Guinea','PG','PNG','',0,1),(166,'Paraguay','PY','PRY','',0,1),(167,'Peru','PE','PER','',0,1),(168,'Philippines','PH','PHL','',0,1),(169,'Pitcairn','PN','PCN','',0,1),(170,'Poland','PL','POL','',0,1),(171,'Portugal','PT','PRT','',0,1),(172,'Puerto Rico','PR','PRI','',0,1),(173,'Qatar','QA','QAT','',0,1),(174,'Reunion','RE','REU','',0,1),(175,'Romania','RO','ROM','',0,1),(176,'Russian Federation','RU','RUS','',0,1),(177,'Rwanda','RW','RWA','',0,1),(178,'Saint Kitts and Nevis','KN','KNA','',0,1),(179,'Saint Lucia','LC','LCA','',0,1),(180,'Saint Vincent and the Grenadines','VC','VCT','',0,1),(181,'Samoa','WS','WSM','',0,1),(182,'San Marino','SM','SMR','',0,1),(183,'Sao Tome and Principe','ST','STP','',0,1),(184,'Saudi Arabia','SA','SAU','',0,1),(185,'Senegal','SN','SEN','',0,1),(186,'Seychelles','SC','SYC','',0,1),(187,'Sierra Leone','SL','SLE','',0,1),(188,'Singapore','SG','SGP','',0,1),(189,'Slovak Republic','SK','SVK','{firstname} {lastname}\r\n{company}\r\n{address_1}\r\n{address_2}\r\n{city} {postcode}\r\n{zone}\r\n{country}',0,1),(190,'Slovenia','SI','SVN','',0,1),(191,'Solomon Islands','SB','SLB','',0,1),(192,'Somalia','SO','SOM','',0,1),(193,'South Africa','ZA','ZAF','',0,1),(194,'South Georgia &amp; South Sandwich Islands','GS','SGS','',0,1),(195,'Spain','ES','ESP','',0,1),(196,'Sri Lanka','LK','LKA','',0,1),(197,'St. Helena','SH','SHN','',0,1),(198,'St. Pierre and Miquelon','PM','SPM','',0,1),(199,'Sudan','SD','SDN','',0,1),(200,'Suriname','SR','SUR','',0,1),(201,'Svalbard and Jan Mayen Islands','SJ','SJM','',0,1),(202,'Swaziland','SZ','SWZ','',0,1),(203,'Sweden','SE','SWE','{company}\r\n{firstname} {lastname}\r\n{address_1}\r\n{address_2}\r\n{postcode} {city}\r\n{country}',1,1),(204,'Switzerland','CH','CHE','',0,1),(205,'Syrian Arab Republic','SY','SYR','',0,1),(206,'Taiwan','TW','TWN','',0,1),(207,'Tajikistan','TJ','TJK','',0,1),(208,'Tanzania, United Republic of','TZ','TZA','',0,1),(209,'Thailand','TH','THA','',0,1),(210,'Togo','TG','TGO','',0,1),(211,'Tokelau','TK','TKL','',0,1),(212,'Tonga','TO','TON','',0,1),(213,'Trinidad and Tobago','TT','TTO','',0,1),(214,'Tunisia','TN','TUN','',0,1),(215,'Turkey','TR','TUR','',0,1),(216,'Turkmenistan','TM','TKM','',0,1),(217,'Turks and Caicos Islands','TC','TCA','',0,1),(218,'Tuvalu','TV','TUV','',0,1),(219,'Uganda','UG','UGA','',0,1),(220,'Ukraine','UA','UKR','',0,1),(221,'United Arab Emirates','AE','ARE','',0,1),(222,'United Kingdom','GB','GBR','',1,1),(223,'United States','US','USA','{firstname} {lastname}\r\n{company}\r\n{address_1}\r\n{address_2}\r\n{city}, {zone} {postcode}\r\n{country}',0,1),(224,'United States Minor Outlying Islands','UM','UMI','',0,1),(225,'Uruguay','UY','URY','',0,1),(226,'Uzbekistan','UZ','UZB','',0,1),(227,'Vanuatu','VU','VUT','',0,1),(228,'Vatican City State (Holy See)','VA','VAT','',0,1),(229,'Venezuela','VE','VEN','',0,1),(230,'Viet Nam','VN','VNM','',0,1),(231,'Virgin Islands (British)','VG','VGB','',0,1),(232,'Virgin Islands (U.S.)','VI','VIR','',0,1),(233,'Wallis and Futuna Islands','WF','WLF','',0,1),(234,'Western Sahara','EH','ESH','',0,1),(235,'Yemen','YE','YEM','',0,1),(237,'Democratic Republic of Congo','CD','COD','',0,1),(238,'Zambia','ZM','ZMB','',0,1),(239,'Zimbabwe','ZW','ZWE','',0,1),(240,'Jersey','JE','JEY','',1,1),(241,'Guernsey','GG','GGY','',1,1),(242,'Montenegro','ME','MNE','',0,1),(243,'Serbia','RS','SRB','',0,1),(244,'Aaland Islands','AX','ALA','',0,1),(245,'Bonaire, Sint Eustatius and Saba','BQ','BES','',0,1),(246,'Curacao','CW','CUW','',0,1),(247,'Palestinian Territory, Occupied','PS','PSE','',0,1),(248,'South Sudan','SS','SSD','',0,1),(249,'St. Barthelemy','BL','BLM','',0,1),(250,'St. Martin (French part)','MF','MAF','',0,1),(251,'Canary Islands','IC','ICA','',0,1);
CREATE TABLE `oc_coupon` (
  `coupon_id` int(11) NOT NULL AUTO_INCREMENT,
  `name` varchar(128) NOT NULL,
  `code` varchar(10) NOT NULL,
  `type` char(1) NOT NULL,
  `discount` decimal(15,4) NOT NULL,
  `logged` tinyint(1) NOT NULL,
  `shipping` tinyint(1) NOT NULL,
  `total` decimal(15,4) NOT NULL,
  `date_start` date NOT NULL DEFAULT '0000-00-00',
  `date_end` date NOT NULL DEFAULT '0000-00-00',
  `uses_total` int(11) NOT NULL,
  `uses_customer` varchar(11) NOT NULL,
  `status` tinyint(1) NOT NULL,
  `date_added` datetime NOT NULL DEFAULT '0000-00-00 00:00:00',
  PRIMARY KEY (`coupon_id`)
) ENGINE=MyISAM AUTO_INCREMENT=21 DEFAULT CHARSET=utf8;
INSERT INTO `oc_coupon` VALUES (4,'-10% Discount','fdhggdfdfg','P',10.0000,1,0,0.0000,'2011-01-01','2012-01-01',10,'10',1,'2009-01-27 13:55:03'),(5,'Free Shipping','No-Shipp','P',0.0000,0,1,100.0000,'2015-09-24','2015-11-27',10,'10',1,'2009-03-14 21:13:53'),(6,'-10.00 Discount','jytf','F',10.0000,0,0,10.0000,'1970-11-01','2020-11-01',100000,'10000',1,'2009-03-14 21:15:18'),(7,'-25% nano konteineriams','Geoshop.LT','P',25.0000,0,0,0.0000,'2014-03-12','2014-03-13',1,'1',1,'2014-03-12 12:37:17'),(8,'Nano po 5 LT','NANO-4nis','P',37.5000,0,0,0.0000,'2014-04-10','2014-04-11',15,'15',1,'2014-04-10 07:47:33'),(9,'Micro_Camo','Camo-6,5','F',2.2500,0,0,0.0000,'2014-04-17','2014-04-18',10,'10',1,'2014-04-17 10:34:01'),(10,'-12% Trackable_Velykos','Velykos14','P',12.0000,0,0,0.0000,'2014-04-20','2014-04-26',0,'0',1,'2014-04-20 22:21:50'),(11,'LT geocoin po 19.5','LT_geocoin','P',18.7500,0,0,0.0000,'2014-05-06','2014-05-08',10,'10',1,'2014-05-06 08:03:54'),(12,'10 proc Regular Geocoins','Coins-10','P',10.0000,0,0,0.0000,'2014-05-13','2014-05-15',0,'0',1,'2014-05-13 10:14:28'),(13,'PET-45','pet-45','P',45.0000,0,0,0.0000,'2015-03-02','2015-03-16',0,'0',1,'2014-06-18 10:10:40'),(14,'Atsiima pats -5LT','Pats','F',0.0000,0,1,0.0000,'2014-11-24','2015-11-30',0,'0',1,'2014-11-24 14:31:06'),(15,'Nelli','Nelli','F',9.0463,0,0,0.0000,'2015-04-01','2015-05-01',0,'0',1,'2015-04-01 13:29:02'),(16,'-10 proc Wood Geocoins','Karina-LWG','P',10.0000,0,0,0.0000,'2015-05-18','2016-05-18',0,'0',0,'2015-05-18 11:12:57'),(17,'vda','vda','F',0.7251,0,0,0.0000,'2015-06-10','2015-06-12',1,'1',1,'2015-06-11 11:45:07'),(18,'Black friday 2015 PET','Black2PET','P',45.0000,0,0,0.0000,'2015-11-26','2015-12-01',0,'0',1,'2015-11-12 16:25:09'),(19,'Black friday 2015_Coins','Black2LWG','P',25.0000,0,0,14.0000,'2015-11-26','2015-12-01',0,'0',1,'2015-11-12 16:35:28');
CREATE TABLE `oc_coupon_category` (
  `coupon_id` int(11) NOT NULL,
  `category_id` int(11) NOT NULL,
  PRIMARY KEY (`coupon_id`,`category_id`)
) ENGINE=MyISAM DEFAULT CHARSET=utf8;
INSERT INTO `oc_coupon_category` VALUES (10,45),(10,63),(10,64),(12,64),(14,66);
CREATE TABLE `oc_coupon_history` (
  `coupon_history_id` int(11) NOT NULL AUTO_INCREMENT,
  `coupon_id` int(11) NOT NULL,
  `order_id` int(11) NOT NULL,
  `customer_id` int(11) NOT NULL,
  `amount` decimal(15,4) NOT NULL,
  `date_added` datetime NOT NULL,
  PRIMARY KEY (`coupon_history_id`)
) ENGINE=MyISAM AUTO_INCREMENT=10 DEFAULT CHARSET=utf8;
INSERT INTO `oc_coupon_history` VALUES (1,10,115,17,-5.5200,'2014-04-25 13:51:32'),(2,11,121,4,-4.5000,'2014-05-06 12:06:00'),(3,13,347,0,-18.9000,'2015-02-26 15:51:52'),(4,15,366,99,-5.6500,'2015-04-13 18:45:26'),(5,14,380,0,-5.0000,'2015-04-28 11:54:22'),(6,19,522,99,-27.0000,'2015-11-13 16:38:48'),(7,18,523,167,-1.8000,'2015-11-14 13:44:31'),(8,18,524,129,-35.8000,'2015-11-15 20:08:32'),(9,18,528,0,-44.5500,'2015-11-29 01:12:54');
CREATE TABLE `oc_coupon_product` (
  `coupon_product_id` int(11) NOT NULL AUTO_INCREMENT,
  `coupon_id` int(11) NOT NULL,
  `product_id` int(11) NOT NULL,
  PRIMARY KEY (`coupon_product_id`)
) ENGINE=MyISAM AUTO_INCREMENT=170 DEFAULT CHARSET=utf8;
INSERT INTO `oc_coupon_product` VALUES (1,7,58),(12,8,58),(15,9,200),(16,11,217),(79,13,279),(78,13,280),(77,13,238),(76,13,278),(75,13,115),(74,13,242),(73,13,285),(72,13,239),(71,13,281),(84,15,53),(153,16,249),(168,18,242),(167,18,285),(166,18,281),(165,18,239),(164,18,115),(163,18,278),(162,18,280),(161,18,279),(160,18,238),(159,18,275),(158,18,282),(157,18,284),(156,18,243),(155,18,240),(154,18,283),(169,19,249);
CREATE TABLE `oc_currency` (
  `currency_id` int(11) NOT NULL AUTO_INCREMENT,
  `title` varchar(32) NOT NULL,
  `code` varchar(3) NOT NULL,
  `symbol_left` varchar(12) NOT NULL,
  `symbol_right` varchar(12) NOT NULL,
  `decimal_place` char(1) NOT NULL,
  `value` float(15,8) NOT NULL,
  `status` tinyint(1) NOT NULL,
  `date_modified` datetime NOT NULL DEFAULT '0000-00-00 00:00:00',
  PRIMARY KEY (`currency_id`)
) ENGINE=MyISAM AUTO_INCREMENT=5 DEFAULT CHARSET=utf8;
INSERT INTO `oc_currency` VALUES (1,'Pound Sterling','GBP','£','','2',0.85000002,1,'2015-12-26 15:18:36'),(2,'US Dollar','USD','$','','2',1.20000005,1,'2015-12-26 15:16:58'),(3,'Euro','EUR','','€','2',1.00000000,1,'2015-12-26 10:48:38'),(4,'Litai','LTL','',' Lt','2',3.45280004,1,'2015-12-26 10:49:56');
CREATE TABLE `oc_custom_field` (
  `custom_field_id` int(11) NOT NULL AUTO_INCREMENT,
  `type` varchar(32) NOT NULL,
  `value` text NOT NULL,
  `required` tinyint(1) NOT NULL,
  `location` varchar(32) NOT NULL,
  `position` int(3) NOT NULL,
  `sort_order` int(3) NOT NULL,
  PRIMARY KEY (`custom_field_id`)
) ENGINE=MyISAM DEFAULT CHARSET=utf8;
CREATE TABLE `oc_custom_field_description` (
  `custom_field_id` int(11) NOT NULL,
  `language_id` int(11) NOT NULL,
  `name` varchar(128) NOT NULL,
  PRIMARY KEY (`custom_field_id`,`language_id`)
) ENGINE=MyISAM DEFAULT CHARSET=utf8;
CREATE TABLE `oc_custom_field_to_customer_group` (
  `custom_field_id` int(11) NOT NULL,
  `customer_group_id` int(11) NOT NULL,
  PRIMARY KEY (`custom_field_id`,`customer_group_id`)
) ENGINE=MyISAM DEFAULT CHARSET=utf8;
CREATE TABLE `oc_custom_field_value` (
  `custom_field_value_id` int(11) NOT NULL AUTO_INCREMENT,
  `custom_field_id` int(11) NOT NULL,
  `sort_order` int(3) NOT NULL,
  PRIMARY KEY (`custom_field_value_id`)
) ENGINE=MyISAM DEFAULT CHARSET=utf8;
CREATE TABLE `oc_custom_field_value_description` (
  `custom_field_value_id` int(11) NOT NULL,
  `language_id` int(11) NOT NULL,
  `custom_field_id` int(11) NOT NULL,
  `name` varchar(128) NOT NULL,
  PRIMARY KEY (`custom_field_value_id`,`language_id`)
) ENGINE=MyISAM DEFAULT CHARSET=utf8;
CREATE TABLE `oc_customer_ban_ip` (
  `customer_ban_ip_id` int(11) NOT NULL AUTO_INCREMENT,
  `ip` varchar(40) NOT NULL,
  PRIMARY KEY (`customer_ban_ip_id`),
  KEY `ip` (`ip`)
) ENGINE=MyISAM DEFAULT CHARSET=utf8;
CREATE TABLE `oc_customer_field` (
  `customer_id` int(11) NOT NULL,
  `custom_field_id` int(11) NOT NULL,
  `custom_field_value_id` int(11) NOT NULL,
  `name` int(128) NOT NULL,
  `value` text NOT NULL,
  `sort_order` int(3) NOT NULL,
  PRIMARY KEY (`customer_id`,`custom_field_id`,`custom_field_value_id`)
) ENGINE=MyISAM DEFAULT CHARSET=utf8;
CREATE TABLE `oc_customer_group` (
  `customer_group_id` int(11) NOT NULL AUTO_INCREMENT,
  `approval` int(1) NOT NULL,
  `company_id_display` int(1) NOT NULL,
  `company_id_required` int(1) NOT NULL,
  `tax_id_display` int(1) NOT NULL,
  `tax_id_required` int(1) NOT NULL,
  `sort_order` int(3) NOT NULL,
  PRIMARY KEY (`customer_group_id`)
) ENGINE=MyISAM AUTO_INCREMENT=5 DEFAULT CHARSET=utf8;
INSERT INTO `oc_customer_group` VALUES (1,0,1,0,0,0,1),(2,0,1,0,0,0,0),(3,0,1,0,0,0,0),(4,0,1,0,0,0,0);
CREATE TABLE `oc_customer_group_description` (
  `customer_group_id` int(11) NOT NULL,
  `language_id` int(11) NOT NULL,
  `name` varchar(32) NOT NULL,
  `description` text NOT NULL,
  PRIMARY KEY (`customer_group_id`,`language_id`)
) ENGINE=MyISAM DEFAULT CHARSET=utf8;
INSERT INTO `oc_customer_group_description` VALUES (1,1,'Default','test'),(1,2,'Default','test'),(2,2,'LT klientai','LT klientai.'),(3,2,'EN klientai','EN klientai'),(2,1,'LT customers','LT customers.'),(3,1,'EN customers','EN customers'),(4,2,'Test_grupe',''),(4,1,'Test_group','');
CREATE TABLE `oc_customer_history` (
  `customer_history_id` int(11) NOT NULL AUTO_INCREMENT,
  `customer_id` int(11) NOT NULL,
  `comment` text NOT NULL,
  `date_added` datetime NOT NULL,
  PRIMARY KEY (`customer_history_id`)
) ENGINE=MyISAM AUTO_INCREMENT=3 DEFAULT CHARSET=utf8;
INSERT INTO `oc_customer_history` VALUES (1,17,'','2014-05-14 18:41:29'),(2,1,'','2014-05-14 19:11:28');
CREATE TABLE `oc_customer_ip` (
  `customer_ip_id` int(11) NOT NULL AUTO_INCREMENT,
  `customer_id` int(11) NOT NULL,
  `ip` varchar(40) NOT NULL,
  `date_added` datetime NOT NULL,
  PRIMARY KEY (`customer_ip_id`),
  KEY `ip` (`ip`)
) ENGINE=MyISAM AUTO_INCREMENT=259 DEFAULT CHARSET=utf8;
INSERT INTO `oc_customer_ip` VALUES (1,1,'5.20.177.240','2014-01-03 19:41:12'),(2,2,'5.20.177.240','2014-01-04 15:30:36'),(3,3,'80.233.160.187','2014-02-21 12:58:30'),(4,4,'78.56.202.53','2014-02-23 18:01:56'),(5,5,'78.56.239.165','2014-03-03 20:12:50'),(6,6,'85.166.68.134','2014-03-06 19:04:42'),(7,7,'88.118.34.217','2014-03-07 19:31:23'),(8,6,'84.240.7.103','2014-03-08 16:00:52'),(9,8,'79.133.246.116','2014-03-09 21:49:39'),(10,9,'81.7.78.38','2014-03-10 13:23:02'),(11,10,'86.38.4.249','2014-03-12 10:51:29'),(12,11,'94.244.103.38','2014-03-19 13:00:46'),(13,12,'78.56.21.156','2014-03-19 16:01:43'),(14,13,'78.56.53.246','2014-04-01 10:10:24'),(15,14,'188.69.208.242','2014-04-03 20:01:42'),(16,14,'83.189.242.98','2014-04-05 22:04:03'),(17,14,'188.69.194.11','2014-04-06 18:16:07'),(18,15,'88.119.137.94','2014-04-08 13:44:30'),(19,7,'85.206.52.122','2014-04-09 10:09:09'),(20,7,'188.69.193.140','2014-04-09 17:02:17'),(21,16,'84.240.51.228','2014-04-13 22:42:23'),(22,17,'212.117.19.37','2014-04-25 11:54:31'),(23,11,'87.247.121.213','2014-05-06 11:20:10'),(24,4,'158.129.18.205','2014-05-06 11:58:07'),(25,18,'195.182.75.7','2014-05-07 11:11:03'),(26,19,'81.198.169.1','2014-05-07 15:43:45'),(27,20,'212.93.100.78','2014-05-08 10:27:30'),(28,21,'78.62.143.189','2014-05-10 15:32:09'),(29,19,'46.109.211.104','2014-05-12 12:32:12'),(30,22,'213.159.50.102','2014-05-13 22:03:21'),(31,23,'78.58.48.8','2014-05-18 14:49:42'),(32,24,'87.226.58.19','2014-05-19 00:39:46'),(33,25,'46.249.170.123','2014-05-19 10:01:20'),(34,26,'86.100.73.44','2014-05-28 09:26:08'),(35,27,'193.105.155.7','2014-05-29 10:48:37'),(36,28,'217.9.242.241','2014-05-30 15:11:21'),(37,29,'78.56.155.249','2014-06-02 23:07:09'),(38,30,'78.56.155.249','2014-06-10 19:58:01'),(39,30,'5.20.138.154','2014-06-10 22:12:10'),(40,31,'188.69.215.17','2014-06-11 10:49:40'),(41,30,'188.69.212.99','2014-06-11 13:28:28'),(42,31,'188.69.211.42','2014-06-11 17:32:48'),(43,32,'78.60.64.154','2014-06-14 17:32:19'),(44,33,'78.58.184.166','2014-06-15 16:09:12'),(45,7,'78.63.200.81','2014-06-15 22:35:46'),(46,34,'80.233.156.204','2014-06-16 15:28:13'),(47,35,'46.109.6.7','2014-06-18 21:05:06'),(48,36,'86.110.41.109','2014-06-18 21:29:22'),(49,37,'84.237.207.43','2014-06-18 21:42:27'),(50,36,'146.255.183.166','2014-06-20 14:06:56'),(51,38,'84.240.11.4','2014-06-30 00:27:08'),(52,36,'194.150.65.165','2014-07-02 09:49:14'),(53,36,'146.255.183.217','2014-07-02 10:55:38'),(54,36,'146.255.183.222','2014-07-02 11:57:44'),(55,36,'194.150.65.123','2014-07-02 12:38:46'),(56,36,'146.255.183.114','2014-07-02 13:31:05'),(57,36,'194.150.65.159','2014-07-02 14:06:14'),(58,36,'194.150.65.119','2014-07-02 14:08:58'),(59,36,'146.255.183.60','2014-07-02 14:53:19'),(60,36,'194.150.65.218','2014-07-02 15:47:38'),(61,36,'146.255.183.153','2014-07-02 17:53:14'),(62,36,'194.150.65.198','2014-07-04 11:42:28'),(63,36,'146.255.183.76','2014-07-08 00:27:14'),(64,36,'146.255.183.171','2014-07-10 22:50:52'),(65,36,'146.255.183.164','2014-07-11 09:12:59'),(66,39,'178.16.38.140','2014-07-15 20:02:04'),(67,40,'78.56.118.41','2014-07-16 23:28:46'),(68,41,'84.240.50.11','2014-07-18 09:22:52'),(69,30,'188.69.192.189','2014-07-20 17:46:08'),(70,42,'46.249.171.28','2014-07-21 21:25:58'),(71,43,'212.93.114.72','2014-07-21 23:19:38'),(72,44,'213.103.230.209','2014-07-22 08:05:14'),(73,45,'84.32.122.92','2014-08-03 23:51:19'),(74,46,'78.57.181.221','2014-08-09 23:05:17'),(75,47,'83.245.242.119','2014-08-13 21:52:10'),(76,47,'83.245.224.75','2014-08-14 17:20:42'),(77,48,'78.56.231.4','2014-08-16 16:32:48'),(78,49,'78.58.223.48','2014-08-16 21:02:16'),(79,50,'78.56.135.132','2014-08-17 20:30:31'),(80,47,'83.245.225.187','2014-08-18 17:29:02'),(81,47,'83.245.224.229','2014-08-23 08:46:21'),(82,30,'84.240.5.4','2014-08-23 10:28:23'),(83,30,'188.69.192.75','2014-08-23 13:10:22'),(84,47,'83.245.224.135','2014-08-23 22:15:07'),(85,51,'86.100.51.48','2014-08-24 16:00:11'),(86,52,'193.5.216.100','2014-08-27 18:39:48'),(87,53,'81.16.226.232','2014-09-09 15:20:49'),(88,54,'87.247.67.81','2014-09-15 17:03:41'),(89,55,'86.38.184.124','2014-09-26 23:46:27'),(90,56,'82.38.190.254','2014-09-28 23:29:10'),(91,57,'87.247.99.80','2014-09-28 23:31:28'),(92,58,'91.105.28.156','2014-09-29 12:23:57'),(93,48,'213.190.55.36','2014-10-06 14:37:10'),(94,59,'62.80.225.113','2014-10-06 16:38:34'),(95,60,'84.46.171.208','2014-10-11 20:43:33'),(96,59,'62.80.225.25','2014-10-15 22:58:47'),(97,59,'62.80.225.92','2014-10-18 16:41:32'),(98,61,'91.231.76.1','2014-10-21 21:30:43'),(99,62,'95.68.97.118','2014-10-25 10:38:56'),(100,63,'84.240.24.39','2014-11-01 21:04:15'),(101,36,'194.150.65.61','2014-11-10 10:59:34'),(102,64,'88.222.11.24','2014-11-14 18:26:07'),(103,65,'82.135.221.214','2014-11-18 11:19:52'),(104,66,'77.240.254.23','2014-11-24 11:35:45'),(105,48,'78.60.128.141','2014-12-10 00:02:54'),(106,67,'176.67.41.229','2014-12-18 19:47:53'),(107,68,'83.178.92.36','2015-01-03 15:04:44'),(108,68,'87.247.124.249','2015-01-03 18:10:08'),(109,68,'90.142.242.209','2015-01-05 11:35:11'),(110,36,'194.150.65.236','2015-01-06 08:19:38'),(111,36,'146.255.183.30','2015-01-06 09:15:51'),(112,36,'194.150.65.7','2015-01-06 12:03:00'),(113,36,'194.150.65.185','2015-01-06 13:19:30'),(114,36,'146.255.183.246','2015-01-06 14:13:49'),(115,36,'194.150.65.18','2015-01-06 15:17:22'),(116,36,'194.150.65.156','2015-01-06 16:42:35'),(117,36,'194.150.65.168','2015-01-06 17:32:34'),(118,69,'78.58.248.238','2015-01-09 15:52:51'),(119,70,'78.158.8.106','2015-01-11 16:19:26'),(120,71,'88.119.159.54','2015-01-13 12:31:28'),(121,71,'88.223.41.252','2015-01-14 22:11:24'),(122,72,'87.239.84.97','2015-01-16 00:09:06'),(123,73,'46.36.85.103','2015-01-18 17:51:15'),(124,74,'5.20.177.240','2015-01-22 20:48:01'),(125,75,'78.58.128.184','2015-01-25 17:56:01'),(126,36,'194.150.65.235','2015-01-28 15:59:17'),(127,36,'146.255.183.145','2015-01-28 17:33:27'),(128,76,'176.46.58.204','2015-01-30 19:19:05'),(129,76,'2001:7d0:8242:3101:c1b5:827c:775e:fcbe','2015-01-30 19:30:22'),(130,77,'84.46.170.30','2015-02-01 18:05:35'),(131,36,'146.255.183.79','2015-02-02 18:08:13'),(132,77,'89.116.210.254','2015-02-02 20:11:25'),(133,77,'86.38.37.117','2015-02-03 20:38:41'),(134,78,'78.58.158.64','2015-02-04 22:22:12'),(135,79,'195.122.25.118','2015-02-05 11:45:50'),(136,80,'88.119.137.58','2015-02-12 11:59:25'),(137,81,'78.58.149.51','2015-02-15 10:13:16'),(138,82,'91.105.28.156','2015-02-16 16:23:58'),(139,83,'158.129.26.175','2015-02-16 21:20:05'),(140,83,'88.119.185.106','2015-02-17 11:16:34'),(141,84,'94.236.71.122','2015-02-17 12:56:29'),(142,85,'88.216.94.72','2015-02-17 19:18:14'),(143,85,'88.216.95.190','2015-02-19 08:12:55'),(144,86,'78.157.65.74','2015-02-20 23:48:23'),(145,87,'213.226.134.122','2015-03-13 12:57:30'),(146,88,'78.60.14.222','2015-03-16 15:43:05'),(147,89,'88.222.175.108','2015-03-19 11:00:54'),(148,90,'79.142.115.9','2015-03-20 15:24:44'),(149,91,'84.240.19.15','2015-03-24 00:08:34'),(150,92,'78.62.221.249','2015-03-24 10:52:21'),(151,17,'87.239.86.70','2015-03-25 13:33:34'),(152,93,'78.63.189.124','2015-03-27 10:28:11'),(153,94,'78.61.99.228','2015-03-30 22:23:01'),(154,95,'213.190.49.53','2015-03-31 09:18:04'),(155,96,'176.67.41.229','2015-04-02 19:34:10'),(156,97,'78.56.122.175','2015-04-02 22:47:37'),(157,98,'88.222.10.67','2015-04-06 21:41:15'),(158,99,'84.240.39.78','2015-04-12 12:10:33'),(159,100,'212.93.100.223','2015-04-13 10:49:24'),(160,100,'212.93.114.157','2015-04-13 17:03:01'),(161,101,'78.56.0.43','2015-04-13 19:44:03'),(162,54,'88.119.152.72','2015-04-16 12:58:04'),(163,54,'88.119.128.204','2015-04-17 08:59:19'),(164,100,'212.93.114.145','2015-04-17 15:06:56'),(165,102,'88.223.71.54','2015-04-17 20:25:26'),(166,103,'78.59.164.130','2015-04-20 10:08:07'),(167,104,'212.117.21.150','2015-04-21 09:09:43'),(168,105,'84.237.173.30','2015-04-22 17:39:58'),(169,106,'212.52.52.111','2015-04-25 22:14:09'),(170,107,'78.56.151.12','2015-05-04 21:36:11'),(171,108,'78.56.33.206','2015-05-17 18:04:40'),(172,109,'212.142.86.182','2015-05-18 11:47:57'),(173,110,'88.222.11.40','2015-05-18 22:22:42'),(174,110,'193.219.78.28','2015-05-19 08:52:38'),(175,110,'84.15.177.211','2015-05-19 12:11:48'),(176,110,'84.15.179.244','2015-05-19 12:48:43'),(177,100,'95.68.51.68','2015-05-21 07:50:05'),(178,111,'85.9.218.66','2015-05-21 11:17:06'),(179,111,'212.93.114.177','2015-05-26 08:38:27'),(180,112,'85.232.131.106','2015-05-26 22:34:44'),(181,113,'158.129.85.10','2015-05-27 10:10:29'),(182,114,'77.90.72.126','2015-05-29 12:58:49'),(183,115,'77.90.72.48','2015-05-31 11:58:16'),(184,116,'78.56.28.135','2015-06-02 21:08:24'),(185,116,'88.119.17.179','2015-06-03 11:05:57'),(186,117,'88.223.54.45','2015-06-03 20:17:14'),(187,118,'78.62.98.162','2015-06-05 16:40:14'),(188,116,'88.119.143.119','2015-06-09 19:08:22'),(189,119,'217.17.95.35','2015-06-10 01:30:23'),(190,119,'84.15.177.145','2015-06-10 22:28:53'),(191,120,'78.62.144.10','2015-06-11 21:53:39'),(192,121,'95.68.86.44','2015-06-14 22:32:07'),(193,122,'78.61.246.148','2015-06-18 20:56:13'),(194,42,'46.249.171.38','2015-06-21 18:12:13'),(195,42,'77.79.20.112','2015-06-22 14:30:29'),(196,123,'193.219.38.5','2015-06-29 15:36:44'),(197,124,'213.197.134.242','2015-06-30 14:24:38'),(198,125,'77.90.72.126','2015-06-30 21:31:49'),(199,126,'78.63.173.247','2015-07-01 23:14:56'),(200,127,'213.226.183.126','2015-07-02 13:24:53'),(201,128,'46.109.248.253','2015-07-02 13:34:11'),(202,129,'78.62.144.219','2015-07-03 22:57:50'),(203,130,'46.249.171.20','2015-07-04 19:14:44'),(204,131,'78.63.225.73','2015-07-04 19:50:23'),(205,132,'88.216.27.199','2015-07-05 15:53:58'),(206,133,'91.105.94.244','2015-07-12 20:16:25'),(207,134,'46.249.171.39','2015-07-16 19:54:05'),(208,135,'78.62.90.139','2015-07-20 22:33:12'),(209,136,'78.58.208.42','2015-07-24 14:54:08'),(210,137,'46.249.171.24','2015-07-27 13:40:04'),(211,138,'84.15.190.155','2015-07-27 23:44:43'),(212,139,'131.207.242.152','2015-07-29 10:30:37'),(213,140,'78.63.247.94','2015-07-31 10:05:30'),(214,141,'91.154.52.49','2015-08-03 21:09:45'),(215,142,'88.119.11.65','2015-08-05 08:20:08'),(216,87,'78.56.171.143','2015-08-09 19:14:25'),(217,108,'195.182.94.235','2015-08-17 10:05:27'),(218,143,'85.232.145.178','2015-08-19 09:23:54'),(219,144,'81.198.131.146','2015-08-21 22:37:15'),(220,145,'88.119.158.220','2015-08-24 15:46:54'),(221,146,'212.117.28.192','2015-08-24 20:50:06'),(222,147,'77.87.9.126','2015-08-29 11:44:52'),(223,148,'78.57.221.118','2015-08-29 20:17:02'),(224,149,'213.197.167.142','2015-08-31 12:48:16'),(225,150,'212.93.105.39','2015-09-06 18:33:04'),(226,151,'83.188.47.122','2015-09-14 15:47:27'),(227,105,'91.105.59.243','2015-09-14 20:20:00'),(228,152,'95.44.12.122','2015-09-15 13:48:05'),(229,142,'83.171.15.124','2015-09-16 19:13:46'),(230,153,'78.60.181.2','2015-09-25 12:04:29'),(231,154,'78.61.79.39','2015-09-26 18:53:57'),(232,155,'87.247.64.249','2015-09-27 19:51:11'),(233,156,'88.119.95.89','2015-09-29 10:39:31'),(234,157,'89.191.108.175','2015-10-07 09:55:47'),(235,158,'82.132.238.244','2015-10-09 14:48:32'),(236,159,'80.220.123.135','2015-10-20 13:16:15'),(237,160,'78.56.146.136','2015-10-25 10:47:10'),(238,160,'88.222.65.247','2015-10-28 09:09:44'),(239,161,'212.93.116.159','2015-10-29 14:03:48'),(240,162,'78.63.148.229','2015-10-29 20:13:55'),(241,163,'213.159.58.74','2015-10-30 14:43:43'),(242,164,'78.63.85.168','2015-11-05 16:42:45'),(243,165,'193.219.87.237','2015-11-06 14:10:14'),(244,166,'193.178.150.187','2015-11-10 14:47:05'),(245,99,'157.144.241.65','2015-11-13 09:26:27'),(246,167,'78.62.152.170','2015-11-14 13:18:14'),(247,168,'82.135.221.214','2015-12-04 11:20:11'),(248,161,'78.84.236.139','2015-12-06 14:21:53'),(249,169,'78.58.178.35','2015-12-08 09:57:31'),(250,170,'81.7.64.59','2015-12-08 14:47:52'),(251,171,'86.100.68.222','2015-12-10 09:02:56'),(252,172,'89.249.87.70','2015-12-11 10:02:26'),(253,173,'87.110.91.5','2015-12-11 14:33:48'),(254,174,'78.60.156.20','2015-12-12 16:50:14'),(255,175,'78.60.67.10','2015-12-15 20:53:49'),(256,176,'78.31.230.217','2015-12-20 16:15:10'),(257,177,'188.69.214.237','2015-12-23 18:37:04'),(258,170,'78.56.91.47','2015-12-26 15:18:11');
CREATE TABLE `oc_customer_online` (
  `ip` varchar(40) NOT NULL,
  `customer_id` int(11) NOT NULL,
  `url` text NOT NULL,
  `referer` text NOT NULL,
  `date_added` datetime NOT NULL,
  PRIMARY KEY (`ip`)
) ENGINE=MyISAM DEFAULT CHARSET=utf8;
INSERT INTO `oc_customer_online` VALUES ('208.115.113.87',0,'http://www.geoshop.lt/index.php?route=product/product&amp;product_id=168','','2015-12-28 10:20:52'),('77.248.252.113',0,'http://www.geoshop.lt/index.php?route=product/product&amp;product_id=61','','2015-12-28 10:25:02'),('88.119.22.88',0,'http://www.geoshop.lt/','','2015-12-28 10:25:23'),('40.77.167.74',0,'http://www.geoshop.lt/index.php?route=product/product&amp;path=24&amp;product_id=166','','2015-12-28 10:43:07'),('2.100.64.152',0,'http://www.geoshop.lt/index.php?route=product/category&amp;path=57_66','https://www.bing.com','2015-12-28 10:04:48'),('66.249.78.86',0,'http://geoshop.lt/','','2015-12-28 10:05:38'),('199.30.231.2',0,'http://www.geoshop.lt/index.php?route=common/home','','2015-12-28 10:11:01'),('66.249.93.24',0,'http://www.geoshop.lt/index.php?route=common/home','','2015-12-28 10:11:01'),('66.249.78.56',0,'http://www.geoshop.lt/index.php?route=product/product&amp;manufacturer_id=18&amp;product_id=323','','2015-12-28 10:19:16'),('180.76.15.26',0,'http://www.geoshop.lt/','','2015-12-28 10:33:15'),('66.249.78.63',0,'http://www.geoshop.lt/index.php?route=product/product&amp;product_id=118','','2015-12-28 10:53:08'),('66.249.78.49',0,'http://www.geoshop.lt/','','2015-12-28 11:00:27'),('208.115.111.71',0,'http://www.geoshop.lt/index.php?route=product/product&amp;manufacturer_id=7&amp;product_id=53','','2015-12-28 10:58:51'),('2001:1ab8:2:0:b468:15ec:41d5:24d4',0,'http://www.geocache.lt/','','2015-12-28 10:40:50'),('180.76.15.16',0,'http://www.geoshop.lt/','','2015-12-28 10:34:03');
CREATE TABLE `oc_customer_reward` (
  `customer_reward_id` int(11) NOT NULL AUTO_INCREMENT,
  `customer_id` int(11) NOT NULL DEFAULT '0',
  `order_id` int(11) NOT NULL DEFAULT '0',
  `description` text NOT NULL,
  `points` int(8) NOT NULL DEFAULT '0',
  `date_added` datetime NOT NULL DEFAULT '0000-00-00 00:00:00',
  PRIMARY KEY (`customer_reward_id`)
) ENGINE=MyISAM DEFAULT CHARSET=utf8;
CREATE TABLE `oc_customer_transaction` (
  `customer_transaction_id` int(11) NOT NULL AUTO_INCREMENT,
  `customer_id` int(11) NOT NULL,
  `order_id` int(11) NOT NULL,
  `description` text NOT NULL,
  `amount` decimal(15,4) NOT NULL,
  `date_added` datetime NOT NULL,
  PRIMARY KEY (`customer_transaction_id`)
) ENGINE=MyISAM AUTO_INCREMENT=4 DEFAULT CHARSET=utf8;
INSERT INTO `oc_customer_transaction` VALUES (1,1,0,'',0.0000,'2014-01-04 15:38:34'),(2,74,0,'',0.0000,'2015-01-22 20:47:33'),(3,36,0,'',0.0000,'2015-04-17 09:58:10');
CREATE TABLE `oc_download` (
  `download_id` int(11) NOT NULL AUTO_INCREMENT,
  `filename` varchar(128) NOT NULL,
  `mask` varchar(128) NOT NULL,
  `remaining` int(11) NOT NULL DEFAULT '0',
  `date_added` datetime NOT NULL DEFAULT '0000-00-00 00:00:00',
  PRIMARY KEY (`download_id`)
) ENGINE=MyISAM DEFAULT CHARSET=utf8;
CREATE TABLE `oc_download_description` (
  `download_id` int(11) NOT NULL,
  `language_id` int(11) NOT NULL,
  `name` varchar(64) NOT NULL,
  PRIMARY KEY (`download_id`,`language_id`)
) ENGINE=MyISAM DEFAULT CHARSET=utf8;
CREATE TABLE `oc_extension` (
  `extension_id` int(11) NOT NULL AUTO_INCREMENT,
  `type` varchar(32) NOT NULL,
  `code` varchar(32) NOT NULL,
  PRIMARY KEY (`extension_id`)
) ENGINE=MyISAM AUTO_INCREMENT=446 DEFAULT CHARSET=utf8;
INSERT INTO `oc_extension` VALUES (23,'payment','cod'),(22,'total','shipping'),(57,'total','sub_total'),(58,'total','tax'),(59,'total','total'),(410,'module','banner'),(426,'module','carousel'),(390,'total','credit'),(387,'shipping','flat'),(349,'total','handling'),(350,'total','low_order_fee'),(389,'total','coupon'),(413,'module','category'),(408,'module','account'),(393,'total','reward'),(398,'total','voucher'),(407,'payment','free_checkout'),(427,'module','featured'),(419,'module','slideshow'),(428,'module','beauty'),(429,'payment','paysera'),(432,'shipping','weight'),(431,'shipping','pickup'),(433,'shipping','free'),(434,'payment','bank_transfer'),(435,'module','bestseller'),(436,'module','latest'),(437,'module','welcome'),(438,'module','information'),(439,'module','store'),(444,'payment','pp_standard'),(445,'module','special');
CREATE TABLE `oc_filter` (
  `filter_id` int(11) NOT NULL AUTO_INCREMENT,
  `filter_group_id` int(11) NOT NULL,
  `sort_order` int(3) NOT NULL,
  PRIMARY KEY (`filter_id`)
) ENGINE=MyISAM DEFAULT CHARSET=utf8;
CREATE TABLE `oc_filter_description` (
  `filter_id` int(11) NOT NULL,
  `language_id` int(11) NOT NULL,
  `filter_group_id` int(11) NOT NULL,
  `name` varchar(64) NOT NULL,
  PRIMARY KEY (`filter_id`,`language_id`)
) ENGINE=MyISAM DEFAULT CHARSET=utf8;
CREATE TABLE `oc_filter_group` (
  `filter_group_id` int(11) NOT NULL AUTO_INCREMENT,
  `sort_order` int(3) NOT NULL,
  PRIMARY KEY (`filter_group_id`)
) ENGINE=MyISAM DEFAULT CHARSET=utf8;
CREATE TABLE `oc_filter_group_description` (
  `filter_group_id` int(11) NOT NULL,
  `language_id` int(11) NOT NULL,
  `name` varchar(64) NOT NULL,
  PRIMARY KEY (`filter_group_id`,`language_id`)
) ENGINE=MyISAM DEFAULT CHARSET=utf8;
CREATE TABLE `oc_geo_zone` (
  `geo_zone_id` int(11) NOT NULL AUTO_INCREMENT,
  `name` varchar(32) NOT NULL,
  `description` varchar(255) NOT NULL,
  `date_modified` datetime NOT NULL DEFAULT '0000-00-00 00:00:00',
  `date_added` datetime NOT NULL DEFAULT '0000-00-00 00:00:00',
  PRIMARY KEY (`geo_zone_id`)
) ENGINE=MyISAM AUTO_INCREMENT=17 DEFAULT CHARSET=utf8;
INSERT INTO `oc_geo_zone` VALUES (3,'UK VAT Zone','UK VAT','2010-02-26 22:33:24','2009-01-06 23:26:25'),(13,'Express to Omniva terminal,LV','Express to Omniva(post24.LV) terminal, Latvia','2014-08-14 12:37:16','2014-02-12 18:23:42'),(5,'Pristatymas  Lietuvos paštu','Pristatymas  Lietuvos paštu','2014-01-04 20:21:18','2013-12-07 15:20:24'),(6,'Shipping to EU','Shipping to EU','2014-08-31 10:23:43','2013-12-07 15:21:35'),(7,'Pristatymas į LP paštomatą','Pristatymas į LP paštomatą','2014-01-04 20:19:16','2014-01-04 19:40:41'),(8,'Pristatymas LP Express kurjeriu','Pristatymas LP Express kurjeriu','2014-01-04 20:16:15','2014-01-04 20:02:53'),(9,'Shipping (Other countries)','Shipping (Other countries)','2014-08-31 09:15:37','2014-01-04 20:42:37'),(10,'Mokėjimai.LT šalys','Mokėjimai.LT šalys','2014-01-13 20:31:51','2014-01-04 21:11:11'),(11,'Lietuva','Lietuva','0000-00-00 00:00:00','2014-01-05 11:19:40'),(14,'Express to Omniva terminal,EE','Express to Omniva(post24.ee) terminal, Esonia','2014-08-11 19:31:37','2014-02-12 18:24:44'),(15,'Pristatymas į OMNIVA paštomatą','Pristatymas į OMNIVA paštomatą','2014-12-24 11:15:20','2014-12-24 11:15:06'),(16,'Baltic states','Baltic states','0000-00-00 00:00:00','2015-06-16 11:10:34');
CREATE TABLE `oc_information` (
  `information_id` int(11) NOT NULL AUTO_INCREMENT,
  `bottom` int(1) NOT NULL DEFAULT '0',
  `sort_order` int(3) NOT NULL DEFAULT '0',
  `status` tinyint(1) NOT NULL DEFAULT '1',
  PRIMARY KEY (`information_id`)
) ENGINE=MyISAM AUTO_INCREMENT=11 DEFAULT CHARSET=utf8;
INSERT INTO `oc_information` VALUES (3,1,3,1),(4,1,1,1),(5,1,4,1),(6,1,2,1),(7,1,5,1),(8,1,8,1),(9,1,9,1),(10,1,10,1);
CREATE TABLE `oc_information_description` (
  `information_id` int(11) NOT NULL,
  `language_id` int(11) NOT NULL,
  `title` varchar(64) NOT NULL,
  `description` text NOT NULL,
  PRIMARY KEY (`information_id`,`language_id`)
) ENGINE=MyISAM DEFAULT CHARSET=utf8;
INSERT INTO `oc_information_description` VALUES (5,1,'Terms &amp; Conditions','&lt;p&gt;&lt;strong&gt;1. General Provisions&lt;/strong&gt;&lt;br /&gt;\r\n1.1 These rules (the &quot;Rules&quot;) of the purchase is a legally binding document that establishes the buyer (“Buyer”) and seller (“Seller”) are the rights, duties and responsibilities of the goods Buyer purchase on www.Geoshop.lt online shop (“e-shop”).&lt;br /&gt;\r\n1.2. Buyer, by placing an order is deemed to accept the rules described in the purchase and in accordance with the first Second above shall be entitled to purchase goods online store.&lt;br /&gt;\r\n1.3. The agreement between the Buyer and the seller may be concluded from the moment the Buyer e-shop formed a shopping cart, specified delivery address, select payment method and familiar with the rules of Seller, click on &quot;Confirm Order&quot;.&lt;/p&gt;\r\n\r\n&lt;p&gt;&lt;strong&gt;2. Privacy policy&lt;/strong&gt;&lt;br /&gt;\r\n2.1. When ordering goods on www.Geoshop.lt, the Buyer must submit the required registration information: name, address, phone number and e-mail address.&lt;br /&gt;\r\n2.2. The Buyer is responsible for the fair presentation of the data at the time of registration.&lt;br /&gt;\r\n2.3. By ordering, the Buyer agrees to submit the personal data to process the order. The Buyer also agrees that the Buyer\'s e-mail address and/or phone number to be sent to the communications necessary to order the goods meet.&lt;br /&gt;\r\n2.4. Buyer\'s personal data may be processed for marketing purposes only if the customer agrees with it, when filling in the registration form.&lt;br /&gt;\r\n2.5. The Buyer, by registering in shop and ordering goods, is responsible not to disclose his account credentials on www.Geoshop.lt to thirty parties.&lt;br /&gt;\r\n2.6. Seller agrees to keep the Buyer\'s personal data safely and don’t disclose them to thirty parties except when it is required by the competent authority of the State Ministry of cases provided by law or by a separate written consent of the Buyer.&lt;br /&gt;\r\n&lt;br /&gt;\r\n&lt;strong&gt;3. Buyer\'s rights and obligations.&lt;/strong&gt;&lt;br /&gt;\r\n3.1. The Buyer undertakes to pay the agreed price for Seller and accept shipping of the ordered goods.&lt;br /&gt;\r\n3.2. Full and correct information should be provided when filling registration form. If data is inconsistent, or fake, www.Geoshop.lt&amp;nbsp; has right to remove Buyers account.&lt;br /&gt;\r\n3.2. If the Buyer’s personal data, provided in the registration form, has been changed, the Buyer is obligated to update data immediately.&lt;br /&gt;\r\n3.3. The Buyer has the right to refuse the purchase - sale agreement according to the conditions defined in the paragraph 8 of these Rules.&lt;br /&gt;\r\n3.4. Buyer, by placing an order on www.Geoshop.lt agrees with the the Rules and undertakes to comply with them with the laws of the Republic of Lithuania.&lt;br /&gt;\r\n&lt;br /&gt;\r\n&lt;strong&gt;4. Seller\'s rights and obligations.&lt;/strong&gt;&lt;br /&gt;\r\n4.1. Seller agrees to allow full access to the www.Geoshop.lt online shopping services.&lt;br /&gt;\r\n4.2. If the Buyer is trying to undermine the stability of the work of e-shop and security or in breach of its obligations, the seller has the right to and to restrict, suspend or revoke the Buyer the opportunity to buy immediately without any notice.&lt;br /&gt;\r\n4.3. Seller agrees to respect the privacy of the Buyer of his personal data provided in the registration form, and don’t dispose it to third parties.&lt;br /&gt;\r\n4.4. Seller agrees to deliver goods ordered by the Buyer at the address indicated.&lt;br /&gt;\r\n4.5. Seller, due unexpected conditions, can temporary or fully stop activity of www.Geoshop.lt without prompting the Buyer in advance.&lt;br /&gt;\r\n4.6. The Seller can unilaterally change these Rules anytime.&lt;br /&gt;\r\n4.7. If the Buyer does not uses www.Geoshop.lt for a long time, his account can be deleted.&lt;br /&gt;\r\n4.8. If the Buyer, after these Rules were changed, is still using services of the www.Geoshop.lt, it is considered, that the Buyer agreed with changes of the Rules.&lt;/p&gt;\r\n\r\n&lt;p&gt;&lt;strong&gt;5. Purchase Order, prices, payment arrangements and terms.&lt;/strong&gt;&lt;br /&gt;\r\n5.1. Customers can purchase 7 days a week, 24 hours, daily.&lt;br /&gt;\r\n5.2. Orders can be placed using www.Geoshop.lt e-shop only.&lt;br /&gt;\r\n5.4. All prices in the e-shop are provided in Lithuanian litas (LTL), including VAT, and other currency, including VAT.&lt;br /&gt;\r\n5.4. Buyer can pay for goods via:&lt;br /&gt;\r\n5.4.1. using own online banking system. When buyer transfers funds directly to www.Geoshop.lt settlement accounts.&lt;br /&gt;\r\n5.4.2.using services of payment broker www.mokejimai.lt.&lt;br /&gt;\r\n5.5. The Buyer undertakes to pay the order within 2 days from the date of order confirmation. The order is arranged only upon receipt confirmation by bank&lt;br /&gt;\r\n5.6. If the payment is not made within 2 days, the order is cancelled.&lt;br /&gt;\r\n&lt;br /&gt;\r\n&lt;strong&gt;6. Shipping.&lt;/strong&gt;&lt;br /&gt;\r\n6.1. Buyer chooses undertakes to provide the exact place of delivery.&lt;br /&gt;\r\n6.2. The Buyer undertakes to accept the goods by himself. In the case when Buyer cannot accept goods, and goods delivered to the provided address, the Buyer has no right to make claims regarding delivery.&lt;br /&gt;\r\n6.3. Seller delivers goods by “Lithuanian post”.&lt;br /&gt;\r\n6.4. Goods are on next business day after confirmation of payment.&lt;br /&gt;\r\n6.5 All goods are shipped by registered mail.&lt;br /&gt;\r\n6.6 The goods in Lithuania are delivered within 1-5 business days&lt;br /&gt;\r\n6.7 In all cases, the seller is released from liability for breach of terms of delivery if the goods are not delivered to the Buyer or not delivered on time due to the fault of the Buyer or for circumstances beyond the Seller.&lt;br /&gt;\r\n6.7. Buyer must notify the Seller immediately if the parcel is damaged, if received wrong (unordered) goods, the quantity of goods is not correct, or set of goods is not incomplete.&lt;br /&gt;\r\n6.8. Buyer must send a photo of damaged parcel or(and) goods for Seller by e-mail.&lt;br /&gt;\r\n&lt;br /&gt;\r\n&lt;strong&gt;7. Product quality, warranty.&lt;/strong&gt;&lt;br /&gt;\r\n7.1. All description and concrete data of goods selling on www.Geoshop.lt a provided in the description of each item.&lt;br /&gt;\r\n7.2. On the pictures there can be displayed more goods, than a price of one piece is. A quantity and price of one (or several) piece is defined in its description. The color of goods displayed in pictures can be slightly different, because of display equipment, used by Buyer.&lt;br /&gt;\r\n7.3. Seller for individual types of goods can provide different warranty, the specific terms and other conditions are specified in the description of goods.&lt;/p&gt;\r\n\r\n&lt;p&gt;&lt;strong&gt;8. Returns and exchange.&lt;/strong&gt;&lt;br /&gt;\r\n8.1. Products are returned in accordance with the legislation of Minister of Economy in 2001. June 29. Order No. 217 on the rules of return and exchange rules.&lt;br /&gt;\r\n8.2. Buyers should ship returned goods by registered delivery only. The registration number of the parcel should be provided to the Seller within 24 hours after delivery.&lt;br /&gt;\r\n8.3. &lt;strong&gt;When returning goods of good quality, Buyer pays postage expenses.&lt;/strong&gt;&lt;br /&gt;\r\n8.4. In order to return the item (s), the Buyer can do this within 7 (seven) days from the date of delivery to the Buyer. &amp;nbsp;The Seller must be notified by e-mail, providing description of a problem, also providing photos or video and filling a special return form “Product Returns”.&lt;br /&gt;\r\n8.5. The returning goods must be in its original packaging, undamaged, unused, in the same complement, which was delivered to the Buyer. Labels and security pellicles, etc. should be remained on the goods. The purchase document in paper form (printed) should be attached to the parcel.&lt;br /&gt;\r\n8.6 When returning goods of good quality, amount for the goods only is refunded. &lt;strong&gt;Shipping costs are not refundable.&lt;/strong&gt;&lt;br /&gt;\r\n8.7 When wrong (shipped by Seller by mistake) goods are received, Seller replaces goods to correct ones. If they are not available, Buyer receives a full refund (refund for goods and actual shipping expenses).&lt;br /&gt;\r\n8.8 When defective or faulty goods are received, Seller replaces goods, if they are &amp;nbsp;available, or sends a refund to the Buyer.&lt;br /&gt;\r\n8.9. In order to return defective or faulty goods, Buyer can do this within 14 (fourteen) days from the date of delivery to the Buyer. &amp;nbsp;The Seller must be notified by e-mail, providing description of a problem, also providing photos or video and filling a special return form “Product Returns”.&lt;br /&gt;\r\n8.10. The returning goods must be in its original packaging, undamaged, unused, in the same complement, which was delivered to the Buyer. Labels and security pellicles, etc. should be remained on the goods. The purchase document in paper form (printed) should be attached to the parcel.&lt;br /&gt;\r\n8.11. The Seller has the right not to accept returned goods if the Buyer fails to comply with paragraphs 8.4-8.5, 8.9-8.10 of these Rules.&lt;br /&gt;\r\n8.12. If the Buyer paid for the goods using a gift coupon, coupon with additional amount of money (if it was paid) is returned.&lt;br /&gt;\r\n8.13. If the Buyer returns goods purchased with discount, the amount paid with discount is refunded.&lt;br /&gt;\r\n&amp;nbsp;&lt;/p&gt;\r\n\r\n&lt;p&gt;&lt;strong&gt;9. Marketing and information.&lt;/strong&gt;&lt;br /&gt;\r\n9.1. Seller on the e-shop www.Geoshop.lt can organize a range of promotions and special offers.&lt;br /&gt;\r\n9.2. Seller has the right, without prior notice, change the terms of the promotions, as well as remove them. Conditions of changes are coming into force at the moment the change was made. 9.3. Seller sends messages to the Buyer by email, provided in Registration Form.&lt;br /&gt;\r\n9.4. Buyer all reports and questions sends to the Seller. Using contacts and forms provided in form &quot;Contacts&quot;.&lt;br /&gt;\r\n9.5. Seller is not responsible if the Buyer does not receive the any information or confirmation e-mails due limited connection to the Internet, e-mail service providers, network problems, or due messages are marked as SPAM, or if the Buyer had provided an incorrect data.&lt;br /&gt;\r\n9.6. Buyer\'s personal data may be processed for marketing purposes only if the customer agrees with it as stated in paragraph 2.4 of these Rules.&lt;/p&gt;\r\n\r\n&lt;p&gt;&lt;strong&gt;10. Final provisions.&lt;/strong&gt;&lt;br /&gt;\r\n10.1. These Rules have been defined in accordance with the valid laws and regulations of Republic of Lithuania.&lt;br /&gt;\r\n10.2. Any controversy comes on the enforcement of these rules shall be settled by negotiation. Failing agreement, the disagreements are resolved in accordance with the laws of the Republic of Lithuania.&lt;/p&gt;\r\n'),(5,2,'Prekių pirkimo taisyklės','&lt;p&gt;&lt;strong&gt;1. Bendrosios nuostatos.&lt;/strong&gt;&lt;br /&gt;\r\n1.1. Šios prekių pirkimo – pardavimo taisyklės (toliau „Taisyklės“) yra šalims privalomas teisinis dokumentas, kuriame nustatomos Pirkėjo ir Pardavėjo teisės bei pareigos, prekių įsigijimo bei apmokėjimo už jas sąlygos, prekių pristatymo ir grąžinimo tvarka, šalių atsakomybė bei kitos su prekių pirkimu – pardavimu internetinėje parduotuvėje www.Geoshop.lt susijusios nuostatos.&lt;br /&gt;\r\n1.2. Pirkėjas, pateikdamas užsakymą patvirtina, kad sutinka su šiomis Taisyklėmis.&lt;br /&gt;\r\n1.3. Sutartis tarp Pirkėjo ir Pardavėjo laikoma sudaryta nuo to momento, kai Pirkėjas internetinėje parduotuvėje suformavęs prekių krepšelį, nurodęs pristatymo adresą, pasirinkęs atsiskaitymo būdą ir susipažinęs su Taisyklėmis, paspaudžia mygtuką „Tęsti“.&lt;br /&gt;\r\n&lt;br /&gt;\r\n&lt;strong&gt;2. Asmens duomenų apsauga.&lt;/strong&gt;&lt;br /&gt;\r\n2.1. Užsisakant prekes internetinėje parduotuvėje www.Geoshop.lt, pirkėjas privalo pateikti registracijos metu prašomus duomenis: vardą, pavardę, adresą, telefono numerį ir elektroninio pašto adresą.&lt;br /&gt;\r\n2.2. Pirkėjas yra atsakingas už teisingų duomenų registracijos metu pateikimą.&lt;br /&gt;\r\n2.3. Pateikdamas užsakymą Pirkėjas sutinka, kad jo pateikti asmens duomenys būtų tvarkomi užsakymo vykdymo ir tikslais. Pirkėjas taip pat sutinka, kad Pirkėjo nurodytu el. pašto adresu būtų siunčiami informaciniai pranešimai, būtini prekių užsakymui įvykdyti.&lt;br /&gt;\r\n2.4 Pirkėjo asmens duomenys gali būti tvarkomi rinkodaros tikslais tik tuo atveju, kai Pirkėjas pats išreiškia sutikimą pildydamas registracijos formą.&lt;br /&gt;\r\n2.5. Pirkėjas, užsiregistruodamas internetinėje parduotuvėje bei užsakydamas prekes, įsipareigoja saugoti ir niekam neatskleisti savo prisijungimo prie www.Geoshop.lt duomenų.&lt;br /&gt;\r\n2.6.&amp;nbsp;Pardavėjas įsipareigoja neatskleisti Pirkėjo asmens duomenų tretiesiems asmenims, išskyrus kai to reikalauja kompetentinga Valstybės institucija LR įstatymų numatytais atvejais arba atskiru rašytiniu Pirkėjo sutikimu.&lt;br /&gt;\r\n&lt;br /&gt;\r\n&lt;strong&gt;3. Pirkėjo teisės ir įsipareigojimai.&lt;/strong&gt;&lt;br /&gt;\r\n3.1. Pirkėjas įsipareigoja sumokėti Pardavėjui sutartą sumą už užsakytas prekes, ir jas priimti.&lt;br /&gt;\r\n3.2 Registracijos formoje pateikti pilną, išsamią ir teisingą informaciją. Jeigu registracijos formoje Pirkėjas pateikia netikslius, melagingus ar klaidinančius duomenis,&amp;nbsp; www.Geoshop.lt&amp;nbsp; turi teisę anuliuoti Pirkėjo registraciją ir ištrinti duomenis.&lt;br /&gt;\r\n3.2. Pasikeitus Pirkėjo duomenims, pateiktiems registracijos formoje, Pirkėjas privalo juos nedelsiant atnaujinti.&lt;br /&gt;\r\n3.3. Pirkėjas turi teisę atsisakyti prekių pirkimo –&amp;nbsp; pardavimo sutarties, laikantis šių taisyklių 8 punkte išdėstytų nuostatų.&lt;br /&gt;\r\n3.4. Pirkėjas, pateikdamas užsakymą internetinėje parduotuvėje www.Geoshop.lt sutinka su šiomis pirkimo - pardavimo Taisyklėmis ir įsipareigoja jų ir nustatytų LR teisės aktų.&lt;br /&gt;\r\n&lt;br /&gt;\r\n&lt;strong&gt;4. Pardavėjo teisės ir įsipareigojimai.&lt;/strong&gt;&lt;br /&gt;\r\n4.1. Pardavėjas įsipareigoja sudaryti visas sąlygas Pirkėjui tinkamai naudotis internetinės parduotuvės www.Geoshop.lt teikiamomis paslaugomis.&lt;br /&gt;\r\n4.2. Jei Pirkėjas bando pakenkti internetinės parduotuvės darbo stabilumui ir saugumui ar pažeidžia savo įsipareigojimus, Pardavėjas turi teisę nedelsiant ir be perspėjimo apriboti, sustabdyti ar panaikinti Pirkėjo galimybę naudotis internetine parduotuve.&lt;br /&gt;\r\n4.3. Pardavėjas įsipareigoja gerbti Pirkėjo privatumo teisę į Pirkėjo priklausančią asmeninę informaciją, nurodytą registracijos formoje ir neperleisi jos tretiesiems asmenims.&lt;br /&gt;\r\n4.4. Pardavėjas įsipareigoja pristatyti Pirkėjo užsakytas prekes Pirkėjo nurodytu adresu.&lt;br /&gt;\r\n4.5. Pardavėjas, susidarius svarbioms aplinkybėms, gali laikinai arba iš viso nutraukti internetinės parduotuvės veiklą apie tai iš anksto nepranešęs Pirkėjui.&lt;br /&gt;\r\n4.6. Pardavėjas gali vienašališkai pakeisti šių Taisyklių sąlygas.&lt;br /&gt;\r\n4.7.&amp;nbsp; Jei Pirkėjas ilgą laiką nesinaudoja internetinės parduotuvės paslaugomis, jo prisijungimo paskyra gali būti panaikinta.&lt;br /&gt;\r\n4.8 Jei Pirkėjas po šių sąlygų pasikeitimų toliau naudojasi www.Geoshop.lt teikiamomis paslaugomis, laikoma, kad Pirkėjas sutiko su Taisyklių pakeitimu.&lt;br /&gt;\r\n&lt;br /&gt;\r\n&lt;strong&gt;5. Prekių užsakymas, kainos, atsiskaitymo tvarka, terminai.&lt;/strong&gt;&lt;br /&gt;\r\n5.1. Internetinėje parduotuvėje Pirkėjas internetu gali pirkti 7 dienas per savaitę, 24 val. per parą.&lt;br /&gt;\r\n5.2. Užsakymai priimami tik naudojantis Internetine parduotuvėje www.Geoshop.lt.&lt;br /&gt;\r\n5.4. Visos prekių kainos internetinėje parduotuvėje nurodytos litais, įskaitant PVM, ir &amp;nbsp;kita valiuta įskaitant PVM.&lt;br /&gt;\r\n5.4. Pirkėjas atsiskaityti už prekes gali:&lt;br /&gt;\r\n5.4.1. naudojantis savo el. bankininkystės sistema –pinigus Pirkėjas perveda į www.Geoshop.LT atsiskaitomąsias sąskaitas.&lt;br /&gt;\r\n5.4.2. naudojantis mokėjimų tarpininko www.mokėjimai.lt paslaugomis.&lt;br /&gt;\r\n5.5. Pirkėjas įsipareigoja apmokėti užsakymą per 2 (dvi) kalendorines dienas nuo užsakymo patvirtinimo dienos. Siuntinys pradedamas ruošti tik gavus apmokėjimą už prekes.&lt;br /&gt;\r\n5.6. Pirkėjui neįvykdžius mokėjimo per 2 kalendorines dienas, užsakymas anuliuojamas.&lt;br /&gt;\r\n&lt;br /&gt;\r\n&lt;strong&gt;6. Prekių pristatymas.&lt;/strong&gt;&lt;br /&gt;\r\n6.1. Pirkėjas įsipareigoja nurodyti tikslią prekių pristatymo vietą.&lt;br /&gt;\r\n6.2. Pirkėjas įsipareigoja prekes priimti pats. Tuo atveju, jei Pirkėjas prekių pats priimti negali, o prekės pristatytos nurodytu adresu, Pirkėjas neturi teisės reikšti Pardavėjui pretenzijų dėl prekių pristatymo netinkamam subjektui.&lt;br /&gt;\r\n6.3. Prekės Pirkėjui pristatomos naudojantis „Lietuvos pašto“ paslaugomis.&lt;br /&gt;\r\n6.4. Prekės Pirkėjui išsiunčiamos kitą darbo dieną, nuo apmokėjimo patvirtinimo.&lt;br /&gt;\r\n6.5. Visos prekės yra siunčiamos registruotu paštu.&lt;br /&gt;\r\n6.6 Lietuvoje prekės yra pristatomos per 1-5 darbo dienas.&lt;br /&gt;\r\n6.7. Visais atvejais Pardavėjas atleidžiamas nuo atsakomybės už prekių pristatymo terminų nesilaikymą, jeigu prekės Pirkėjui nėra pristatytos arba pristatomos ne laiku dėl Pirkėjo kaltės arba dėl nuo Pardavėjo nepriklausančių aplinkybių.&lt;br /&gt;\r\n6.7. Pirkėjas privalo nedelsiant informuoti Pardavėją, jeigu siunta gaunama pažeistoje pakuotėje, jeigu siuntoje gautos neužsakytos prekės arba netinkamas jų kiekis, nepilna prekės komplektacija.&lt;br /&gt;\r\n6.8. Pirkėjas privalo el. paštu&amp;nbsp; pateikti Pardavėjui pateikti pažeisto siuntinio ir(arba) prekės (-ių) nuotraukas.&lt;br /&gt;\r\n&lt;br /&gt;\r\n&lt;strong&gt;7. Prekių kokybė, garantijos.&lt;/strong&gt;&lt;br /&gt;\r\n7.1. Visi internetinėje parduotuvėje www.Geoshop.lt parduodamų prekių duomenys nurodomi prie kiekvienos prekės esančiame prekės aprašyme.&lt;br /&gt;\r\n7.2. Parduotuvėje pavaizduoti prekių kiekiai nuotraukose ne visada susiję su prekės kaina – prekių gali būti pavaizduota daugiau nei vieno vieneto kaina. Matavimo vienetai nurodyti prekės aprašyme. Prekių spalva, priklausomai nuo Pirkėjo naudojamo monitoriaus, gali nežymiai skirtis.&lt;br /&gt;\r\n7.3. Pardavėjas atskiroms prekių rūšims gali suteikti atitinkamą kokybės garantiją, kurios konkretus terminas ir kitos sąlygos yra nurodomos prekės aprašyme.&lt;/p&gt;\r\n\r\n&lt;p&gt;&lt;strong&gt;8. Prekių grąžinimas ir keitimas.&lt;/strong&gt;&lt;br /&gt;\r\n8.1. Prekių grąžinimas vyksta vadovaujantis 2001m. birželio 29d. Lietuvos Respublikos Ūkio ministro įsakymu Nr. 217 “Dėl daiktų grąžinimo ir keitimo taisyklių patvirtinimo”.&lt;br /&gt;\r\n8.2. Pirkėjas grąžinamas prekes turi išsiųsti registruota siunta. Registruotos siuntos numeris privalo būti pateiktas Pardavėjui ne vėliau kaip per 24 val. po išsiuntimo.&lt;br /&gt;\r\n8.3 &lt;strong&gt;Grąžinamų kokybiškų arba keičiamų prekių grąžinimo išlaidas apmoka pirkėjas.&lt;/strong&gt;&lt;br /&gt;\r\n8.4. Norėdamas grąžinti prekę(-es), Pirkėjas gali tai padaryti per 7 (septynias) dienas nuo prekių pristatymo Pirkėjui dienos, informuodamas Pardavėją el. paštu, pridedant prekės ir/arba siuntinio nuotraukas ar video, aprašančias iškilusią problemą, ir užpildydamas specialią prekių keitimo – grąžinimo formą „Prekių grąžinimas“ svetinėje.&lt;br /&gt;\r\n8.5. Grąžinama prekė turi būti originalioje tvarkingoje pakuotėje, nesugadinta, nenaudota, tos pačios komplektacijos, kokios Pirkėjas ją gavo, nepraradusi prekinės išvaizdos (nepažeistos etiketės, nenuplėštos apsauginės plėvelės ir kt.). Grąžinant prekę būtina pateikti popierinį (atspausdintą) jos įsigijimo dokumentą (užsakymo, pavedimo kopija).&lt;br /&gt;\r\n8.6 Grąžinant &lt;strong&gt;kokybišką&lt;/strong&gt; prekę, Pirkėjui grąžinama tik už prekę sumokėta pinigų suma. &lt;strong&gt;Siuntimo išlaidos pirkėjui nėra grąžinamos&lt;/strong&gt;.&lt;br /&gt;\r\n8.7. Grąžinant gautą &lt;strong&gt;ne tą prekę&lt;/strong&gt;, Pardavėjas įsipareigoja pakeisti tokią prekę reikalinga preke. Neturint reikalingos prekės, Pirkėjui grąžinami visi pinigai (už prekę, ir patirtas faktines siuntimo išlaidas).&lt;br /&gt;\r\n8.8. Kai grąžinama &lt;strong&gt;nekokybiška&lt;/strong&gt; prekė, Pardavėjas įsipareigoja pakeisti nekokybišką prekę analogiška preke arba grąžinti Pirkėjui pinigus.&lt;br /&gt;\r\n8.9. Norėdamas grąžinti &lt;strong&gt;nekokybišką&lt;/strong&gt; prekę(-es), Pirkėjas gali tai padaryti per 14 (keturiolika) dienų nuo prekių pristatymo Pirkėjui dienos, informuodamas Pardavėją el. paštu, pridedant &lt;strong&gt;nekokybiškos&lt;/strong&gt; prekės ir/arba siuntinio nuotraukas ar video, aprašančias iškilusią problemą, ir užpildydamas specialią prekių keitimo – grąžinimo formą „Prekių grąžinimas“ svetainėje.&lt;br /&gt;\r\n8.10. Grąžinama &lt;strong&gt;nekokybiška&lt;/strong&gt; prekė turi būti originalioje tvarkingoje pakuotėje, nesugadinta, nenaudota, tos pačios komplektacijos, kokios Pirkėjas ją gavo, nepraradusi prekinės išvaizdos (nepažeistos etiketės, nenuplėštos apsauginės plėvelės ir kt.). Grąžinant prekę būtina pateikti popierinį (atspausdintą) jos įsigijimo dokumentą.&lt;br /&gt;\r\n8.11. Pardavėjas turi teisę nepriimti Pirkėjo grąžinamų prekių, jei Pirkėjas nesilaiko šių Taisyklių 8.4-8.5,8.9-8.10 punktuose nustatytos prekių grąžinimo tvarkos&lt;br /&gt;\r\n8.12. Jeigu už prekę Pirkėjas mokėjo dovanų kuponu, tai grąžinamas kuponas ir kita papildomai sumokėta suma (jei ji buvo sumokėta).&lt;br /&gt;\r\n8.13. Jeigu Pirkėjas grąžina prekę, pirktą su nuolaida, grąžinama už prekę sumokėta suma su galiojusia nuolaida.&lt;br /&gt;\r\n&lt;br /&gt;\r\n&lt;strong&gt;9. Rinkodara ir informacija.&lt;/strong&gt;&lt;br /&gt;\r\n9.1. Pardavėjas internetinėje parduotuvėje www.Geoshop.lt gali organizuoti įvairias akcijas ir pasiūlymus.&lt;br /&gt;\r\n9.2. Pardavėjas turi teisę vienašališkai, be atskiro įspėjimo, pakeisti akcijų sąlygas, taip pat jas panaikinti. Bet koks akcijų sąlygų ir tvarkos pakeitimas ar panaikinimas galioja nuo jų pakeitimo ar panaikinimo momento.&lt;br /&gt;\r\n9.3. Pardavėjas pranešimus Pirkėjui siunčia Pirkėjo registracijos formoje nurodytu &amp;nbsp;elektroninio pašto adresu.&lt;br /&gt;\r\n9.4. Pirkėjas visus pranešimus ir klausimus siunčia Pardavėjo el. parduotuvės skyriuje „Kontaktai“ nurodytais kontaktais.&lt;br /&gt;\r\n9.5. Pardavėjas neatsako jei Pirkėjas negauna siunčiamų informacinių ar patvirtinančių pranešimų dėl internetinio ryšio, elektroninio pašto paslaugų tiekėjų tinklų sutrikimų, žinutėms patenkant į SPAM kategoriją, &amp;nbsp;ar dėl Pirkėjo neteisingai nurodytų duomenų.&lt;br /&gt;\r\n9.6 Pirkėjo asmens duomenys gali būti tvarkomi rinkodaros tikslais šių Taisyklių 2.4&lt;br /&gt;\r\npunkte nurodytomis sąlygomis&lt;br /&gt;\r\n&lt;br /&gt;\r\n&lt;strong&gt;10. Baigiamosios nuostatos.&lt;/strong&gt;&lt;br /&gt;\r\n10.1. Šios prekių pirkimo – pardavimo Taisyklės sudarytos vadovaujantis LR įstatymais ir teisės aktais.&lt;br /&gt;\r\n10.2. Šioms taisyklėms yra taikoma LR teisė. Visi nesutarimai, kilę dėl šių taisyklių vykdymo, yra sprendžiami derybų keliu. Nepavykus susitarti, nesutarimai yra sprendžiami LR įstatymų nustatyta tvarka.&lt;/p&gt;\r\n'),(3,1,'Privacy Policy','&lt;p&gt;Extract from Terms &amp;amp; Conditions:&lt;/p&gt;\r\n\r\n&lt;p&gt;2.1. When ordering goods on www.Geoshop.lt, the Buyer must submit the required registration information: name, address, phone number and e-mail address.&lt;br /&gt;\r\n2.2. The Buyer is responsible for the fair presentation of the data at the time of registration.&lt;br /&gt;\r\n2.3. By ordering, the Buyer agrees to submit the personal data to process the order. The Buyer also agrees that the Buyer\'s e-mail address and/or phone number to be sent to the communications necessary to order the goods meet.&lt;br /&gt;\r\n2.4. Buyer\'s personal data may be processed for marketing purposes only if the customer agrees with it, when filling in the registration form.&lt;br /&gt;\r\n2.5. The Buyer, by registering in shop and ordering goods, is responsible not to disclose his account credentials on www.Geoshop.lt to thirty parties.&lt;br /&gt;\r\n2.6. Seller agrees to keep the Buyer\'s personal data safely and don’t disclose them to thirty parties except when it is required by the competent authority of the State Ministry of cases provided by law or by a separate written consent of the Buyer.&lt;br /&gt;\r\n&lt;br /&gt;\r\n&amp;nbsp;&lt;/p&gt;\r\n'),(3,2,'Asmens duomenų apsauga','&lt;p&gt;Ištrauka iš Prekių pirkimo taisyklių:&lt;/p&gt;\r\n\r\n&lt;p&gt;2.1. Užsisakant prekes internetinėje parduotuvėje www.Geoshop.lt, pirkėjas privalo pateikti registracijos metu prašomus duomenis: vardą, pavardę, adresą, telefono numerį ir elektroninio pašto adresą.&lt;br /&gt;\r\n2.2. Pirkėjas yra atsakingas už teisingų duomenų registracijos metu pateikimą.&lt;br /&gt;\r\n2.3. Pateikdamas užsakymą Pirkėjas sutinka, kad jo pateikti asmens duomenys būtų tvarkomi užsakymo vykdymo ir tikslais. Pirkėjas taip pat sutinka, kad Pirkėjo nurodytu el. pašto adresu būtų siunčiami informaciniai pranešimai, būtini prekių užsakymui įvykdyti.&lt;br /&gt;\r\n2.4 Pirkėjo asmens duomenys gali būti tvarkomi rinkodaros tikslais tik tuo atveju, kai Pirkėjas pats išreiškia sutikimą pildydamas registracijos formą.&lt;br /&gt;\r\n2.5. Pirkėjas, užsiregistruodamas internetinėje parduotuvėje bei užsakydamas prekes, įsipareigoja saugoti ir niekam neatskleisti savo prisijungimo prie www.Geoshop.lt duomenų.&lt;br /&gt;\r\n2.6.&amp;nbsp;Pardavėjas įsipareigoja neatskleisti Pirkėjo asmens duomenų tretiesiems asmenims, išskyrus kai to reikalauja kompetentinga Valstybės institucija LR įstatymų numatytais atvejais arba atskiru rašytiniu Pirkėjo sutikimu.&lt;br /&gt;\r\n&lt;br /&gt;\r\n&amp;nbsp;&lt;/p&gt;\r\n'),(4,2,'Apie mus','&lt;p&gt;Sveiki!&lt;br /&gt;\r\nMes esame grupelė aktyvių Geocaching&amp;nbsp;žaidimo (Plačiau apie jį - skyrelyje &lt;a href=&quot;http://www.geoshop.lt/index.php?route=information/information&amp;amp;information_id=7&quot; target=&quot;_blank&quot;&gt;Apie geocaching&lt;/a&gt;) entuziastų Lietuvoje. Kai kas iš mūsų tarpo tuo užsiima dar nuo 2006 metų, ir atsimena šio žaidimo pradžią mūsų kraštuose :)&lt;br /&gt;\r\nŠi svetainė - aktyvaus laisvalaikio pramogos, dar vadinamos &quot;lobiavimu&quot; – GEOCACHING prekių parduotuvė.&lt;br /&gt;\r\nEsame oficialus &lt;a href=&quot;http://www.groundspeak.com/&quot; target=&quot;_blank&quot;&gt;Groundspeak&lt;/a&gt; (&lt;a href=&quot;http://www.geocaching.com&quot; target=&quot;_blank&quot;&gt;www.geocaching.com&lt;/a&gt;) &lt;a href=&quot;http://shop.geocaching.com/default/international-retailers/#lithuania&quot; target=&quot;_blank&quot;&gt;atstovas &lt;/a&gt;Lietuvoje.&lt;br /&gt;\r\nSiūlome viską, ko reikia šio laisvalaikio būdo gerbėjams vienoje vietoje: įvairius konteinerius, užrašines, medžiagas slėptuvėms gaminti (PET performas, neodimio magnetus, klijus) ir kitus reikmenis. Ir, aišku, keliauninkus (Geocoins, Travel Bugs,)!&lt;br /&gt;\r\nViską ką siūlome mūsų internetinėje parduotuvėje, Jūs galite rasti užsienio internetinėse parduotuvėse, aukcionuose, tokiuose kaip eBay, Amazon, ir pan. BET. Viską ką siūlome, turime savo sandėlyje, ir Jums nereiks laukti mėnesį, kol atvyks Jūsų norima prekė, nereiks mokėti nei muitų nei kitų papildomų mokesčių, kas pasitaiko darant didesnius užsakymus užsienio internetinėse svetainėse. Jums užteks 1-4 dienų – tiek vidutiniškai trunka pristatymas Lietuvoje registruotu paštu, ir jau turėsite norimą prekę savo namuose.&lt;br /&gt;\r\n&lt;br /&gt;\r\nŠiuo metu svetainės turinys nuolat papildomas - kasdieną atsiranda vis naujų prekių. Norėdami gauti naujienas, galite &lt;a href=&quot;http://www.geoshop.lt/index.php?route=account/register&quot; target=&quot;_blank&quot;&gt;susikurti paskyrą&lt;/a&gt; užsiregistruodami ir užsisakydami naujienlaiškį. Taip Jus pasieks visa naujausia informacija apie naujausias mūsų prekes.&lt;br /&gt;\r\nArba galite palikti mums žinutę &lt;a href=&quot;http://www.geoshop.lt/index.php?route=information/contact&quot; target=&quot;_blank&quot;&gt;užpildę formą&lt;/a&gt;, ir mes Jus informuosime apie visas naujienas.&lt;br /&gt;\r\nMus galite rasti ir &lt;a href=&quot;https://www.facebook.com/pages/GeoshopLT/280191038797056&quot; target=&quot;_blank&quot;&gt;Facebook&lt;/a&gt;.&lt;br /&gt;\r\n&amp;nbsp;&lt;/p&gt;\r\n'),(6,2,'Prekių pristatymas','&lt;p&gt;&lt;strong&gt;Pristatymo sąlygos&lt;/strong&gt;&lt;br /&gt;\r\nUžsakytas prekes, po apmokėjimo gavimo patvirtinimo, Jūsų nurodytu adresu pristatome per 1-5 darbo dienas visoje Lietuvoje (tame tarpe – ir į Kuršių Neriją). Prekės išsiunčiamos &lt;strong&gt;kitą darbo dieną&lt;/strong&gt; po apmokėjimo patvirtinimo.&lt;/p&gt;\r\n\r\n&lt;p&gt;&lt;strong&gt;Pristatymo būdai ir terminai&lt;/strong&gt;&lt;br /&gt;\r\nFormuodami užsakymą pasirinkite Jums tinkantį pristatymo būdą:&lt;/p&gt;\r\n\r\n&lt;p&gt;1.&amp;nbsp;&amp;nbsp; &amp;nbsp;Pristatymas registruota Lietuvos pašto siunta – prekių pristatymas per 2-5 d.d.&lt;br /&gt;\r\n2.&amp;nbsp;&amp;nbsp; &amp;nbsp;Pristatymas į Jūsų pasrinktą paštomatą – prekių pristatymas per 1-3 d.d. :&lt;br /&gt;\r\na) Omiva paštomatą&lt;br /&gt;\r\nb) LP express&amp;nbsp;express&lt;/p&gt;\r\n\r\n&lt;p&gt;Pasirinkus pristatymą į paštomatą, &lt;strong&gt;būtina nurodyti paštomato adresą (arbą numerį)&lt;/strong&gt;, kurį sužinosite paštomatų sąraše:&lt;br /&gt;\r\na) &lt;a href=&quot;https://www.omniva.lt/verslo/pastomatu_adresai&quot;&gt;OMNIVA paštomatų sąrašas.&lt;/a&gt;&lt;br /&gt;\r\nb) &lt;a href=&quot;https://www.lpexpress.lt/LP-Express-24/Vietu-sarasas.html&quot; target=&quot;_blank&quot;&gt;LP Express paštomatų sąrašas.&lt;/a&gt;&lt;/p&gt;\r\n\r\n&lt;p&gt;Pavyzdžiui: Jūs darote užsakymą antradienį, ir tą dieną padarote pavedimą. Trečiadienio rytą patikriname, ar gautas Jūsų mokėjimas, ir tą pačią dieną išsiunčiame prekes. Ketvirtadienį, pagal vežėjo deklaruojamus pristatymo &lt;a href=&quot;https://www.lpexpress.lt/LP-EXPRESS-24/D-U-K.html&quot; target=&quot;_blank&quot;&gt;terminus&lt;/a&gt;, Jūsų užsakymas jau turi būti pasirinktame terminale. Jei užsakymą darote penktadienį, tai Jūsų užsakymas bus atiduotas vežėjui tik pirmadienio rytą (t.y. kitą darbo dieną), ir prekių savo pasirinktame terminale sulauksite tik antradienį. Tad jei užsakymą darote savaitės pabaigoje, geriau rinkitės pristatymą registruota pašto siunta - prekių pristatymo operatyvumas bus tas pats.&lt;br /&gt;\r\n&lt;br /&gt;\r\n3.&amp;nbsp;&amp;nbsp; Pristatymas LP Express kurjeriu – Jūsū nurodytu adresu. Prekių pristatymas per 1-3 d.d.&lt;/p&gt;\r\n\r\n&lt;hr /&gt;\r\n&lt;p&gt;&lt;strong&gt;Pristatymo kaina&lt;/strong&gt;&lt;br /&gt;\r\nPristatymo kaina&amp;nbsp; priklauso nuo Jūsų pasirinkto prekių pristatymo būdo ir nuo prekių, esančių pirkinių krepšelyje, svorio. Siuntinio kaina apskaičiuojama automatiškai.&lt;br /&gt;\r\nĮdėję prekę į krepšelį, matysite prekių kainą, o siuntimo kainą galite pamatyti savo pirkinių krepšelyje paspaudus nuorodą &lt;a href=&quot;http://www.geoshop.lt/index.php?route=checkout/cart&quot; target=&quot;_blank&quot;&gt;Krepšelis&lt;/a&gt;, ir pasirinkus „Skaičiuoti pristatymo kainą“, kur išsirinksite galimus pristatymo būdus su jų kainomis.&lt;/p&gt;\r\n\r\n&lt;p&gt;&lt;strong&gt;Pristatymo kaina Lietuvoje:&lt;/strong&gt;&lt;br /&gt;\r\n1.&amp;nbsp;&amp;nbsp; &amp;nbsp;&lt;em&gt;&lt;strong&gt;Registruota &lt;/strong&gt;&lt;/em&gt;Lietuvos pašto siunta (2-5 d.d):&lt;br /&gt;\r\n&amp;nbsp;&amp;nbsp;&amp;nbsp; - iki 0,1 kg svorio – 1,45€&lt;br /&gt;\r\n&amp;nbsp;&amp;nbsp;&amp;nbsp; - iki 0,5 kg svorio – 1,80€&lt;br /&gt;\r\n&amp;nbsp;&amp;nbsp;&amp;nbsp; - iki 2 kg svorio – 2,95€&lt;br /&gt;\r\n&amp;nbsp;&amp;nbsp;&amp;nbsp; - iki 5 kg svorio – 4,75€&lt;/p&gt;\r\n\r\n&lt;p&gt;3.&amp;nbsp;&amp;nbsp; &amp;nbsp;Į &lt;strong&gt;OMNIVA&lt;/strong&gt; paštomatą (1-3 d.d):&lt;br /&gt;\r\n&amp;nbsp;&amp;nbsp;&amp;nbsp; - iki 0,5 kg svorio – 2,31€&lt;br /&gt;\r\n&amp;nbsp;&amp;nbsp;&amp;nbsp; - iki 2 kg svorio – 2,89€&lt;br /&gt;\r\n&amp;nbsp;&amp;nbsp;&amp;nbsp; - iki 5 kg svorio – 3,47€&lt;/p&gt;\r\n\r\n&lt;p&gt;3.&amp;nbsp;&amp;nbsp; &amp;nbsp;Į LP Express paštomatą (1-3 d.d):&lt;br /&gt;\r\n&amp;nbsp;&amp;nbsp;&amp;nbsp; - iki 0,5 kg svorio – 2,46€&lt;br /&gt;\r\n&amp;nbsp;&amp;nbsp;&amp;nbsp; - iki 2 kg svorio – 3,20€&lt;br /&gt;\r\n&amp;nbsp;&amp;nbsp;&amp;nbsp; - iki 5 kg svorio – 5,00€&lt;/p&gt;\r\n\r\n&lt;p&gt;4.&amp;nbsp;&amp;nbsp; &amp;nbsp;LP Express kurjeris (1-3 d.d):&lt;br /&gt;\r\n&amp;nbsp;&amp;nbsp;&amp;nbsp; - iki 0,5 kg svorio – 4,00€&lt;br /&gt;\r\n&amp;nbsp;&amp;nbsp;&amp;nbsp; - iki 2 kg svorio – 5,00€&lt;br /&gt;\r\n&amp;nbsp;&amp;nbsp;&amp;nbsp; - iki 5 kg svorio – 6,40€&lt;/p&gt;\r\n\r\n&lt;p&gt;&lt;strong&gt;Pristatymo kaina į ES valstybes:&lt;/strong&gt;&lt;/p&gt;\r\n\r\n&lt;p&gt;&amp;nbsp;&amp;nbsp;&amp;nbsp; - iki 0,1 kg svorio – 3,95€&lt;br /&gt;\r\n&amp;nbsp;&amp;nbsp;&amp;nbsp; - iki 0,5 kg svorio – 5,50€&lt;br /&gt;\r\n&amp;nbsp;&amp;nbsp;&amp;nbsp; - iki 1 kg svorio – 7,53€&lt;br /&gt;\r\n&amp;nbsp;&amp;nbsp;&amp;nbsp; - iki 2 kg svorio – 10,14€&lt;br /&gt;\r\n&amp;nbsp;&amp;nbsp;&amp;nbsp; - iki 4 kg svorio – 25,00€&lt;/p&gt;\r\n\r\n&lt;p&gt;&lt;br /&gt;\r\n&amp;nbsp;&amp;nbsp; &lt;strong&gt;Pristatymo kaina į ne ES valstybes:&lt;/strong&gt;&lt;/p&gt;\r\n\r\n&lt;p&gt;&amp;nbsp;&amp;nbsp;&amp;nbsp; - iki 0,1 kg svorio – 3,95€&lt;br /&gt;\r\n&amp;nbsp;&amp;nbsp;&amp;nbsp; - iki 0,5 kg svorio – 6,35€&lt;br /&gt;\r\n&amp;nbsp;&amp;nbsp;&amp;nbsp; - iki 1 kg svorio – 10,43€&lt;br /&gt;\r\n&amp;nbsp;&amp;nbsp;&amp;nbsp; - iki 2 kg svorio – 14,50€&lt;br /&gt;\r\n&amp;nbsp;&amp;nbsp;&amp;nbsp; - iki 4 kg svorio – 30,00€&lt;/p&gt;\r\n\r\n&lt;hr /&gt;\r\n&lt;p&gt;&lt;strong&gt;Ištrauka iš Prekių pirkimo taisyklių:&lt;/strong&gt;&lt;/p&gt;\r\n\r\n&lt;p&gt;&lt;strong&gt;6. Prekių pristatymas.&lt;/strong&gt;&lt;br /&gt;\r\n6.1. Pirkėjas įsipareigoja nurodyti tikslią prekių pristatymo vietą.&lt;br /&gt;\r\n6.2. Pirkėjas įsipareigoja prekes priimti pats. Tuo atveju, jei Pirkėjas prekių pats priimti negali, o prekės pristatytos nurodytu adresu, Pirkėjas neturi teisės reikšti Pardavėjui pretenzijų dėl prekių pristatymo netinkamam subjektui.&lt;br /&gt;\r\n6.3. Prekės Pirkėjui pristatomos naudojantis „Lietuvos pašto“, Omniva, LP Express paštomatų&amp;nbsp; ir &quot;LP Express&quot; kurjerių paslaugomis.&lt;br /&gt;\r\n6.4. Prekės Pirkėjui išsiunčiamos &lt;strong&gt;kitą&lt;/strong&gt; darbo dieną, nuo apmokėjimo patvirtinimo.&lt;br /&gt;\r\n6.5&amp;nbsp; Lietuvoje prekės, priklausomai nuo pasirinkto pristatymo būdo, pristatomos per 1-5 darbo dienas. Siuntiniai į ES šalis pristatomi per 1–3 savaites, į ne ES šalis 2–5 savaites.&lt;br /&gt;\r\n6.6. Visais atvejais Pardavėjas atleidžiamas nuo atsakomybės už prekių pristatymo terminų nesilaikymą, jeigu prekės Pirkėjui nėra pristatytos arba pristatomos ne laiku dėl Pirkėjo kaltės arba dėl nuo Pardavėjo nepriklausančių aplinkybių.&lt;br /&gt;\r\n6.7. Pirkėjas privalo nedelsiant informuoti Pardavėją, jeigu siunta gaunama pažeistoje pakuotėje, jeigu siuntoje gautos neužsakytos prekės arba netinkamas jų kiekis, nepilna prekės komplektacija.&lt;br /&gt;\r\n6.8. Pirkėjas privalo el. paštu&amp;nbsp; pateikti Pardavėjui pažeisto siuntinio ir(arba) prekės (-ių) nuotraukas.&lt;/p&gt;\r\n\r\n&lt;p&gt;&amp;nbsp;&lt;/p&gt;\r\n'),(6,1,'Delivery Information','&lt;p&gt;&lt;strong&gt;Delivery information&lt;/strong&gt;&lt;br /&gt;\r\nOrdered goods are dispatched on next day after payment confirmation. Shipping in Lithuania takes 1-5 business days, Shipping to EU countries usually takes for 1–3 weeks, to non EU countries 2–5weeks. For customers&amp;nbsp; from &lt;strong&gt;Latvia &lt;/strong&gt;and &lt;strong&gt;Estonia&lt;/strong&gt; an Express shipping option is available to &lt;strong&gt;Omniva&lt;/strong&gt; terminals. Express delivery time to &lt;strong&gt;Omniva &lt;/strong&gt;terminals in &lt;strong&gt;Latvia &lt;/strong&gt;is 2-3 days, in &lt;strong&gt;Estonia &lt;/strong&gt;2-4 days.&lt;br /&gt;\r\nWhen this delivery option is selected, a city and exact &lt;strong&gt;Omniva&lt;/strong&gt; teminal address (or number) shoud be fillen in &quot;&lt;b&gt;Add Comments About Your Order&lt;/b&gt;&quot; field when selecting preferred shipping method.&lt;br /&gt;\r\nList of &lt;strong&gt;Omniva &lt;/strong&gt;terminals in Latvia is listed &lt;a href=&quot;https://www.omniva.lv/private/map&quot;&gt;here&lt;/a&gt;.&lt;br /&gt;\r\nList of &lt;strong&gt;Omniva &lt;/strong&gt;terminals in Estonia is listed &lt;a href=&quot;https://www.omniva.ee/private/map&quot;&gt;here&lt;/a&gt;.&lt;/p&gt;\r\n\r\n&lt;p&gt;&lt;strong&gt;Delivery Method&lt;/strong&gt;&lt;br /&gt;\r\nGoods usually are delivered by Lithuanian Post, using registered (Signed-for) shipping method.&lt;br /&gt;\r\nThere is a special &lt;em&gt;&lt;strong&gt;Express shipping&lt;/strong&gt;&lt;/em&gt; option for customers from &lt;strong&gt;Latvia &lt;/strong&gt;and &lt;strong&gt;Estonia&lt;/strong&gt;, using &lt;strong&gt;Omniva &lt;/strong&gt;Express shippiing to &lt;strong&gt;Omniva &lt;/strong&gt;terminals.&lt;/p&gt;\r\n\r\n&lt;p&gt;&lt;strong&gt;Price of delivery&lt;/strong&gt;&lt;br /&gt;\r\nShipping costs depends on weight of selected goods, in your basket and is calculated automatically.&lt;br /&gt;\r\nOnce goods are put to a &lt;a href=&quot;http://www.geoshop.lt/index.php?route=checkout/cart&quot;&gt;Basket&lt;/a&gt;, in the Basket you can select &quot;Estimate Shipping &amp;amp; Taxes&quot; and press &quot;Get Quotes&quot; - then shipping costs will be calculated for a selected shipping method.&lt;/p&gt;\r\n\r\n&lt;p&gt;&lt;strong&gt;Shipping costs to EU countries, by tracked REGISTERED mail, by Lithuanian post:&lt;/strong&gt;&lt;br /&gt;\r\n&lt;br /&gt;\r\n&amp;nbsp;&amp;nbsp;&amp;nbsp; - up to 0,1 kg – 3,95€&lt;br /&gt;\r\n&amp;nbsp;&amp;nbsp;&amp;nbsp; - up to 0,5 kg – 5,50€&lt;br /&gt;\r\n&amp;nbsp;&amp;nbsp;&amp;nbsp; - up to 1 kg – 7,53€&lt;br /&gt;\r\n&amp;nbsp;&amp;nbsp;&amp;nbsp; - up to 2 kg – 10,14€&lt;br /&gt;\r\n&amp;nbsp;&amp;nbsp;&amp;nbsp; - up to 4 kg – 25,00€)&lt;/p&gt;\r\n\r\n&lt;p&gt;&lt;strong&gt;Shipping costs to other (non- EU) countries by tracked REGISTERED mail, by Lithuanian post:&lt;/strong&gt;&lt;/p&gt;\r\n\r\n&lt;p&gt;&amp;nbsp;&amp;nbsp;&amp;nbsp; - up to 0,1 kg – 3,95€&lt;br /&gt;\r\n&amp;nbsp;&amp;nbsp;&amp;nbsp; - up to 0,5 kg – 6,38€&lt;br /&gt;\r\n&amp;nbsp;&amp;nbsp;&amp;nbsp; - up to 1 kg – 10,45€&lt;br /&gt;\r\n&amp;nbsp;&amp;nbsp;&amp;nbsp; - up to 2 kg – 14,50€&lt;br /&gt;\r\n&amp;nbsp;&amp;nbsp;&amp;nbsp; - up to 4 kg – 30,00€&lt;br /&gt;\r\n&lt;br /&gt;\r\n&lt;strong&gt;Shipping costs to&amp;nbsp;Omniva post terminals in Latvia:&lt;/strong&gt;&lt;br /&gt;\r\n&lt;strong&gt;&amp;nbsp;&amp;nbsp;&amp;nbsp; - up to 0,5 kg – 5,22€&lt;br /&gt;\r\n&amp;nbsp;&amp;nbsp;&amp;nbsp; - up to 2 kg – 6,09€&lt;br /&gt;\r\n&amp;nbsp;&amp;nbsp;&amp;nbsp; - up to 5 kg – 7,25€&lt;/strong&gt;&lt;br /&gt;\r\n&lt;br /&gt;\r\n&lt;strong&gt;Shipping costs to Omniva terminals in Estonia:&lt;/strong&gt;&lt;br /&gt;\r\n&lt;strong&gt;&amp;nbsp;&amp;nbsp;&amp;nbsp; - up to 0,5 kg – 7,50€&lt;br /&gt;\r\n&amp;nbsp;&amp;nbsp;&amp;nbsp; - up to 2 kg – 8,50€&lt;br /&gt;\r\n&amp;nbsp;&amp;nbsp;&amp;nbsp; - up to 5 kg – 9,50€&lt;/strong&gt;&lt;/p&gt;\r\n\r\n&lt;div align=&quot;center&quot;&gt;\r\n&lt;hr align=&quot;center&quot; size=&quot;2&quot; width=&quot;100%&quot; /&gt;&lt;/div&gt;\r\n\r\n&lt;p&gt;Extract from Terms &amp;amp; Conditions:&lt;/p&gt;\r\n\r\n&lt;p&gt;&lt;strong&gt;6. Shipping.&lt;/strong&gt;&lt;br /&gt;\r\n6.1. Buyer chooses undertakes to provide the exact place of delivery.&lt;br /&gt;\r\n6.2. The Buyer undertakes to accept the goods by himself. In the case when Buyer cannot accept goods, and goods delivered to the provided address, the Buyer has no right to make claims regarding delivery.&lt;br /&gt;\r\n6.3. Seller delivers goods by “Lithuanian post”. All goods are shipped by registered mail.&lt;br /&gt;\r\n6.4. Goods are shipped on next business day after confirmation of payment.&lt;br /&gt;\r\n6.5 Goods in Lithuania are delivered within 1-5 business days. Shipping to EU countries takes&lt;br /&gt;\r\n1–3 weeks, to non EU countries 2–5 weeks.&lt;br /&gt;\r\n6.6 In all cases, the seller is released from liability for breach of terms of delivery if the goods are not delivered to the Buyer or not delivered on time due to the fault of the Buyer or for circumstances beyond the Seller.&lt;br /&gt;\r\n6.7. Buyer must notify the Seller immediately if the parcel is damaged, if received wrong (unordered) goods, the quantity of goods is not correct, or set of goods is not incomplete.&lt;br /&gt;\r\n6.8. Buyer must send a photo of damaged parcel or(and) goods for Seller by e-mail.&lt;/p&gt;\r\n\r\n&lt;p&gt;&amp;nbsp;&lt;/p&gt;\r\n'),(4,1,'About us','&lt;p&gt;Geoshop.LT – it is online shop for GEOCACHING outdoor activity.&lt;br /&gt;\r\nWe are official &lt;a href=&quot;http://www.groundspeak.com/&quot; target=&quot;_blank&quot;&gt;Groudspeak&lt;/a&gt; (&lt;a href=&quot;http://www.geocaching.com&quot; target=&quot;_blank&quot;&gt;www.geocaching.com&lt;/a&gt;) distributor in Lithuania.&lt;/p&gt;\r\n\r\n&lt;p&gt;We are offering what every geocacher needs in one single online store: various containers (PET performs, neodymium magnets, glue) and other geocaching accessories. And, of course, trackables – Geocoins, Travel Bugs)!&lt;br /&gt;\r\nEverything what you can see in our shop, you can find in online auctions such as eBay, Amazon, and others. BUT. Everything we offer, we have in our local warehouse in Lithuania. And you don‘t need to wait for month to receive goods, and will not to have to pay import taxes, if you are located in EU. Shipping to Baltic or neighbor countries take 1-2 weeks. Also there are Express shipping options to Latvina and Estonia available - delivery time is 2-4 business days. Shipping to Lithuania – 1-4 business days.&lt;br /&gt;\r\n&lt;br /&gt;\r\nYou can pay your order using &lt;a href=&quot;https://www.paypal.com/lt/cgi-bin/webscr?cmd=p%2fauc%2fnew_ebay_buyer_intro-outside&amp;amp;nav=0.0.0&quot; target=&quot;_blank&quot;&gt;PayPal&lt;/a&gt;, or your credit or debit card. If you don’t own a PayPal account – during &lt;a href=&quot;http://www.geoshop.lt/index.php?route=checkout/checkout&quot; target=&quot;_blank&quot;&gt;checkout&lt;/a&gt; please select PayPal payment method, press continue, and then you will be redirected to a PayPal webpage, where you will be able either select “Pay with my PayPal account”, either select “Pay with my credit or debit card” payment option and complete secure transaction. This transaction will be securely performed only between you and PayPal system.&lt;/p&gt;\r\n\r\n&lt;p&gt;If you wish to receive news, you can &lt;a href=&quot;http://www.geoshop.lt/index.php?route=account/register&quot; target=&quot;_blank&quot;&gt;create an account&lt;/a&gt; and check &quot;receive news&quot;, or simply you can fill &lt;a href=&quot;http://www.geoshop.lt/index.php?route=information/contact&quot; target=&quot;_blank&quot;&gt;online form&lt;/a&gt; and you will be informed about any news.&lt;br /&gt;\r\n&amp;nbsp;&lt;/p&gt;\r\n'),(9,2,'Straipsniai ir nuorodos','&lt;p&gt;&lt;strong&gt;Daugiau pie geocaching:&lt;/strong&gt;&lt;br /&gt;\r\nViskas apie geocaching žaidimą &quot;nuo iki...&quot;: &lt;a href=&quot;http://www.GeoLobiai.lt&quot; target=&quot;_blank&quot;&gt;www.geolobiai.lt&lt;/a&gt;&lt;/p&gt;\r\n\r\n&lt;p&gt;&lt;br /&gt;\r\n&lt;strong&gt;Lobių žemėlapis:&lt;/strong&gt;&lt;br /&gt;\r\nVilniaus lobiai geocaching.com &lt;a href=&quot;http://www.geocaching.com/map/default.aspx?lat=54.69615828293299&amp;amp;lng=25.279369354248047&amp;amp;zm=13&amp;amp;mt=m&quot; target=&quot;_blank&quot;&gt;žemėlapyje&lt;/a&gt;. Apžiūrėkite vietovę kuriuje gyvenate, gal kartais visai šalia Jūsų namų ar darbo yra paslėptas lobis? :)&lt;br /&gt;\r\n&lt;br /&gt;\r\n&lt;strong&gt;Straipsniai:&lt;/strong&gt;&lt;br /&gt;\r\nKostas Baubinas, &lt;a href=&quot;http://vz.lt/Print.aspx?PublicationId=47ae1d70-0201-43d0-9cf0-6510a07fd508&quot; target=&quot;_blank&quot;&gt;XXI amžiaus lobių paieška su GPS&lt;/a&gt;, vz.lt, 2009-01-11&lt;br /&gt;\r\nMonika Svėrytė, &lt;a href=&quot;http://www.lrytas.lt/-13361449631334567264-smagus-savaitgalis-vilniuje-a-tapinas-su-%C5%A1eima-ie%C5%A1ko-lobi%C5%B3.htm&quot; target=&quot;_blank&quot;&gt;Smagus savaitgalis Vilniuje: A. Tapinas su šeima ieško lobių&lt;/a&gt;, lrytas.lt, 2012-05-08&lt;br /&gt;\r\nJustina Dirsė,&amp;nbsp; &lt;a href=&quot;http://www.15min.lt/zmones/naujiena/lietuva/andriu-tapina-isuko-lobiu-medziokles-karstine-3-240074?utm_source=rssfeed&amp;amp;utm_medium=rss&amp;amp;utm_campaign=rssfeed&quot; target=&quot;_blank&quot;&gt;Andrių Tapiną įsuko lobių medžioklės karštinė&lt;/a&gt;, 15min.lt, 2012-08-09&lt;br /&gt;\r\nMonika Svėrytė, &lt;a href=&quot;http://www.lrytas.lt/-13413243201339273281-p3-japonijoje-lobi%C5%B3-ie%C5%A1koj%C4%99s-a-tapinas-reikia-mok%C4%97ti-pigiai-keliauti.htm&quot; target=&quot;_blank&quot;&gt;Japonijoje lobių ieškojęs A. Tapinas: „Reikia mokėti pigiai keliauti“&lt;/a&gt;, lrytas.lt, 2012-07-05&lt;br /&gt;\r\nSimona Pužaitė, &lt;a href=&quot;http://www.ve.lt/naujienos/ekonomika/it/lobiu-ieskotojai-ne-tik-randa-bet-ir-slepia-1036979/&quot; target=&quot;_blank&quot;&gt;Lobių ieškotojai ne tik randa, bet ir slepia&lt;/a&gt;, ve.lt, 2013-08-13&lt;br /&gt;\r\nAugustas Didžgalvis, &lt;a href=&quot;http://www.delfi.lt/archive/print.php?id=22520876&quot; target=&quot;_blank&quot;&gt;Miestų lobiai. Šimtai dėžučių Lietuvoje&lt;/a&gt;, delfi.lt, 2009-08-06&lt;br /&gt;\r\nLukas Navalinskas, &lt;a href=&quot;http://www.vilniausgatve.lt/lobis-salia-tavo-namu/&quot; target=&quot;_blank&quot;&gt;Lobis šalia tavo namų&lt;/a&gt;, vilniausgatve.lt, 2015-03-03&lt;br /&gt;\r\n&amp;nbsp;&lt;/p&gt;\r\n\r\n&lt;p&gt;&lt;strong&gt;Forumas:&lt;/strong&gt;&lt;br /&gt;\r\nLietuvos lobių ieškotojų bendruomenės &lt;a href=&quot;http://www.geocache.lt/&quot; target=&quot;_blank&quot;&gt;forumas&lt;/a&gt;.&lt;br /&gt;\r\n&amp;nbsp;&lt;/p&gt;\r\n'),(9,1,'Articles and links','&lt;p&gt;Here are several links to articles regarding Geocaching:&lt;/p&gt;\r\n\r\n&lt;p&gt;&lt;a href=&quot;http://www.timesofmalta.com/articles/view/20130925/travel/Where-s-the-cache-.487689&quot; target=&quot;_blank&quot;&gt;How to Have a Family Treasure Hunt: Geocaching With Kids&lt;br /&gt;\r\nWhere’s the cache?&lt;/a&gt;&lt;br /&gt;\r\n&lt;a href=&quot;http://en.wikipedia.org/wiki/Geocaching&quot; target=&quot;_blank&quot;&gt;Geocaching in Wikipedia&lt;/a&gt;&lt;/p&gt;\r\n\r\n&lt;p&gt;&amp;nbsp;&lt;/p&gt;\r\n'),(7,2,'Apie geocaching','&lt;p&gt;Kas yra „Geocaching“, ir kam iš vis skirtas šis tinklapis? Pabandysime tai paaiškinti.&lt;/p&gt;\r\n\r\n&lt;p&gt;&lt;a href=&quot;http://www.geoshop.lt/www.geoshop.lt/index.php?route=information/information&amp;amp;information_id=7#Pavadinimas&quot;&gt;Pavadinimas&lt;/a&gt;&lt;a href=&quot;http://www.geoshop.lt/image/data/About_geocaching/Geocache_Containers/Geocaching_container_ (23).JPG&quot; target=&quot;_blank&quot;&gt;&lt;img alt=&quot;&quot; src=&quot;http://www.geoshop.lt/image/data/About_geocaching/Geocache_Containers/Geocaching_container_ (23).JPG&quot; style=&quot;margin-left: 200px; margin-right: 200px; float: right; width: 200px; height: 150px;&quot; /&gt;&lt;/a&gt;&lt;br /&gt;\r\n&lt;a href=&quot;http://www.geoshop.lt/www.geoshop.lt/index.php?route=information/information&amp;amp;information_id=7#Zaidimo verte&quot;&gt;Žaidimo vertė&lt;/a&gt;&lt;br /&gt;\r\n&lt;a href=&quot;http://www.geoshop.lt/www.geoshop.lt/index.php?route=information/information&amp;amp;information_id=7#Kas yra tie lobiai&quot;&gt;Kas yra tie lobiai?&lt;/a&gt;&lt;br /&gt;\r\n&lt;a href=&quot;http://www.geoshop.lt/www.geoshop.lt/index.php?route=information/information&amp;amp;information_id=7#Kaip viskas vyksta&quot;&gt;Kaip viskas vyksta?&lt;/a&gt;&lt;br /&gt;\r\n&lt;a href=&quot;http://www.geoshop.lt/www.geoshop.lt/index.php?route=information/information&amp;amp;information_id=7#Keliauninkai&quot;&gt;Keliauninkai&lt;/a&gt;&lt;br /&gt;\r\n&lt;a href=&quot;http://www.geoshop.lt/www.geoshop.lt/index.php?route=information/information&amp;amp;information_id=7#Kodel verta&quot;&gt;Kodėl verta?&lt;/a&gt;&lt;br /&gt;\r\n&lt;a href=&quot;http://www.geoshop.lt/www.geoshop.lt/index.php?route=information/information&amp;amp;information_id=7#Zodis pabaigai&quot;&gt;Žodis pabaigai&lt;/a&gt;&lt;br /&gt;\r\n&lt;a href=&quot;http://www.geoshop.lt/www.geoshop.lt/index.php?route=information/information&amp;amp;information_id=7#Filmukas&quot;&gt;Filmukas apie geocaching&lt;/a&gt;&lt;/p&gt;\r\n\r\n&lt;p&gt;&lt;a id=&quot;Pavadinimas&quot; name=&quot;Pavadinimas&quot;&gt;&lt;strong&gt;Pavadinimas&lt;/strong&gt; &lt;/a&gt;„Geocaching“&amp;nbsp; - tai angliškas &lt;strong&gt;žaidimo&lt;/strong&gt; pavadinimas, kilęs iš tarptautinio žodžio „geo“ (žymintis sąsają su Žemė, geografija) ir angliško žodžio „cache“ – slėptuvė (lietuviškai jis skaitomas maždaug taip: „Džyokešing“ ). Lietuvių kalboje atitikmens šiam žodžiui nėra, tačiau mūsų kraštuose šis užsiėmimas vadinamas tiesiog „lobiavimu“.&lt;/p&gt;\r\n\r\n&lt;p&gt;Taigi, šis visiškai &lt;strong&gt;n e m o k a m a s&lt;/strong&gt;, &amp;nbsp;žaidimas tiesiogiai susijęs su geografija ir judėjimu Žemės paviršiumi – pėsčiomis, dviračiu, automobiliu, ir slėptuvių ieškojimu. Paprastai slėptuvės ieškomos pasitelkiant šiuolaikinę navigacijos sistemą – GPS ir naudojant GPS įrenginį, išmanųjį telefoną (šiais laikais, matyt, jau sunku rasti telefoną neturinį jame integruoto GPS imtuvo), arba... &amp;nbsp;jei neturite nei išmaniojo telefono nei GPS imtuvo , ne bėda – tai daryti galite ir be jokios įrangos. Variantas a) Pasikviečiate draugą turintį GPS aparatą arba išmanųjį telefoną, variantas b) paprasčiausiai pasiruošiate namuose, pasitelkiant google maps arba maps.lt, ir atsispausdinant lobio buvimo žemėlapiuką ant popieriaus.&lt;/p&gt;\r\n\r\n&lt;p&gt;&lt;img alt=&quot;&quot; src=&quot;http://www.geoshop.lt/image/data/About_geocaching/Searching_Cache/Searching_Geocache.jpg&quot; style=&quot;float: left; margin: 0px 4px; width: 144px; height: 96px;&quot; /&gt;&lt;/p&gt;\r\n\r\n&lt;p&gt;Didžiausia šio &lt;strong&gt;žaidimo&lt;/strong&gt; kuriama&lt;a id=&quot;Zaidimo verte&quot; name=&quot;Zaidimo verte&quot;&gt; &lt;strong&gt;vertė&lt;/strong&gt; – &lt;strong&gt;pažinimas&lt;/strong&gt;&lt;/a&gt;. Įprastai slėptuvės slepiamos vietose, kurios kažkuo įdomios, turinčios kultūrinę, pažintinę ar istorinę vertę, arba šiaip, kažkam dedikuojant slėptuvę (pavyzdžiui: parkui, žymiam žmogui, įvykiui, architektūros paminklui ir pan.). Šiuo metu pasaulyje yra paslėpta daugiau nei 6 milijonai lobių, o bendruomenę sudaro virš 2 milijonų aktyvių bendruomenės narių. &amp;nbsp;Lietuvoje šiuo metu užregistruota beveik 3.000 veikiančių slėptuvių. Vien Vilniaus mieste suskaičiuojama apie 500 slėptuvių. Žemiau pateikiame keletą pavyzdžių apie kelatą vietų, kur gali atvesti slėptuvės. Kiek iš jų esate aplankę Jūs...? Jei vieta Jums įdomi, slėptuvės aprašymuose yra pateiktos tikslios slėptuvės koordinatės, tad nurodytą vietą rasite 5 m tikslumu :)&lt;/p&gt;\r\n\r\n&lt;table border=&quot;0&quot; cellpadding=&quot;1&quot; cellspacing=&quot;1&quot; style=&quot;width: 500px;&quot;&gt;\r\n	&lt;tbody&gt;\r\n		&lt;tr&gt;\r\n			&lt;td&gt;\r\n			&lt;p&gt;&lt;a href=&quot;http://www.geoshop.lt/image/data/About_geocaching/Places/Geocaching_Puodu_Muziejus.jpg&quot; target=&quot;_blank&quot;&gt;&lt;img alt=&quot;&quot; src=&quot;http://www.geoshop.lt/image/data/About_geocaching/Places/Geocaching_Puodu_Muziejus.jpg&quot; style=&quot;width: 133px; height: 100px; margin-left: 4px; margin-right: 4px;&quot; /&gt;&lt;/a&gt;&lt;/p&gt;\r\n			&lt;/td&gt;\r\n			&lt;td&gt;\r\n			&lt;p&gt;&lt;a href=&quot;http://www.geoshop.lt/image/data/About_geocaching/Places/Geocaching_Zydu_kapinaites.JPG&quot; target=&quot;_blank&quot;&gt;&lt;img alt=&quot;&quot; src=&quot;http://www.geoshop.lt/image/data/About_geocaching/Places/Geocaching_Zydu_kapinaites.JPG&quot; style=&quot;width: 133px; height: 100px; margin-left: 4px; margin-right: 4px;&quot; /&gt;&lt;/a&gt;&lt;/p&gt;\r\n			&lt;/td&gt;\r\n			&lt;td&gt;\r\n			&lt;p&gt;&lt;a href=&quot;http://www.geoshop.lt/image/data/About_geocaching/Places/Geocaching_Literatu_Wall.JPG&quot; target=&quot;_blank&quot;&gt;&lt;img alt=&quot;&quot; src=&quot;http://www.geoshop.lt/image/data/About_geocaching/Places/Geocaching_Literatu_Wall.JPG&quot; style=&quot;width: 133px; height: 100px; margin-left: 4px; margin-right: 4px;&quot; /&gt;&lt;/a&gt;&lt;/p&gt;\r\n			&lt;/td&gt;\r\n			&lt;td&gt;\r\n			&lt;p&gt;&lt;a href=&quot;http://www.geoshop.lt/image/data/About_geocaching/Places/Geocaching_3Crosses.JPG&quot; target=&quot;_blank&quot;&gt;&lt;img alt=&quot;&quot; src=&quot;http://www.geoshop.lt/image/data/About_geocaching/Places/Geocaching_3Crosses.JPG&quot; style=&quot;width: 133px; height: 100px; margin-left: 4px; margin-right: 4px;&quot; /&gt;&lt;/a&gt;&lt;/p&gt;\r\n			&lt;/td&gt;\r\n			&lt;td&gt;\r\n			&lt;p&gt;&lt;a href=&quot;http://www.geoshop.lt/image/data/About_geocaching/Places/Geocaching_Minaretas_Kedainiuose.jpg&quot; target=&quot;_blank&quot;&gt;&lt;img alt=&quot;&quot; src=&quot;http://www.geoshop.lt/image/data/About_geocaching/Places/Geocaching_Minaretas_Kedainiuose.jpg&quot; style=&quot;width: 75px; height: 100px; margin-left: 4px; margin-right: 4px;&quot; /&gt;&lt;/a&gt;&lt;/p&gt;\r\n			&lt;/td&gt;\r\n			&lt;td&gt;\r\n			&lt;p&gt;&lt;a href=&quot;http://www.geoshop.lt/image/data/About_geocaching/Places/konglomerate.JPG&quot; target=&quot;_blank&quot;&gt;&lt;img alt=&quot;&quot; src=&quot;http://www.geoshop.lt/image/data/About_geocaching/Places/konglomerate.JPG&quot; style=&quot;width: 153px; height: 100px; margin-left: 4px; margin-right: 4px;&quot; /&gt;&lt;/a&gt;&lt;/p&gt;\r\n			&lt;/td&gt;\r\n		&lt;/tr&gt;\r\n		&lt;tr&gt;\r\n			&lt;td&gt;&lt;a href=&quot;http://coord.info/GC3YR1B&quot; target=&quot;_blank&quot;&gt;Puodų muziejus&lt;/a&gt;&lt;/td&gt;\r\n			&lt;td&gt;&lt;a href=&quot;http://coord.info/GC3T1VZ&quot; target=&quot;_blank&quot;&gt;Senosios žydų kąpinaitės&lt;/a&gt;&lt;/td&gt;\r\n			&lt;td&gt;&lt;a href=&quot;http://coord.info/GC1Z4H6&quot; target=&quot;_blank&quot;&gt;Literatų siena&lt;/a&gt;&lt;/td&gt;\r\n			&lt;td&gt;&lt;a href=&quot;http://coord.info/GCY9DP&quot;&gt;Vilniaus panorama&lt;/a&gt;&lt;/td&gt;\r\n			&lt;td&gt;&lt;a href=&quot;http://coord.info/GC183H2&quot; target=&quot;_blank&quot;&gt;Minaretas&lt;/a&gt;&lt;/td&gt;\r\n			&lt;td&gt;&lt;a href=&quot;http://coord.info/GC206BZ&quot; target=&quot;_blank&quot;&gt;Konglomeratas&lt;/a&gt;&lt;/td&gt;\r\n		&lt;/tr&gt;\r\n	&lt;/tbody&gt;\r\n&lt;/table&gt;\r\n\r\n&lt;p&gt;&lt;br /&gt;\r\n&lt;a id=&quot;Kas yra tie lobiai&quot; name=&quot;Kas yra tie lobiai&quot;&gt;&lt;strong&gt;Kas yra tie lobiai?&lt;/strong&gt;&lt;/a&gt; Tradiciškai „lobis“ – tai plastikinė sumuštinių dėžutė, kurioje yra užrašų knygelė, rašiklis ir&amp;nbsp; be abejo &amp;nbsp;– krūvelė įvairių niekučių, kuriuos patikusius galima paimti, aišku, jei turite kažką įdėti mainais – tai yra viena iš geocaching‘o taisyklių – jei kažką paimi iš dėžutės, turi palikti adekvačios ar didesnės vertės niekutį. Toks keitimasis žaisliukais ypač patinka mažiesiems šio žaidimo dalyviams. Jie labiausiai nekantrauja rasti naują slėptuvę, kurioje galės rasti naują „grobį“. Miestuose, kadangi paslėpti didesnių gabaritų slėptuvę būna keblu, &amp;nbsp;dažniausiai slepiami kiek supaprastinti lobiai – tai dažniausiai būna foto juostos dėžutės su pritvirtintu magnetu, o dėžutės viduje – lapelis (užrašinė arba angliškai – &lt;em&gt;logsheet&lt;/em&gt;), kurioje radėjas radęs slėptuvę pažymi radimo datą ir savo slapyvardį. Pastarasis lobio tipas vadinamas „mikro“. Tai ir viskas.&lt;/p&gt;\r\n\r\n&lt;table border=&quot;0&quot; cellpadding=&quot;1&quot; cellspacing=&quot;1&quot; style=&quot;width: 500px;&quot;&gt;\r\n	&lt;tbody&gt;\r\n		&lt;tr&gt;\r\n			&lt;td&gt;&lt;a href=&quot;http://www.geoshop.lt/image/data/About_geocaching/Geocache_Containers/Geocaching_container_ (24).JPG&quot; target=&quot;_blank&quot;&gt;&lt;img alt=&quot;&quot; src=&quot;http://www.geoshop.lt/image/data/About_geocaching/Geocache_Containers/Geocaching_container_ (24).JPG&quot; style=&quot;width: 133px; height: 100px; margin-left: 4px; margin-right: 4px;&quot; /&gt;&lt;/a&gt;&lt;/td&gt;\r\n			&lt;td&gt;&lt;a href=&quot;http://www.geoshop.lt/image/data/About_geocaching/Geocache_Containers/Geocaching_container_ (18).JPG&quot; target=&quot;_blank&quot;&gt;&lt;img alt=&quot;&quot; src=&quot;http://www.geoshop.lt/image/data/About_geocaching/Geocache_Containers/Geocaching_container_ (18).JPG&quot; style=&quot;width: 133px; height: 100px; margin-left: 4px; margin-right: 4px;&quot; /&gt;&lt;/a&gt;&lt;/td&gt;\r\n			&lt;td&gt;&lt;a href=&quot;http://www.geoshop.lt/image/data/About_geocaching/Geocache_Containers/Geocaching_container_ (27).JPG&quot; target=&quot;_blank&quot;&gt;&lt;img alt=&quot;&quot; src=&quot;http://www.geoshop.lt/image/data/About_geocaching/Geocache_Containers/Geocaching_container_ (27).JPG&quot; style=&quot;width: 151px; height: 100px; margin-left: 4px; margin-right: 4px;&quot; /&gt;&lt;/a&gt;&lt;/td&gt;\r\n			&lt;td&gt;&lt;a href=&quot;http://www.geoshop.lt/image/data/About_geocaching/Geocache_Containers/Geocaching_container_ (8).JPG&quot; target=&quot;_blank&quot;&gt;&lt;img alt=&quot;Lobis medyje&quot; src=&quot;http://www.geoshop.lt/image/data/About_geocaching/Geocache_Containers/Geocaching_container_ (8).JPG&quot; style=&quot;width: 151px; height: 100px; margin-left: 4px; margin-right: 4px;&quot; /&gt;&lt;/a&gt;&lt;/td&gt;\r\n			&lt;td&gt;&lt;a href=&quot;http://www.geoshop.lt/image/data/About_geocaching/Geocache_Containers/Geocaching_container_ (4).JPG&quot; target=&quot;_blank&quot;&gt;&lt;img alt=&quot;&quot; src=&quot;http://www.geoshop.lt/image/data/About_geocaching/Geocache_Containers/Geocaching_container_ (4).JPG&quot; style=&quot;width: 133px; height: 100px; margin-left: 4px; margin-right: 4px;&quot; /&gt;&lt;/a&gt;&lt;/td&gt;\r\n		&lt;/tr&gt;\r\n		&lt;tr&gt;\r\n			&lt;td&gt;Tradicinis lobio&lt;br /&gt;\r\n			konteineris&lt;/td&gt;\r\n			&lt;td&gt;Mikro lobio&lt;br /&gt;\r\n			konteineris&lt;/td&gt;\r\n			&lt;td&gt;Rankų darbo&lt;br /&gt;\r\n			mikro lobis&lt;/td&gt;\r\n			&lt;td&gt;Mikro lobio&lt;br /&gt;\r\n			konteineris&lt;/td&gt;\r\n			&lt;td&gt;Nano lobio&lt;br /&gt;\r\n			konteineris&lt;/td&gt;\r\n		&lt;/tr&gt;\r\n	&lt;/tbody&gt;\r\n&lt;/table&gt;\r\n\r\n&lt;p&gt;&lt;br /&gt;\r\n&lt;a id=&quot;Kaip viskas vyksta&quot; name=&quot;Kaip viskas vyksta&quot;&gt;&lt;strong&gt;Kaip viskas vyksta?&lt;/strong&gt;&lt;/a&gt; Nemokamai užsiregistruojate žaidimo svetainėje &lt;a href=&quot;http://www.geocaching.com&quot; target=&quot;_blank&quot;&gt;www.geocaching.com&lt;/a&gt;, svetainės meniu pasirenkate „&lt;a href=&quot;http://www.geocaching.com/seek/&quot; target=&quot;_blank&quot;&gt;Play/ Hide and Seek A Geocache&lt;/a&gt;“, pirmajame laukelyje „Find the Nearest Geocaches in Your Area/by Address:“ įrašote savo miesto, ar vietovės kurioje norite rasti lobį adresą, paspaudžiate „Go“, ir Jums parodomas šioje vietovėje esančių slėptuvių sąrašas.&lt;/p&gt;\r\n\r\n&lt;p&gt;Arba galima daryti kitaip – nagrinėj&lt;a href=&quot;http://www.geocaching.com/map/#?ll=54.69268,25.29327&amp;amp;z=14&quot; target=&quot;_blank&quot;&gt;&lt;img alt=&quot;&quot; src=&quot;http://www.geoshop.lt/image/data/About_geocaching/Maps/Geocaching_Map2.jpg&quot; style=&quot;width: 300px; height: 259px; margin-left: 6px; margin-right: 6px; float: left;&quot; /&gt;&lt;/a&gt;ant žemėlapį. Tam tereikia paspausti &lt;a href=&quot;http://www.geocaching.com/map/&quot; target=&quot;_blank&quot;&gt;šią&lt;/a&gt; nuorodą su lobių žemėlapiu, ir įvedus Jums įdomios vietovės pavadinimą.&lt;/p&gt;\r\n\r\n&lt;p&gt;Paspaudus ant aprašymo pavadinimo parodomas slėptuvės aprašymas: nurodomas radimo sudėtingumas, slėptuvės koordinatės, aprašymas, pateikiama užuomina (&lt;em&gt;hint&lt;/em&gt;), kuri dažnai palengvina lobio radimą, žemėlapiukas, ir be abejo, lobiautojų radusių (arba ne) &amp;nbsp;šią slėptuvę įrašai, komentarai ir nutikimai ieškant konkretaus lobio J. Taip pat gan įdomu būna peržiūrėti lobio nuotraukų galeriją („View gallery“). Pavyzdžui vienos, Vilniuje esančios slėptuvės, galeriją galite pažiūrėti &lt;a href=&quot;http://www.geocaching.com/seek/gallery.aspx?guid=7cf5f07b-0370-4191-bb7c-c94addc28ff3&quot; target=&quot;_blank&quot;&gt;&lt;strong&gt;čia&lt;/strong&gt;.&lt;/a&gt;&lt;br /&gt;\r\nŽinodami lobio koordinates, galite jo pradėti ieškoti. Kaip tai daroma konkrečiai, priklauso nuo Jūsų (ne)turimos įrangos tipo:&amp;nbsp;&lt;img alt=&quot;&quot; src=&quot;http://www.geoshop.lt/image/data/About_geocaching/How_to_start_Geocaching/Android/Kryptis.png&quot; style=&quot;width: 200px; height: 333px; margin-left: 5px; margin-right: 5px; float: right;&quot; /&gt;&lt;br /&gt;\r\na) jei turite GPS aparatą, įsikeliate lobio koordinates į jį (automatiniu būdu, arba tiesiog įsivedate rankomis). &amp;nbsp;b) jei turite išmanųjį telefoną, atsisiunčiate tam skirtą programėlę (pvz c:Geo, telefonams su Andoid operacine sistema), ir dažniausiai nieko įkėlinėti nereikia, ir vos tik išėjus iš patalpos (GPS ryšys patalpose neveikia), programėlė parodys artimiausių lobių sąrašą, jų vietą žemėlapyje, kryptį ir atstumą iki jų.&lt;br /&gt;\r\nc) jei įrangos neturite, aprašymo viršuje paspaudę „Print: 10 logs“ atsispausdinkite lobio aprašymą, ir papildomai, pasinaudodami&amp;nbsp; &lt;a href=&quot;http://maps.google.com&quot; target=&quot;_blank&quot;&gt;maps.google.com&lt;/a&gt; arba nemokama &lt;a href=&quot;http://www.google.com/intl/lt/earth/&quot; target=&quot;_blank&quot;&gt;Google Earth&lt;/a&gt; programa, atsispausdinkite priartintą vietovės žemėlapiuką, kad nuvykę į vietą galėtumėte rasti slėptuvės vietą.&lt;br /&gt;\r\nNuvykę į vietą, kur paslėpta slėptuvė, pasinaudodami turimos aparatūros (arba atsispausdinto žemėlapio) pagalbą (aparatūra rodo oks atstumas yra iki slėptuvės, ir reikiamą judėjimo kryptį) bandote surasti slėptuvę. Radę slėptuvę, užrašote savo apsilankymo datą ir savo slapyvardį lobyje esančioje užrašų knygelėje. Grįžus iš lobių medžioklės, užregistruokite rastus lobius geocaching.com svetainėje (tai daroma atsidarius lobio aprašymą, ir virtutiniame dešiniajame kampe paspaus nuorodą &quot;Log your visit&quot;). Jei lobį radote, pasirenkate įrašo tipą &quot;Found it&quot;, o jei dėl kažkokių priežasčių rasti slėptuvės nepavyko, pasirenkate &quot;Didn\'t find it&quot;. V i s k a s ! Pajudėjote, pamatėte kažką naujo, o gal net patyrėte koki nors nuotykį!&lt;/p&gt;\r\n\r\n&lt;p&gt;&lt;strong&gt;Detaliau, kaip ieškoti lobių, aprašyta mūsų svetainės skyrelyje „Apie Geocaching/&lt;a href=&quot;http://www.geoshop.lt/index.php?route=information/information&amp;amp;information_id=8&quot; target=&quot;_blank&quot;&gt;Kaip ieškoti lobių&lt;/a&gt;“&lt;/strong&gt;&lt;/p&gt;\r\n\r\n&lt;p&gt;&amp;nbsp;&lt;/p&gt;\r\n\r\n&lt;p&gt;Kartais slėptuvėse yra aptinkami &lt;a id=&quot;Keliauninkai&quot; name=&quot;Keliauninkai&quot;&gt;&lt;strong&gt;keliauninkai&lt;/strong&gt;&lt;/a&gt;(&lt;em&gt;trackables&lt;/em&gt;). Tai nedidelė metalinė plokštelė, kurioje iškaltas jos unikalus sekimo numeris (&lt;em&gt;tracking number&lt;/em&gt;), kurį žinant galima nustatyti keliauninko buvimo vietą ir sekti jo kelionės maršrutą. Šie keliauninkai, lobių ieškotojų padedami, keliauja iš slėptuvės į slėptuvę ir vykdo įvairiausias misijas – vieni, štai, nori nukeliauti pvz. į Afriką, kiti- į Antarktidą, treti – nori nusifotografuoti su kengūra. Kokių tik misijų nesugalvoja šeimininkai! Jei patys lobiautojai neturi galimybių nukeliauti ten kur jei nori, siunčia į šią misiją keliauninkus. Keliauninkai būna įvairūs – paprasčiausias yra keliaujantis vabalas (&lt;em&gt;TravelBug&lt;/em&gt;), taip pat būna įvairiausių keliaujančių prisegtukų, arba keliaujančių monetų (&lt;em&gt;geocoins&lt;/em&gt;). 2013 metais Kauno įvairių tautų kultūrų centras inicijavo pirmosios lietuviškos jubiliejinės Lituanicos geomonetos &lt;a href=&quot;http://kauno.diena.lt/naujienos/kaunas/menas-ir-pramogos/lituanicos-vardu-pavadintos-monetos-iskeliaus-po-pasauli-413337#.UxED3c5KZ3x&quot; target=&quot;_blank&quot;&gt;išleidimą&lt;/a&gt;, kurios šiuo metu jau ya pasklidę po pasaulį.&lt;br /&gt;\r\n&amp;nbsp;&lt;/p&gt;\r\n\r\n&lt;table border=&quot;0&quot; cellpadding=&quot;1&quot; cellspacing=&quot;1&quot; style=&quot;width: 500px;&quot;&gt;\r\n	&lt;tbody&gt;\r\n		&lt;tr&gt;\r\n			&lt;td&gt;&lt;a href=&quot;http://www.geoshop.lt/image/data/About_geocaching/Trackables/Geocaching_Trackabe_Tag.jpg&quot; target=&quot;_blank&quot;&gt;&lt;img alt=&quot;&quot; src=&quot;http://www.geoshop.lt/image/data/About_geocaching/Trackables/Geocaching_Trackabe_Tag.jpg&quot; style=&quot;width: 133px; height: 100px; margin-left: 4px; margin-right: 4px;&quot; /&gt;&lt;/a&gt;&lt;/td&gt;\r\n			&lt;td&gt;&lt;a href=&quot;http://www.geoshop.lt/image/data/About_geocaching/Trackables/Geocaching_Lithuanian_Geocoin.JPG&quot; target=&quot;_blank&quot;&gt;&lt;img alt=&quot;&quot; src=&quot;http://www.geoshop.lt/image/data/About_geocaching/Trackables/Geocaching_Lithuanian_Geocoin.JPG&quot; style=&quot;width: 133px; height: 100px; margin-left: 4px; margin-right: 4px;&quot; /&gt;&lt;/a&gt;&lt;/td&gt;\r\n			&lt;td&gt;&lt;a href=&quot;http://www.geoshop.lt/image/data/About_geocaching/Trackables/TB1.jpg&quot; target=&quot;_blank&quot;&gt;&lt;img alt=&quot;&quot; src=&quot;http://www.geoshop.lt/image/data/About_geocaching/Trackables/TB1.jpg&quot; style=&quot;width: 133px; height: 100px; margin-left: 4px; margin-right: 4px;&quot; /&gt;&lt;/a&gt;&lt;/td&gt;\r\n			&lt;td&gt;&lt;a href=&quot;http://www.geoshop.lt/image/data/About_geocaching/Trackables/Geocaching_Geocoin.JPG&quot; target=&quot;_blank&quot;&gt;&lt;img alt=&quot;&quot; src=&quot;http://www.geoshop.lt/image/data/About_geocaching/Trackables/Geocaching_Geocoin.JPG&quot; style=&quot;height: 100px; width: 133px; margin-left: 4px; margin-right: 4px;&quot; /&gt;&lt;/a&gt;&lt;/td&gt;\r\n			&lt;td&gt;&lt;a href=&quot;http://www.geoshop.lt/image/data/About_geocaching/Trackables/Geocaching_Lituanica_Geocoin.JPG&quot; target=&quot;_blank&quot;&gt;&lt;img alt=&quot;&quot; src=&quot;http://www.geoshop.lt/image/data/About_geocaching/Trackables/Geocaching_Lituanica_Geocoin.JPG&quot; style=&quot;width: 185px; height: 100px; margin-left: 4px; margin-right: 4px;&quot; /&gt;&lt;/a&gt;&lt;/td&gt;\r\n		&lt;/tr&gt;\r\n		&lt;tr&gt;\r\n			&lt;td&gt;Keliaujantis prisegtukas&lt;/td&gt;\r\n			&lt;td&gt;Geomoneta (mikro)&lt;/td&gt;\r\n			&lt;td&gt;Keliauninkas&lt;/td&gt;\r\n			&lt;td&gt;Geomoneta&lt;/td&gt;\r\n			&lt;td&gt;&lt;a href=&quot;http://coord.info/TB5X7MX&quot; target=&quot;_blank&quot;&gt;Geomoneta - Lituanica&lt;/a&gt;&lt;/td&gt;\r\n		&lt;/tr&gt;\r\n	&lt;/tbody&gt;\r\n&lt;/table&gt;\r\n\r\n&lt;p&gt;&lt;br /&gt;\r\n&amp;nbsp;&lt;/p&gt;\r\n\r\n&lt;p&gt;&lt;a id=&quot;Kodel verta&quot; name=&quot;Kodel verta&quot;&gt;&lt;strong&gt;Kodėl verta?&lt;/strong&gt;&lt;/a&gt; Daugelis užduoda klausimą – kam to reikia, kokia nauda iš to? Visų pirma – tai judesys ir veiksmas, ko ypač trūksta šiame pilname patogumo XXI amžiuje, kai labai daug žmonių nuo pat ryto įnikę į kompiuterių, planšetų, mobiliųjų telefonų ar televizorių &lt;img alt=&quot;&quot; src=&quot;http://www.geoshop.lt/image/data/About_geocaching/Searching_Cache/Family geocaching.jpg&quot; style=&quot;margin-left: 5px; margin-right: 5px; width: 300px; height: 300px; float: right;&quot; /&gt;ekranus, pradedant suaugusiais ir baigiant mūsų pačiais mažiausiais – kurie, jau ne retas, dar nemoka kalbėt, bet jie jau irgi prikaustyti prie įvairių ekranų ar ekraniukų. &amp;nbsp;Šis žaidimas – puiki proga užverti patogių namų duris, ir pasileisti į nuotykius! Kad vakare grįžę namo pavargę, o gal net ir kažkiek išsipurvinę, atsineštumėte gerą nuotaiką, ir kitą dieną turėtumėte kuo pasidalinti su kitais, kurie dienų dienom neišeina iš 4 sienų ribų.&lt;/p&gt;\r\n\r\n&lt;p&gt;Taip, šis žaidimas irgi betarpiškai susijęs technologijomis ir žiūrėjimu į įvairius ekranus, tik tas žiūrėjimas yra tikslingas ir minimalus.&lt;br /&gt;\r\nNeretai lobiai nuveda į tokias vietas, net ir mums patiems žinomose vietovėse, kad nė patys neįsivaizduojame kad jos tokios yra, ypač svetimuose miestuose ar būnant užsienyje – slėptuves ieškotojus nuveda į tokias vietas, kurios nepažymėtos jokiuose turistiniuose žemėlapiuose ar kelionių giduose, bet ieškantiems palieka neišdildomus įspūdžius. Kartais, dėl įvairių priežasčių rasti slėptuvės ir nepavyksta – tačiau vien tai, kad pamatėme kažką ypatingo, ko nebuvome matę anksčiau ar nė neįsivaizdavome egzistuojant – savaime yra &lt;strong&gt;lobis&lt;/strong&gt;. Nematerialus.&lt;/p&gt;\r\n\r\n&lt;p&gt;Susipažinus su šiuo žaidimu ir jį pamėgus, jis prideda spalvų kelionėse – tiek savo šalyje, tiek vykstant keliauti į svečias šalis. Dažnam pažengusiam lobių ieškotojui nė nereikia jokių kelionių aprašymų ar gidų – juos į įdomias vietas atveda ir papasakoja lobiai.&lt;/p&gt;\r\n\r\n&lt;p&gt;Kaip jau buvo minėta anksčiau – tai puikus būdas leisti laiką su visa šeima. Vaikai, kuriuos vis sunkiau išstumti į lauką patys pradeda traukti suaugusiuosius į lauką vis neduodami ramybės: „Kada vėl važiuosim ieškoti lobių???“ . Nes jau atėjo metas atnaujinti jų mažų, nuolat su savimi nešiojamų, lobių skrynučių turinį. Kur kitur, jei ne lobiuose rasi naujo ir nematyto „grobio“?&lt;/p&gt;\r\n\r\n&lt;p&gt;&lt;strong&gt;&lt;a id=&quot;Zodis pabaigai&quot; name=&quot;Zodis pabaigai&quot;&gt;Ir pabaigai&lt;/a&gt;.&lt;/strong&gt; Kartais žmones, pabandę rasti vieną-kitą slėptuvę, supranta kad jiems šis žaidimas patinka, pamato kaip padarytos jų rastos slėptuvės, užsimano ir patys paslėpti savo slėptuvių – dar įdomesnių, paslėptų dar įdomesnėse vietose. Juk ne retas iš mūsų žinome tokių gražių vietų, kurių nežino kiti, ir norėtume parodyti jas ir papasakoti apie jas kitiems! Paslėpti lobį netoliese – puikus būdas tai padaryti. Tai gali padaryti kiekvienas, ir – n e m o k a m a i ! Kainuoja tik reikmenys – bet kokia sandari dėžutė, užrašų knygelė ir rašiklis. Šių dalykų galite rasti savo namuose,&amp;nbsp; artimiausioje pramoninių prekių parduotuvėje, arba mūsų svetainėje – kur rasite viską ko Jums reikia vienoje vietoje, ir tai ko Jums reikia, atsiųsime tiesiai į Jūsų namus. Galbūt artimiausia pramoninių prekių parduotuvė už daugelio kilometrų? O gal, tiesiog, neturite laiko važinėtis po parduotuves? Mes Jums padėsime!&lt;/p&gt;\r\n\r\n&lt;p&gt;&lt;a href=&quot;http://www.geoshop.lt/&quot;&gt;Geoshop.LT&lt;/a&gt; komanda&lt;/p&gt;\r\n\r\n&lt;p&gt;Trumpas &lt;a id=&quot;Filmukas&quot; name=&quot;Filmukas&quot;&gt;filmukas &lt;/a&gt;apie geocaching (anglų kalba):&lt;/p&gt;\r\n\r\n&lt;p&gt;&lt;iframe allowfullscreen=&quot;&quot; frameborder=&quot;0&quot; height=&quot;315&quot; src=&quot;//www.youtube.com/embed/-4VFeYZTTYs&quot; width=&quot;560&quot;&gt;&lt;/iframe&gt;&lt;/p&gt;\r\n');
INSERT INTO `oc_information_description` VALUES (7,1,'About geocaching','&lt;p&gt;Geocaching is a real-world, outdoor treasure hunting game using GPS-enabled devices. Participants navigate to a specific set of GPS coordinates and then attempt to find the geocache (container) hidden at that location.&lt;/p&gt;\r\n\r\n&lt;p&gt;&lt;iframe allowfullscreen=&quot;&quot; frameborder=&quot;0&quot; height=&quot;315&quot; src=&quot;//www.youtube.com/embed/-4VFeYZTTYs&quot; width=&quot;560&quot;&gt;&lt;/iframe&gt;&lt;/p&gt;\r\n\r\n&lt;p&gt;&amp;nbsp;&lt;/p&gt;\r\n'),(8,1,'How to start geocaching?','&lt;p&gt;Free Android application c:geo. Download an description is &lt;a href=&quot;https://play.google.com/store/apps/details?id=cgeo.geocaching&quot;&gt;here&lt;/a&gt;.&lt;/p&gt;\r\n\r\n&lt;p&gt;&lt;img alt=&quot;&quot; src=&quot;http://www.cgeo.org/content/images/logo.png&quot; style=&quot;width: 160px; height: 175px;&quot; /&gt;&lt;img alt=&quot;&quot; src=&quot;http://www.geoshop.lt/image/data/QR_Codes/C_geo_QR.png&quot; style=&quot;width: 250px; height: 250px;&quot; /&gt;&lt;/p&gt;\r\n\r\n&lt;p&gt;More information: &lt;a href=&quot;http://www.cgeo.org/&quot;&gt;http://www.cgeo.org/&lt;/a&gt;&lt;/p&gt;\r\n\r\n&lt;p&gt;c:geo ~ Let\'s find some geocaches!&lt;/p&gt;\r\n\r\n&lt;p&gt;c:geo is an open source, full-featured, always ready-to-go client for geocaching.com (unofficial) and offers basic support for other geocaching platforms (like Opencaching). It does not require a web browser or exports - just download and start right away.&lt;/p&gt;\r\n\r\n&lt;p&gt;Main features:&lt;br /&gt;\r\n- View caches on a Live Map&lt;br /&gt;\r\n- Use Google Maps or OpenStreet Maps&lt;br /&gt;\r\n- Search for caches by various criteria&lt;br /&gt;\r\n- Log your finds online or offline&lt;br /&gt;\r\n- Store cache information on your device&lt;br /&gt;\r\n- Create and manage waypoints&lt;br /&gt;\r\n- Navigate using compass, map, or other apps&lt;br /&gt;\r\n- Import/Export GPX files&lt;br /&gt;\r\n- Full support for trackables&lt;br /&gt;\r\n- Offline caching functions including offline maps&lt;/p&gt;\r\n\r\n&lt;p&gt;c:geo is a simple to use but powerful geocaching client with a lot of additional features. All you need to get started is an account on geocaching.com.&lt;/p&gt;\r\n'),(8,2,'Kaip ieškoti lobių?','&lt;p&gt;Kaip ieškoti lobių, buvo aptarta skyrelyje Apie Geocaching/&lt;a href=&quot;http://www.geoshop.lt/index.php?route=information/information&amp;amp;information_id=7&quot; target=&quot;_blank&quot;&gt;Apie Geocaching&lt;/a&gt;. Ten buvo paminėti trys būdai:&lt;br /&gt;\r\na) turint GPS imtuvą&lt;br /&gt;\r\nb) &lt;a href=&quot;http://www.geoshop.lt/index.php?route=information/information&amp;amp;information_id=8#Geocaching su Android&quot; target=&quot;_self&quot;&gt;turint išmanųjį telefoną&lt;/a&gt;&lt;br /&gt;\r\nc) &lt;a href=&quot;http://www.geoshop.lt/index.php?route=information/information&amp;amp;information_id=8#Lobiu ieskojimas be irangos&quot; target=&quot;_self&quot;&gt;neturint jokios įrangos&lt;/a&gt;&lt;br /&gt;\r\n&lt;br /&gt;\r\nŠiame skyrelyje detaliai aptarsime šiuos būdus, pradėdami nuo šiandien populiariausio būdo - naudojant išmanųjį telefoną su Android operacine sistema. Beje, paminėsime, kad nuolatinis Interneto ryšys tam &lt;strong&gt;nėra &lt;/strong&gt;būtinas - galima įsikelti norimų rasti lobių sąrašą į telefoną naudojantis Wi-Fi prieiga, ir žaidžiant žaidimą naudotis &quot;&lt;em&gt;off-line&lt;/em&gt;&quot; režimu. Apie tai papasakosime &lt;a href=&quot;http://www.geoshop.lt/index.php?route=information/information&amp;amp;information_id=8#Offline Geocaching&quot; target=&quot;_top&quot;&gt;žemiau&lt;/a&gt;.&lt;/p&gt;\r\n\r\n&lt;p&gt;&lt;strong&gt;Svarbi pastaba pradedantiesiems lobių ieškotojams: lobių ieškoti pradėkite nuo &quot;klasikinių&quot;, &quot;&lt;em&gt;Regullar&lt;/em&gt;&quot; tipo lobių. Jie lobių aprašymuose žymimi žalių dėžučių ženkliukais. Atkreipkite dėmesį lobio sudėtingumą (Difficulty) ir pasiekiamumą (&lt;em&gt;Terrain&lt;/em&gt;) žymintį žvaigždučių skaičių - naujokams jie neturėtų viršyti 2-2,5 žvaigždučių. Kad nebūtų didelio nusivylimo neradus lobio. Juk gera pradžia pradedant daryti kažką naują yra labai svarbu! :)&lt;/strong&gt;&lt;br /&gt;\r\n&lt;br /&gt;\r\n&lt;br /&gt;\r\n&lt;a href=&quot;http://www.cgeo.org/&quot; target=&quot;_blank&quot;&gt;&lt;img alt=&quot;&quot; src=&quot;http://www.geoshop.lt/image/data/About_geocaching/How_to_start_Geocaching/Android/cGeo_logo.png&quot; style=&quot;width: 160px; height: 175px; margin-left: 5px; margin-right: 5px; float: right;&quot; /&gt;&lt;/a&gt;&lt;strong&gt;&lt;a id=&quot;Geocaching su Android&quot; name=&quot;Geocaching su Android&quot;&gt;Lobių ieškojimas naudojant išmanųjį telefoną su Android operacine sistema.&lt;/a&gt;&lt;/strong&gt;&lt;br /&gt;\r\nNorint pradėti ieškoti lobių, Jums reikia atsisiųsti ir įdiegti į savo telefoną nemokamą specialią programėlę. Yra išleista daug tam skirtų programėlių, mes aptarsime vieną populiaresnių - c:geo.&lt;br /&gt;\r\nJą atsisiųsti ir paskaityti jos aprašymą galite iš Google Play, paspaudę &lt;a href=&quot;https://play.google.com/store/apps/details?id=cgeo.geocaching&quot;&gt;šią nuorodą&lt;/a&gt; arba telefonu nuskenavę šį QR kodą:&lt;/p&gt;\r\n\r\n&lt;p&gt;&amp;nbsp;&lt;img alt=&quot;&quot; src=&quot;http://www.geoshop.lt/image/data/QR_Codes/C_geo_QR.png&quot; style=&quot;width: 250px; height: 250px;&quot; /&gt;&lt;/p&gt;\r\n\r\n&lt;p&gt;Įdiegę programėlę, paleiskite ją. Jei dar nesate užsiregistravę Geocaching.com svetainėje, užsiregistruokite. Paprasčiausiai tai galite padaryti savo kompiuteryje atsidarę svetainę &lt;a href=&quot;https://www.geocaching.com/&quot; target=&quot;_blank&quot;&gt;Geocaching.com&lt;/a&gt;, ir viršutiniame dešiniąjame kampe paspaudę nuorodą &lt;a accesskey=&quot;r&quot; href=&quot;https://www.geocaching.com/membership/register.aspx?type=basic&quot; id=&quot;ctl00_hlRegister&quot; target=&quot;_blank&quot; title=&quot;Create Account&quot;&gt;Create Account&lt;/a&gt;.&amp;nbsp;Užpilę reikiamus laukus, registraciją baikite paspausdami formos apačioje esantį mygtuką &quot;Create My Account&quot;.&lt;/p&gt;\r\n\r\n&lt;table border=&quot;1&quot; cellpadding=&quot;1&quot; cellspacing=&quot;1&quot; style=&quot;width: 500px;&quot;&gt;\r\n	&lt;tbody&gt;\r\n		&lt;tr&gt;\r\n			&lt;td&gt;1.Įsitikinkite kad Jūsų telefone aktyvuotas GPS ryšys&lt;/td&gt;\r\n			&lt;td&gt;2.Paleiskite programėlę, atsidariusiame lange pasirinkite &quot;Geocaching.com&quot;&lt;/td&gt;\r\n			&lt;td&gt;3.Naujame lange, įsitikinę kad varnelė &quot;Activate&quot; uždėta, paspauskite &quot;Username&quot;, įveskite savo naudotojo vardą (&lt;em&gt;nick\'ą&lt;/em&gt;), o laukelyje &quot;Password&quot; - slaptažodį. Įvedę duomenis, spauskite &quot;Check Login&quot;&lt;/td&gt;\r\n			&lt;td&gt;4.Jei 3me žingsnyje Jei informacija įvesta teisingai, bus parodytas pranešimas &quot;Login OK&quot;. Dabar tris kartus paspauskite telefono mygtuką &quot;Back&quot;. Esame pagrindiame programos lange&lt;/td&gt;\r\n			&lt;td&gt;5.Dabar atėjo laikas išeiti iš patalpos (nes patalpoje GPS ryšys neveikia). Bent jau į balkoną, ir palaukite keletą minučių kol bus nustatytas ryšys su GPS palydovais&lt;/td&gt;\r\n			&lt;td&gt;6.Pagrindiame programos lange pasirinkę &quot;Live map&quot; pamatysite apylinkių, kuriose esate lobių žemėlapį&lt;/td&gt;\r\n		&lt;/tr&gt;\r\n		&lt;tr&gt;\r\n			&lt;td&gt;&lt;a href=&quot;http://www.geoshop.lt/image/data/About_geocaching/How_to_start_Geocaching/Android/How_to_start_Geocaching_Android_C_Geo_1.0_GPS_setup.JPG&quot; target=&quot;_blank&quot;&gt;&lt;img alt=&quot;&quot; src=&quot;http://www.geoshop.lt/image/data/About_geocaching/How_to_start_Geocaching/Android/How_to_start_Geocaching_Android_C_Geo_1.0_GPS_setup.JPG&quot; style=&quot;width: 130px; height: 114px; margin-left: 3px; margin-right: 3px;&quot; /&gt;&lt;/a&gt;&lt;/td&gt;\r\n			&lt;td&gt;&lt;a href=&quot;http://www.geoshop.lt/image/data/About_geocaching/How_to_start_Geocaching/Android/How_to_start_Geocaching_Android_C_Geo_2.0.JPG&quot; target=&quot;_blank&quot;&gt;&lt;img alt=&quot;&quot; src=&quot;http://www.geoshop.lt/image/data/About_geocaching/How_to_start_Geocaching/Android/How_to_start_Geocaching_Android_C_Geo_2.0.JPG&quot; style=&quot;width: 130px; height: 217px; margin-left: 3px; margin-right: 3px;&quot; /&gt;&lt;/a&gt;&lt;/td&gt;\r\n			&lt;td&gt;&lt;a href=&quot;http://www.geoshop.lt/image/data/About_geocaching/How_to_start_Geocaching/Android/How_to_start_Geocaching_Android_C_Geo_3.0.JPG&quot; target=&quot;_blank&quot;&gt;&lt;img alt=&quot;&quot; src=&quot;http://www.geoshop.lt/image/data/About_geocaching/How_to_start_Geocaching/Android/How_to_start_Geocaching_Android_C_Geo_3.0.JPG&quot; style=&quot;width: 130px; height: 217px; margin-left: 3px; margin-right: 3px;&quot; /&gt;&lt;/a&gt;&lt;/td&gt;\r\n			&lt;td&gt;&lt;a href=&quot;http://www.geoshop.lt/image/data/About_geocaching/How_to_start_Geocaching/Android/How_to_start_Geocaching_Android_C_Geo_4.0.JPG&quot; target=&quot;_blank&quot;&gt;&lt;img alt=&quot;&quot; src=&quot;http://www.geoshop.lt/image/data/About_geocaching/How_to_start_Geocaching/Android/How_to_start_Geocaching_Android_C_Geo_4.0.JPG&quot; style=&quot;width: 130px; height: 217px; margin-left: 3px; margin-right: 3px;&quot; /&gt;&lt;/a&gt;&lt;/td&gt;\r\n			&lt;td&gt;&lt;a href=&quot;http://www.geoshop.lt/image/data/About_geocaching/How_to_start_Geocaching/Android/How_to_start_Geocaching_Android_C_Geo_5.0_Program.JPG&quot; target=&quot;_blank&quot;&gt;&lt;img alt=&quot;&quot; src=&quot;http://www.geoshop.lt/image/data/About_geocaching/How_to_start_Geocaching/Android/How_to_start_Geocaching_Android_C_Geo_5.0_Program.JPG&quot; style=&quot;width: 130px; height: 217px; margin-left: 3px; margin-right: 3px;&quot; /&gt;&lt;/a&gt;&lt;/td&gt;\r\n			&lt;td&gt;&lt;a href=&quot;http://www.geoshop.lt/image/data/About_geocaching/How_to_start_Geocaching/Android/How_to_start_Geocaching_Android_C_Geo_6.0_Map.JPG&quot; target=&quot;_blank&quot;&gt;&lt;img alt=&quot;&quot; src=&quot;http://www.geoshop.lt/image/data/About_geocaching/How_to_start_Geocaching/Android/How_to_start_Geocaching_Android_C_Geo_6.0_Map.JPG&quot; style=&quot;width: 130px; height: 217px; margin-left: 3px; margin-right: 3px;&quot; /&gt;&lt;/a&gt;&lt;/td&gt;\r\n		&lt;/tr&gt;\r\n	&lt;/tbody&gt;\r\n&lt;/table&gt;\r\n\r\n&lt;p&gt;&amp;nbsp;&lt;/p&gt;\r\n\r\n&lt;table border=&quot;1&quot; cellpadding=&quot;1&quot; cellspacing=&quot;1&quot; style=&quot;width: 500px;&quot;&gt;\r\n	&lt;tbody&gt;\r\n		&lt;tr&gt;\r\n			&lt;td&gt;7.Pagrindiame programos lange pasirinkę &quot;Nearby&quot; pamatysite arčiausiai esančių lobių sąrašą&lt;/td&gt;\r\n			&lt;td&gt;8.Panagrinėję lobių aprašymus, nuspręskite kurį iš jų norėtumėte surasti. Čia matome aprašymo santrauką&lt;/td&gt;\r\n			&lt;td&gt;9.Pasirinkus &quot;Description&quot; parodomas lobio aprašymas&lt;/td&gt;\r\n			&lt;td&gt;10.Aprašymo pabaigoje matome užuominą &quot;&lt;em&gt;Hint\'a&lt;/em&gt;&quot;. Kol nepaspausite ties žemiau paveikslėlyje pažymėta vieta, matysite tik įvairių simbolių rinkinį&lt;/td&gt;\r\n			&lt;td&gt;11.Čia matome lobio radimą palengvinančius piešinėlius&lt;/td&gt;\r\n			&lt;td&gt;12.Pasirinkę &quot;Logbook&quot; rasite anksčiau lobį radusių žmonių įrašus&lt;/td&gt;\r\n		&lt;/tr&gt;\r\n		&lt;tr&gt;\r\n			&lt;td&gt;&lt;a href=&quot;http://www.geoshop.lt/image/data/About_geocaching/How_to_start_Geocaching/Android/How_to_start_Geocaching_Android_C_Geo_7.0_ListJPG.jpg&quot; target=&quot;_blank&quot;&gt;&lt;img alt=&quot;&quot; src=&quot;http://www.geoshop.lt/image/data/About_geocaching/How_to_start_Geocaching/Android/How_to_start_Geocaching_Android_C_Geo_7.0_ListJPG.jpg&quot; style=&quot;width: 130px; height: 217px; margin-left: 3px; margin-right: 3px;&quot; /&gt;&lt;/a&gt;&lt;/td&gt;\r\n			&lt;td&gt;&lt;a href=&quot;http://www.geoshop.lt/image/data/About_geocaching/How_to_start_Geocaching/Android/How_to_start_Geocaching_Android_C_Geo_8.1_Beapart.jpg&quot; target=&quot;_blank&quot;&gt;&lt;img alt=&quot;&quot; src=&quot;http://www.geoshop.lt/image/data/About_geocaching/How_to_start_Geocaching/Android/How_to_start_Geocaching_Android_C_Geo_8.1_Beapart.jpg&quot; style=&quot;width: 130px; height: 217px; margin-left: 3px; margin-right: 3px;&quot; /&gt;&lt;/a&gt;&lt;/td&gt;\r\n			&lt;td&gt;&lt;a href=&quot;http://www.geoshop.lt/image/data/About_geocaching/How_to_start_Geocaching/Android/How_to_start_Geocaching_Android_C_Geo_8.2_Beapart.jpg&quot; target=&quot;_blank&quot;&gt;&lt;img alt=&quot;&quot; src=&quot;http://www.geoshop.lt/image/data/About_geocaching/How_to_start_Geocaching/Android/How_to_start_Geocaching_Android_C_Geo_8.2_Beapart.jpg&quot; style=&quot;width: 130px; height: 217px; margin-left: 3px; margin-right: 3px;&quot; /&gt;&lt;/a&gt;&lt;/td&gt;\r\n			&lt;td&gt;&lt;a href=&quot;http://www.geoshop.lt/image/data/About_geocaching/How_to_start_Geocaching/Android/How_to_start_Geocaching_Android_C_Geo_8.3_Beapart.jpg&quot; target=&quot;_blank&quot;&gt;&lt;img alt=&quot;&quot; src=&quot;http://www.geoshop.lt/image/data/About_geocaching/How_to_start_Geocaching/Android/How_to_start_Geocaching_Android_C_Geo_8.3_Beapart.jpg&quot; style=&quot;width: 130px; height: 217px; margin-left: 3px; margin-right: 3px;&quot; /&gt;&lt;/a&gt;&lt;/td&gt;\r\n			&lt;td&gt;&lt;a href=&quot;http://www.geoshop.lt/image/data/About_geocaching/How_to_start_Geocaching/Android/How_to_start_Geocaching_Android_C_Geo_8.4_Beapart.jpg&quot; target=&quot;_blank&quot;&gt;&lt;img alt=&quot;&quot; src=&quot;http://www.geoshop.lt/image/data/About_geocaching/How_to_start_Geocaching/Android/How_to_start_Geocaching_Android_C_Geo_8.4_Beapart.jpg&quot; style=&quot;width: 130px; height: 217px; margin-left: 3px; margin-right: 3px;&quot; /&gt;&lt;/a&gt;&lt;/td&gt;\r\n			&lt;td&gt;&lt;a href=&quot;http://www.geoshop.lt/image/data/About_geocaching/How_to_start_Geocaching/Android/How_to_start_Geocaching_Android_C_Geo_8.5_Beapart.jpg&quot; target=&quot;_blank&quot;&gt;&lt;img alt=&quot;&quot; src=&quot;http://www.geoshop.lt/image/data/About_geocaching/How_to_start_Geocaching/Android/How_to_start_Geocaching_Android_C_Geo_8.5_Beapart.jpg&quot; style=&quot;width: 130px; height: 217px; margin-left: 3px; margin-right: 3px;&quot; /&gt;&lt;/a&gt;&lt;/td&gt;\r\n		&lt;/tr&gt;\r\n	&lt;/tbody&gt;\r\n&lt;/table&gt;\r\n\r\n&lt;p&gt;&amp;nbsp;&lt;/p&gt;\r\n\r\n&lt;table border=&quot;1&quot; cellpadding=&quot;1&quot; cellspacing=&quot;1&quot; style=&quot;width: 500px;&quot;&gt;\r\n	&lt;tbody&gt;\r\n		&lt;tr&gt;\r\n			&lt;td&gt;13.Pasirengę rasti lobį? Telefone paspauskite &quot;Meniu&quot; ir pasirinkite &quot;Compass&quot;, arba programos dešiniąjame viršutiniame kampe supstelkite kompaso simbolį&lt;/td&gt;\r\n			&lt;td&gt;14.Ekrane išvysite kompasą, kuris rodys atstumą iki lobio ir kryptį link jo. Atkreipkite dėmesį, kad maža raudona rodyklytė ir &quot;N&quot; raidė&amp;nbsp; rodo šiaurę, o ne kryptį link lobio! Atkreipkite dėmesį, kad ieškant galima ~3-15m pklaida!&lt;/td&gt;\r\n			&lt;td&gt;15.Radote? Puiku! Paspaudę &quot;Meniu&quot; pasirinkite &quot;Log visit&quot;&lt;/td&gt;\r\n			&lt;td&gt;16.Jei radote, vietoje &quot;Write note&quot; pasirinkite &quot;Found it&quot; įrašo tipą, parašykite savo komentarą apie rastą lobį, ir paspauskite &quot;Subimt log&quot;.&lt;br /&gt;\r\n			Jei atsitiko taip, kad lobio neradote, pasirinkite įrašo tipą &quot;Didn\'t find it&quot;&lt;/td&gt;\r\n			&lt;td&gt;17 Užsidirbote pirmąją šypsenėlę lobių ieškotojo karjeroje!&lt;/td&gt;\r\n		&lt;/tr&gt;\r\n		&lt;tr&gt;\r\n			&lt;td&gt;&lt;a href=&quot;http://www.geoshop.lt/image/data/About_geocaching/How_to_start_Geocaching/Android/How_to_start_Geocaching_Android_C_Geo_8.7_Beapart_compass_small2.jpg&quot; target=&quot;_blank&quot;&gt;&lt;img alt=&quot;&quot; src=&quot;http://www.geoshop.lt/image/data/About_geocaching/How_to_start_Geocaching/Android/How_to_start_Geocaching_Android_C_Geo_8.7_Beapart_compass_small2.jpg&quot; style=&quot;width: 130px; height: 113px; margin-left: 3px; margin-right: 3px;&quot; /&gt;&lt;/a&gt;&lt;/td&gt;\r\n			&lt;td&gt;&lt;a href=&quot;http://www.geoshop.lt/image/data/About_geocaching/How_to_start_Geocaching/Android/How_to_start_Geocaching_Android_C_Geo_8.7_Beapart_compass.jpg&quot; target=&quot;_blank&quot;&gt;&lt;img alt=&quot;&quot; src=&quot;http://www.geoshop.lt/image/data/About_geocaching/How_to_start_Geocaching/Android/How_to_start_Geocaching_Android_C_Geo_8.7_Beapart_compass.jpg&quot; style=&quot;width: 130px; height: 217px; margin-left: 3px; margin-right: 3px;&quot; /&gt; &lt;/a&gt;&lt;/td&gt;\r\n			&lt;td&gt;&lt;a href=&quot;http://www.geoshop.lt/image/data/About_geocaching/How_to_start_Geocaching/Android/How_to_start_Geocaching_Android_C_Geo_8.8_Beapart_Log1.jpg&quot; target=&quot;_blank&quot;&gt;&lt;img alt=&quot;&quot; src=&quot;http://www.geoshop.lt/image/data/About_geocaching/How_to_start_Geocaching/Android/How_to_start_Geocaching_Android_C_Geo_8.8_Beapart_Log1.jpg&quot; style=&quot;width: 130px; height: 217px; margin-left: 3px; margin-right: 3px;&quot; /&gt;&lt;/a&gt;&lt;/td&gt;\r\n			&lt;td&gt;&lt;a href=&quot;http://www.geoshop.lt/image/data/About_geocaching/How_to_start_Geocaching/Android/How_to_start_Geocaching_Android_C_Geo_8.9_Beapart_Log2.jpg&quot; target=&quot;_blank&quot;&gt;&lt;img alt=&quot;&quot; src=&quot;http://www.geoshop.lt/image/data/About_geocaching/How_to_start_Geocaching/Android/How_to_start_Geocaching_Android_C_Geo_8.9_Beapart_Log2.jpg&quot; style=&quot;width: 130px; height: 217px; margin-left: 3px; margin-right: 3px;&quot; /&gt;&lt;/a&gt;&lt;/td&gt;\r\n			&lt;td&gt;&lt;img alt=&quot;&quot; src=&quot;http://www.geoshop.lt/image/data/Ivairus_piesinukai/800px-Smiley.svg.png&quot; style=&quot;width: 130px; height: 130px; margin-left: 3px; margin-right: 3px;&quot; /&gt;&lt;/td&gt;\r\n		&lt;/tr&gt;\r\n	&lt;/tbody&gt;\r\n&lt;/table&gt;\r\n\r\n&lt;p&gt;&amp;nbsp;&lt;/p&gt;\r\n\r\n&lt;p&gt;Paaiškinsime kaip ieškoti lobių, &lt;a id=&quot;Offline Geocaching&quot; name=&quot;Offline Geocaching&quot;&gt;jei telefone neturite nuolatinio Interneto ryšio&lt;/a&gt;. Tam reikia įkelti lobių koordinates ir jų aprašymus į telefoną. Koordinates įkelti galite naudodamiesi aplinkoje, kurioje veikia bevielis Wi-Fi Interneto ryšys.&lt;/p&gt;\r\n\r\n&lt;table border=&quot;1&quot; cellpadding=&quot;1&quot; cellspacing=&quot;1&quot; style=&quot;width: 500px;&quot;&gt;\r\n	&lt;tbody&gt;\r\n		&lt;tr&gt;\r\n			&lt;td&gt;1.Atsidarę lobio aprašymą, paspauskite mygtuką &quot;Store&quot;&lt;/td&gt;\r\n			&lt;td&gt;2.Visa informacija apie lobį (koordinatės, aprašymas, paskutinių radimų įrašai) persikels į telefoną&lt;/td&gt;\r\n			&lt;td&gt;3.Apie lobio aprašymo perkėlimą į telefoną patvirtina užrašas &quot;Stored in device&quot;. Tą patį padarote su visais Jus dominačiais lobiais.&lt;/td&gt;\r\n			&lt;td&gt;4.Radę lobį, pažymėkite radimo faktą ir pasirinkite &quot;Save&quot;. Ši informacija bus išsaugota telefone, o grįžę į aplinką, kur yra Interneto ryšys, užfiksuosite radimus geocaching.com.svetainėje&lt;/td&gt;\r\n		&lt;/tr&gt;\r\n		&lt;tr&gt;\r\n			&lt;td&gt;&lt;a href=&quot;http://www.geoshop.lt/image/data/About_geocaching/How_to_start_Geocaching/Android/How_to_start_Geocaching_Android_C_Geo_8.7_Beapart_compass_small2.jpg&quot; target=&quot;_blank&quot;&gt;&lt;img alt=&quot;&quot; src=&quot;http://www.geoshop.lt/image/data/About_geocaching/How_to_start_Geocaching/Android/How_to_start_Geocaching_Android_C_Geo_Offline_Log1.jpg&quot; style=&quot;width: 130px; height: 217px; margin-left: 3px; margin-right: 3px;&quot; /&gt;&lt;/a&gt;&lt;/td&gt;\r\n			&lt;td&gt;&lt;a href=&quot;http://www.geoshop.lt/image/data/About_geocaching/How_to_start_Geocaching/Android/How_to_start_Geocaching_Android_C_Geo_Offline_Log2.jpg&quot; target=&quot;_blank&quot;&gt;&lt;img alt=&quot;&quot; src=&quot;http://www.geoshop.lt/image/data/About_geocaching/How_to_start_Geocaching/Android/How_to_start_Geocaching_Android_C_Geo_Offline_Log2.jpg&quot; style=&quot;width: 130px; height: 129px; margin-left: 3px; margin-right: 3px;&quot; /&gt; &lt;/a&gt;&lt;/td&gt;\r\n			&lt;td&gt;&lt;a href=&quot;http://www.geoshop.lt/image/data/About_geocaching/How_to_start_Geocaching/Android/How_to_start_Geocaching_Android_C_Geo_Offline_Log3.JPG&quot; target=&quot;_blank&quot;&gt;&lt;img alt=&quot;&quot; src=&quot;http://www.geoshop.lt/image/data/About_geocaching/How_to_start_Geocaching/Android/How_to_start_Geocaching_Android_C_Geo_Offline_Log3.JPG&quot; style=&quot;width: 130px; height: 217px; margin-left: 3px; margin-right: 3px;&quot; /&gt; &lt;/a&gt;&lt;/td&gt;\r\n			&lt;td&gt;&lt;a href=&quot;http://www.geoshop.lt/image/data/About_geocaching/How_to_start_Geocaching/Android/How_to_start_Geocaching_Android_C_Geo_Offline_Log4.jpg&quot; target=&quot;_blank&quot;&gt;&lt;img alt=&quot;&quot; src=&quot;http://www.geoshop.lt/image/data/About_geocaching/How_to_start_Geocaching/Android/How_to_start_Geocaching_Android_C_Geo_Offline_Log4.jpg&quot; style=&quot;width: 130px; height: 217px; margin-left: 3px; margin-right: 3px;&quot; /&gt; &lt;/a&gt;&lt;/td&gt;\r\n		&lt;/tr&gt;\r\n	&lt;/tbody&gt;\r\n&lt;/table&gt;\r\n\r\n&lt;hr /&gt;\r\n&lt;p&gt;&amp;nbsp;&lt;/p&gt;\r\n\r\n&lt;p&gt;&lt;strong&gt;&lt;a id=&quot;Lobiu ieskojimas be irangos&quot; name=&quot;Lobiu ieskojimas be irangos&quot;&gt;Lobių ieškojimas be įrangos&lt;/a&gt;&lt;/strong&gt;&lt;/p&gt;\r\n\r\n&lt;p&gt;Jei norite surasti lobį, tačiau neturite&amp;nbsp; nei išmanniojo telefono, nei GPS imtuvo, ne bėda! Galbūt tai bus truputį nepatogu, bet įmanoma, ir nesunkiai! &lt;a href=&quot;http://www.geoshop.lt/image/data/About_geocaching/How_to_start_Geocaching/Geocaching_without_GPS/Lobiu_Zemelapis_Miestas.jpg&quot; target=&quot;_blank&quot;&gt;&lt;img alt=&quot;&quot; src=&quot;http://www.geoshop.lt/image/data/About_geocaching/How_to_start_Geocaching/Geocaching_without_GPS/Lobiu_Zemelapis_Miestas.jpg&quot; style=&quot;width: 199px; height: 160px; float: right;&quot; /&gt;&lt;/a&gt;Tereiks pasiruošti atliekant namų darbus. Beje, tai netgi paprasčiau nei naudotis technologijomis. Tiesa, pradėti ieškoti vertėtų urbaizuotose vietovese(miestuose), kur pasižiūrėjus į žemėlapį aiškiai matosi orientyrai - gatvių saknryžos, pastatai, vandens telkiniai ir pan. Jei lobis paslėptas kažkur miškuose-laukuose, jį rasti neturint tikslaus vietovės žemėlapio gali būti itin sunku - šiais atvejais teks pasitelkti &lt;a href=&quot;http://www.maps.lt&quot; target=&quot;_blank&quot;&gt;maps.lt&lt;/a&gt; ortofoto žemėlapius. Apie tai dar papasakosime žemiau.&lt;br /&gt;\r\nIeškat šiuo būdu rekomenduojama(bet nebūtina) turėti kompasą. Kad juo naudotis, tereikia žinoti 2 taisykles: 1) Kompaso rodyklė visada rodo į šiaurę 2) Žemėlapio viršus - tai šiaurė.&lt;br /&gt;\r\n&lt;br /&gt;\r\nLobių šiuo būdu ieškome taip:&lt;br /&gt;\r\n1. Užsiregistruojate žaidimo svetainėje &lt;a href=&quot;http://www.geocaching.com&quot; target=&quot;_blank&quot;&gt;www.geocaching.com&lt;/a&gt;&lt;br /&gt;\r\n2. Svetainės meniu pasirenkate „&lt;a href=&quot;http://www.geocaching.com/seek/&quot; target=&quot;_blank&quot;&gt;Play/ Hide and Seek A Geocache&lt;/a&gt;“, pirmajame laukelyje „Find the Nearest Geocaches in Your Area/by Address:“ įrašote vietovės, kurioje norite rasti lobį adresą, paspaudžiate „Go“, ir Jums parodomas šioje vietovėje esančių slėptuvių sąrašas. Arba galite pasinaudoti paslėptų lobių žemėlapiu, paspaudę &lt;a href=&quot;http://www.geocaching.com/map/#?ll=55.09094,24.38416&amp;amp;z=8&quot; target=&quot;_blank&quot;&gt;šią&lt;/a&gt; nuorodą.&lt;/p&gt;\r\n\r\n&lt;table border=&quot;1&quot; cellpadding=&quot;1&quot; cellspacing=&quot;1&quot; style=&quot;width: 500px;&quot;&gt;\r\n	&lt;tbody&gt;\r\n		&lt;tr&gt;\r\n			&lt;td&gt;&lt;a href=&quot;http://www.geoshop.lt/image/data/About_geocaching/How_to_start_Geocaching/Geocaching_without_GPS/Lobiu_sarasas.jpg&quot; target=&quot;_blank&quot;&gt;&lt;img alt=&quot;&quot; src=&quot;http://www.geoshop.lt/image/data/About_geocaching/How_to_start_Geocaching/Geocaching_without_GPS/Lobiu_sarasas.jpg&quot; style=&quot;width: 350px; height: 281px; margin-left: 3px; margin-right: 3px;&quot; /&gt;&lt;/a&gt;&lt;/td&gt;\r\n			&lt;td&gt;&lt;a href=&quot;http://www.geoshop.lt/image/data/About_geocaching/How_to_start_Geocaching/Geocaching_without_GPS/Lobiu_Zemelapis.jpg&quot; target=&quot;_blank&quot;&gt;&lt;img alt=&quot;&quot; src=&quot;http://www.geoshop.lt/image/data/About_geocaching/How_to_start_Geocaching/Geocaching_without_GPS/Lobiu_Zemelapis.jpg&quot; style=&quot;width: 350px; height: 281px; margin-left: 3px; margin-right: 3px;&quot; /&gt;&lt;/a&gt;&lt;/td&gt;\r\n		&lt;/tr&gt;\r\n		&lt;tr&gt;\r\n			&lt;td&gt;Lobių sąrašas&lt;/td&gt;\r\n			&lt;td&gt;Lobių žemėlapis&lt;/td&gt;\r\n		&lt;/tr&gt;\r\n	&lt;/tbody&gt;\r\n&lt;/table&gt;\r\n\r\n&lt;p&gt;&lt;br /&gt;\r\n3. Išsirinkę Jus dominantį lobį, panagrinėkite jo aprašymą, ir atkreipkite ypatingą dėmesį į vietovės žemėlapį - ar matoni aiškūs vietovės orientyrai. Jei vietovė nuošalesnė, ir orientyrų nėra daug, galima pasinaudoti &lt;a href=&quot;http://www.maps.lt&quot; target=&quot;_blank&quot;&gt;maps.lt&lt;/a&gt; pagalba. Iš lobio aprašymo paprasčiausiai kopijuojame lobio koordinates į &lt;a href=&quot;http://www.maps.lt&quot; target=&quot;_blank&quot;&gt;maps.lt&lt;/a&gt; paieškos laukelį, ir spaudžiame &quot;Ieškoti&quot;. Parodomas vietovės žemėlapis. Jei detalių ir dabar per mažai, pžymime, kad žemėlapyje būtų vaizduojamas ortofoto arba mišrus vaizdas. Dabar matysime kone kiekvieną vietovėje augantį medį, ir gan tikslią lobio buvimo vietą. Belieka atsispausdinti šį tikslų vietovės žemėlapį, ir be abejo, nepamiršti jo namuose, kai vyksite ieškoti lobio :)&lt;/p&gt;\r\n\r\n&lt;table border=&quot;1&quot; cellpadding=&quot;1&quot; cellspacing=&quot;1&quot; style=&quot;width: 500px;&quot;&gt;\r\n	&lt;tbody&gt;\r\n		&lt;tr&gt;\r\n			&lt;td&gt;&lt;a href=&quot;http://www.geoshop.lt/image/data/About_geocaching/How_to_start_Geocaching/Geocaching_without_GPS/maps.lt_zemelapis1.jpg&quot; target=&quot;_blank&quot;&gt;&lt;img alt=&quot;&quot; src=&quot;http://www.geoshop.lt/image/data/About_geocaching/How_to_start_Geocaching/Geocaching_without_GPS/maps.lt_zemelapis1.jpg&quot; style=&quot;width: 355px; height: 350px; margin-left: 3px; margin-right: 3px;&quot; /&gt;&lt;/a&gt;&lt;/td&gt;\r\n			&lt;td&gt;&lt;a href=&quot;http://www.geoshop.lt/image/data/About_geocaching/How_to_start_Geocaching/Geocaching_without_GPS/maps.lt_zemelapis2.jpg&quot; target=&quot;_blank&quot;&gt;&lt;img alt=&quot;&quot; src=&quot;http://www.geoshop.lt/image/data/About_geocaching/How_to_start_Geocaching/Geocaching_without_GPS/maps.lt_zemelapis2.jpg&quot; style=&quot;width: 428px; height: 350px; margin-left: 3px; margin-right: 3px;&quot; /&gt;&lt;/a&gt;&lt;/td&gt;\r\n		&lt;/tr&gt;\r\n		&lt;tr&gt;\r\n			&lt;td&gt;Kopijuojame koordinates&lt;/td&gt;\r\n			&lt;td&gt;Įklijuojame (angl. &lt;em&gt;Paste&lt;/em&gt;) koordinates į maps.lt paieškos laukelį&lt;/td&gt;\r\n		&lt;/tr&gt;\r\n	&lt;/tbody&gt;\r\n&lt;/table&gt;\r\n\r\n&lt;p&gt;5. Pasinaudodami turimais žemėlapiais, vykstate į vietovę, ir pasitelkę visas turimas jusles, jį randate ir pasižymite užrašų knygelėje(lapelyje) esančiame rastame lobyje :)&lt;br /&gt;\r\n6. Grįžę namo, prisijunkite prie svetainės &lt;a href=&quot;http://www.geocaching.com&quot; target=&quot;_blank&quot;&gt;www.geocaching.com&lt;/a&gt;, susirandate Jūsų rasto lobio aprašymą:&lt;/p&gt;\r\n\r\n&lt;table border=&quot;1&quot; cellpadding=&quot;1&quot; cellspacing=&quot;1&quot; style=&quot;width: 500px;&quot;&gt;\r\n	&lt;tbody&gt;\r\n		&lt;tr&gt;\r\n			&lt;td&gt;&lt;a href=&quot;http://www.geoshop.lt/image/data/About_geocaching/How_to_start_Geocaching/Geocaching_without_GPS/Lobio_radimo_registravimas1.jpg&quot; target=&quot;_blank&quot;&gt;&lt;img alt=&quot;&quot; src=&quot;http://www.geoshop.lt/image/data/About_geocaching/How_to_start_Geocaching/Geocaching_without_GPS/Lobio_radimo_registravimas1.jpg&quot; style=&quot;width: 434px; height: 300px; margin-left: 3px; margin-right: 3px;&quot; /&gt;&lt;/a&gt;&lt;/td&gt;\r\n			&lt;td&gt;&lt;a href=&quot;http://www.geoshop.lt/image/data/About_geocaching/How_to_start_Geocaching/Geocaching_without_GPS/http://www.geoshop.lt/image/data/About_geocaching/How_to_start_Geocaching/Geocaching_without_GPS/Lobio_radimo_registravimas2.jpg&quot; target=&quot;_blank&quot;&gt;&lt;img alt=&quot;&quot; src=&quot;http://www.geoshop.lt/image/data/About_geocaching/How_to_start_Geocaching/Geocaching_without_GPS/Lobio_radimo_registravimas2.jpg&quot; style=&quot;width: 409px; height: 300px; margin-left: 3px; margin-right: 3px;&quot; /&gt;&lt;/a&gt;&lt;/td&gt;\r\n		&lt;/tr&gt;\r\n		&lt;tr&gt;\r\n			&lt;td&gt;Aprašymo viršutiniame dešiniąjame kampe pasirinkite &quot;Log your visit&quot;&lt;/td&gt;\r\n			&lt;td&gt;Pasirinkę įrašo tipą &quot;Found it&quot;, įrašote radimo datą, komentarą, ir spaudžiate žemiau esantį mygtuką &quot;Submit log entry&quot;&lt;/td&gt;\r\n		&lt;/tr&gt;\r\n	&lt;/tbody&gt;\r\n&lt;/table&gt;\r\n\r\n&lt;p&gt;&amp;nbsp;&lt;/p&gt;\r\n\r\n&lt;p&gt;Jei nusprendžiate jo ieškoti, tuomet lobio aprašymo apačioje ties &quot;Additional Hints&quot; rekomenduojama paspausti &quot;Decrypt&quot;, tokiu būdu iššifruojant užuominą - taip bus kiek patogiau be tai bandant padaryti &quot;rankiniu būdu&quot;, naudojantis pieštuku ir šalia atspausdintu iškodavimo raktu. Be abejonės, jei Jums palengvinimo nereikia, to nedarykite!&lt;br /&gt;\r\n4. Lobio aprašymo pradžioje, ties &quot;Print&quot; paspauskite nuorodą &quot;5 logs&quot; arba &quot;10 logs&quot; (nuo to priklauso kiek paskutinių radimo įrašų matysite sąraše). Atsispausdinkite šį aprašymą ant popieriaus (žinoma, galite atsispausdinti ir į *.PDF formato failą).&lt;/p&gt;\r\n\r\n&lt;table border=&quot;1&quot; cellpadding=&quot;1&quot; cellspacing=&quot;1&quot; style=&quot;width: 500px;&quot;&gt;\r\n	&lt;tbody&gt;\r\n		&lt;tr&gt;\r\n			&lt;td&gt;&lt;a href=&quot;http://www.geoshop.lt/image/data/About_geocaching/How_to_start_Geocaching/Geocaching_without_GPS/Hintas.jpg&quot; target=&quot;_blank&quot;&gt;&lt;img alt=&quot;&quot; src=&quot;http://www.geoshop.lt/image/data/About_geocaching/How_to_start_Geocaching/Geocaching_without_GPS/Hintas.jpg&quot; style=&quot;width: 375px; height: 240px; margin-left: 3px; margin-right: 3px;&quot; /&gt;&lt;/a&gt;&lt;/td&gt;\r\n			&lt;td&gt;&lt;a href=&quot;http://www.geoshop.lt/image/data/About_geocaching/How_to_start_Geocaching/Geocaching_without_GPS/Lobio_spausdinimas.jpg&quot; target=&quot;_blank&quot;&gt;&lt;img alt=&quot;&quot; src=&quot;http://www.geoshop.lt/image/data/About_geocaching/How_to_start_Geocaching/Geocaching_without_GPS/Lobio_spausdinimas.jpg&quot; style=&quot;width: 299px; height: 240px; margin-left: 3px; margin-right: 3px;&quot; /&gt;&lt;/a&gt;&lt;/td&gt;\r\n		&lt;/tr&gt;\r\n		&lt;tr&gt;\r\n			&lt;td&gt;Užuominos (&lt;em&gt;hint\'o&lt;/em&gt;) iškodavimas&lt;/td&gt;\r\n			&lt;td&gt;Lobio aprašymo spausdinimas&lt;/td&gt;\r\n		&lt;/tr&gt;\r\n	&lt;/tbody&gt;\r\n&lt;/table&gt;\r\n\r\n&lt;p&gt;&amp;nbsp;&lt;/p&gt;\r\n\r\n&lt;p&gt;5. Pasinaudodami turimais žemėlapiais, vykstate į vietovę, ir pasinaudoję visomis turimomis juslėmis, jį randate ir pasižymite užrašų knygelėje(lapelyje) esančiame rastame lobyje :)&lt;br /&gt;\r\n6. Grįžę namo, prisijunkite prie svetainės &lt;a href=&quot;http://www.geocaching.com&quot; target=&quot;_blank&quot;&gt;www.geocaching.com&lt;/a&gt;, susirandate Jūsų rasto lobio aprašymą:&lt;/p&gt;\r\n\r\n&lt;table border=&quot;1&quot; cellpadding=&quot;1&quot; cellspacing=&quot;1&quot; style=&quot;width: 500px;&quot;&gt;\r\n	&lt;tbody&gt;\r\n		&lt;tr&gt;\r\n			&lt;td&gt;&lt;a href=&quot;http://www.geoshop.lt/image/data/About_geocaching/How_to_start_Geocaching/Geocaching_without_GPS/Lobio_radimo_registravimas1.jpg&quot; target=&quot;_blank&quot;&gt;&lt;img alt=&quot;&quot; src=&quot;http://www.geoshop.lt/image/data/About_geocaching/How_to_start_Geocaching/Geocaching_without_GPS/Lobio_radimo_registravimas1.jpg&quot; style=&quot;width: 434px; height: 300px; margin-left: 3px; margin-right: 3px;&quot; /&gt;&lt;/a&gt;&lt;/td&gt;\r\n			&lt;td&gt;&lt;a href=&quot;http://www.geoshop.lt/image/data/About_geocaching/How_to_start_Geocaching/Geocaching_without_GPS/http://www.geoshop.lt/image/data/About_geocaching/How_to_start_Geocaching/Geocaching_without_GPS/Lobio_radimo_registravimas2.jpg&quot; target=&quot;_blank&quot;&gt;&lt;img alt=&quot;&quot; src=&quot;http://www.geoshop.lt/image/data/About_geocaching/How_to_start_Geocaching/Geocaching_without_GPS/Lobio_radimo_registravimas2.jpg&quot; style=&quot;width: 409px; height: 300px; margin-left: 3px; margin-right: 3px;&quot; /&gt;&lt;/a&gt;&lt;/td&gt;\r\n		&lt;/tr&gt;\r\n		&lt;tr&gt;\r\n			&lt;td&gt;Aprašymo viršutiniame dešiniąjame kampe pasirinkite &quot;Log your visit&quot;&lt;/td&gt;\r\n			&lt;td&gt;Pasirinkę įrašo tipą &quot;Found it&quot;, įrašote radimo datą, komentarą, ir spaudžiate žemiau esantį mygtuką &quot;Submit log entry&quot;&lt;/td&gt;\r\n		&lt;/tr&gt;\r\n	&lt;/tbody&gt;\r\n&lt;/table&gt;\r\n\r\n&lt;p&gt;&amp;nbsp;&lt;/p&gt;\r\n\r\n&lt;p&gt;7. Štai ir viskas!&lt;/p&gt;\r\n'),(10,2,'Mūsų draugai','&lt;p&gt;&amp;nbsp;&lt;/p&gt;\r\n\r\n&lt;table border=&quot;0&quot; cellpadding=&quot;1&quot; cellspacing=&quot;1&quot; height=&quot;193&quot; style=&quot;width: 600px;&quot; width=&quot;500&quot;&gt;\r\n	&lt;tbody&gt;\r\n		&lt;tr&gt;\r\n			&lt;td&gt;Karatė Goju Ryu klubas &quot;&lt;strong&gt;DOJO&lt;/strong&gt;&quot;&lt;/td&gt;\r\n			&lt;td&gt;&lt;a href=&quot;http://dojo.lt/index.php&quot; target=&quot;_blank&quot;&gt;&lt;img alt=&quot;&quot; src=&quot;http://www.geoshop.lt/image/data/Logo/Friends/DOJO.jpg&quot; style=&quot;width: 300px; height: 72px;&quot; /&gt;&lt;/a&gt;&lt;/td&gt;\r\n		&lt;/tr&gt;\r\n		&lt;tr&gt;\r\n			&lt;td&gt;Geocaching\'o mokykla Lietuvoje - edukacinis būrelis vaikams ir paaugliams &quot;&lt;strong&gt;GeocachingSchool-LT&lt;/strong&gt;&quot;&lt;/td&gt;\r\n			&lt;td&gt;&lt;a href=&quot;https://www.facebook.com/GeocachingSchoolLT?fref=ts&quot; target=&quot;_blank&quot;&gt;&lt;img alt=&quot;&quot; src=&quot;http://www.geoshop.lt/image/data/Logo/Friends/GeocachingSchool-LT.jpg&quot; style=&quot;width: 242px; height: 100px;&quot; /&gt;&lt;/a&gt;&lt;/td&gt;\r\n		&lt;/tr&gt;\r\n		&lt;tr&gt;\r\n			&lt;td&gt;Informacinė svetainė geocaching mėgejams &quot;&lt;strong&gt;GeoLobiai.lt&lt;/strong&gt;&quot;&lt;/td&gt;\r\n			&lt;td&gt;&lt;a href=&quot;http://www.geolobiai.lt&quot; target=&quot;_blank&quot;&gt;&lt;img alt=&quot;&quot; src=&quot;http://www.geoshop.lt/image/data/Logo/Friends/Geolobiai.LT_logo.png&quot; style=&quot;width: 240px; height: 50px;&quot; /&gt;&lt;/a&gt;&lt;/td&gt;\r\n		&lt;/tr&gt;\r\n		&lt;tr&gt;\r\n			&lt;td&gt;Geokeliautojo Juozapo Žygo tinklaraštis &lt;strong&gt;&quot;Juozapas.lt&quot;&lt;/strong&gt;&lt;/td&gt;\r\n			&lt;td&gt;&lt;a href=&quot;http://juozapas.lt&quot; target=&quot;_blank&quot;&gt;&lt;img alt=&quot;&quot; src=&quot;http://www.geoshop.lt/image/data/Logo/Friends/JuozapasZygas.jpg&quot; style=&quot;width: 284px; height: 95px;&quot; /&gt;&lt;/a&gt;&lt;/td&gt;\r\n		&lt;/tr&gt;\r\n	&lt;/tbody&gt;\r\n&lt;/table&gt;\r\n\r\n&lt;p&gt;&amp;nbsp;&lt;/p&gt;\r\n'),(10,1,'Our friends','&lt;p&gt;&amp;nbsp;&lt;/p&gt;\r\n\r\n&lt;table border=&quot;0&quot; cellpadding=&quot;1&quot; cellspacing=&quot;1&quot; height=&quot;193&quot; style=&quot;width: 600px;&quot; width=&quot;500&quot;&gt;\r\n	&lt;tbody&gt;\r\n		&lt;tr&gt;\r\n			&lt;td&gt;Karate Goju Ryu club &quot;&lt;strong&gt;DOJO&lt;/strong&gt;&quot;&lt;/td&gt;\r\n			&lt;td&gt;&lt;a href=&quot;http://dojo.lt/index.php&quot; target=&quot;_blank&quot;&gt;&lt;img alt=&quot;&quot; src=&quot;http://www.geoshop.lt/image/data/Logo/Friends/DOJO.jpg&quot; style=&quot;width: 300px; height: 72px;&quot; /&gt;&lt;/a&gt;&lt;/td&gt;\r\n		&lt;/tr&gt;\r\n		&lt;tr&gt;\r\n			&lt;td&gt;Geocaching school for kids and teenagers in Lithuania &quot;&lt;strong&gt;GeocachingSchool-LT&lt;/strong&gt;&quot;&lt;/td&gt;\r\n			&lt;td&gt;&lt;a href=&quot;https://www.facebook.com/GeocachingSchoolLT?fref=ts&quot; target=&quot;_blank&quot;&gt;&lt;img alt=&quot;&quot; src=&quot;http://www.geoshop.lt/image/data/Logo/Friends/GeocachingSchool-LT.jpg&quot; style=&quot;width: 242px; height: 100px;&quot; /&gt;&lt;/a&gt;&lt;/td&gt;\r\n		&lt;/tr&gt;\r\n		&lt;tr&gt;\r\n			&lt;td&gt;Dainius Pilypas website about geocaching (in Lithuanian language) &quot;&lt;strong&gt;GeoLobiai.lt&lt;/strong&gt;&quot;&lt;/td&gt;\r\n			&lt;td&gt;&lt;a href=&quot;http://www.geolobiai.lt&quot; target=&quot;_blank&quot;&gt;&lt;img alt=&quot;&quot; src=&quot;http://www.geoshop.lt/image/data/Logo/Friends/Geolobiai.LT_logo.png&quot; style=&quot;width: 240px; height: 50px;&quot; /&gt;&lt;/a&gt;&lt;/td&gt;\r\n		&lt;/tr&gt;\r\n		&lt;tr&gt;\r\n			&lt;td&gt;Geotraveller\'s Juozapas Žygas website &lt;strong&gt;&quot;Juozapas.lt&quot;&lt;/strong&gt;&lt;/td&gt;\r\n			&lt;td&gt;&lt;a href=&quot;http://juozapas.lt&quot; target=&quot;_blank&quot;&gt;&lt;img alt=&quot;&quot; src=&quot;http://www.geoshop.lt/image/data/Logo/Friends/JuozapasZygas.jpg&quot; style=&quot;width: 284px; height: 95px;&quot; /&gt;&lt;/a&gt;&lt;/td&gt;\r\n		&lt;/tr&gt;\r\n	&lt;/tbody&gt;\r\n&lt;/table&gt;\r\n\r\n&lt;table border=&quot;0&quot; cellpadding=&quot;1&quot; cellspacing=&quot;1&quot; height=&quot;193&quot; width=&quot;500&quot;&gt;\r\n	&lt;tbody&gt;\r\n		&lt;tr&gt;\r\n			&lt;td&gt;&amp;nbsp;&lt;/td&gt;\r\n			&lt;td&gt;&amp;nbsp;&lt;/td&gt;\r\n		&lt;/tr&gt;\r\n	&lt;/tbody&gt;\r\n&lt;/table&gt;\r\n');
CREATE TABLE `oc_information_to_layout` (
  `information_id` int(11) NOT NULL,
  `store_id` int(11) NOT NULL,
  `layout_id` int(11) NOT NULL,
  PRIMARY KEY (`information_id`,`store_id`)
) ENGINE=MyISAM DEFAULT CHARSET=utf8;
INSERT INTO `oc_information_to_layout` VALUES (7,0,11),(10,0,11);
CREATE TABLE `oc_information_to_store` (
  `information_id` int(11) NOT NULL,
  `store_id` int(11) NOT NULL,
  PRIMARY KEY (`information_id`,`store_id`)
) ENGINE=MyISAM DEFAULT CHARSET=utf8;
INSERT INTO `oc_information_to_store` VALUES (3,0),(4,0),(5,0),(6,0),(7,0),(8,0),(9,0),(10,0);
CREATE TABLE `oc_language` (
  `language_id` int(11) NOT NULL AUTO_INCREMENT,
  `name` varchar(32) NOT NULL,
  `code` varchar(5) NOT NULL,
  `locale` varchar(255) NOT NULL,
  `image` varchar(64) NOT NULL,
  `directory` varchar(32) NOT NULL,
  `filename` varchar(64) NOT NULL,
  `sort_order` int(3) NOT NULL DEFAULT '0',
  `status` tinyint(1) NOT NULL,
  PRIMARY KEY (`language_id`),
  KEY `name` (`name`)
) ENGINE=MyISAM AUTO_INCREMENT=3 DEFAULT CHARSET=utf8;
INSERT INTO `oc_language` VALUES (1,'English','en','en_US.UTF-8,en_US,en-gb,english','gb.png','english','english',2,1),(2,'Lietuvių','lt','lt_LT.UTF-8,lt_LT,lithuanian','lt.png','lithuanian','lithuanian',1,1);
CREATE TABLE `oc_layout` (
  `layout_id` int(11) NOT NULL AUTO_INCREMENT,
  `name` varchar(64) NOT NULL,
  PRIMARY KEY (`layout_id`)
) ENGINE=MyISAM AUTO_INCREMENT=14 DEFAULT CHARSET=utf8;
INSERT INTO `oc_layout` VALUES (1,'Home'),(2,'Product'),(3,'Category'),(4,'Default'),(5,'Manufacturer'),(6,'Account'),(7,'Checkout'),(8,'Contact'),(9,'Sitemap'),(10,'Affiliate'),(11,'Information'),(12,'Apie Geocaching'),(13,'Atostogos 2015 04 03');
CREATE TABLE `oc_layout_route` (
  `layout_route_id` int(11) NOT NULL AUTO_INCREMENT,
  `layout_id` int(11) NOT NULL,
  `store_id` int(11) NOT NULL,
  `route` varchar(255) NOT NULL,
  PRIMARY KEY (`layout_route_id`)
) ENGINE=MyISAM AUTO_INCREMENT=37 DEFAULT CHARSET=utf8;
INSERT INTO `oc_layout_route` VALUES (30,6,0,'account'),(17,10,0,'affiliate/'),(29,3,0,'product/category'),(26,1,0,'common/home'),(20,2,0,'product/product'),(24,11,0,'information/information'),(22,5,0,'product/manufacturer'),(23,7,0,'checkout/'),(31,8,0,'information/contact'),(32,9,0,'information/sitemap'),(35,12,0,'Geocaching/about_geocaching1'),(36,13,0,'');
CREATE TABLE `oc_length_class` (
  `length_class_id` int(11) NOT NULL AUTO_INCREMENT,
  `value` decimal(15,8) NOT NULL,
  PRIMARY KEY (`length_class_id`)
) ENGINE=MyISAM AUTO_INCREMENT=4 DEFAULT CHARSET=utf8;
INSERT INTO `oc_length_class` VALUES (1,1.00000000),(2,10.00000000),(3,0.39370000);
CREATE TABLE `oc_length_class_description` (
  `length_class_id` int(11) NOT NULL AUTO_INCREMENT,
  `language_id` int(11) NOT NULL,
  `title` varchar(32) NOT NULL,
  `unit` varchar(4) NOT NULL,
  PRIMARY KEY (`length_class_id`,`language_id`)
) ENGINE=MyISAM AUTO_INCREMENT=4 DEFAULT CHARSET=utf8;
INSERT INTO `oc_length_class_description` VALUES (1,1,'Centimeter','cm'),(2,1,'Millimeter','mm'),(3,1,'Inch','in'),(1,2,'Centimeter','cm'),(2,2,'Millimeter','mm'),(3,2,'Inch','in');
CREATE TABLE `oc_manufacturer` (
  `manufacturer_id` int(11) NOT NULL AUTO_INCREMENT,
  `name` varchar(64) NOT NULL,
  `image` varchar(255) DEFAULT NULL,
  `sort_order` int(3) NOT NULL,
  PRIMARY KEY (`manufacturer_id`)
) ENGINE=MyISAM AUTO_INCREMENT=19 DEFAULT CHARSET=utf8;
INSERT INTO `oc_manufacturer` VALUES (5,'Oakcoins','data/Manufacturers/Oakcoins.jpg',4),(6,'Shiny','data/Manufacturers/Shiny logo.jpg',7),(7,'Geocaching.com','data/Manufacturers/Official GC distributor2.png',2),(8,'Groundspeak','data/Manufacturers/Groundspeak.gif',3),(9,'CacheMark','data/Manufacturers/cachemark.png',1),(10,'Rite in the Rain','data/Manufacturers/rite-in-the-rain.gif',6),(14,'Sanyo','data/Manufacturers/Sanyo-Logo.jpg',0),(11,'Geoshop.LT','data/Logo/Geoshop.lt_logo_100.jpg',5),(12,'Geoswag','data/Manufacturers/Geoswag.gif',9),(13,'Demo','',0),(16,'CoinsAndPins','',0),(17,'Geocoinshop.de','data/Manufacturers/GeoCOINshop.de.jpg',0),(18,'JP ','',0);
CREATE TABLE `oc_manufacturer_to_store` (
  `manufacturer_id` int(11) NOT NULL,
  `store_id` int(11) NOT NULL,
  PRIMARY KEY (`manufacturer_id`,`store_id`)
) ENGINE=MyISAM DEFAULT CHARSET=utf8;
INSERT INTO `oc_manufacturer_to_store` VALUES (5,0),(6,0),(7,0),(8,0),(9,0),(10,0),(11,0),(12,0),(14,0),(16,0),(17,0),(18,0);
CREATE TABLE `oc_option` (
  `option_id` int(11) NOT NULL AUTO_INCREMENT,
  `type` varchar(32) NOT NULL,
  `sort_order` int(3) NOT NULL,
  PRIMARY KEY (`option_id`)
) ENGINE=MyISAM AUTO_INCREMENT=14 DEFAULT CHARSET=utf8;
INSERT INTO `oc_option` VALUES (1,'radio',2),(2,'checkbox',3),(4,'text',4),(5,'select',1),(6,'textarea',5),(7,'file',6),(8,'date',7),(9,'time',8),(10,'datetime',9),(11,'select',1),(12,'date',1),(13,'checkbox',6);
CREATE TABLE `oc_option_description` (
  `option_id` int(11) NOT NULL,
  `language_id` int(11) NOT NULL,
  `name` varchar(128) NOT NULL,
  PRIMARY KEY (`option_id`,`language_id`)
) ENGINE=MyISAM DEFAULT CHARSET=utf8;
INSERT INTO `oc_option_description` VALUES (1,1,'Radio'),(2,2,'Graviravimas'),(4,1,'Text'),(6,1,'Textarea'),(8,1,'Date'),(7,1,'File'),(5,1,'Select'),(9,1,'Time'),(10,1,'Date &amp; Time'),(12,1,'Delivery Date'),(11,1,'Size'),(1,2,'Radio'),(4,2,'Text'),(6,2,'Textarea'),(8,2,'Date'),(7,2,'File'),(5,2,'Select'),(9,2,'Time'),(10,2,'Date &amp; Time'),(12,2,'Delivery Date'),(11,2,'Dydis'),(2,1,'Engraving'),(13,2,'Maketavimo paslauga'),(13,1,'Geocoin design');
CREATE TABLE `oc_option_value` (
  `option_value_id` int(11) NOT NULL AUTO_INCREMENT,
  `option_id` int(11) NOT NULL,
  `image` varchar(255) NOT NULL,
  `sort_order` int(3) NOT NULL,
  PRIMARY KEY (`option_value_id`)
) ENGINE=MyISAM AUTO_INCREMENT=50 DEFAULT CHARSET=utf8;
INSERT INTO `oc_option_value` VALUES (43,1,'',3),(32,1,'',1),(49,13,'',0),(24,2,'no_image.jpg',2),(42,5,'',4),(41,5,'',3),(39,5,'',1),(40,5,'',2),(31,1,'',2),(46,11,'no_image.jpg',1),(47,11,'no_image.jpg',2),(48,11,'no_image.jpg',3);
CREATE TABLE `oc_option_value_description` (
  `option_value_id` int(11) NOT NULL,
  `language_id` int(11) NOT NULL,
  `option_id` int(11) NOT NULL,
  `name` varchar(128) NOT NULL,
  PRIMARY KEY (`option_value_id`,`language_id`)
) ENGINE=MyISAM DEFAULT CHARSET=utf8;
INSERT INTO `oc_option_value_description` VALUES (43,1,1,'Large'),(32,1,1,'Small'),(49,1,13,'Geocoin design'),(31,1,1,'Medium'),(42,1,5,'Yellow'),(41,1,5,'Green'),(39,1,5,'Red'),(40,1,5,'Blue'),(49,2,13,'Maketavimo paslauga'),(48,1,11,'Large'),(48,2,11,'Large'),(47,1,11,'Medium'),(43,2,1,'Large'),(32,2,1,'Small'),(24,1,2,'Laser engraving'),(31,2,1,'Medium'),(42,2,5,'Yellow'),(41,2,5,'Green'),(39,2,5,'Red'),(40,2,5,'Blue'),(24,2,2,'Lazerinis graviravimas'),(47,2,11,'Medium'),(46,1,11,'Small'),(46,2,11,'Small');
CREATE TABLE `oc_order` (
  `order_id` int(11) NOT NULL AUTO_INCREMENT,
  `invoice_no` int(11) NOT NULL DEFAULT '0',
  `invoice_prefix` varchar(26) NOT NULL,
  `store_id` int(11) NOT NULL DEFAULT '0',
  `store_name` varchar(64) NOT NULL,
  `store_url` varchar(255) NOT NULL,
  `customer_id` int(11) NOT NULL DEFAULT '0',
  `customer_group_id` int(11) NOT NULL DEFAULT '0',
  `firstname` varchar(32) NOT NULL,
  `lastname` varchar(32) NOT NULL,
  `email` varchar(96) NOT NULL,
  `telephone` varchar(32) NOT NULL,
  `fax` varchar(32) NOT NULL,
  `payment_firstname` varchar(32) NOT NULL,
  `payment_lastname` varchar(32) NOT NULL,
  `payment_company` varchar(32) NOT NULL,
  `payment_company_id` varchar(32) NOT NULL,
  `payment_tax_id` varchar(32) NOT NULL,
  `payment_address_1` varchar(128) NOT NULL,
  `payment_address_2` varchar(128) NOT NULL,
  `payment_city` varchar(128) NOT NULL,
  `payment_postcode` varchar(10) NOT NULL,
  `payment_country` varchar(128) NOT NULL,
  `payment_country_id` int(11) NOT NULL,
  `payment_zone` varchar(128) NOT NULL,
  `payment_zone_id` int(11) NOT NULL,
  `payment_address_format` text NOT NULL,
  `payment_method` varchar(128) NOT NULL,
  `payment_code` varchar(128) NOT NULL,
  `shipping_firstname` varchar(32) NOT NULL,
  `shipping_lastname` varchar(32) NOT NULL,
  `shipping_company` varchar(32) NOT NULL,
  `shipping_address_1` varchar(128) NOT NULL,
  `shipping_address_2` varchar(128) NOT NULL,
  `shipping_city` varchar(128) NOT NULL,
  `shipping_postcode` varchar(10) NOT NULL,
  `shipping_country` varchar(128) NOT NULL,
  `shipping_country_id` int(11) NOT NULL,
  `shipping_zone` varchar(128) NOT NULL,
  `shipping_zone_id` int(11) NOT NULL,
  `shipping_address_format` text NOT NULL,
  `shipping_method` varchar(128) NOT NULL,
  `shipping_code` varchar(128) NOT NULL,
  `comment` text NOT NULL,
  `total` decimal(15,4) NOT NULL DEFAULT '0.0000',
  `order_status_id` int(11) NOT NULL DEFAULT '0',
  `affiliate_id` int(11) NOT NULL,
  `commission` decimal(15,4) NOT NULL,
  `language_id` int(11) NOT NULL,
  `currency_id` int(11) NOT NULL,
  `currency_code` varchar(3) NOT NULL,
  `currency_value` decimal(15,8) NOT NULL DEFAULT '1.00000000',
  `ip` varchar(40) NOT NULL,
  `forwarded_ip` varchar(40) NOT NULL,
  `user_agent` varchar(255) NOT NULL,
  `accept_language` varchar(255) NOT NULL,
  `date_added` datetime NOT NULL,
  `date_modified` datetime NOT NULL,
  PRIMARY KEY (`order_id`)
) ENGINE=MyISAM AUTO_INCREMENT=562 DEFAULT CHARSET=utf8;
INSERT INTO `oc_order` VALUES (102,8,'GEO-2014-',0,'Geoshop.LT','http://www.geoshop.lt/',9,1,'Andrius','Jakas','anddrius@gmail.com','862126765','','Andrius','Jakas','','','','S.Dariaus ir S.Girėno 1-6','','Šilalė','','Lithuania',123,'Taurage',1917,'','Banko pavedimu','bank_transfer','Andrius','Jakas','','S.Dariaus ir S.Girėno 1-6','','Šilalė','','Lithuania',123,'Taurage',1917,'','Pristatymas  Lietuvos paštu','weight.weight_5','Visada malonu gauti iš pardavėjo dar ir dovanėlių, jei būtų galimybė :) Ačiū',24.9500,5,0,0.0000,2,4,'LTL',1.00000000,'81.7.78.38','','Mozilla/5.0 (Windows NT 6.1; WOW64) AppleWebKit/537.36 (KHTML, like Gecko) Chrome/33.0.1750.146 Safari/537.36','lt,en-US;q=0.8,en;q=0.6,ru;q=0.4,pl;q=0.2','2014-03-13 17:59:22','2014-04-09 12:39:54'),(3,0,'INV-2013-00',0,'geoshop.lt','http://www.geoshop.lt/',0,1,'xcvzxcv','xzcvxzcv','samiras_sp@yahoo.com','azxcvzxcvzx','','xcvzxcv','xzcvxzcv','','','','xzcvxczv','','xzcvxczv','51450','Lithuania',123,'Klaipeda',1913,'','Mokėjimai.lt','paysera','xcvzxcv','xzcvxzcv','','xzcvxczv','','xzcvxczv','51450','Lithuania',123,'Klaipeda',1913,'','Lietuva  (Svoris: 5.00kg)','weight.weight_5','komentaras',110.0000,0,0,0.0000,2,2,'USD',1.00000000,'5.20.177.240','','Mozilla/5.0 (Windows NT 5.1; rv:25.0) Gecko/20100101 Firefox/25.0','en-US,en;q=0.5','2013-12-07 15:29:49','2013-12-07 15:29:49'),(109,12,'GEO-2014-',0,'Geoshop.LT','http://www.geoshop.lt/',0,1,'Mario','Mustkivi','mustkivi@gmail.com','+37256471441','','Mario','Mustkivi','','','','Tulbi 11','Paralepa alevik','Ridala vald','90403','Estonia',67,'Laanemaa (Haapsalu)',1060,'','PayPal','pp_standard','Mario','Mustkivi','','Tulbi 11','Paralepa alevik','Ridala vald','90403','Estonia',67,'Laanemaa (Haapsalu)',1060,'','Express to post24.lt terminal,EE','weight.weight_14','Tallinna Järve Keskuse pakiautomaat',91.1500,5,0,0.0000,1,3,'EUR',0.31700000,'90.190.173.251','','Mozilla/5.0 (Windows NT 6.1; WOW64) AppleWebKit/537.36 (KHTML, like Gecko) Chrome/33.0.1750.154 Safari/537.36','et-EE,et;q=0.8,en-US;q=0.6,en;q=0.4','2014-04-02 23:35:42','2014-04-28 14:23:45'),(103,0,'GEO-2014-',0,'Geoshop.LT','http://www.geoshop.lt/',11,1,'Justė','Trinkūnaitė','fenixe@gmail.com','865372159','','Justė','Trinkūnaitė','','','','Partizanų 10c - 5','','Kaunas','50213','Lithuania',123,'Kaunas',1912,'','PayPal','pp_standard','Justė','Trinkūnaitė','','Partizanų 10c - 5','','Kaunas','50213','Lithuania',123,'Kaunas',1912,'','Pristatymas  Lietuvos paštu','weight.weight_5','',39.9000,0,0,0.0000,2,4,'LTL',1.00000000,'94.244.103.38','','Mozilla/5.0 (Macintosh; Intel Mac OS X 10.9; rv:27.0) Gecko/20100101 Firefox/27.0','en-US,en;q=0.5','2014-03-19 13:01:32','2014-03-19 13:01:32'),(104,9,'GEO-2014-',0,'Geoshop.LT','http://www.geoshop.lt/',11,1,'Justė','Trinkūnaitė','fenixe@gmail.com','865372159','','Justė','Trinkūnaitė','','','','Partizanų 10c - 5','','Kaunas','50213','Lithuania',123,'Kaunas',1912,'','Banko pavedimu','bank_transfer','Justė','Trinkūnaitė','','Partizanų 10c - 5','','Kaunas','50213','Lithuania',123,'Kaunas',1912,'','Pristatymas  Lietuvos paštu','weight.weight_5','',39.9000,5,0,0.0000,2,4,'LTL',1.00000000,'94.244.103.38','','Mozilla/5.0 (Macintosh; Intel Mac OS X 10.9; rv:27.0) Gecko/20100101 Firefox/27.0','en-US,en;q=0.5','2014-03-19 13:02:30','2014-04-09 12:41:19'),(105,10,'GEO-2014-',0,'Geoshop.LT','http://www.geoshop.lt/',0,1,'Gunita','Laicāne','gunitalai@inbox.lv','+37129445914','','Gunita','Laicāne','','','','Brivibas 47','Teatra iela 6-39','Balvi','LV-4501','Latvia',117,'Balvu Rajons',1821,'','PayPal','pp_standard','Gunita','Laicāne','','Brivibas 47','Teatra iela 6-39','Balvi','LV-4501','Latvia',117,'Balvu Rajons',1821,'','Express to post24.lt terminal,LV','weight.weight_13','',80.5000,5,0,0.0000,1,4,'LTL',1.00000000,'91.190.45.2','','Mozilla/5.0 (Windows NT 6.1; WOW64) AppleWebKit/537.36 (KHTML, like Gecko) Chrome/33.0.1750.154 Safari/537.36','lv-LV,lv;q=0.8,en-US;q=0.6,en;q=0.4','2014-03-21 10:54:37','2014-04-09 12:43:45'),(106,0,'GEO-2014-',0,'Geoshop.LT','http://www.geoshop.lt/',0,1,'Saulius','Guobužas','saerog@yahoo.com','+37062173606','','Saulius','Guobužas','','','','Taikos 92-26','','Utena','28163','Lithuania',123,'Utena',1919,'','Banko pavedimu','bank_transfer','Saulius','Guobužas','','Taikos 92-26','','Utena','28163','Lithuania',123,'Utena',1919,'','Pristatymas  Lietuvos paštu','weight.weight_5','',6.5000,7,0,0.0000,2,4,'LTL',1.00000000,'78.60.179.102','','Mozilla/5.0 (Windows NT 6.1; WOW64) AppleWebKit/537.36 (KHTML, like Gecko) Chrome/33.0.1750.154 Safari/537.36','en-US,en;q=0.8,lt;q=0.6','2014-03-27 10:26:06','2014-03-31 10:43:07'),(107,0,'GEO-2014-',0,'Geoshop.LT','http://www.geoshop.lt/',13,1,'Dailius','Urbanavicius','info@manofotoknyga.lt','868751517','','Dailius','Urbanavicius','UAB AD LIBROS','181610165','','Sv. Stepono 16-1','','Vilnius','','Lithuania',123,'Vilnius',1920,'','Banko pavedimu','bank_transfer','Dailius','Urbanavicius','UAB AD LIBROS','Sv. Stepono 16-1','','Vilnius','','Lithuania',123,'Vilnius',1920,'','Pristatymas  Lietuvos paštu','weight.weight_5','',15.4000,0,0,0.0000,2,4,'LTL',1.00000000,'78.56.53.246','','Mozilla/5.0 (Windows NT 5.1) AppleWebKit/537.36 (KHTML, like Gecko) Chrome/33.0.1750.154 Safari/537.36','lt,en-US;q=0.8,en;q=0.6,ru;q=0.4,pl;q=0.2','2014-04-01 10:11:02','2014-04-01 10:11:02'),(108,11,'GEO-2014-',0,'Geoshop.LT','http://www.geoshop.lt/',13,1,'Dailius','Urbanavicius','info@manofotoknyga.lt','868751517','','Dailius','Urbanavicius','UAB AD LIBROS','181610165','','Sv. Stepono 16-1','','Vilnius','','Lithuania',123,'Vilnius',1920,'','Banko pavedimu','bank_transfer','Dailius','Urbanavicius','UAB AD LIBROS','Sv. Stepono 16-1','','Vilnius','','Lithuania',123,'Vilnius',1920,'','Pristatymas  Lietuvos paštu','weight.weight_5','',15.4000,5,0,0.0000,2,4,'LTL',1.00000000,'78.56.53.246','','Mozilla/5.0 (Windows NT 5.1) AppleWebKit/537.36 (KHTML, like Gecko) Chrome/33.0.1750.154 Safari/537.36','lt,en-US;q=0.8,en;q=0.6,ru;q=0.4,pl;q=0.2','2014-04-01 10:12:39','2014-04-09 12:47:21'),(80,0,'GEO-2014-',0,'Geoshop.lt','http://www.geoshop.lt/',0,1,'asd','asda','samiras_sp@yahoo.com','dasd','','asd','asda','','','','sadsa','dsadas','dsadas','sadas','Lithuania',123,'Utena',1919,'','Banko pavedimu','bank_transfer','asd','asda','','sadsa','dsadas','dsadas','sadas','Lithuania',123,'Utena',1919,'','Pristatymas  Lietuvos paštu','weight.weight_5','',13.0000,3,0,0.0000,2,4,'LTL',1.00000000,'5.20.177.240','','Mozilla/5.0 (Windows NT 5.1; rv:26.0) Gecko/20100101 Firefox/26.0','en-US,en;q=0.5','2014-01-13 21:59:38','2014-03-07 09:10:59'),(81,0,'GEO-2014-',0,'Geoshop.lt','http://www.geoshop.lt/',0,1,'dfgsd','dsfgdfs','samiras_sp@yahoo.com','asdas','','dfgsd','dsfgdfs','','','','sadsfgfdsg','','rr','sadas','Latvia',117,'Limbazu Rajons',1832,'','PayPal','pp_standard','dfgsd','dsfgdfs','','sadsfgfdsg','','rr','sadas','Latvia',117,'Limbazu Rajons',1832,'','Shipping to EU','weight.weight_6','',34.0000,0,0,0.0000,1,3,'EUR',0.28940001,'5.20.177.240','','Mozilla/5.0 (Windows NT 5.1; rv:26.0) Gecko/20100101 Firefox/26.0','en-US,en;q=0.5','2014-01-19 12:09:51','2014-01-19 12:09:51'),(82,0,'GEO-2014-',0,'Geoshop.lt','http://www.geoshop.lt/',0,1,'asdasd','asdsa','samiras_sp@yahoo.com','dsafasdf','','asdasd','asdsa','','','','sadfsda','','sdfas','dsafs','Lithuania',123,'Alytus',1911,'','PayPal','pp_standard','asdasd','asdsa','','sadfsda','','sdfas','dsafs','Lithuania',123,'Alytus',1911,'','Pristatymas  Lietuvos paštu','weight.weight_5','',21.0000,0,0,0.0000,2,4,'LTL',1.00000000,'195.182.66.90','','Mozilla/5.0 (Windows NT 6.1; WOW64; rv:26.0) Gecko/20100101 Firefox/26.0','en-US,en;q=0.5','2014-01-21 12:25:26','2014-01-21 12:25:26'),(83,0,'GEO-2014-',0,'Geoshop.lt','http://www.geoshop.lt/',0,1,'asdfasd','fasdf','samiras_sp@yahoo.com','sdfasdf','','asdfasd','fasdf','','','','sdfa','','sadfasdf','','Lithuania',123,'Klaipeda',1913,'','PayPal','pp_standard','asdfasd','fasdf','','sdfa','','sadfasdf','','Lithuania',123,'Klaipeda',1913,'','Pristatymas  Lietuvos paštu','weight.weight_5','',13.0000,0,0,0.0000,1,4,'LTL',1.00000000,'195.182.66.90','','Mozilla/5.0 (Windows NT 6.1; WOW64; rv:26.0) Gecko/20100101 Firefox/26.0','en-US,en;q=0.5','2014-01-21 12:47:05','2014-01-21 12:47:05'),(84,0,'GEO-2014-',0,'Geoshop.lt','http://www.geoshop.lt/',0,1,'Matiss','Zilaisgailis','maters33@inbox.lv','+37126090900','','Matiss','Zilaisgailis','','','','Bruklenu street 81','','Riga','1058','Latvia',117,'Riga',1850,'','PayPal','pp_standard','Matiss','Zilaisgailis','','Bruklenu street 81','','Riga','1058','Latvia',117,'Riga',1850,'','Shipping to EU','weight.weight_6','',83.0000,0,0,0.0000,1,3,'EUR',0.31700000,'81.198.141.157','','Mozilla/5.0 (Windows NT 6.0) AppleWebKit/537.36 (KHTML, like Gecko) Chrome/32.0.1700.76 Safari/537.36','en-GB,en;q=0.8,lv;q=0.6','2014-01-21 16:33:46','2014-01-21 16:33:46'),(85,0,'GEO-2014-',0,'Geoshop.lt','http://www.geoshop.lt/',0,1,'Matiss','Zilaisgailis','maters33@inbox.lv','+37126090900','','Matiss','Zilaisgailis','','','','Bruklenu street 81','','Riga','1058','Latvia',117,'Riga',1850,'','PayPal','pp_standard','Matiss','Zilaisgailis','','Bruklenu street 81','','Riga','1058','Latvia',117,'Riga',1850,'','Shipping to EU','weight.weight_6','',65.0000,0,0,0.0000,1,3,'EUR',0.31700000,'81.198.141.157','','Mozilla/5.0 (Windows NT 6.0) AppleWebKit/537.36 (KHTML, like Gecko) Chrome/32.0.1700.76 Safari/537.36','en-GB,en;q=0.8,lv;q=0.6','2014-01-21 16:40:07','2014-01-21 16:40:07'),(86,1,'GEO-2014-',0,'Geoshop.lt','http://www.geoshop.lt/',0,1,'Matiss','Zilaisgailis','maters33@inbox.lv','+37126090900','','Matiss','Zilaisgailis','','','','Bruklenu street 81','','Riga','1058','Latvia',117,'Riga',1850,'','PayPal','pp_standard','Matiss','Zilaisgailis','','Bruklenu street 81','','Riga','1058','Latvia',117,'Riga',1850,'','Shipping to EU','weight.weight_6','',65.0000,5,0,0.0000,1,3,'EUR',0.31700000,'81.198.141.157','','Mozilla/5.0 (Windows NT 6.0) AppleWebKit/537.36 (KHTML, like Gecko) Chrome/32.0.1700.76 Safari/537.36','en-GB,en;q=0.8,lv;q=0.6','2014-01-21 16:51:04','2014-02-04 15:49:40'),(87,0,'GEO-2014-',0,'Geoshop.lt','http://www.geoshop.lt/',0,1,' TEST Guest Checkout',' Guest Checkout','rimas.travel@gmail.com',' Guest Checkout','',' Guest Checkout',' Guest Checkout','','','','Address 1:','','City','Post Code:','Lithuania',123,'Alytus',1911,'','Bank Transfer','bank_transfer',' Guest Checkout',' Guest Checkout','','Address 1:','','City','Post Code:','Lithuania',123,'Alytus',1911,'','Pristatymas  Lietuvos paštu','weight.weight_5','Bank Transfer Comments ',13.0000,3,0,0.0000,1,4,'LTL',1.00000000,'5.20.177.240','','Mozilla/5.0 (Windows NT 5.1; rv:26.0) Gecko/20100101 Firefox/26.0','en-US,en;q=0.5','2014-01-21 18:48:51','2014-03-07 09:11:21'),(88,0,'GEO-2014-',0,'Geoshop.lt','http://www.geoshop.lt/',0,1,'th','fbdf','dfdsg@fbfb.lt','b fd','','th','fbdf','','','','fgfdvbgg','','vilnius','','Lithuania',123,'Vilnius',1920,'','Banko pavedimu','bank_transfer','th','fbdf','','fgfdvbgg','','vilnius','','Lithuania',123,'Vilnius',1920,'','Pristatymas  Lietuvos paštu','weight.weight_5','',11.0000,0,0,0.0000,2,4,'LTL',1.00000000,'84.240.28.239','','Mozilla/5.0 (Windows NT 6.1; WOW64; Trident/7.0; rv:11.0) like Gecko','lt-LT','2014-01-29 12:53:30','2014-01-29 12:53:30'),(89,2,'GEO-2014-',0,'Geoshop.lt','http://www.geoshop.lt/',0,1,'Taurius','Petraitis','tauriusp@gmail.com','868987533','','Taurius','Petraitis','','','','Birutės 20A-1','','Kaunas','45325','Lithuania',123,'Kaunas',1912,'','PayPal','pp_standard','Taurius','Petraitis','','Birutės 20A-1','','Kaunas','45325','Lithuania',123,'Kaunas',1912,'','Pristatymas  Lietuvos paštu','weight.weight_5','',17.0000,5,0,0.0000,2,4,'LTL',1.00000000,'78.62.179.18','','Mozilla/5.0 (Windows NT 6.3; WOW64) AppleWebKit/537.36 (KHTML, like Gecko) Chrome/32.0.1700.107 Safari/537.36','lt,en-US;q=0.8,en;q=0.6,ru;q=0.4,pl;q=0.2','2014-02-08 12:49:25','2014-02-16 10:02:25'),(90,0,'GEO-2014-',0,'Geoshop.lt','http://www.geoshop.lt/',0,1,'Eduards','Dombrovskis','eduards.dombrovskis@gmail.com','27642523','','Eduards','Dombrovskis','','','','Višķu iela 13 - 24','','Riga','LV-1057','Latvia',117,'Riga',1850,'','PayPal','pp_standard','Eduards','Dombrovskis','','Višķu iela 13 - 24','','Riga','LV-1057','Latvia',117,'Riga',1850,'','Shipping to EU','weight.weight_6','',30.5000,0,0,0.0000,1,4,'LTL',1.00000000,'80.233.160.187','','Mozilla/5.0 (Windows NT 5.1; rv:27.0) Gecko/20100101 Firefox/27.0','lv,en-us;q=0.7,en;q=0.3','2014-02-17 12:43:17','2014-02-17 12:43:17'),(91,0,'GEO-2014-',0,'Geoshop.lt','http://www.geoshop.lt/',3,1,'Eduards','Dombrovskis','eduards.dombrovskis@gmail.com','27642523','','Eduards','Dombrovskis','','','','Višķu iela 13 - 24','','Riga','LV-1057','Latvia',117,'Riga',1850,'','PayPal','pp_standard','Eduards','Dombrovskis','','Višķu iela 13 - 24','','Riga','LV-1057','Latvia',117,'Riga',1850,'','Shipping to EU','weight.weight_6','',29.0000,0,0,0.0000,1,4,'LTL',1.00000000,'80.233.160.187','','Mozilla/5.0 (Windows NT 5.1; rv:27.0) Gecko/20100101 Firefox/27.0','lv,en-us;q=0.7,en;q=0.3','2014-02-21 12:59:33','2014-02-21 12:59:33'),(92,0,'GEO-2014-',0,'Geoshop.lt','http://www.geoshop.lt/',3,1,'Eduards','Dombrovskis','eduards.dombrovskis@gmail.com','27642523','','Eduards','Dombrovskis','','','','Višķu iela 13 - 24','','Riga','LV-1057','Latvia',117,'Riga',1850,'','PayPal','pp_standard','Eduards','Dombrovskis','','Višķu iela 13 - 24','','Riga','LV-1057','Latvia',117,'Riga',1850,'','Shipping to EU','weight.weight_6','',67.2500,0,0,0.0000,1,4,'LTL',1.00000000,'80.233.160.187','','Mozilla/5.0 (Windows NT 5.1; rv:27.0) Gecko/20100101 Firefox/27.0','lv,en-us;q=0.7,en;q=0.3','2014-02-21 13:09:03','2014-02-21 13:09:03'),(93,3,'GEO-2014-',0,'Geoshop.lt','http://www.geoshop.lt/',4,1,'Mindaugas','Pakalniskis','mindaugas@pakalniskis.lt','869623642','','Mindaugas','Pakalniskis','','','','Studentų g. 69-511','','Kaunas','','Lithuania',123,'Kaunas',1912,'','Banko pavedimu','bank_transfer','Dominykas','Žernys','','Gedvydžių g, 35-28','','Vilnius','','Lithuania',123,'Vilnius',1920,'','Pristatymas  Lietuvos paštu','weight.weight_5','',29.5000,5,0,0.0000,2,4,'LTL',1.00000000,'78.56.202.53','','Mozilla/5.0 (Windows NT 6.1; WOW64) AppleWebKit/537.36 (KHTML, like Gecko) Chrome/32.0.1700.107 Safari/537.36','lt,en-US;q=0.8,en;q=0.6,ru;q=0.4,pl;q=0.2,de;q=0.2','2014-02-23 18:16:28','2014-03-02 08:47:44'),(94,0,'GEO-2014-',0,'Geoshop.LT','http://www.geoshop.lt/',5,1,'Eglė','fffff','maldziunaite@gmail.com','888888888888888','','Eglė','fffff','','','','fffffffffff','ffffffffffffff','Vilnius','','Lithuania',123,'Vilnius',1920,'','Banko pavedimu','bank_transfer','Eglė','fffff','','fffffffffff','ffffffffffffff','Vilnius','','Lithuania',123,'Vilnius',1920,'','Pristatymas LP Express kurjeriu','weight.weight_8','',17.0000,0,0,0.0000,2,4,'LTL',1.00000000,'78.56.239.165','','Mozilla/5.0 (Windows NT 6.1; WOW64; rv:27.0) Gecko/20100101 Firefox/27.0','en-US,en;q=0.5','2014-03-03 20:13:54','2014-03-03 20:13:54'),(95,4,'GEO-2014-',0,'Geoshop.LT','http://www.geoshop.lt/',6,1,'Tomas','Matijosaitis','tomopastas777@gmail.com','0037067204436','','Tomas','Matijosaitis','','','','Laisves pr. 72-7','','Vilnius','05263','Lithuania',123,'Vilnius',1920,'','Banko pavedimu','bank_transfer','Tomas','Matijosaitis','','Laisves pr. 72-7','','Vilnius','05263','Lithuania',123,'Vilnius',1920,'','Pristatymas  Lietuvos paštu','weight.weight_5','',66.4000,5,0,0.0000,2,4,'LTL',1.00000000,'85.166.68.134','','Mozilla/5.0 (Linux; U; Android 4.3; lt-lt; HTC_One_mini Build/JSS15Q) AppleWebKit/534.30 (KHTML, like Gecko) Version/4.0 Mobile Safari/534.30','lt-LT, en-US','2014-03-06 19:06:50','2014-03-14 11:03:04'),(96,5,'GEO-2014-',0,'Geoshop.LT','http://www.geoshop.lt/',0,1,'Marius','Žiulys','marius.ziulys@gmail.com','868782611','','Marius','Žiulys','','','','Pramonės pr. 91-13','','Kaunas','50352','Lithuania',123,'Kaunas',1912,'','Banko pavedimu','bank_transfer','Marius','Žiulys','','Pramonės pr. 91-13','','Kaunas','50352','Lithuania',123,'Kaunas',1912,'','Pristatymas  Lietuvos paštu','weight.weight_5','',28.4000,5,0,0.0000,2,4,'LTL',1.00000000,'88.118.34.217','','Mozilla/5.0 (Windows NT 6.1; WOW64) AppleWebKit/537.36 (KHTML, like Gecko) Chrome/33.0.1750.146 Safari/537.36','lt,en-US;q=0.8,en;q=0.6,ru;q=0.4,pl;q=0.2','2014-03-07 19:25:32','2014-03-14 11:03:37'),(97,0,'GEO-2014-',0,'Geoshop.LT','http://www.geoshop.lt/',7,1,'Marius','Žiulys','marius.ziulys@gmail.com','868782611','','Marius','Žiulys','','','','Pramonės pr. 91-13','','Kaunas','50352','Lithuania',123,'Kaunas',1912,'','Banko pavedimu','bank_transfer','Marius','Žiulys','','Pramonės pr. 91-13','','Kaunas','50352','Lithuania',123,'Kaunas',1912,'','Pristatymas  Lietuvos paštu','weight.weight_5','',28.4000,0,0,0.0000,2,4,'LTL',1.00000000,'88.118.34.217','','Mozilla/5.0 (Windows NT 6.1; WOW64) AppleWebKit/537.36 (KHTML, like Gecko) Chrome/33.0.1750.146 Safari/537.36','lt,en-US;q=0.8,en;q=0.6,ru;q=0.4,pl;q=0.2','2014-03-07 19:32:19','2014-03-07 19:32:19'),(98,6,'GEO-2014-',0,'Geoshop.LT','http://www.geoshop.lt/',8,1,'Valdas','Serapinas','ser@delfi.lt','861670526','','Valdas','Serapinas','','','','Dzūkų 25-5','','Vilnius','','Lithuania',123,'Vilnius',1920,'','PayPal','pp_standard','Valdas','Serapinas','','Dzūkų 25-5','','Vilnius','','Lithuania',123,'Vilnius',1920,'','Pristatymas  Lietuvos paštu','weight.weight_5','',23.0000,5,0,0.0000,2,4,'LTL',1.00000000,'79.133.246.116','','Mozilla/5.0 (Windows NT 6.1; rv:27.0) Gecko/20100101 Firefox/27.0','lt,en-us;q=0.8,en;q=0.6,ru;q=0.4,pl;q=0.2','2014-03-09 21:59:27','2014-03-14 11:04:04'),(99,7,'GEO-2014-',0,'Geoshop.LT','http://www.geoshop.lt/',0,1,'Girts','Teilans','girts.teilans@winwood.lv','+37129440812','','Girts','Teilans','','','','Partizanu 47','','Balvi','LV-4501','Latvia',117,'Balvu Rajons',1821,'','PayPal','pp_standard','Girts','Teilans','','Partizanu 47','','Balvi','LV-4501','Latvia',117,'Balvu Rajons',1821,'','Shipping to EU','weight.weight_6','',81.1000,5,0,0.0000,1,3,'EUR',0.31700000,'80.232.220.191','','Mozilla/5.0 (Windows NT 6.1; WOW64) AppleWebKit/537.36 (KHTML, like Gecko) Chrome/33.0.1750.146 Safari/537.36','lv-LV,lv;q=0.8,en-US;q=0.6,en;q=0.4','2014-03-11 15:06:16','2014-04-09 12:39:16'),(100,0,'GEO-2014-',0,'Geoshop.LT','http://www.geoshop.lt/',0,1,'Arturas','Arturas','samiras_sp@yahoo.com','3212313','','Arturas','Arturas','','','','sss','','vvv','','Lithuania',123,'Utena',1919,'','Banko pavedimu','bank_transfer','Arturas','Arturas','','sss','','vvv','','Lithuania',123,'Utena',1919,'','Pristatymas  Lietuvos paštu','weight.weight_5','',29.0000,0,0,0.0000,2,4,'LTL',1.00000000,'195.182.66.90','','Mozilla/5.0 (Windows NT 6.1; WOW64; rv:27.0) Gecko/20100101 Firefox/27.0','en-US,en;q=0.5','2014-03-12 12:32:33','2014-03-12 12:32:33'),(101,0,'GEO-2014-',0,'Geoshop.LT','http://www.geoshop.lt/',0,1,'Arturas','Arturas','samiras_sp@yahoo.com','3212313','','Arturas','Arturas','','','','sss','','vvv','','Lithuania',123,'Utena',1919,'','Banko pavedimu','bank_transfer','Arturas','Arturas','','sss','','vvv','','Lithuania',123,'Utena',1919,'','Pristatymas  Lietuvos paštu','weight.weight_5','',37.0000,0,0,0.0000,2,4,'LTL',1.00000000,'195.182.66.90','','Mozilla/5.0 (Windows NT 6.1; WOW64; rv:27.0) Gecko/20100101 Firefox/27.0','en-US,en;q=0.5','2014-03-12 12:38:29','2014-03-12 12:38:29'),(33,0,'GEO-2013-00',0,'Geoshop.lt','http://www.geoshop.lt/',0,1,'sdafdsaf','dsafdsa','rimas.travel@gmail.com','asdfadsf','','sdafdsaf','dsafdsa','','','','sadfdsafsad','','fdsaf','LT-13246','Lithuania',123,'Vilnius',1920,'','Bank Transfer','bank_transfer','sdafdsaf','dsafdsa','','sadfdsafsad','','fdsaf','LT-13246','Lithuania',123,'Vilnius',1920,'','Lietuva  (Weight: 15.00g)','weight.weight_5','',33.0000,0,0,0.0000,1,4,'LTL',1.00000000,'5.20.177.240','','Mozilla/5.0 (Windows NT 5.1; rv:26.0) Gecko/20100101 Firefox/26.0','en-US,en;q=0.5','2013-12-29 17:53:20','2013-12-29 17:53:20'),(34,0,'GEO-2013-00',0,'Geoshop.lt','http://www.geoshop.lt/',0,1,'sdafdsaf','dsafdsa','rimas.travel@gmail.com','asdfadsf','','sdafdsaf','dsafdsa','','','','sadfdsafsad','','fdsaf','LT-13246','Lithuania',123,'Vilnius',1920,'','Banko pavedimu','bank_transfer','sdafdsaf','dsafdsa','','sadfdsafsad','','fdsaf','LT-13246','Lithuania',123,'Vilnius',1920,'','Lietuva  (Svoris: 15.00g)','weight.weight_5','',33.0000,0,0,0.0000,2,4,'LTL',1.00000000,'5.20.177.240','','Mozilla/5.0 (Windows NT 5.1; rv:26.0) Gecko/20100101 Firefox/26.0','en-US,en;q=0.5','2013-12-29 17:54:28','2013-12-29 17:54:28'),(35,0,'GEO-2013-00',0,'Geoshop.lt','http://www.geoshop.lt/',0,1,'sdafdsaf','dsafdsa','rimas.travel@gmail.com','asdfadsf','','sdafdsaf','dsafdsa','','','','sadfdsafsad','','fdsaf','LT-13246','Lithuania',123,'Vilnius',1920,'','Bank Transfer','bank_transfer','sdafdsaf','dsafdsa','','sadfdsafsad','','fdsaf','LT-13246','Lithuania',123,'Vilnius',1920,'','Lietuva  (Weight: 30.00g)','weight.weight_5','',61.0000,0,0,0.0000,1,4,'LTL',1.00000000,'5.20.177.240','','Mozilla/5.0 (Windows NT 5.1; rv:26.0) Gecko/20100101 Firefox/26.0','en-US,en;q=0.5','2013-12-29 17:55:35','2013-12-29 17:55:35'),(119,0,'GEO-2014-',0,'Geoshop.LT','http://www.geoshop.lt/',11,2,'Justė','Trinkūnaitė','fenixe@gmail.com','865372159','','Justė','Trinkūnaitė','','','','Partizanų 10c - 5','','Kaunas','50213','Lithuania',123,'Kaunas',1912,'','Banko pavedimu','bank_transfer','Justė','Trinkūnaitė','','Partizanų 10c - 5','','Kaunas','50213','Lithuania',123,'Kaunas',1912,'','Pristatymas  Lietuvos paštu','weight.weight_5','',29.0000,0,0,0.0000,2,4,'LTL',1.00000000,'87.247.121.213','','Mozilla/5.0 (Windows NT 6.1; WOW64; rv:28.0) Gecko/20100101 Firefox/28.0','en-US,en;q=0.5','2014-05-06 11:24:43','2014-05-06 11:24:43'),(77,0,'GEO-2014-',0,'Geoshop.lt','http://www.geoshop.lt/',0,1,'ertrew','ewrtwer','samiras_sp@yahoo.com','sdfsadfds','','ertrew','ewrtwer','','','','dsfasf','','sadfasd','sdfsdafds','Lithuania',123,'Kaunas',1912,'','Banko pavedimu','bank_transfer','ertrew','ewrtwer','','dsfasf','','sadfasd','sdfsdafds','Lithuania',123,'Kaunas',1912,'','Pristatymas  Lietuvos paštu','weight.weight_5','',29.0000,0,0,0.0000,2,4,'LTL',1.00000000,'195.182.66.90','','Mozilla/5.0 (Windows NT 6.1; WOW64; rv:26.0) Gecko/20100101 Firefox/26.0','en-US,en;q=0.5','2014-01-09 16:26:29','2014-01-09 16:26:29'),(120,19,'GEO-2014-',0,'Geoshop.LT','http://www.geoshop.lt/',0,1,'Gediminas','Gerulaitis','g.gerulaitis@gmail.com','860553661','','Gediminas','Gerulaitis','','','','Justiniškių 64','','Vilnius','05009','Lithuania',123,'Vilnius',1920,'','PayPal','pp_standard','Gediminas','Gerulaitis','','Aguonų g. 3-6','','Vilnius','03213','Lithuania',123,'Vilnius',1920,'','Pristatymas  Lietuvos paštu','weight.weight_5','',53.0000,5,0,0.0000,2,4,'LTL',1.00000000,'88.119.158.122','','Mozilla/5.0 (Windows NT 6.1; WOW64) AppleWebKit/537.36 (KHTML, like Gecko) Chrome/34.0.1800.0 Safari/537.36','en-US,en;q=0.8,lt;q=0.6','2014-05-06 11:48:52','2014-05-23 09:17:26'),(39,0,'GEO-2014-',0,'Geoshop.lt','http://www.geoshop.lt/',1,1,'aaa','sadfda','rimas.travel@gmail.com','sdfsafdas','','aaa','sadfda','','','','sdfdasf','','sadfsadfsdaf','','Lithuania',123,'Klaipeda',1913,'','Banko pavedimu','bank_transfer','aaa','sadfda','','sdfdasf','','sadfsadfsdaf','','Lithuania',123,'Klaipeda',1913,'','Lietuva  (Svoris: 32.00g)','weight.weight_5','',57.0000,0,0,0.0000,2,4,'LTL',1.00000000,'5.20.177.240','','Mozilla/5.0 (Windows NT 5.1; rv:26.0) Gecko/20100101 Firefox/26.0','en-US,en;q=0.5','2014-01-03 19:41:26','2014-01-03 19:41:26'),(121,20,'GEO-2014-',0,'Geoshop.LT','http://www.geoshop.lt/',4,2,'Mindaugas','Pakalniškis','mindaugas@pakalniskis.lt','869623642','','Mindaugas','Pakalniškis','','','','Studentų g. 69-511','','Kaunas','','Lithuania',123,'Kaunas',1912,'','Banko pavedimu','bank_transfer','Mindaugas','Pakalniškis','','Studentų g. 69-511','','Kaunas','51393','Lithuania',123,'Kaunas',1912,'','Pristatymas  Lietuvos paštu','weight.weight_5','',24.5000,5,0,0.0000,2,4,'LTL',1.00000000,'158.129.18.205','','Mozilla/5.0 (Windows NT 6.1; WOW64) AppleWebKit/537.36 (KHTML, like Gecko) Chrome/34.0.1847.131 Safari/537.36','lt,en-US;q=0.8,en;q=0.6,ru;q=0.4,pl;q=0.2,de;q=0.2','2014-05-06 12:03:16','2014-05-23 09:17:37'),(42,0,'GEO-2014-',0,'Geoshop.lt','http://www.geoshop.lt/',2,1,'Pranas','Maškara','pranasm63@gmail.com','4154454','','Pranas','Maškara','','','','Adresas ąčęėįšųū90','','Vilnius','LT-123456','Lithuania',123,'Vilnius',1920,'','Banko pavedimu','bank_transfer','Pranas','Maškara','','Adresas ąčęėįšųū90','','Vilnius','LT-123456','Lithuania',123,'Vilnius',1920,'','Lietuva  (Svoris: 20.00g)','weight.weight_5','',33.0000,0,0,0.0000,2,4,'LTL',1.00000000,'5.20.177.240','','Mozilla/5.0 (Windows NT 5.1; rv:26.0) Gecko/20100101 Firefox/26.0','en-US,en;q=0.5','2014-01-04 15:48:25','2014-01-04 15:48:25'),(112,14,'GEO-2014-',0,'Geoshop.LT','http://www.geoshop.lt/',0,1,'Gintaras','Šakėnas','ly2kw@ly2kw.com','+37061645259','','Gintaras','Šakėnas','','','','PO Box 1367','','Vilnius','05004','Lithuania',123,'Vilnius',1920,'','PayPal','pp_standard','Gintaras','Šakėnas','','PO Box 1367','','Vilnius','05004','Lithuania',123,'Vilnius',1920,'','Pristatymas  Lietuvos paštu','weight.weight_5','',19.5500,5,0,0.0000,2,4,'LTL',1.00000000,'84.240.31.133','','Mozilla/5.0 (Windows NT 6.1; rv:28.0) Gecko/20100101 Firefox/28.0','en-US,en;q=0.5','2014-04-10 22:45:52','2014-04-17 09:27:25'),(110,0,'GEO-2014-',0,'Geoshop.LT','http://www.geoshop.lt/',7,1,'Marius','Žiulys','marius.ziulys@gmail.com','868782611','','Marius','Žiulys','','','','Pramonės pr. 91-13','','Kaunas','50352','Lithuania',123,'Kaunas',1912,'','Banko pavedimu','bank_transfer','Marius','Žiulys','','Pramonės pr. 91-13','','Kaunas','50352','Lithuania',123,'Kaunas',1912,'','Pristatymas  Lietuvos paštu','weight.weight_5','',51.8000,0,0,0.0000,2,4,'LTL',1.00000000,'88.118.34.217','','Mozilla/5.0 (Windows NT 6.1; WOW64; Trident/7.0; rv:11.0) like Gecko','lt-LT','2014-04-04 20:44:35','2014-04-04 20:44:35'),(111,13,'GEO-2014-',0,'Geoshop.LT','http://www.geoshop.lt/',7,1,'Marius','Žiulys','marius.ziulys@gmail.com','868782611','','Marius','Žiulys','','','','Pramonės pr. 91-13','','Kaunas','50352','Lithuania',123,'Kaunas',1912,'','Banko pavedimu','bank_transfer','Marius','Žiulys','','Pramonės pr. 91-13','','Kaunas','50352','Lithuania',123,'Kaunas',1912,'','Pristatymas  Lietuvos paštu','weight.weight_5','',28.4000,5,0,0.0000,2,4,'LTL',1.00000000,'88.118.34.217','','Mozilla/5.0 (Windows NT 6.1; WOW64; Trident/7.0; rv:11.0) like Gecko','lt-LT','2014-04-04 20:45:29','2014-04-09 12:55:47'),(46,0,'GEO-2014-',0,'Geoshop.lt','http://www.geoshop.lt/',1,1,'Rimas','ęėįėęčįęėč','rimas.travel@gmail.com','sdfsafdas','','aaa','sadfda','','','','sdfdasf','','sadfsadfsdaf','','Lithuania',123,'Klaipeda',1913,'','Banko pavedimu','bank_transfer','aaa','sadfda','','sdfdasf','','sadfsadfsdaf','','Lithuania',123,'Klaipeda',1913,'','Lietuva  (Svoris: 8.00g)','weight.weight_5','',13.0000,0,0,0.0000,2,4,'LTL',1.00000000,'5.20.177.240','','Mozilla/5.0 (Windows NT 5.1; rv:26.0) Gecko/20100101 Firefox/26.0','en-US,en;q=0.5','2014-01-04 16:11:48','2014-01-04 16:11:48'),(47,0,'GEO-2014-',0,'Geoshop.lt','http://www.geoshop.lt/',1,1,'Rimas','ęėįėęčįęėč','rimas.travel@gmail.com','sdfsafdas','','aaa','sadfda','','','','sdfdasf','','sadfsadfsdaf','','Lithuania',123,'Klaipeda',1913,'','Banko pavedimu','bank_transfer','aaa','sadfda','','sdfdasf','','sadfsadfsdaf','','Lithuania',123,'Klaipeda',1913,'','Lietuva  (Svoris: 8.00g)','weight.weight_5','',13.0000,0,0,0.0000,2,4,'LTL',1.00000000,'5.20.177.240','','Mozilla/5.0 (Windows NT 5.1; rv:26.0) Gecko/20100101 Firefox/26.0','en-US,en;q=0.5','2014-01-04 16:15:57','2014-01-04 16:15:57'),(48,0,'GEO-2014-',0,'Geoshop.lt','http://www.geoshop.lt/',1,1,'Rimas','ęėįėęčįęėč','rimas.travel@gmail.com','sdfsafdas','','aaa','sadfda','','','','sdfdasf','','sadfsadfsdaf','','Lithuania',123,'Klaipeda',1913,'','Banko pavedimu','bank_transfer','aaa','sadfda','','sdfdasf','','sadfsadfsdaf','','Lithuania',123,'Klaipeda',1913,'','Lietuva  (Svoris: 8.00g)','weight.weight_5','',13.0000,0,0,0.0000,2,4,'LTL',1.00000000,'5.20.177.240','','Mozilla/5.0 (Windows NT 5.1; rv:26.0) Gecko/20100101 Firefox/26.0','en-US,en;q=0.5','2014-01-04 16:17:09','2014-01-04 16:17:09'),(49,0,'GEO-2014-',0,'Geoshop.lt','http://www.geoshop.lt/',1,1,'Rimas','ęėįėęčįęėč','rimas.travel@gmail.com','sdfsafdas','','aaa','sadfda','','','','sdfdasf','','sadfsadfsdaf','','Lithuania',123,'Klaipeda',1913,'','Banko pavedimu','bank_transfer','aaa','sadfda','','sdfdasf','','sadfsadfsdaf','','Lithuania',123,'Klaipeda',1913,'','Lietuva  (Svoris: 8.00g)','weight.weight_5','',13.0000,0,0,0.0000,2,4,'LTL',1.00000000,'5.20.177.240','','Mozilla/5.0 (Windows NT 5.1; rv:26.0) Gecko/20100101 Firefox/26.0','en-US,en;q=0.5','2014-01-04 16:18:50','2014-01-04 16:18:50'),(116,0,'GEO-2014-',0,'Geoshop.LT','http://www.geoshop.lt/',17,1,'Kristina','Štaupaitė','stikse@gmail.com','37063138579','','Kristina','Štaupaitė','','','','K. Griniaus 5 - 32','','Kaunas','48372','Lithuania',123,'Kaunas',1912,'','Banko pavedimu','bank_transfer','Kristina','Štaupaitė','','K. Griniaus 5 - 32','','Kaunas','48372','Lithuania',123,'Kaunas',1912,'','Pristatymas  Lietuvos paštu','weight.weight_5','',13.0000,7,0,0.0000,2,4,'LTL',1.00000000,'212.117.19.37','','Mozilla/5.0 (Windows NT 6.3; WOW64) AppleWebKit/537.36 (KHTML, like Gecko) Chrome/34.0.1847.131 Safari/537.36','lt,en-US;q=0.8,en;q=0.6,ru;q=0.4,pl;q=0.2,ja;q=0.2','2014-04-25 19:48:29','2014-04-26 23:10:28'),(113,0,'GEO-2014-',0,'Geoshop.LT','http://www.geoshop.lt/',0,1,'Darius','Korla','darius.rovers@gmail.com','868615072','','Darius','Korla','','','','pavilnio sodų 4-oji 30','','Vilnius','','Lithuania',123,'Vilnius',1920,'','Banko pavedimu','bank_transfer','Darius','Korla','','pavilnio sodų 4-oji 30','','Vilnius','','Lithuania',123,'Vilnius',1920,'','Pristatymas  Lietuvos paštu','weight.weight_5','',20.0000,0,0,0.0000,2,4,'LTL',1.00000000,'88.119.197.198','','Mozilla/5.0 (Windows NT 5.1) AppleWebKit/537.36 (KHTML, like Gecko) Chrome/34.0.1847.116 Safari/537.36','lt,en-US;q=0.8,en;q=0.6,ru;q=0.4,pl;q=0.2','2014-04-16 21:03:02','2014-04-16 21:03:02'),(114,15,'GEO-2014-',0,'Geoshop.LT','http://www.geoshop.lt/',0,1,'Darius','Korla','darius.rovers@gmail.com','868615072','','Darius','Korla','','','','pavilnio sodų 4-oji 30','','Vilnius','','Lithuania',123,'Vilnius',1920,'','Banko pavedimu','bank_transfer','Darius','Korla','','pavilnio sodų 4-oji 30','','Vilnius','','Lithuania',123,'Vilnius',1920,'','Pristatymas  Lietuvos paštu','weight.weight_5','',20.0000,5,0,0.0000,2,4,'LTL',1.00000000,'88.119.197.198','','Mozilla/5.0 (Windows NT 5.1) AppleWebKit/537.36 (KHTML, like Gecko) Chrome/34.0.1847.116 Safari/537.36','lt,en-US;q=0.8,en;q=0.6,ru;q=0.4,pl;q=0.2','2014-04-16 21:04:07','2014-04-28 14:24:05'),(115,18,'GEO-2014-',0,'Geoshop.LT','http://www.geoshop.lt/',17,1,'Kristina','Štaupaitė','stikse@gmail.com','37063138579','','Kristina','Štaupaitė','','','','K. Griniaus 5 - 32','','Kaunas','48372','Lithuania',123,'Kaunas',1912,'','Banko pavedimu','bank_transfer','Kristina','Štaupaitė','','K. Griniaus 5 - 32','','Kaunas','48372','Lithuania',123,'Kaunas',1912,'','Pristatymas  Lietuvos paštu','weight.weight_5','',152.8600,5,0,0.0000,2,4,'LTL',1.00000000,'212.117.19.37','','Mozilla/5.0 (Windows NT 6.3; WOW64) AppleWebKit/537.36 (KHTML, like Gecko) Chrome/34.0.1847.116 Safari/537.36','lt,en-US;q=0.8,en;q=0.6,ru;q=0.4,pl;q=0.2,ja;q=0.2','2014-04-25 13:51:18','2014-05-23 09:02:23'),(54,0,'GEO-2014-',0,'Geoshop.lt','http://www.geoshop.lt/',0,1,'sadfasdf','sadfasdf','rimas.travel@gmail.com','sadfasdfdsaf','','sadfasdf','sadfasdf','','','','sdfsdafasd','','sadfsdaf','fadsf','Lithuania',123,'Alytus',1911,'','Banko pavedimu','bank_transfer','sadfasdf','sadfasdf','','sdfsdafasd','','sadfsdaf','fadsf','Lithuania',123,'Alytus',1911,'','Lietuva','weight.weight_5','',33.0000,0,0,0.0000,2,4,'LTL',1.00000000,'5.20.177.240','','Mozilla/5.0 (Windows NT 5.1; rv:26.0) Gecko/20100101 Firefox/26.0','en-US,en;q=0.5','2014-01-04 16:56:49','2014-01-04 16:56:49'),(55,0,'GEO-2014-',0,'Geoshop.lt','http://www.geoshop.lt/',0,1,'sadfasdf','sadfasdf','rimas.travel@gmail.com','sadfasdfdsaf','','sadfasdf','sadfasdf','','','','sdfsdafasd','','sadfsdaf','fadsf','Lithuania',123,'Alytus',1911,'','Banko pavedimu','bank_transfer','sadfasdf','sadfasdf','','sdfsdafasd','','sadfsdaf','fadsf','Lithuania',123,'Alytus',1911,'','Lietuva','weight.weight_5','',33.0000,0,0,0.0000,2,4,'LTL',1.00000000,'5.20.177.240','','Mozilla/5.0 (Windows NT 5.1; rv:26.0) Gecko/20100101 Firefox/26.0','en-US,en;q=0.5','2014-01-04 16:58:52','2014-01-04 16:58:52'),(56,0,'GEO-2014-',0,'Geoshop.lt','http://www.geoshop.lt/',0,1,'sadfasdf','sadfasdf','rimas.travel@gmail.com','sadfasdfdsaf','','sadfasdf','sadfasdf','','','','sdfsdafasd','','sadfsdaf','fadsf','Lithuania',123,'Alytus',1911,'','Bank Transfer','bank_transfer','sadfasdf','sadfasdf','','sdfsdafasd','','sadfsdaf','fadsf','Lithuania',123,'Alytus',1911,'','Lietuva','weight.weight_5','',33.0000,0,0,0.0000,1,4,'LTL',1.00000000,'5.20.177.240','','Mozilla/5.0 (Windows NT 5.1; rv:26.0) Gecko/20100101 Firefox/26.0','en-US,en;q=0.5','2014-01-04 17:13:48','2014-01-04 17:13:48'),(57,0,'GEO-2014-',0,'Geoshop.lt','http://www.geoshop.lt/',0,1,'sadfasdf','sadfasdf','rimas.travel@gmail.com','sadfasdfdsaf','','sadfasdf','sadfasdf','','','','sdfsdafasd','','sadfsdaf','fadsf','Lithuania',123,'Alytus',1911,'','Banko pavedimu','bank_transfer','sadfasdf','sadfasdf','','sdfsdafasd','','sadfsdaf','fadsf','Lithuania',123,'Alytus',1911,'','Lietuva','weight.weight_5','',33.0000,0,0,0.0000,2,4,'LTL',1.00000000,'5.20.177.240','','Mozilla/5.0 (Windows NT 5.1; rv:26.0) Gecko/20100101 Firefox/26.0','en-US,en;q=0.5','2014-01-04 17:23:59','2014-01-04 17:23:59'),(122,21,'GEO-2014-',0,'Geoshop.LT','http://www.geoshop.lt/',0,1,'Algirdas','Dainelis','algirdas@dainelis.lt','+37067169001','','Algirdas','Dainelis','','','','M. Valančiaus g.','','Kazlų Rūda','','Lithuania',123,'Kaunas',1912,'','Banko pavedimu','bank_transfer','Algirdas','Dainelis','','M. Valančiaus g.','','Kazlų Rūda','','Lithuania',123,'Kaunas',1912,'','Pristatymas į LP paštomatą','weight.weight_7','Karaliaus Mindaugo pr. 49 (Akropolis), KAUNAS',23.0000,5,0,0.0000,2,4,'LTL',1.00000000,'78.62.160.240','','Mozilla/5.0 (Windows NT 6.1; WOW64) AppleWebKit/537.36 (KHTML, like Gecko) Chrome/34.0.1847.131 Safari/537.36','lt,en-US;q=0.8,en;q=0.6,ru;q=0.4,pl;q=0.2','2014-05-06 20:01:59','2014-05-12 14:18:42'),(123,0,'GEO-2014-',0,'Geoshop.LT','http://www.geoshop.lt/',0,1,'Eduards','Dombrovskis','eduards.dombrovskis@gmail.com','27642522','','Eduards','Dombrovskis','','','','Visku iela 13 - 24','','Riga','LV1057','Latvia',117,'Riga',1850,'','PayPal','pp_standard','Eduards','Dombrovskis','','Visku iela 13 - 24','','Riga','LV1057','Latvia',117,'Riga',1850,'','Shipping to EU','weight.weight_6','',29.0000,0,0,0.0000,1,3,'EUR',0.31700000,'80.233.160.187','','Mozilla/5.0 (Windows NT 5.1; rv:28.0) Gecko/20100101 Firefox/28.0','lv,en-us;q=0.7,en;q=0.3','2014-05-07 11:27:22','2014-05-07 11:27:22'),(124,22,'GEO-2014-',0,'Geoshop.LT','http://www.geoshop.lt/',19,1,'Edgars','Grants','wertigo.free@gmail.com','+37120292760','','Edgars','Grants','','','','Zvejas iela 39','','Riga','LV-1030','Latvia',117,'Riga',1850,'','PayPal','pp_standard','Edgars','Grants','','Zvejas iela 39','','Riga','LV-1030','Latvia',117,'Riga',1850,'','Shipping to EU','weight.weight_6','',39.0000,5,0,0.0000,1,4,'LTL',1.00000000,'81.198.169.1','','Mozilla/5.0 (Windows NT 6.1; rv:28.0) Gecko/20100101 Firefox/28.0','en-US,en;q=0.5','2014-05-07 15:43:58','2014-05-23 09:17:57'),(125,23,'GEO-2014-',0,'Geoshop.LT','http://www.geoshop.lt/',22,1,'Remigijus','Pranskaitis','remigijus.pranskaitis@gmail.com','862253200','','Remigijus','Pranskaitis','','','','A. J. Povilaičio 12-175','','Vilnius','','Lithuania',123,'Vilnius',1920,'','Banko pavedimu','bank_transfer','Remigijus','Pranskaitis','','A. J. Povilaičio 12-175','','Vilnius','','Lithuania',123,'Vilnius',1920,'','Pristatymas  Lietuvos paštu','weight.weight_5','',44.7500,5,0,0.0000,2,4,'LTL',1.00000000,'213.159.50.102','','Mozilla/5.0 (Windows NT 6.1; WOW64) AppleWebKit/537.36 (KHTML, like Gecko) Chrome/34.0.1847.132 Safari/537.36 OPR/21.0.1432.57','lt,en-US;q=0.8,en;q=0.6,ru;q=0.4,pl;q=0.2','2014-05-13 22:17:14','2014-05-23 09:18:15'),(63,0,'GEO-2014-',0,'Geoshop.lt','http://www.geoshop.lt/',0,1,'dsfds','sdfsdf','rimas.travel@gmail.com','asdsa','','dsfds','sdfsdf','','','','sadsad','','sadsa','fadsf','Poland',170,'Warminsko-Mazurskie',2644,'','PayPal','pp_standard','dsfds','sdfsdf','','sadsad','','sadsa','fadsf','Poland',170,'Warminsko-Mazurskie',2644,'','Shipping to EU','weight.weight_6','',19.0000,0,0,0.0000,1,3,'EUR',0.28970000,'5.20.177.240','','Mozilla/5.0 (Windows NT 5.1; rv:26.0) Gecko/20100101 Firefox/26.0','en-US,en;q=0.5','2014-01-04 21:59:32','2014-01-04 21:59:32'),(64,0,'GEO-2014-',0,'Geoshop.lt','http://www.geoshop.lt/',0,1,'dsfds','sdfsdf','rimas.travel@gmail.com','asdsa','','dsfds','sdfsdf','','','','sadsad','','sadsa','fadsf','New Zealand',153,'Bay of Plenty',2345,'','PayPal','pp_standard','','','','','','','','',0,'',0,'','','','',0.0100,0,0,0.0000,1,3,'EUR',0.28970000,'5.20.177.240','','Mozilla/5.0 (Windows NT 5.1; rv:26.0) Gecko/20100101 Firefox/26.0','en-US,en;q=0.5','2014-01-04 22:03:23','2014-01-04 22:03:23'),(65,0,'GEO-2014-',0,'Geoshop.lt','http://www.geoshop.lt/',0,1,'dsfds','sdfsdf','rimas.travel@gmail.com','asdsa','','dsfds','sdfsdf','','','','sadsad','','sadsa','fadsf','New Zealand',153,'Bay of Plenty',2345,'','PayPal','pp_standard','','','','','','','','',0,'',0,'','','','Komentrasdfa ds',0.0400,0,0,0.0000,1,3,'EUR',0.28970000,'5.20.177.240','','Mozilla/5.0 (Windows NT 5.1; rv:26.0) Gecko/20100101 Firefox/26.0','en-US,en;q=0.5','2014-01-04 22:04:50','2014-01-04 22:04:50'),(66,0,'GEO-2014-',0,'Geoshop.lt','http://www.geoshop.lt/',0,1,'asdasdsa','sadsa','rimas.travel@gmail.com','asdsadasd','','asdasdsa','sadsa','','','','asdsa','','asdsadsada','','Ukraine',220,'Rivne',3497,'','PayPal','pp_standard','','','','','','','','',0,'',0,'','','','',0.0400,0,0,0.0000,1,2,'USD',0.39359999,'5.20.177.240','','Mozilla/5.0 (Windows NT 5.1; rv:26.0) Gecko/20100101 Firefox/26.0','en-US,en;q=0.5','2014-01-04 22:09:26','2014-01-04 22:09:26'),(67,0,'GEO-2014-',0,'Geoshop.lt','http://www.geoshop.lt/',0,1,'dsfds','sdfsdf','rimas.travel@gmail.com','asdsa','','dsfds','sdfsdf','','','','sadsad','','sadsa','fadsf','New Zealand',153,'Bay of Plenty',2345,'','PayPal','pp_standard','','','','','','','','',0,'',0,'','','','Komentrasdfa ds',0.0300,0,0,0.0000,1,2,'USD',0.39359999,'5.20.177.240','','Mozilla/5.0 (Windows NT 5.1; rv:26.0) Gecko/20100101 Firefox/26.0','en-US,en;q=0.5','2014-01-04 22:19:53','2014-01-04 22:19:53'),(68,0,'GEO-2014-',0,'Geoshop.lt','http://www.geoshop.lt/',0,1,'dsfds','sdfsdf','irminija2@gmail.com','asdsa','','dsfds','sdfsdf','','','','sadsad','','sadsa','fadsf','Lithuania',123,'Marijampole',1914,'','PayPal','pp_standard','','','','','','','','',0,'',0,'','','','Komentrasdfa ds',0.0300,0,0,0.0000,1,2,'USD',0.39359999,'5.20.177.240','','Mozilla/5.0 (Windows NT 5.1; rv:26.0) Gecko/20100101 Firefox/26.0','en-US,en;q=0.5','2014-01-04 22:25:51','2014-01-04 22:25:51'),(69,0,'GEO-2014-',0,'Geoshop.lt','http://www.geoshop.lt/',0,1,'dsfds','sdfsdf','irminija2@gmail.com','asdsa','','dsfds','sdfsdf','','','','sadsad','','sadsa','fadsf','Lithuania',123,'Marijampole',1914,'','PayPal','pp_standard','','','','','','','','',0,'',0,'','','','Komentrasdfa ds',0.0300,0,0,0.0000,1,2,'USD',0.39359999,'5.20.177.240','','Mozilla/5.0 (Windows NT 5.1; rv:26.0) Gecko/20100101 Firefox/26.0','en-US,en;q=0.5','2014-01-04 22:28:02','2014-01-04 22:28:02'),(70,0,'GEO-2014-',0,'Geoshop.lt','http://www.geoshop.lt/',0,1,'dsfds','sdfsdf','irminija2@gmail.com','asdsa','','dsfds','sdfsdf','','','','sadsad','','sadsa','fadsf','Lithuania',123,'Marijampole',1914,'','PayPal','pp_standard','','','','','','','','',0,'',0,'','','','Komentrasdfa ds',3.0000,0,0,0.0000,1,2,'USD',0.39359999,'5.20.177.240','','Mozilla/5.0 (Windows NT 5.1; rv:26.0) Gecko/20100101 Firefox/26.0','en-US,en;q=0.5','2014-01-04 22:31:35','2014-01-04 22:31:35'),(71,0,'GEO-2014-',0,'Geoshop.lt','http://www.geoshop.lt/',0,1,'dsfds','sdfsdf','irminija2@gmail.com','asdsa','','dsfds','sdfsdf','','','','sadsad','','sadsa','fadsf','Lithuania',123,'Marijampole',1914,'','PayPal','pp_standard','','','','','','','','',0,'',0,'','','','Komentrasdfa ds',3.0000,0,0,0.0000,1,2,'USD',0.39359999,'5.20.177.240','','Mozilla/5.0 (Windows NT 5.1; rv:26.0) Gecko/20100101 Firefox/26.0','en-US,en;q=0.5','2014-01-04 22:41:57','2014-01-04 22:41:57'),(72,0,'GEO-2014-',0,'Geoshop.lt','http://www.geoshop.lt/',0,1,'dsfds','sdfsdf','rimas.travel@gmail.com','asdsa','','dsfds','sdfsdf','','','','sadsad','','sadsa','fadsf','Lithuania',123,'Marijampole',1914,'','PayPal','pp_standard','dsfds','sdfsdf','','sadsad','','sadsa','fadsf','United Kingdom',222,'Anglesey',3515,'','Shipping to EU','weight.weight_6','Komentrasdfa ds',34.0000,0,0,0.0000,1,2,'USD',0.39359999,'5.20.177.240','','Mozilla/5.0 (Windows NT 5.1; rv:26.0) Gecko/20100101 Firefox/26.0','en-US,en;q=0.5','2014-01-05 10:48:38','2014-01-05 10:48:38'),(73,0,'GEO-2014-',0,'Geoshop.lt','http://www.geoshop.lt/',0,1,'dsfds','sdfsdf','irminija2@gmail.com','asdsa','','dsfds','sdfsdf','','','','sadsad','','sadsa','fadsf','Lithuania',123,'Marijampole',1914,'','PayPal','pp_standard','','','','','','','','',0,'',0,'','','','Komentrasdfa ds',3.0000,0,0,0.0000,1,2,'USD',0.39359999,'5.20.177.240','','Mozilla/5.0 (Windows NT 5.1; rv:26.0) Gecko/20100101 Firefox/26.0','en-US,en;q=0.5','2014-01-05 10:51:19','2014-01-05 10:51:19'),(117,16,'GEO-2014-',0,'Geoshop.LT','http://www.geoshop.lt/',0,1,'Gintaras','Šakėnas','ly2kw@ly2kw.com','+37061645259','','Gintaras','Šakėnas','','','','PO Box 1367','','Vilnius','05004','Lithuania',123,'Vilnius',1920,'','PayPal','pp_standard','Gintaras','Šakėnas','','PO Box 1367','','Vilnius','05004','Lithuania',123,'Vilnius',1920,'','Pristatymas  Lietuvos paštu','weight.weight_5','',21.6700,5,0,0.0000,2,4,'LTL',1.00000000,'84.240.31.133','','Mozilla/5.0 (Windows NT 6.1; rv:28.0) Gecko/20100101 Firefox/28.0','en-US,en;q=0.5','2014-04-26 08:38:01','2014-05-23 09:15:19'),(118,17,'GEO-2014-',0,'Geoshop.LT','http://www.geoshop.lt/',0,1,'Julius','Kalvaitis','kalvaitis.julius@gmail.com','+37069923847','','Julius','Kalvaitis','','','','M. Marcinkeviciaus g. 21-17','','Vilnius','','Lithuania',123,'Vilnius',1920,'','Banko pavedimu','bank_transfer','Julius','Kalvaitis','','M. Marcinkeviciaus g. 21-17','','Vilnius','','Lithuania',123,'Vilnius',1920,'','Pristatymas  Lietuvos paštu','weight.weight_5','',35.2700,5,0,0.0000,2,4,'LTL',1.00000000,'78.56.92.240','','Mozilla/5.0 (Windows NT 6.3; WOW64) AppleWebKit/537.36 (KHTML, like Gecko) Chrome/34.0.1847.116 Safari/537.36','en-US,en;q=0.8,lt;q=0.6','2014-04-27 22:39:04','2014-05-23 09:17:09'),(126,0,'GEO-2014-',0,'Geoshop.LT','http://www.geoshop.lt/',1,2,'Rimas','TESTAS','rimas.travel@gmail.com','sdfsafdas','','aaa','sadfda','','','','sdfdasf','','sadfsadfsdaf','','Lithuania',123,'Klaipeda',1913,'','Banko pavedimu','bank_transfer','aaa','sadfda','','sdfdasf','','sadfsadfsdaf','','Lithuania',123,'Klaipeda',1913,'','Pristatymas  Lietuvos paštu','weight.weight_5','TEST',29.0000,7,0,0.0000,2,4,'LTL',1.00000000,'5.20.177.240','','Mozilla/5.0 (Windows NT 5.1; rv:29.0) Gecko/20100101 Firefox/29.0','en-US,en;q=0.5','2014-05-14 18:46:34','2014-05-19 09:03:47'),(127,24,'GEO-2014-',0,'Geoshop.LT','http://www.geoshop.lt/',23,1,'Justinas','Kosteckas','justinas.kosteckas@gmail.com','37062507803','','Justinas','Kosteckas','','','','Šiaurės pr. 67-50','','Kaunas','','Lithuania',123,'Kaunas',1912,'','PayPal','pp_standard','Justinas','Kosteckas','','Šiaurės pr. 67-50','','Kaunas','','Lithuania',123,'Kaunas',1912,'','Pristatymas  Lietuvos paštu','weight.weight_5','',26.2000,5,0,0.0000,2,4,'LTL',1.00000000,'78.58.48.8','','Mozilla/5.0 (Windows NT 6.3; WOW64) AppleWebKit/537.36 (KHTML, like Gecko) Chrome/34.0.1847.137 Safari/537.36','en-US,en;q=0.8,lt;q=0.6,ru;q=0.4','2014-05-18 14:51:07','2014-05-23 09:18:38'),(128,25,'GEO-2014-',0,'Geoshop.LT','http://www.geoshop.lt/',24,1,'Olafs','Zakis','ollsons@me.com','+371 29205078','','Olafs','Zakis','','','','Lapu iela 15-13','','Riga','LV1002','Latvia',117,'Riga',1850,'','PayPal','pp_standard','Davis','Freimanis','','Båtsman Stens väg 71','','Stockholm','16341','Sweden',203,'Stockholm',3088,'{company}\r\n{firstname} {lastname}\r\n{address_1}\r\n{address_2}\r\n{postcode} {city}\r\n{country}','Shipping to EU','weight.weight_6','',77.0000,5,0,0.0000,1,4,'LTL',1.00000000,'87.226.58.19','','Mozilla/5.0 (Macintosh; Intel Mac OS X 10.7; rv:29.0) Gecko/20100101 Firefox/29.0','en-US,en;q=0.5','2014-05-19 00:43:46','2014-07-08 12:15:30'),(129,0,'GEO-2014-',0,'Geoshop.LT','http://www.geoshop.lt/',25,1,'Valdas','Stonkus','info@pokeristai.lt','8-600-800-84','','Valdas','Stonkus','','','','Sodo 79','','Šiauliai','76184','Lithuania',123,'Siauliai',1916,'','PayPal','pp_standard','Valdas','Stonkus','','Sodo 79','','Šiauliai','76184','Lithuania',123,'Siauliai',1916,'','Pristatymas  Lietuvos paštu','weight.weight_5','',87.5500,0,0,0.0000,2,4,'LTL',1.00000000,'46.249.170.123','','Mozilla/5.0 (Linux; U; Android 4.2.2; lt-lt; GT-P5110 Build/JDQ39) AppleWebKit/534.30 (KHTML, like Gecko) Version/4.0 Safari/534.30','lt-LT, en-US','2014-05-19 10:05:19','2014-05-19 10:05:19'),(130,26,'GEO-2014-',0,'Geoshop.LT','http://www.geoshop.lt/',25,1,'Valdas','Stonkus','info@pokeristai.lt','8-600-800-84','','Valdas','Stonkus','','','','Sodo 79','','Šiauliai','76184','Lithuania',123,'Siauliai',1916,'','Banko pavedimu','bank_transfer','Valdas','Stonkus','','Sodo 79','','Šiauliai','76184','Lithuania',123,'Siauliai',1916,'','Pristatymas  Lietuvos paštu','weight.weight_5','',87.5500,5,0,0.0000,2,4,'LTL',1.00000000,'46.249.170.123','','Mozilla/5.0 (Linux; U; Android 4.2.2; lt-lt; GT-P5110 Build/JDQ39) AppleWebKit/534.30 (KHTML, like Gecko) Version/4.0 Safari/534.30','lt-LT, en-US','2014-05-19 10:08:46','2014-05-26 10:41:45'),(131,0,'GEO-2014-',0,'Geoshop.LT','http://www.geoshop.lt/',0,1,'Daniel','Ebbert','daniel@ebbert.nl','862105592','','Daniel','Ebbert','','','','sauletekio al. 39','','Vilnius','10226','Lithuania',123,'Vilnius',1920,'','Bank Transfer','bank_transfer','Daniel','Ebbert','','sauletekio al. 39','','Vilnius','10226','Lithuania',123,'Vilnius',1920,'','Pristatymas  Lietuvos paštu','weight.weight_5','',41.0000,7,0,0.0000,1,4,'LTL',1.00000000,'188.69.192.78','','Mozilla/5.0 (Linux; Android 4.1.2; Lenovo A820 Build/JZO54K) AppleWebKit/537.36 (KHTML, like Gecko) Chrome/33.0.1750.132 Mobile Safari/537.36','en-GB,en;q=0.8,en-US;q=0.6,de;q=0.4,nl;q=0.2','2014-05-21 13:29:40','2014-05-22 19:26:58'),(132,0,'GEO-2014-',0,'Geoshop.LT','http://www.geoshop.lt/',0,1,'r','sdfasdf','samiras2@gmail.com','4645645','','r','sdfasdf','','','','45645645','','6456','','Lithuania',123,'Utena',1919,'','PayPal','pp_standard','r','sdfasdf','','45645645','','6456','','Lithuania',123,'Utena',1919,'','Pristatymas  Lietuvos paštu','weight.weight_5','',5.6400,0,0,0.0000,2,4,'LTL',1.00000000,'195.182.66.90','','Mozilla/5.0 (Windows NT 6.1; WOW64; rv:28.0) Gecko/20100101 Firefox/28.0','en-US,en;q=0.5','2014-05-22 18:36:10','2014-05-22 18:36:10'),(133,0,'GEO-2014-',0,'Geoshop.LT','http://www.geoshop.lt/',0,1,'r','sdfasdf','samiras2@gmail.com','4645645','','r','sdfasdf','','','','45645645','','6456','','Lithuania',123,'Utena',1919,'','PayPal','pp_standard','r','sdfasdf','','45645645','','6456','','Lithuania',123,'Utena',1919,'','Pristatymas  Lietuvos paštu','weight.weight_5','',5.6400,0,0,0.0000,1,4,'LTL',1.00000000,'195.182.66.90','','Mozilla/5.0 (Windows NT 6.1; WOW64; rv:28.0) Gecko/20100101 Firefox/28.0','en-US,en;q=0.5','2014-05-22 18:54:38','2014-05-22 18:54:38'),(134,0,'GEO-2014-',0,'Geoshop.LT','http://www.geoshop.lt/',0,1,'dfa','sdfasdfasdf','saasdfads@ddd.lt','dsfasdfasd','','dfa','sdfasdfasdf','','','','sadfdsaf','sdfasdf','lll','','Lithuania',123,'Panevezys',1915,'','PayPal','pp_standard','dfa','sdfasdfasdf','','sadfdsaf','sdfasdf','lll','','Lithuania',123,'Panevezys',1915,'','Pristatymas  Lietuvos paštu','weight.weight_5','',32.0000,0,0,0.0000,1,4,'LTL',1.00000000,'195.182.66.90','','Mozilla/5.0 (Windows NT 6.1; WOW64; Trident/7.0; rv:11.0) like Gecko','lt-LT','2014-05-22 19:12:19','2014-05-22 19:12:19'),(135,0,'GEO-2014-',0,'Geoshop.LT','http://www.geoshop.lt/',0,1,'dfa','sdfasdfasdf','saasdfads@ddd.lt','dsfasdfasd','','dfa','sdfasdfasdf','','','','sadfdsaf','sdfasdf','lll','','Denmark',57,'Faroe Islands',906,'','PayPal','pp_standard','dfa','sdfasdfasdf','','sadfdsaf','sdfasdf','lll','','Denmark',57,'Faroe Islands',906,'','Shipping to EU','weight.weight_6','',38.0000,0,0,0.0000,1,4,'LTL',1.00000000,'195.182.66.90','','Mozilla/5.0 (Windows NT 6.1; WOW64; Trident/7.0; rv:11.0) like Gecko','lt-LT','2014-05-22 19:13:12','2014-05-22 19:13:12'),(136,0,'GEO-2014-',0,'Geoshop.LT','http://www.geoshop.lt/',0,1,'dfa','sdfasdfasdf','saasdfads@ddd.lt','dsfasdfasd','','dfa','sdfasdfasdf','','','','sadfdsaf','sdfasdf','lll','tdhg','United Kingdom',222,'County Down',3951,'','PayPal','pp_standard','dfa','sdfasdfasdf','','sadfdsaf','sdfasdf','lll','tdhg','United Kingdom',222,'County Down',3951,'','Shipping to EU','weight.weight_6','',38.0000,0,0,0.0000,1,4,'LTL',1.00000000,'195.182.66.90','','Mozilla/5.0 (Windows NT 6.1; WOW64; Trident/7.0; rv:11.0) like Gecko','lt-LT','2014-05-22 19:14:34','2014-05-22 19:14:34'),(137,0,'GEO-2014-',0,'Geoshop.LT','http://www.geoshop.lt/',0,1,'dfa','sdfasdfasdf','saasdfads@ddd.lt','dsfasdfasd','','dfa','sdfasdfasdf','','','','sadfdsaf','sdfasdf','lll','tdhg','Latvia',117,'Jekabpils Rajons',1827,'','PayPal','pp_standard','dfa','sdfasdfasdf','','sadfdsaf','sdfasdf','lll','tdhg','Latvia',117,'Jekabpils Rajons',1827,'','Express to post24.lt terminal,LV','weight.weight_13','',45.0000,0,0,0.0000,1,4,'LTL',1.00000000,'195.182.66.90','','Mozilla/5.0 (Windows NT 6.1; WOW64; Trident/7.0; rv:11.0) like Gecko','lt-LT','2014-05-22 19:15:43','2014-05-22 19:15:43'),(138,27,'GEO-2014-',0,'Geoshop.LT','http://www.geoshop.lt/',0,1,'Vidmantė','Visockaitė','vidmantev@gmail.com','+37060022648','','Vidmantė','Visockaitė','','','','Saulėtekio al. 37-70','','Vilnius','10226','Lithuania',123,'Vilnius',1920,'','Banko pavedimu','bank_transfer','Vidmantė','Visockaitė','','Saulėtekio al. 37-70','','Vilnius','10226','Lithuania',123,'Vilnius',1920,'','Pristatymas  Lietuvos paštu','weight.weight_5','Būtų šaunu, jei užsakymas būtų išsiųstas tik kitą savaitę su atsiėmimu pašte.',41.0000,5,0,0.0000,2,4,'LTL',1.00000000,'91.233.178.251','','Mozilla/5.0 (Windows NT 6.1) AppleWebKit/537.36 (KHTML, like Gecko) Chrome/34.0.1847.137 Safari/537.36','lt,en-US;q=0.8,en;q=0.6,ru;q=0.4,pl;q=0.2','2014-05-22 19:34:00','2014-07-07 11:15:19'),(139,28,'GEO-2014-',0,'Geoshop.LT','http://www.geoshop.lt/',0,1,'Gintaras','Sakenas','never@muggle.me','+37061645259','neturiu fakso','Gintaras','Sakenas','','','','PO Box 1367','','Vilnius','05004','Lithuania',123,'Vilnius',1920,'','PayPal','pp_standard','Gintaras','Sakenas','','PO Box 1367','','Vilnius','05004','Lithuania',123,'Vilnius',1920,'','Pristatymas  Lietuvos paštu','weight.weight_5','',49.0000,5,0,0.0000,2,4,'LTL',1.00000000,'84.240.31.133','','Mozilla/5.0 (Windows NT 6.1; rv:29.0) Gecko/20100101 Firefox/29.0','en-US,en;q=0.5','2014-05-25 16:14:38','2014-07-08 12:16:05'),(140,0,'GEO-2014-',0,'Geoshop.LT','http://www.geoshop.lt/',6,2,'Tomas','Matijosaitis','tomopastas777@gmail.com','0037067204436','','Tomas','Matijosaitis','','','','Laisves pr. 72-7','','Vilnius','05263','Lithuania',123,'Vilnius',1920,'','PayPal','pp_standard','Tomas','Matijosaitis','','Laisves pr. 72-7','','Vilnius','05263','Lithuania',123,'Vilnius',1920,'','Pristatymas  Lietuvos paštu','weight.weight_5','Jei galima greičiau :) Ačiū',54.8400,0,0,0.0000,2,4,'LTL',1.00000000,'84.240.7.103','','Mozilla/5.0 (Windows NT 6.1; WOW64; rv:29.0) Gecko/20100101 Firefox/29.0','en-US,en;q=0.5','2014-05-27 19:25:03','2014-05-27 19:25:03'),(141,29,'GEO-2014-',0,'Geoshop.LT','http://www.geoshop.lt/',6,2,'Tomas','Matijosaitis','tomopastas777@gmail.com','0037067204436','','Tomas','Matijosaitis','','','','Laisves pr. 72-7','','Vilnius','05263','Lithuania',123,'Vilnius',1920,'','Banko pavedimu','bank_transfer','Tomas','Matijosaitis','','Laisves pr. 72-7','','Vilnius','05263','Lithuania',123,'Vilnius',1920,'','Pristatymas  Lietuvos paštu','weight.weight_5','Jei galima greičiau :) Ačiū',54.8400,5,0,0.0000,2,4,'LTL',1.00000000,'84.240.7.103','','Mozilla/5.0 (Windows NT 6.1; WOW64; rv:29.0) Gecko/20100101 Firefox/29.0','en-US,en;q=0.5','2014-05-27 19:29:50','2014-07-08 12:16:21'),(142,0,'GEO-2014-',0,'Geoshop.LT','http://www.geoshop.lt/',26,1,'Konstamtin','Krupenin','serijstrannik@gmail.com','+37069197664','','Konstamtin','Krupenin','','','','Molo 62 - 5 ','','Klaipeda','','Lithuania',123,'Klaipeda',1913,'','Banko pavedimu','bank_transfer','Konstamtin','Krupenin','','Molo 62 - 5 ','','Klaipeda','','Lithuania',123,'Klaipeda',1913,'','Pristatymas  Lietuvos paštu','weight.weight_5','',97.0000,0,0,0.0000,2,4,'LTL',1.00000000,'86.100.73.44','','Mozilla/5.0 (Windows NT 6.1; WOW64) AppleWebKit/537.36 (KHTML, like Gecko) Chrome/35.0.1916.114 Safari/537.36','en-US,en;q=0.8,ru;q=0.6','2014-05-28 09:29:55','2014-05-28 09:29:55'),(143,0,'GEO-2014-',0,'Geoshop.LT','http://www.geoshop.lt/',26,1,'Konstamtin','Krupenin','serijstrannik@gmail.com','+37069197664','','Konstamtin','Krupenin','','','','Molo 62 - 5 ','','Klaipeda','','Lithuania',123,'Klaipeda',1913,'','Banko pavedimu','bank_transfer','Konstamtin','Krupenin','','Molo 62 - 5 ','','Klaipeda','','Lithuania',123,'Klaipeda',1913,'','Pristatymas  Lietuvos paštu','weight.weight_5','',97.0000,0,0,0.0000,2,4,'LTL',1.00000000,'86.100.73.44','','Mozilla/5.0 (Windows NT 6.1; WOW64) AppleWebKit/537.36 (KHTML, like Gecko) Chrome/35.0.1916.114 Safari/537.36','en-US,en;q=0.8,ru;q=0.6','2014-05-28 09:31:06','2014-05-28 09:31:06'),(144,0,'GEO-2014-',0,'Geoshop.LT','http://www.geoshop.lt/',29,1,'Agnė','Chme','agnechme@gmail.com','+37064834240','','Agnė','Chme','','','','Medeinos 43-66','','Vilnius','','Lithuania',123,'Vilnius',1920,'','Banko pavedimu','bank_transfer','Agnė','Chme','','Medeinos 43-66','','Vilnius','','Lithuania',123,'Vilnius',1920,'','Pristatymas  Lietuvos paštu','weight.weight_5','',18.7000,0,0,0.0000,2,4,'LTL',1.00000000,'78.56.155.249','','Mozilla/5.0 (Linux; U; Android 4.0.4; lt-lt; GT-P7310 Build/IMM76D) AppleWebKit/534.30 (KHTML, like Gecko) Version/4.0 Safari/534.30','lt-LT, en-US','2014-06-02 23:09:08','2014-06-02 23:09:08'),(145,30,'GEO-2014-',0,'Geoshop.LT','http://www.geoshop.lt/',29,1,'Agnė','Chme','agnechme@gmail.com','+37064834240','','Agnė','Chme','','','','Medeinos 43-66','','Vilnius','','Lithuania',123,'Vilnius',1920,'','Banko pavedimu','bank_transfer','Agnė','Chme','','Medeinos 43-66','','Vilnius','','Lithuania',123,'Vilnius',1920,'','Pristatymas  Lietuvos paštu','weight.weight_5','',18.7000,5,0,0.0000,2,4,'LTL',1.00000000,'78.56.155.249','','Mozilla/5.0 (Windows NT 6.1; WOW64) AppleWebKit/537.36 (KHTML, like Gecko) Chrome/31.0.1650.63 Safari/537.36','lt,en-US;q=0.8,en;q=0.6,ru;q=0.4,pl;q=0.2','2014-06-03 11:13:43','2014-07-08 12:16:44'),(146,0,'GEO-2014-',0,'Geoshop.LT','http://www.geoshop.lt/',18,1,'Paulius','Babilas','paulius.babilas@gmail.com','868264331','','Paulius','Babilas','','','','Šeškinės 13-41','','Vilnius','07153','Lithuania',123,'Vilnius',1920,'','Banko pavedimu','bank_transfer','Paulius','Babilas','','Šeškinės 13-41','','Vilnius','07153','Lithuania',123,'Vilnius',1920,'','Pristatymas  Lietuvos paštu','weight.weight_5','',66.5000,0,0,0.0000,2,4,'LTL',1.00000000,'195.182.75.7','','Mozilla/5.0 (compatible; MSIE 10.0; Windows NT 6.1; Trident/6.0)','lt-LT','2014-06-04 13:58:36','2014-06-04 13:58:36'),(147,31,'GEO-2014-',0,'Geoshop.LT','http://www.geoshop.lt/',18,1,'Paulius','Babilas','paulius.babilas@gmail.com','868264331','','Paulius','Babilas','','','','Šeškinės 13-41','','Vilnius','07153','Lithuania',123,'Vilnius',1920,'','Banko pavedimu','bank_transfer','Paulius','Babilas','','Šeškinės 13-41','','Vilnius','07153','Lithuania',123,'Vilnius',1920,'','Pristatymas  Lietuvos paštu','weight.weight_5','',66.5000,5,0,0.0000,2,4,'LTL',1.00000000,'195.182.75.7','','Mozilla/5.0 (compatible; MSIE 10.0; Windows NT 6.1; Trident/6.0)','lt-LT','2014-06-04 14:01:51','2014-06-06 08:08:03'),(148,32,'GEO-2014-',0,'Geoshop.LT','http://www.geoshop.lt/',16,1,'Renata','Vellemaa','zombis95@gmail.com','868714791','','Renata','Vellemaa','','','','Šeškinės 20 g.','','Vilnius','','Lithuania',123,'Vilnius',1920,'','Banko pavedimu','bank_transfer','Renata','Vellemaa','','Šeškinės 20 g.','','Vilnius','','Lithuania',123,'Vilnius',1920,'','Pristatymas  Lietuvos paštu','weight.weight_5','',101.7000,5,0,0.0000,2,4,'LTL',1.00000000,'84.240.51.228','','Mozilla/5.0 (iPad; CPU OS 7_1_1 like Mac OS X) AppleWebKit/537.51.1 (KHTML, like Gecko) CriOS/35.0.1916.38 Mobile/11D201 Safari/9537.53','en-US,en;q=0.8','2014-06-07 22:44:20','2014-06-10 23:11:19'),(149,33,'GEO-2014-',0,'Geoshop.LT','http://www.geoshop.lt/',30,1,'Gytis','Palepšys','gytisdaff@gmail.com','868753932','','Gytis','Palepšys','','','','Filaretu 61A-46','','Vilnius','01211','Lithuania',123,'Vilnius',1920,'','Banko pavedimu','bank_transfer','Gytis','Palepšys','','Filaretu 61A-46','','Vilnius','01211','Lithuania',123,'Vilnius',1920,'','Pristatymas  Lietuvos paštu','weight.weight_5','',32.0000,5,0,0.0000,2,4,'LTL',1.00000000,'78.56.155.249','','Mozilla/5.0 (Linux; Android 4.4.2; lt-lt; SAMSUNG SM-N9005 Build/KOT49H) AppleWebKit/537.36 (KHTML, like Gecko) Version/1.5 Chrome/28.0.1500.94 Mobile Safari/537.36','lt-LT,lt;q=0.8,en-US;q=0.6,en;q=0.4','2014-06-10 19:58:17','2014-06-11 14:32:46'),(150,0,'GEO-2014-',0,'Geoshop.LT','http://www.geoshop.lt/',31,1,'Medeinė','Kapačinskaitė','medeiniuxx@gmail.com','861845911','','Medeinė','Kapačinskaitė','','','','Baltijos pr. 19-60','','Klaipėda','','Lithuania',123,'Klaipeda',1913,'','Banko pavedimu','bank_transfer','Medeinė','Kapačinskaitė','','Baltijos pr. 19-60','','Klaipėda','','Lithuania',123,'Klaipeda',1913,'','Pristatymas į LP paštomatą','weight.weight_7','',41.1500,0,0,0.0000,2,4,'LTL',1.00000000,'188.69.215.17','','Mozilla/5.0 (Windows NT 6.1; WOW64) AppleWebKit/537.36 (KHTML, like Gecko) Chrome/35.0.1916.114 Safari/537.36','en-US,en;q=0.8','2014-06-11 10:51:45','2014-06-11 10:51:45'),(151,34,'GEO-2014-',0,'Geoshop.LT','http://www.geoshop.lt/',31,1,'Medeinė','Kapačinskaitė','medeiniuxx@gmail.com','861845911','','Medeinė','Kapačinskaitė','','','','Baltijos pr. 19-60','','Klaipėda','','Lithuania',123,'Klaipeda',1913,'','Banko pavedimu','bank_transfer','Medeinė','Kapačinskaitė','','Baltijos pr. 19-60','','Klaipėda','','Lithuania',123,'Klaipeda',1913,'','Pristatymas į LP paštomatą','weight.weight_7','',41.1500,5,0,0.0000,2,4,'LTL',1.00000000,'188.69.215.17','','Mozilla/5.0 (Windows NT 6.1; WOW64) AppleWebKit/537.36 (KHTML, like Gecko) Chrome/35.0.1916.114 Safari/537.36','en-US,en;q=0.8','2014-06-11 10:53:23','2014-06-14 17:52:21'),(152,0,'GEO-2014-',0,'Geoshop.LT','http://www.geoshop.lt/',32,1,'Domas','Džiaugys','d.domas@gmail.com','+37060912547','','Domas','Džiaugys','','','','Šaltinių g. 1-9','','Vilnius','03218','Lithuania',123,'Vilnius',1920,'','PayPal','pp_standard','Domas','Džiaugys','','Šaltinių g. 1-9','','Vilnius','03218','Lithuania',123,'Vilnius',1920,'','Pristatymas  Lietuvos paštu','weight.weight_5','',34.0000,0,0,0.0000,2,4,'LTL',1.00000000,'78.60.64.154','','Mozilla/5.0 (X11; Linux x86_64) AppleWebKit/537.36 (KHTML, like Gecko) Chrome/35.0.1916.114 Safari/537.36','lt,en-US;q=0.8,en;q=0.6,ru;q=0.4,pl;q=0.2','2014-06-14 17:32:41','2014-06-14 17:32:41'),(153,0,'GEO-2014-',0,'Geoshop.LT','http://www.geoshop.lt/',32,1,'Domas','Džiaugys','d.domas@gmail.com','+37060912547','','Domas','Džiaugys','','','','Šaltinių g. 1-9','','Vilnius','03218','Lithuania',123,'Vilnius',1920,'','Banko pavedimu','bank_transfer','Domas','Džiaugys','','Šaltinių g. 1-9','','Vilnius','03218','Lithuania',123,'Vilnius',1920,'','Pristatymas  Lietuvos paštu','weight.weight_5','',34.0000,0,0,0.0000,2,4,'LTL',1.00000000,'78.60.64.154','','Mozilla/5.0 (X11; Linux x86_64) AppleWebKit/537.36 (KHTML, like Gecko) Chrome/35.0.1916.114 Safari/537.36','lt,en-US;q=0.8,en;q=0.6,ru;q=0.4,pl;q=0.2','2014-06-14 17:33:24','2014-06-14 17:33:24'),(154,0,'GEO-2014-',0,'Geoshop.LT','http://www.geoshop.lt/',32,1,'Domas','Džiaugys','d.domas@gmail.com','+37060912547','','Domas','Džiaugys','','','','Šaltinių g. 1-9','','Vilnius','03218','Lithuania',123,'Vilnius',1920,'','Banko pavedimu','bank_transfer','Domas','Džiaugys','','Šaltinių g. 1-9','','Vilnius','03218','Lithuania',123,'Vilnius',1920,'','Pristatymas  Lietuvos paštu','weight.weight_5','',34.0000,0,0,0.0000,2,4,'LTL',1.00000000,'78.60.64.154','','Mozilla/5.0 (X11; Linux x86_64) AppleWebKit/537.36 (KHTML, like Gecko) Chrome/35.0.1916.114 Safari/537.36','lt,en-US;q=0.8,en;q=0.6,ru;q=0.4,pl;q=0.2','2014-06-14 17:37:09','2014-06-14 17:37:09'),(155,0,'GEO-2014-',0,'Geoshop.LT','http://www.geoshop.lt/',32,1,'Domas','Džiaugys','d.domas@gmail.com','+37060912547','','Domas','Džiaugys','','','','Šaltinių g. 1-9','','Vilnius','03218','Lithuania',123,'Vilnius',1920,'','Banko pavedimu','bank_transfer','Domas','Džiaugys','','Šaltinių g. 1-9','','Vilnius','03218','Lithuania',123,'Vilnius',1920,'','Pristatymas  Lietuvos paštu','weight.weight_5','',34.0000,0,0,0.0000,2,4,'LTL',1.00000000,'78.60.64.154','','Mozilla/5.0 (X11; Linux x86_64) AppleWebKit/537.36 (KHTML, like Gecko) Chrome/35.0.1916.114 Safari/537.36','lt,en-US;q=0.8,en;q=0.6,ru;q=0.4,pl;q=0.2','2014-06-14 17:42:25','2014-06-14 17:42:25'),(156,35,'GEO-2014-',0,'Geoshop.LT','http://www.geoshop.lt/',32,1,'Domas','Džiaugys','d.domas@gmail.com','+37060912547','','Domas','Džiaugys','','','','Šaltinių g. 1-9','','Vilnius','03218','Lithuania',123,'Vilnius',1920,'','Banko pavedimu','bank_transfer','Domas','Džiaugys','','Šaltinių g. 1-9','','Vilnius','03218','Lithuania',123,'Vilnius',1920,'','Pristatymas  Lietuvos paštu','weight.weight_5','',34.0000,5,0,0.0000,2,4,'LTL',1.00000000,'78.60.64.154','','Mozilla/5.0 (X11; Linux x86_64) AppleWebKit/537.36 (KHTML, like Gecko) Chrome/35.0.1916.114 Safari/537.36','lt,en-US;q=0.8,en;q=0.6,ru;q=0.4,pl;q=0.2','2014-06-14 17:45:39','2014-08-19 22:11:54'),(157,36,'GEO-2014-',0,'Geoshop.LT','http://www.geoshop.lt/',7,2,'Marius','Žiulys','marius.ziulys@gmail.com','868782611','','Marius','Žiulys','','','','Pramonės pr. 91-13','','Kaunas','50352','Lithuania',123,'Kaunas',1912,'','Banko pavedimu','bank_transfer','Marius','Žiulys','','Pramonės pr. 91-13','','Kaunas','50352','Lithuania',123,'Kaunas',1912,'','Pristatymas  Lietuvos paštu','weight.weight_5','',97.0000,5,0,0.0000,2,4,'LTL',1.00000000,'78.63.200.81','','Mozilla/5.0 (Windows NT 6.1; WOW64) AppleWebKit/537.36 (KHTML, like Gecko) Chrome/35.0.1916.153 Safari/537.36','lt,en-US;q=0.8,en;q=0.6,ru;q=0.4,pl;q=0.2','2014-06-15 22:39:33','2014-08-19 22:12:15'),(158,37,'GEO-2014-',0,'Geoshop.LT','http://www.geoshop.lt/',35,1,'Harijs','Biete','harijsbiete@inbox.lv','+37129393174','','Harijs','Biete','','','','Uriekstes 8a','','Rīga','1005','Latvia',117,'Riga',1850,'','PayPal','pp_standard','Harijs','Biete','','Uriekstes 8a','','Rīga','1005','Latvia',117,'Riga',1850,'','Express to post24.lt terminal,LV','weight.weight_13','',49.9000,5,0,0.0000,1,3,'EUR',0.31700000,'46.109.6.7','','Mozilla/5.0 (Windows NT 6.1) AppleWebKit/537.36 (KHTML, like Gecko) Chrome/35.0.1916.153 Safari/537.36','lv-LV,lv;q=0.8,en-US;q=0.6,en;q=0.4','2014-06-18 21:05:29','2014-08-19 22:12:05'),(159,0,'GEO-2014-',0,'Geoshop.LT','http://www.geoshop.lt/',36,1,'Priit','Juhani','priit3200@gmail.com','56243181','','Priit','Juhani','','','','Turba Aia-1','','Harjumaa','','Estonia',67,'Harjumaa (Tallinn)',1054,'','PayPal','pp_standard','Priit','Juhani','','Turba Aia-1','','Harjumaa','','Estonia',67,'Harjumaa (Tallinn)',1054,'','Express to post24.lt terminal,EE','weight.weight_14','',172.0000,0,0,0.0000,2,3,'EUR',0.31700000,'86.110.41.109','','Mozilla/5.0 (Windows NT 6.1) AppleWebKit/537.36 (KHTML, like Gecko) Chrome/35.0.1916.153 Safari/537.36','en-US,en;q=0.8,et;q=0.6','2014-06-18 23:36:52','2014-06-18 23:36:52'),(160,0,'GEO-2014-',0,'Geoshop.LT','http://www.geoshop.lt/',36,1,'Priit','Juhani','priit3200@gmail.com','56243181','','Priit','Juhani','','','','Turba Aia-1','','Harjumaa','','Estonia',67,'Harjumaa (Tallinn)',1054,'','PayPal','pp_standard','Priit','Juhani','','Turba Aia-1','','Harjumaa','','Estonia',67,'Harjumaa (Tallinn)',1054,'','Express to post24.lt terminal,EE','weight.weight_14','',172.0000,0,0,0.0000,1,3,'EUR',0.31700000,'86.110.41.109','','Mozilla/5.0 (Windows NT 6.1) AppleWebKit/537.36 (KHTML, like Gecko) Chrome/35.0.1916.153 Safari/537.36','en-US,en;q=0.8,et;q=0.6','2014-06-19 00:06:10','2014-06-19 00:06:10'),(161,38,'GEO-2014-',0,'Geoshop.LT','http://www.geoshop.lt/',36,1,'Priit','Juhani','priit3200@gmail.com','56243181','','Priit','Juhani','','','','Turba Aia-1','','Harjumaa','','Estonia',67,'Harjumaa (Tallinn)',1054,'','PayPal','pp_standard','Priit','Juhani','','Turba Aia-1','','Harjumaa','','Estonia',67,'Harjumaa (Tallinn)',1054,'','Express to post24.lt terminal,EE','weight.weight_14','',172.0000,5,0,0.0000,1,3,'EUR',0.31700000,'86.110.41.109','','Mozilla/5.0 (Windows NT 6.1) AppleWebKit/537.36 (KHTML, like Gecko) Chrome/35.0.1916.153 Safari/537.36','en-US,en;q=0.8,et;q=0.6','2014-06-19 00:25:57','2014-08-19 22:12:26');
INSERT INTO `oc_order` VALUES (162,39,'GEO-2014-',0,'Geoshop.LT','http://www.geoshop.lt/',38,1,'Gžegož','Oleškevič','fun5856@gmail.com','+37060556726','','Gžegož','Oleškevič','','','','Justiniškių 95-10','','Vilnius','05253','Lithuania',123,'Vilnius',1920,'','PayPal','pp_standard','Gžegož','Oleškevič','','Justiniškių 95-10','','Vilnius','05253','Lithuania',123,'Vilnius',1920,'','Pristatymas  Lietuvos paštu','weight.weight_5','',27.3500,5,0,0.0000,2,4,'LTL',1.00000000,'84.240.11.4','','Mozilla/5.0 (Windows NT 6.1; WOW64) AppleWebKit/537.36 (KHTML, like Gecko) Chrome/35.0.1916.153 Safari/537.36','lt,en-US;q=0.8,en;q=0.6,ru;q=0.4,pl;q=0.2','2014-06-30 10:50:04','2014-08-19 22:12:35'),(163,40,'GEO-2014-',0,'Geoshop.LT','http://www.geoshop.lt/',36,1,'Priit','Juhani','priit3200@gmail.com','37256243181','','Priit','Juhani','','','','Turba Aia-1','','Harjumaa','','Estonia',67,'Harjumaa (Tallinn)',1054,'','PayPal','pp_standard','Priit','Juhani','','Turba Aia-1','','Harjumaa','','Estonia',67,'Harjumaa (Tallinn)',1054,'','Express to post24.lt terminal,EE','weight.weight_14','96049\n\nHarju maakond, Keila linn, Haapsalu maantee, 57a',169.2500,5,0,0.0000,1,3,'EUR',0.31700000,'86.110.41.109','','Mozilla/5.0 (Windows NT 6.1) AppleWebKit/537.36 (KHTML, like Gecko) Chrome/35.0.1916.153 Safari/537.36','en-US,en;q=0.8,et;q=0.6','2014-07-01 00:00:51','2014-08-19 22:12:44'),(164,41,'GEO-2014-',0,'Geoshop.LT','http://www.geoshop.lt/',0,1,'Gediminas','Gerulaitis','g.gerulaitis@gmail.com','+37060553661','','Gediminas','Gerulaitis','','','','Aguonų g. 3-6','','Vilnius','03213','Lithuania',123,'Vilnius',1920,'','Banko pavedimu','bank_transfer','Gediminas','Gerulaitis','','Aguonų g. 3-6','','Vilnius','03213','Lithuania',123,'Vilnius',1920,'','Pristatymas  Lietuvos paštu','weight.weight_5','',26.5000,5,0,0.0000,2,4,'LTL',1.00000000,'88.119.158.122','','Mozilla/5.0 (Windows NT 6.1; WOW64) AppleWebKit/537.36 (KHTML, like Gecko) Chrome/34.0.1800.0 Safari/537.36','en-US,en;q=0.8,lt;q=0.6,ru;q=0.4','2014-07-01 11:05:32','2014-08-19 22:12:55'),(165,42,'GEO-2014-',0,'Geoshop.LT','http://www.geoshop.lt/',36,1,'Priit','Juhani','priit3200@gmail.com','37256243181','','Priit','Juhani','','','','Turba Aia-1','','Harjumaa','','Estonia',67,'Harjumaa (Tallinn)',1054,'','PayPal','pp_standard','Priit','Juhani','','Turba Aia-1','','Harjumaa','','Estonia',67,'Harjumaa (Tallinn)',1054,'','Express to post24.lt terminal,EE','weight.weight_14','96049\n\nHarju maakond, Keila linn, Haapsalu maantee, 57a',187.7500,5,0,0.0000,1,3,'EUR',0.31700000,'86.110.41.109','','Mozilla/5.0 (Windows NT 6.1) AppleWebKit/537.36 (KHTML, like Gecko) Chrome/35.0.1916.153 Safari/537.36','en-US,en;q=0.8,et;q=0.6','2014-07-01 21:40:37','2014-08-19 22:13:04'),(166,0,'GEO-2014-',0,'Geoshop.LT','http://www.geoshop.lt/',0,1,'Sintija','Slaveika','sintija.slaveika@inbox.lv','+37126511411','','Sintija','Slaveika','','','','Avotu 6, audumu veikals','','Rīga','LV 1011','Latvia',117,'Riga',1850,'','PayPal','pp_standard','Sintija','Slaveika','','Avotu 6, audumu veikals','','Rīga','LV 1011','Latvia',117,'Riga',1850,'','Express to post24.lt terminal,LV','weight.weight_13','',51.6500,0,0,0.0000,1,3,'EUR',0.31700000,'80.232.223.21','','Mozilla/5.0 (Windows NT 5.1) AppleWebKit/537.36 (KHTML, like Gecko) Chrome/35.0.1916.153 Safari/537.36','en-US,en;q=0.8,lv;q=0.6','2014-07-07 12:37:17','2014-07-07 12:37:17'),(167,43,'GEO-2014-',0,'Geoshop.LT','http://www.geoshop.lt/',0,1,'Sintija','Slaveika','sintija.slaveika@inbox.lv','+37126511411','','Sintija','Slaveika','','','','Avotu 6, audumu veikals','','Rīga','LV 1011','Latvia',117,'Riga',1850,'','PayPal','pp_standard','Sintija','Slaveika','','Avotu 6, audumu veikals','','Rīga','LV 1011','Latvia',117,'Riga',1850,'','Express to post24.lt terminal,LV','weight.weight_13','',56.6500,5,0,0.0000,1,3,'EUR',0.31700000,'80.232.223.21','','Mozilla/5.0 (Windows NT 5.1) AppleWebKit/537.36 (KHTML, like Gecko) Chrome/35.0.1916.153 Safari/537.36','en-US,en;q=0.8,lv;q=0.6','2014-07-07 13:06:11','2014-08-19 22:13:15'),(168,0,'GEO-2014-',0,'Geoshop.LT','http://www.geoshop.lt/',0,1,'jkbmknmn','jhnmbjhnm','lukasstepolunskas@gmail.com','869584526','','jkbmknmn','jhnmbjhnm','','','','Labuškiu g. 32','','Vilnius','','Lithuania',123,'Vilnius',1920,'','Banko pavedimu','bank_transfer','jkbmknmn','jhnmbjhnm','','Labuškiu g. 32','','Vilnius','','Lithuania',123,'Vilnius',1920,'','Pristatymas  Lietuvos paštu','weight.weight_5','',5.9500,7,0,0.0000,2,4,'LTL',1.00000000,'88.216.7.125','','Mozilla/5.0 (Windows NT 6.1; WOW64) AppleWebKit/537.36 (KHTML, like Gecko) Chrome/35.0.1916.153 Safari/537.36','lt,en-US;q=0.8,en;q=0.6,ru;q=0.4,pl;q=0.2','2014-07-09 20:54:34','2014-07-10 10:57:06'),(169,44,'GEO-2014-',0,'Geoshop.LT','http://www.geoshop.lt/',0,1,'Antanas','Lapinskas','antanas@lapinskas.lt','0037061880718','','Antanas','Lapinskas','','','','V. Krėvės 62-77','','Kaunas','LT50398','Lithuania',123,'Kaunas',1912,'','PayPal','pp_standard','Antanas','Lapinskas','','V. Krėvės 62-77','','Kaunas','LT50398','Lithuania',123,'Kaunas',1912,'','Pristatymas  Lietuvos paštu','weight.weight_5','',73.0000,5,0,0.0000,2,4,'LTL',1.00000000,'78.62.186.91','','Mozilla/5.0 (Windows NT 6.1; WOW64) AppleWebKit/537.36 (KHTML, like Gecko) Chrome/35.0.1916.153 Safari/537.36','lt,en-US;q=0.8,en;q=0.6,ru;q=0.4,pl;q=0.2','2014-07-13 10:18:53','2014-08-19 22:13:28'),(170,45,'GEO-2014-',0,'Geoshop.LT','http://www.geoshop.lt/',39,1,'Giedrius','Bartaška','g.bartaska@gmail.com','+37069955545','','Giedrius','Bartaška','','','','Savanorių pr. 393 - 42','','Kaunas','49359','Lithuania',123,'Kaunas',1912,'','Banko pavedimu','bank_transfer','Giedrius','Bartaška','','Savanorių pr. 393 - 42','','Kaunas','49359','Lithuania',123,'Kaunas',1912,'','Pristatymas  Lietuvos paštu','weight.weight_5','',21.0000,5,0,0.0000,2,4,'LTL',1.00000000,'178.16.38.140','','Mozilla/5.0 (Windows NT 6.1; WOW64) AppleWebKit/537.36 (KHTML, like Gecko) Chrome/35.0.1916.153 Safari/537.36','lt,en-US;q=0.8,en;q=0.6,ru;q=0.4,pl;q=0.2','2014-07-15 20:02:37','2014-08-19 22:13:37'),(171,46,'GEO-2014-',0,'Geoshop.LT','http://www.geoshop.lt/',17,1,'Kristina','Štaupaitė','stikse@gmail.com','37063138579','','Kristina','Štaupaitė','','','','K. Griniaus 5 - 32','','Kaunas','48372','Lithuania',123,'Kaunas',1912,'','Banko pavedimu','bank_transfer','Kristina','Štaupaitė','','K. Griniaus 5 - 32','','Kaunas','48372','Lithuania',123,'Kaunas',1912,'','Pristatymas  Lietuvos paštu','weight.weight_5','',43.8500,5,0,0.0000,2,4,'LTL',1.00000000,'212.117.19.37','','Mozilla/5.0 (Windows NT 6.3; WOW64) AppleWebKit/537.36 (KHTML, like Gecko) Chrome/35.0.1916.153 Safari/537.36','lt,en-US;q=0.8,en;q=0.6,ru;q=0.4,pl;q=0.2,ja;q=0.2','2014-07-16 12:39:49','2014-08-19 22:13:49'),(172,0,'GEO-2014-',0,'Geoshop.LT','http://www.geoshop.lt/',40,1,'Artūras','Gudas','arturas@svetur.lt','+37069914024','','Artūras','Gudas','','','','Sudervės 12-8','Avižieniai','Vilniaus r.','14184','Lithuania',123,'Vilnius',1920,'','PayPal','pp_standard','Artūras','Gudas','','Sudervės 12-8','Avižieniai','Vilniaus r.','14184','Lithuania',123,'Vilnius',1920,'','Pristatymas į LP paštomatą','weight.weight_7','Siuntą pristatytykite į Klaipėdą, LP paštomatą esantį Liepojos g. 10 (Maxima XX).\nNorėčiau gauti iki sekmadienio, jei negalėsite pristatyti, praneškite, nes tada reikėtų vežti į Vilniuje esantį paštomatą.',59.0000,0,0,0.0000,2,4,'LTL',1.00000000,'78.56.118.41','','Mozilla/5.0 (X11; Ubuntu; Linux i686; rv:30.0) Gecko/20100101 Firefox/30.0','en-US,en;q=0.5','2014-07-16 23:39:24','2014-07-16 23:39:24'),(173,0,'GEO-2014-',0,'Geoshop.LT','http://www.geoshop.lt/',40,1,'Artūras','Gudas','arturas@svetur.lt','+37069914024','','Artūras','Gudas','','','','Sudervės 12-8','Avižieniai','Vilniaus r.','14184','Lithuania',123,'Vilnius',1920,'','PayPal','pp_standard','Artūras','Gudas','','Sudervės 12-8','Avižieniai','Vilniaus r.','14184','Lithuania',123,'Vilnius',1920,'','Pristatymas į LP paštomatą','weight.weight_7','Siuntą pristatytykite į Klaipėdą, LP paštomatą esantį Liepojos g. 10 (Maxima XX).\nNorėčiau gauti iki sekmadienio, jei negalėsite pristatyti, praneškite, nes tada reikėtų vežti į Vilniuje esantį paštomatą.',50.5000,0,0,0.0000,2,4,'LTL',1.00000000,'78.56.118.41','','Mozilla/5.0 (X11; Ubuntu; Linux i686; rv:30.0) Gecko/20100101 Firefox/30.0','en-US,en;q=0.5','2014-07-16 23:41:04','2014-07-16 23:41:04'),(174,47,'GEO-2014-',0,'Geoshop.LT','http://www.geoshop.lt/',40,1,'Artūras','Gudas','arturas@svetur.lt','+37069914024','','Artūras','Gudas','','','','Sudervės 12-8','Avižieniai','Vilniaus r.','14184','Lithuania',123,'Vilnius',1920,'','PayPal','pp_standard','Artūras','Gudas','','Sudervės 12-8','Avižieniai','Vilniaus r.','14184','Lithuania',123,'Vilnius',1920,'','Pristatymas į LP paštomatą','weight.weight_7','Siuntą pristatytykite į Klaipėdą, LP paštomatą esantį Liepojos g. 10 (Maxima XX).\nNorėčiau gauti iki sekmadienio, jei negalėsite pristatyti, praneškite, nes tada reikėtų vežti į Vilniuje esantį paštomatą.',64.5000,5,0,0.0000,2,4,'LTL',1.00000000,'78.56.118.41','','Mozilla/5.0 (X11; Ubuntu; Linux i686; rv:30.0) Gecko/20100101 Firefox/30.0','en-US,en;q=0.5','2014-07-16 23:44:12','2014-08-19 22:14:04'),(175,48,'GEO-2014-',0,'Geoshop.LT','http://www.geoshop.lt/',0,1,'Arvydas','Savickas','a.savicko@gmail.com','861240412','','Arvydas','Savickas','','','','Mažojo lauko g. 9','Biržų Lauko k.','Šilalės r.','75110','Lithuania',123,'Taurage',1917,'','Banko pavedimu','bank_transfer','Arvydas','Savickas','','Mažojo lauko g. 9','Biržų Lauko k.','Šilalės r.','75110','Lithuania',123,'Taurage',1917,'','Pristatymas  Lietuvos paštu','weight.weight_5','',29.0500,5,0,0.0000,2,4,'LTL',1.00000000,'78.61.191.179','','Mozilla/5.0 (Windows NT 6.1; WOW64; rv:30.0) Gecko/20100101 Firefox/30.0','en-US,en;q=0.5','2014-07-17 23:03:59','2014-08-19 22:11:29'),(176,0,'GEO-2014-',0,'Geoshop.LT','http://www.geoshop.lt/',0,1,' Irmantas','Stapulionis','irmantasstapulionis@gmail.com','64565102','',' Irmantas','Stapulionis','','','','Ežero 12a-26','','Šiauliai','77140','Lithuania',123,'Siauliai',1916,'','PayPal','pp_standard',' Irmantas','Stapulionis','','Ežero 12a-26','','Šiauliai','77140','Lithuania',123,'Siauliai',1916,'','Pristatymas  Lietuvos paštu','weight.weight_5','',23.7500,0,0,0.0000,2,4,'LTL',1.00000000,'212.52.45.12','','Mozilla/5.0 (Linux; U; Android 4.2.2; lt-lt; GT-I9105P Build/JDQ39) AppleWebKit/534.30 (KHTML, like Gecko) Version/4.0 Mobile Safari/534.30','lt-LT, en-US','2014-07-17 23:11:36','2014-07-17 23:11:36'),(177,0,'GEO-2014-',0,'Geoshop.LT','http://www.geoshop.lt/',30,1,'Gytis','Palepšys','gytisdaff@gmail.com','868753932','','Gytis','Palepšys','','','','Filaretu 61A-46','','Vilnius','01211','Lithuania',123,'Vilnius',1920,'','Banko pavedimu','bank_transfer','Gytis','Palepšys','','Filaretu 61A-46','','Vilnius','01211','Lithuania',123,'Vilnius',1920,'','Pristatymas  Lietuvos paštu','weight.weight_5','',23.7500,0,0,0.0000,2,4,'LTL',1.00000000,'188.69.192.189','','Mozilla/5.0 (Linux; Android 4.4.2; lt-lt; SAMSUNG SM-N9005 Build/KOT49H) AppleWebKit/537.36 (KHTML, like Gecko) Version/1.5 Chrome/28.0.1500.94 Mobile Safari/537.36','lt-LT,lt;q=0.8,en-US;q=0.6,en;q=0.4','2014-07-20 17:46:47','2014-07-20 17:46:47'),(178,49,'GEO-2014-',0,'Geoshop.LT','http://www.geoshop.lt/',30,1,'Gytis','Palepšys','gytisdaff@gmail.com','868753932','','Gytis','Palepšys','','','','Filaretu 61A-46','','Vilnius','01211','Lithuania',123,'Vilnius',1920,'','Banko pavedimu','bank_transfer','Gytis','Palepšys','','Filaretu 61A-46','','Vilnius','01211','Lithuania',123,'Vilnius',1920,'','Pristatymas  Lietuvos paštu','weight.weight_5','',23.7500,5,0,0.0000,2,4,'LTL',1.00000000,'188.69.192.189','','Mozilla/5.0 (Linux; Android 4.4.2; lt-lt; SAMSUNG SM-N9005 Build/KOT49H) AppleWebKit/537.36 (KHTML, like Gecko) Version/1.5 Chrome/28.0.1500.94 Mobile Safari/537.36','lt-LT,lt;q=0.8,en-US;q=0.6,en;q=0.4','2014-07-20 17:47:58','2014-07-21 10:40:25'),(179,51,'GEO-2014-',0,'Geoshop.LT','http://www.geoshop.lt/',0,1,'EGIDIJUS','ARLAUSKAS','eldoradas@splius.lt','861522948','','EGIDIJUS','ARLAUSKAS','','','','Tilžės g. 39a-11','','Šiauliai','','Lithuania',123,'Siauliai',1916,'','Banko pavedimu','bank_transfer','EGIDIJUS','ARLAUSKAS','','Tilžės g. 39a-11','','Šiauliai','','Lithuania',123,'Siauliai',1916,'','Pristatymas į LP paštomatą','weight.weight_7','',40.7500,5,0,0.0000,2,4,'LTL',1.00000000,'46.249.171.28','','Mozilla/5.0 (Windows NT 6.1; rv:12.0) Gecko/20100101 Firefox/12.0','en-us,en;q=0.5','2014-07-21 21:45:29','2014-08-19 22:11:18'),(180,50,'GEO-2014-',0,'Geoshop.LT','http://www.geoshop.lt/',43,1,'Maris','Freifalts','marisff@apollo.lv','+37129274603','','Maris','Freifalts','','','','Lermontova 3/1-17','','Riga','LV1002','Latvia',117,'Riga',1850,'','PayPal','pp_standard','Maris','Freifalts','','Lermontova 3/1-17','','Riga','LV1002','Latvia',117,'Riga',1850,'','Shipping to EU','weight.weight_6','',77.8000,5,0,0.0000,1,3,'EUR',0.31700000,'212.93.114.72','','Mozilla/5.0 (Windows NT 6.1; WOW64; rv:30.0) Gecko/20100101 Firefox/30.0','lv,en-us;q=0.7,en;q=0.3','2014-07-21 23:20:08','2014-08-19 22:11:03'),(181,52,'GEO-2014-',0,'Geoshop.LT','http://www.geoshop.lt/',44,1,'Augustina','Radziunaite','augustedabar@gmail.com','+37061555368','','Augustina','Radziunaite','','','','Savanorių pr. 59-3','','Vilnius','','Lithuania',123,'Vilnius',1920,'','Banko pavedimu','bank_transfer','Petras','Radziunas','','Savanorių pr 59-3','','Vilnius','','Lithuania',123,'Vilnius',1920,'','Pristatymas  Lietuvos paštu','weight.weight_5','',29.5000,5,0,0.0000,2,4,'LTL',1.00000000,'213.103.230.209','','Mozilla/5.0 (Windows NT 6.0; rv:27.0) Gecko/20100101 Firefox/27.0','en-US,en;q=0.5','2014-07-22 08:08:43','2014-07-22 14:11:01'),(182,53,'GEO-2014-',0,'Geoshop.LT','http://www.geoshop.lt/',0,1,'Laima','Kučinskaitė','lairune@gmail.com','861144575','','Laima','Kučinskaitė','','','','Nevėžio g. 16-18','','Panevėžys','','Lithuania',123,'Panevezys',1915,'','Banko pavedimu','bank_transfer','Laima','Kučinskaitė','','Nevėžio g. 16-18','','Panevėžys','','Lithuania',123,'Panevezys',1915,'','Pristatymas  Lietuvos paštu','weight.weight_5','',45.3000,5,0,0.0000,2,4,'LTL',1.00000000,'213.190.46.35','','Mozilla/5.0 (Windows NT 5.1; rv:30.0) Gecko/20100101 Firefox/30.0','lt-LT,lt;q=0.8,en-us;q=0.5,en;q=0.3','2014-07-28 11:22:11','2014-08-19 22:10:49'),(183,54,'GEO-2014-',0,'Geoshop.LT','http://www.geoshop.lt/',0,1,'Ramona','Zeltiņa','rzeltina@gmail.com','+37126736663','','Ramona','Zeltiņa','','','','Ligatnes iela 5','','Riga','','Latvia',117,'Riga',1850,'','PayPal','pp_standard','Ramona','Zeltiņa','','Ligatnes iela 5','','Riga','','Latvia',117,'Riga',1850,'','Express to post24.lt terminal,LV','weight.weight_13','Rīgas P.Brieža ielas RIMI pakomāts, 9903 (Pulkveža Brieža iela 33, Rīga)',62.0000,5,0,0.0000,1,3,'EUR',0.31700000,'80.233.206.9','','Mozilla/5.0 (Macintosh; Intel Mac OS X 10.5; rv:16.0) Gecko/20100101 Firefox/16.0','en-US,en;q=0.5','2014-07-29 13:58:30','2014-08-19 22:10:23'),(184,55,'GEO-2014-',0,'Geoshop.LT','http://www.geoshop.lt/',0,1,'Arvydas','Savickas','a.savicko@gmail.com','861240412','','Arvydas','Savickas','','','','Mažojo lauko g. 9','Biržų Lauko k.','Šilalės r.','75110','Lithuania',123,'Taurage',1917,'','Banko pavedimu','bank_transfer','Arvydas','Savickas','','Mažojo lauko g. 9','Biržų Lauko k.','Šilalės r.','75110','Lithuania',123,'Taurage',1917,'','Pristatymas  Lietuvos paštu','weight.weight_5','',41.6500,5,0,0.0000,2,4,'LTL',1.00000000,'78.61.191.179','','Mozilla/5.0 (Windows NT 6.1; WOW64; rv:31.0) Gecko/20100101 Firefox/31.0','en-US,en;q=0.5','2014-08-03 23:16:49','2014-09-08 21:37:04'),(185,56,'GEO-2014-',0,'Geoshop.LT','http://www.geoshop.lt/',45,1,'Vidmantas','Maceika','aqther.maceika@gmail.com','+37069535496','','Vidmantas','Maceika','','','','Jaunystės g.8-70','','Rokiškis','42147','Lithuania',123,'Panevezys',1915,'','Banko pavedimu','bank_transfer','Vidmantas','Maceika','','Jaunystės g.8-70','','Rokiškis','42147','Lithuania',123,'Panevezys',1915,'','Pristatymas  Lietuvos paštu','weight.weight_5','',26.2600,5,0,0.0000,2,4,'LTL',1.00000000,'84.32.122.92','','Mozilla/5.0 (Windows NT 6.1; WOW64; rv:31.0) Gecko/20100101 Firefox/31.0','lt,en-us;q=0.8,en;q=0.6,ru;q=0.4,pl;q=0.2','2014-08-03 23:57:07','2014-09-08 21:36:53'),(186,0,'GEO-2014-',0,'Geoshop.LT','http://www.geoshop.lt/',0,1,'dgvfdbv','fdgbfrgdfv','cdf@gbrgbf.lt','fds','','dgvfdbv','fdgbfrgdfv','','','','vcdsgvcxbfhb','','c dsfgzc ','','Lithuania',123,'Alytus',1911,'','Banko pavedimu','bank_transfer','dgvfdbv','fdgbfrgdfv','','vcdsgvcxbfhb','','c dsfgzc ','','Lithuania',123,'Alytus',1911,'','Pristatymas  Lietuvos paštu','weight.weight_5','',7.8300,0,0,0.0000,2,4,'LTL',1.00000000,'84.240.28.239','','Mozilla/5.0 (Windows NT 6.1; WOW64; Trident/7.0; rv:11.0) like Gecko','lt-LT','2014-08-07 09:59:50','2014-08-07 09:59:50'),(187,57,'GEO-2014-',0,'Geoshop.LT','http://www.geoshop.lt/',0,1,'Baiba','Ile-Jokste','baiba_ile@yahoo.de','0037129119838','','Baiba','Ile-Jokste','','','','J.Poruka iela 6','','Sigulda','LV2150','Latvia',117,'Rigas Rajons',1838,'','PayPal','pp_standard','Baiba','Ile-Jokste','','J.Poruka iela 6','','Sigulda','LV2150','Latvia',117,'Rigas Rajons',1838,'','Express to post24.lt terminal,LV','weight.weight_13','Post number: 9932 Adress: Siguldas T/C Šokolāde pakomāts, Please send it out ASAP. Thanks!',36.7500,5,0,0.0000,1,4,'LTL',1.00000000,'80.232.147.18','','Mozilla/5.0 (Windows NT 6.1; WOW64) AppleWebKit/537.36 (KHTML, like Gecko) Chrome/36.0.1985.125 Safari/537.36','en-US,en;q=0.8,de;q=0.6,lv;q=0.4,ru;q=0.2','2014-08-07 15:59:48','2014-09-08 21:36:37'),(188,58,'GEO-2014-',0,'Geoshop.LT','http://www.geoshop.lt/',42,1,'EGIDIJUS','ARLAUSKAS','eldoradas@splius.lt','861522948','','EGIDIJUS','ARLAUSKAS','','','','Tilžės g. 39-11','','ŠIAULIAI','','Lithuania',123,'Siauliai',1916,'','Banko pavedimu','bank_transfer','EGIDIJUS','ARLAUSKAS','','Tilžės g. 39-11','','ŠIAULIAI','','Lithuania',123,'Siauliai',1916,'','Pristatymas į LP paštomatą','weight.weight_7','Prašome pristatyti i paštomata Šiauliuose  Dubijos gatvėje.',24.1500,5,0,0.0000,2,4,'LTL',1.00000000,'46.249.171.28','','Mozilla/5.0 (Windows NT 6.1) AppleWebKit/537.36 (KHTML, like Gecko) Chrome/36.0.1985.125 Safari/537.36','lt,en-US;q=0.8,en;q=0.6,ru;q=0.4,pl;q=0.2','2014-08-07 17:46:50','2014-09-08 21:36:24'),(189,0,'GEO-2014-',0,'Geoshop.LT','http://www.geoshop.lt/',46,1,'Andrius','Kukis','andriuuuuus@gmail.com','865278476','','Andrius','Kukis','','','','Narto km. Liepynų g. 10','','Marijampolės raj','','Lithuania',123,'Marijampole',1914,'','Banko pavedimu','bank_transfer','Andrius','Kukis','','Narto km. Liepynų g. 10','','Marijampolės raj','','Lithuania',123,'Marijampole',1914,'','Pristatymas  Lietuvos paštu','weight.weight_5','',13.0000,7,0,0.0000,2,4,'LTL',1.00000000,'78.57.181.221','','Mozilla/5.0 (Windows NT 5.1) AppleWebKit/537.36 (KHTML, like Gecko) Chrome/36.0.1985.125 Safari/537.36 OPR/23.0.1522.72 (Edition Campaign 47)','en-US,en;q=0.8','2014-08-10 23:02:00','2014-08-11 19:24:07'),(190,0,'GEO-2014-',0,'Geoshop.LT','http://www.geoshop.lt/',0,1,'Viktoras','Barauskas','viktoras.barauskas@spaineta.com','+370 69998899','','Viktoras','Barauskas','','','','Kęstučio g. 24','','Kaunas','44311','Lithuania',123,'Kaunas',1912,'','PayPal','pp_standard','Viktoras','Barauskas','','Kęstučio g. 24','','Kaunas','44311','Lithuania',123,'Kaunas',1912,'','Pristatymas  Lietuvos paštu','weight.weight_5','',26.5000,0,0,0.0000,2,4,'LTL',1.00000000,'217.17.86.227','','Mozilla/5.0 (Windows NT 6.1; Trident/7.0; rv:11.0) like Gecko','lt-LT','2014-08-11 00:02:10','2014-08-11 00:02:10'),(191,59,'GEO-2014-',0,'Geoshop.LT','http://www.geoshop.lt/',0,1,'Viktoras','Barauskas','viktoras.barauskas@spaineta.com','+370 69998899','','Viktoras','Barauskas','','','','Kęstučio g. 24','','Kaunas','44311','Lithuania',123,'Kaunas',1912,'','Banko pavedimu','bank_transfer','Viktoras','Barauskas','','Kęstučio g. 24','','Kaunas','44311','Lithuania',123,'Kaunas',1912,'','Pristatymas  Lietuvos paštu','weight.weight_5','',26.5000,5,0,0.0000,2,4,'LTL',1.00000000,'217.17.86.227','','Mozilla/5.0 (Windows NT 6.1; Trident/7.0; rv:11.0) like Gecko','lt-LT','2014-08-11 00:05:41','2014-09-08 21:36:12'),(192,60,'GEO-2014-',0,'Geoshop.LT','http://www.geoshop.lt/',0,1,'Gatis','Ozolins','Gatis.Ozolins@gmail.com','+37129229686','','Gatis','Ozolins','','','','8 lidaku str.','','Riga','','Latvia',117,'Riga',1850,'','PayPal','pp_standard','Gatis','Ozolins','','8 lidaku str.','','Riga','','Latvia',117,'Riga',1850,'','Express to post24.lt terminal,LV','weight.weight_13','',49.4500,5,0,0.0000,1,4,'LTL',1.00000000,'81.198.222.64','','Mozilla/5.0 (iPad; CPU OS 7_1_2 like Mac OS X) AppleWebKit/537.51.2 (KHTML, like Gecko) Version/7.0 Mobile/11D257 Safari/9537.53','en-us','2014-08-11 19:12:46','2014-09-08 21:36:01'),(193,61,'GEO-2014-',0,'Geoshop.LT','http://www.geoshop.lt/',46,1,'Andrius','Kukis','andriuuuuus@gmail.com','865278476','','Andrius','Kukis','','','','Narto km. Liepynų g. 10','','Marijampolės raj','','Lithuania',123,'Marijampole',1914,'','Banko pavedimu','bank_transfer','Andrius','Kukis','','Narto km. Liepynų g. 10','','Marijampolės raj','','Lithuania',123,'Marijampole',1914,'','Pristatymas  Lietuvos paštu','weight.weight_5','',21.7500,5,0,0.0000,2,4,'LTL',1.00000000,'78.57.181.221','','Mozilla/5.0 (Windows NT 5.1) AppleWebKit/537.36 (KHTML, like Gecko) Chrome/36.0.1985.125 Safari/537.36 OPR/23.0.1522.72 (Edition Campaign 47)','en-US,en;q=0.8','2014-08-11 19:24:22','2014-09-08 21:35:31'),(194,62,'GEO-2014-',0,'Geoshop.LT','http://www.geoshop.lt/',47,1,'Laura','Tikka','laura.l.tikka@gmail.com','+358407490923','','Laura','Tikka','','','','Kuusikuja 14','','Kärsämäki','86710','Finland',72,'Oulun Laani',1090,'','PayPal','pp_standard','Laura','Tikka','','Kuusikuja 14','','Kärsämäki','86710','Finland',72,'Oulun Laani',1090,'','Shipping to EU','weight.weight_6','',67.4000,5,0,0.0000,1,3,'EUR',0.31700000,'83.245.242.119','','Mozilla/5.0 (Windows NT 6.3; WOW64; rv:31.0) Gecko/20100101 Firefox/31.0','fi-fi,fi;q=0.8,en-us;q=0.5,en;q=0.3','2014-08-13 21:52:35','2014-09-08 21:35:50'),(195,63,'GEO-2014-',0,'Geoshop.LT','http://www.geoshop.lt/',0,1,'Edmunds','Lukasevics','edmunds@engelis.lv','+37129529447','','Edmunds','Lukasevics','','','','Ozolciema iela 24/1-10','','Riga','LV-1084','Latvia',117,'Riga',1850,'','PayPal','pp_standard','Edmunds','Lukasevics','','Ozolciema iela 24/1-10','','Riga','LV-1084','Latvia',117,'Riga',1850,'','Express to Omniva terminal,LV','weight.weight_13','',35.4000,5,0,0.0000,1,3,'EUR',0.31700000,'46.109.67.193','','Mozilla/5.0 (Windows NT 6.1; WOW64; rv:31.0) Gecko/20100101 Firefox/31.0','en-US,en;q=0.5','2014-08-14 11:55:36','2014-09-08 21:34:36'),(196,66,'GEO-2014-',0,'Geoshop.LT','http://www.geoshop.lt/',48,1,'Arvydas','Gudelis','arvydasas@gmail.com','+37068679760','','Arvydas','Gudelis','','','','Rudens g. 4-1','','Vilnius','','Lithuania',123,'Vilnius',1920,'','Banko pavedimu','bank_transfer','Arvydas','Gudelis','','Rudens g. 4-1','','Vilnius','','Lithuania',123,'Vilnius',1920,'','Pristatymas į LP paštomatą','weight.weight_7','į LP Express terminalą (paštomatą) adresu Ukmergės g. 282, Vilniuje (Maxima xxx)',50.0000,5,0,0.0000,2,4,'LTL',1.00000000,'78.56.231.4','','Mozilla/5.0 (Windows NT 6.3; Trident/7.0; Touch; MASMJS; rv:11.0) like Gecko','en-US,en;q=0.7,lt;q=0.3','2014-08-16 18:06:27','2014-12-13 12:55:37'),(197,64,'GEO-2014-',0,'Geoshop.LT','http://www.geoshop.lt/',49,1,'Edmundas','Riškus','edriskus@gmail.com','869599956','','Edmundas','Riškus','','','','A. Vienuolio g. 1','','Kuršėnai','81193','Lithuania',123,'Siauliai',1916,'','Banko pavedimu','bank_transfer','Edmundas','Riškus','','A. Vienuolio g. 1','','Kuršėnai','81193','Lithuania',123,'Siauliai',1916,'','Pristatymas  Lietuvos paštu','weight.weight_5','',32.7500,3,0,0.0000,2,4,'LTL',1.00000000,'78.58.223.48','','Mozilla/5.0 (Macintosh; Intel Mac OS X 10_7_5) AppleWebKit/537.36 (KHTML, like Gecko) Chrome/36.0.1985.143 Safari/537.36','lt,en-US;q=0.8,en;q=0.6,ru;q=0.4,pl;q=0.2','2014-08-16 21:42:46','2014-08-18 13:12:55'),(198,65,'GEO-2014-',0,'Geoshop.LT','http://www.geoshop.lt/',50,1,'Egidijus','Kusas','egidijus1983@gmail.com','865207111','','Egidijus','Kusas','','','','Ukmergės g. 300F-8','','Vilnius','','Lithuania',123,'Vilnius',1920,'','Banko pavedimu','bank_transfer','Egidijus','Kusas','','Ukmergės g. 300F-8','','Vilnius','','Lithuania',123,'Vilnius',1920,'','Pristatymas į LP paštomatą','weight.weight_7','',26.8000,3,0,0.0000,2,4,'LTL',1.00000000,'78.56.135.132','','Mozilla/5.0 (Windows NT 6.1; WOW64) AppleWebKit/537.36 (KHTML, like Gecko) Chrome/36.0.1985.143 Safari/537.36','en,lt;q=0.8','2014-08-17 20:32:15','2014-08-18 13:11:53'),(199,67,'GEO-2014-',0,'Geoshop.LT','http://www.geoshop.lt/',30,1,'Gytis','Palepšys','gytisdaff@gmail.com','868753932','','Gytis','Palepšys','','','','V. Maciulevičiaus 30-34','','Vilnius','','Lithuania',123,'Vilnius',1920,'','Banko pavedimu','bank_transfer','Gytis','Palepšys','','V. Maciulevičiaus 30-34','','Vilnius','','Lithuania',123,'Vilnius',1920,'','Pristatymas  Lietuvos paštu','weight.weight_5','',66.2500,3,0,0.0000,2,4,'LTL',1.00000000,'188.69.192.75','','Mozilla/5.0 (Linux; Android 4.4.2; lt-lt; SAMSUNG SM-N9005 Build/KOT49H) AppleWebKit/537.36 (KHTML, like Gecko) Version/1.5 Chrome/28.0.1500.94 Mobile Safari/537.36','lt-LT,lt;q=0.8,en-US;q=0.6,en;q=0.4','2014-08-23 18:08:34','2014-08-25 18:49:14'),(200,0,'GEO-2014-',0,'Geoshop.LT','http://www.geoshop.lt/',0,1,'Lenardas','Bernotas','meistrasklaipeda@gmail.com','+37061440691','','Lenardas','Bernotas','','','','Rambyno 22-42','','Klaipėda','9713','Lithuania',123,'Klaipeda',1913,'','Banko pavedimu','bank_transfer','Lenardas','Bernotas','','Rambyno 22-42','','Klaipėda','9713','Lithuania',123,'Klaipeda',1913,'','Pristatymas  Lietuvos paštu','weight.weight_5','',27.5000,0,0,0.0000,2,4,'LTL',1.00000000,'46.249.187.226','','Mozilla/5.0 (Macintosh; Intel Mac OS X 10_10) AppleWebKit/600.1.8 (KHTML, like Gecko) Version/8.0 Safari/600.1.8','en-us','2014-08-26 15:31:25','2014-08-26 15:31:25'),(201,0,'GEO-2014-',0,'Geoshop.LT','http://www.geoshop.lt/',0,1,'Lenardas','Bernotas','meistrasklaipeda@gmail.com','+37061440691','','Lenardas','Bernotas','','','','Rambyno 22-42','','Klaipėda','9713','Lithuania',123,'Klaipeda',1913,'','Banko pavedimu','bank_transfer','Lenardas','Bernotas','','Rambyno 22-42','','Klaipėda','9713','Lithuania',123,'Klaipeda',1913,'','Pristatymas  Lietuvos paštu','weight.weight_5','',27.5000,0,0,0.0000,2,4,'LTL',1.00000000,'46.249.187.226','','Mozilla/5.0 (Macintosh; Intel Mac OS X 10_10) AppleWebKit/600.1.8 (KHTML, like Gecko) Version/8.0 Safari/600.1.8','en-us','2014-08-26 15:32:16','2014-08-26 15:32:16'),(202,68,'GEO-2014-',0,'Geoshop.LT','http://www.geoshop.lt/',0,1,'Lenardas','Bernotas','meistrasklaipeda@gmail.com','+37061440691','','Lenardas','Bernotas','','','','Rambyno 22-42','','Klaipėda','9713','Lithuania',123,'Klaipeda',1913,'','Banko pavedimu','bank_transfer','Lenardas','Bernotas','','Rambyno 22-42','','Klaipėda','9713','Lithuania',123,'Klaipeda',1913,'','Pristatymas  Lietuvos paštu','weight.weight_5','',27.5000,3,0,0.0000,2,4,'LTL',1.00000000,'46.249.187.226','','Mozilla/5.0 (Macintosh; Intel Mac OS X 10_10) AppleWebKit/600.1.8 (KHTML, like Gecko) Version/8.0 Safari/600.1.8','en-us','2014-08-26 15:34:13','2014-08-27 08:22:07'),(203,0,'GEO-2014-',0,'Geoshop.LT','http://www.geoshop.lt/',0,1,'werqwerqwer','wsdrqawsd','sa@gmail.com','32492304','','werqwerqwer','wsdrqawsd','','','','adsfasd','','asdasd','sadas','Switzerland',204,'Schaffhausen',3111,'','PayPal','pp_standard','werqwerqwer','wsdrqawsd','','adsfasd','','asdasd','sadas','Switzerland',204,'Schaffhausen',3111,'','Shipping to EU','weight.weight_6','',19.0000,0,0,0.0000,1,3,'EUR',0.28985500,'84.50.114.92','','Mozilla/5.0 (Windows NT 5.1; rv:29.0) Gecko/20100101 Firefox/29.0','en-US,en;q=0.5','2014-08-28 12:01:03','2014-08-28 12:01:03'),(204,0,'GEO-2014-',0,'Geoshop.LT','http://www.geoshop.lt/',52,1,'Nathalie','Buerli','nat.buerli@bluewin.ch','0041 79 959 32 93','','Nathalie','Buerli','','','','Chaeppelimatte 5','','Wikon','4806','Switzerland',204,'Luzern',3106,'','PayPal','pp_standard','Nathalie','Buerli','','Chaeppelimatte 5','','Wikon','4806','Switzerland',204,'Luzern',3106,'','Shipping to EU','weight.weight_6','',182.0000,0,0,0.0000,1,4,'LTL',1.00000000,'193.5.216.100','','Mozilla/5.0 (compatible; MSIE 9.0; Windows NT 6.1; Trident/5.0)','de-CH,en-US;q=0.8,fr-CH;q=0.5,it-CH;q=0.3','2014-08-28 14:09:25','2014-08-28 14:09:25'),(205,0,'GEO-2014-',0,'Geoshop.LT','http://www.geoshop.lt/',52,1,'Nathalie','Buerli','nat.buerli@bluewin.ch','0041 79 959 32 93','','Nathalie','Buerli','','','','Chaeppelimatte 5','','Wikon','4806','Switzerland',204,'Luzern',3106,'','PayPal','pp_standard','Nathalie','Buerli','','Chaeppelimatte 5','','Wikon','4806','Switzerland',204,'Luzern',3106,'','Shipping to EU','weight.weight_6','',182.0000,0,0,0.0000,1,4,'LTL',1.00000000,'193.5.216.100','','Mozilla/5.0 (compatible; MSIE 9.0; Windows NT 6.1; Trident/5.0)','de-CH,en-US;q=0.8,fr-CH;q=0.5,it-CH;q=0.3','2014-08-28 14:16:09','2014-08-28 14:16:09'),(206,0,'GEO-2014-',0,'Geoshop.LT','http://www.geoshop.lt/',52,1,'Nathalie','Buerli','nat.buerli@bluewin.ch','0041 79 959 32 93','','Nathalie','Buerli','','','','Chaeppelimatte 5','','Wikon','4806','Switzerland',204,'Luzern',3106,'','PayPal','pp_standard','Nathalie','Buerli','','Chaeppelimatte 5','','Wikon','4806','Switzerland',204,'Luzern',3106,'','Shipping to EU','weight.weight_6','',182.0000,0,0,0.0000,1,4,'LTL',1.00000000,'193.5.216.100','10.136.29.133','Mozilla/5.0 (compatible; MSIE 9.0; Windows NT 6.1; Trident/5.0)','de-CH,en-US;q=0.8,fr-CH;q=0.5,it-CH;q=0.3','2014-08-28 14:21:31','2014-08-28 14:21:31'),(207,0,'GEO-2014-',0,'Geoshop.LT','http://www.geoshop.lt/',52,1,'Nathalie','Buerli','nat.buerli@bluewin.ch','0041 79 959 32 93','','Nathalie','Buerli','','','','Chaeppelimatte 5','','Wikon','4806','Switzerland',204,'Luzern',3106,'','PayPal','pp_standard','Nathalie','Buerli','','Chaeppelimatte 5','','Wikon','4806','Switzerland',204,'Luzern',3106,'','Shipping to EU','weight.weight_6','',182.0000,0,0,0.0000,1,4,'LTL',1.00000000,'193.5.216.100','','Mozilla/5.0 (compatible; MSIE 9.0; Windows NT 6.1; Trident/5.0)','de-CH,en-US;q=0.8,fr-CH;q=0.5,it-CH;q=0.3','2014-08-28 14:26:16','2014-08-28 14:26:16'),(208,0,'GEO-2014-',0,'Geoshop.LT','http://www.geoshop.lt/',52,1,'Nathalie','Buerli','nat.buerli@bluewin.ch','0041 79 959 32 93','','Nathalie','Buerli','','','','Chaeppelimatte 5','','Wikon','4806','Switzerland',204,'Luzern',3106,'','PayPal','pp_standard','Nathalie','Buerli','','Chaeppelimatte 5','','Wikon','4806','Switzerland',204,'Luzern',3106,'','Shipping to EU','weight.weight_6','',182.0000,0,0,0.0000,1,3,'EUR',0.28985500,'193.5.216.100','','Mozilla/5.0 (compatible; MSIE 9.0; Windows NT 6.1; Trident/5.0)','de-CH,en-US;q=0.8,fr-CH;q=0.5,it-CH;q=0.3','2014-08-28 14:26:55','2014-08-28 14:26:55'),(209,0,'GEO-2014-',0,'Geoshop.LT','http://www.geoshop.lt/',0,1,'werqwerqwer','wsdrqawsd','sa@gmail.com','32492304','','werqwerqwer','wsdrqawsd','','','','adsfasd','','asdasd','sadas','Switzerland',204,'Schaffhausen',3111,'','PayPal','pp_standard','werqwerqwer','wsdrqawsd','','adsfasd','','asdasd','sadas','Switzerland',204,'Schaffhausen',3111,'','Shipping to EU','weight.weight_6','',19.0000,0,0,0.0000,1,3,'EUR',0.28985500,'193.40.60.114','','Mozilla/5.0 (Windows NT 5.1; rv:29.0) Gecko/20100101 Firefox/29.0','en-US,en;q=0.5','2014-08-28 14:45:44','2014-08-28 14:45:44'),(210,0,'GEO-2014-',0,'Geoshop.LT','http://www.geoshop.lt/',0,1,'werqwerqwer','wsdrqawsd','sa@gmail.com','32492304','','werqwerqwer','wsdrqawsd','','','','adsfasd','','asdasd','sadas','Switzerland',204,'Schaffhausen',3111,'','PayPal','pp_standard','werqwerqwer','wsdrqawsd','','adsfasd','','asdasd','sadas','Switzerland',204,'Schaffhausen',3111,'','Shipping to EU','weight.weight_6','',40.5000,0,0,0.0000,1,3,'EUR',0.28985500,'193.40.60.114','','Mozilla/5.0 (Windows NT 5.1; rv:29.0) Gecko/20100101 Firefox/29.0','en-US,en;q=0.5','2014-08-28 14:46:57','2014-08-28 14:46:57'),(211,0,'GEO-2014-',0,'Geoshop.LT','http://www.geoshop.lt/',0,1,'werqwerqwer','wsdrqawsd','sa@gmail.com','32492304','','werqwerqwer','wsdrqawsd','','','','adsfasd','','asdasd','sadas','Switzerland',204,'Schaffhausen',3111,'','PayPal','pp_standard','werqwerqwer','wsdrqawsd','','adsfasd','','asdasd','sadas','Switzerland',204,'Schaffhausen',3111,'','Shipping to EU','weight.weight_6','',40.5000,0,0,0.0000,1,3,'EUR',0.28985500,'193.40.60.114','','Mozilla/5.0 (Windows NT 5.1; rv:29.0) Gecko/20100101 Firefox/29.0','en-US,en;q=0.5','2014-08-28 14:49:51','2014-08-28 14:49:51'),(212,0,'GEO-2014-',0,'Geoshop.LT','http://www.geoshop.lt/',52,1,'Nathalie','Buerli','nat.buerli@bluewin.ch','0041 79 959 32 93','','Nathalie','Buerli','','','','Chaeppelimatte 5','','Wikon','4806','Switzerland',204,'Luzern',3106,'','PayPal','pp_standard','Nathalie','Buerli','','Chaeppelimatte 5','','Wikon','4806','Switzerland',204,'Luzern',3106,'','Shipping to EU','weight.weight_6','',182.0000,0,0,0.0000,1,3,'EUR',0.28985500,'193.5.216.100','','Mozilla/5.0 (compatible; MSIE 9.0; Windows NT 6.1; Trident/5.0)','de-CH,en-US;q=0.8,fr-CH;q=0.5,it-CH;q=0.3','2014-08-28 15:28:49','2014-08-28 15:28:49'),(213,0,'GEO-2014-',0,'Geoshop.LT','http://www.geoshop.lt/',52,1,'Nathalie','Buerli','nat.buerli@bluewin.ch','0041 79 959 32 93','','Nathalie','Buerli','','','','Chaeppelimatte 5','','Wikon','4806','Switzerland',204,'Luzern',3106,'','PayPal','pp_standard','Nathalie','Buerli','','Chaeppelimatte 5','','Wikon','4806','Switzerland',204,'Luzern',3106,'','Shipping to EU','weight.weight_6','',182.0000,0,0,0.0000,1,3,'EUR',0.28985500,'193.5.216.100','','Mozilla/5.0 (compatible; MSIE 9.0; Windows NT 6.1; Trident/5.0)','de-CH,en-US;q=0.8,fr-CH;q=0.5,it-CH;q=0.3','2014-08-28 15:32:11','2014-08-28 15:32:11'),(214,0,'GEO-2014-',0,'Geoshop.LT','http://www.geoshop.lt/',52,1,'Nathalie','Buerli','nat.buerli@bluewin.ch','0041 79 959 32 93','','Nathalie','Buerli','','','','Chaeppelimatte 5','','Wikon','4806','Switzerland',204,'Luzern',3106,'','PayPal','pp_standard','Nathalie','Buerli','','Chaeppelimatte 5','','Wikon','4806','Switzerland',204,'Luzern',3106,'','Shipping to EU','weight.weight_6','',182.0000,0,0,0.0000,1,3,'EUR',0.28985500,'193.5.216.100','','Mozilla/5.0 (compatible; MSIE 9.0; Windows NT 6.1; Trident/5.0)','de-CH,en-US;q=0.8,fr-CH;q=0.5,it-CH;q=0.3','2014-08-28 16:25:11','2014-08-28 16:25:11'),(215,0,'GEO-2014-',0,'Geoshop.LT','http://www.geoshop.lt/',0,1,'werqwerqwer','wsdrqawsd','sa@gmail.com','32492304','','werqwerqwer','wsdrqawsd','','','','adsfasd','','asdasd','sadas','Slovak Republic',189,'Ticino',3115,'{firstname} {lastname}\r\n{company}\r\n{address_1}\r\n{address_2}\r\n{city} {postcode}\r\n{zone}\r\n{country}','PayPal','pp_standard','werqwerqwer','wsdrqawsd','','adsfasd','','asdasd','sadas','Slovak Republic',189,'Ticino',3115,'{firstname} {lastname}\r\n{company}\r\n{address_1}\r\n{address_2}\r\n{city} {postcode}\r\n{zone}\r\n{country}','Shipping to EU','weight.weight_6','',40.5000,0,0,0.0000,1,3,'EUR',0.28985500,'84.50.114.92','','Mozilla/5.0 (Windows NT 5.1; rv:29.0) Gecko/20100101 Firefox/29.0','en-US,en;q=0.5','2014-08-28 17:32:12','2014-08-28 17:32:12'),(216,0,'GEO-2014-',0,'Geoshop.LT','http://www.geoshop.lt/',0,1,'werqwerqwer','wsdrqawsd','sa@gmail.com','32492304','','werqwerqwer','wsdrqawsd','','','','adsfasd','','asdasd','sadas','Lithuania',123,'Panevezys',1915,'','PayPal','pp_standard','werqwerqwer','wsdrqawsd','','adsfasd','','asdasd','sadas','Lithuania',123,'Panevezys',1915,'','Pristatymas  Lietuvos paštu','weight.weight_5','',34.5000,0,0,0.0000,1,3,'EUR',0.28985500,'84.50.114.92','','Mozilla/5.0 (Windows NT 5.1; rv:29.0) Gecko/20100101 Firefox/29.0','en-US,en;q=0.5','2014-08-28 17:33:49','2014-08-28 17:33:49'),(217,0,'GEO-2014-',0,'Geoshop.LT','http://www.geoshop.lt/',0,1,'werqwerqwer','wsdrqawsd','sa@gmail.com','32492304','','werqwerqwer','wsdrqawsd','','','','adsfasd','','asdasd','sadas','Lithuania',123,'Kaunas',1912,'','PayPal','pp_standard','werqwerqwer','wsdrqawsd','','adsfasd','','asdasd','sadas','Lithuania',123,'Kaunas',1912,'','Pristatymas  Lietuvos paštu','weight.weight_5','',34.5000,0,0,0.0000,1,3,'EUR',0.28985500,'84.50.114.92','','Mozilla/5.0 (Windows NT 5.1; rv:29.0) Gecko/20100101 Firefox/29.0','en-US,en;q=0.5','2014-08-28 17:51:30','2014-08-28 17:51:30'),(218,0,'GEO-2014-',0,'Geoshop.LT','http://www.geoshop.lt/',0,1,'werqwerqwer','wsdrqawsd','sa@gmail.com','32492304','','werqwerqwer','wsdrqawsd','','','','adsfasd','','asdasd','sadas','Switzerland',204,'Schaffhausen',3111,'','PayPal','pp_standard','werqwerqwer','wsdrqawsd','','adsfasd','','asdasd','sadas','Switzerland',204,'Schaffhausen',3111,'','Shipping to EU','weight.weight_6','',40.5000,0,0,0.0000,1,3,'EUR',0.28985500,'84.50.114.92','','Mozilla/5.0 (Windows NT 5.1; rv:29.0) Gecko/20100101 Firefox/29.0','en-US,en;q=0.5','2014-08-28 18:48:07','2014-08-28 18:48:07'),(219,69,'GEO-2014-',0,'Geoshop.LT','http://www.geoshop.lt/',52,1,'Nathalie','Buerli','nat.buerli@bluewin.ch','0041 79 959 32 93','','Nathalie','Buerli','','','','Chaeppelimatte 5','','Wikon','4806','Switzerland',204,'Luzern',3106,'','PayPal','pp_standard','Nathalie','Buerli','','Chaeppelimatte 5','','Wikon','4806','Switzerland',204,'Luzern',3106,'','Shipping to EU','weight.weight_6','',182.0000,3,0,0.0000,1,3,'EUR',0.28985500,'193.5.216.100','','Mozilla/5.0 (compatible; MSIE 9.0; Windows NT 6.1; Trident/5.0)','de-CH,en-US;q=0.8,fr-CH;q=0.5,it-CH;q=0.3','2014-08-29 08:28:27','2014-08-29 20:51:28'),(220,0,'GEO-2014-',0,'Geoshop.LT','http://www.geoshop.lt/',0,1,'Vytautas','Karalius','vytas@decoflux.com','868713560','','Vytautas','Karalius','UAB Kvarkas','300143364','','Mėsinių g.9','','Vilnius','LT01133','Lithuania',123,'Vilnius',1920,'','Banko pavedimu','bank_transfer','Vytautas','Karalius','UAB Kvarkas','Mėsinių g.9','','Vilnius','LT01133','Lithuania',123,'Vilnius',1920,'','Pristatymas  Lietuvos paštu','weight.weight_5','',50.5000,0,0,0.0000,2,4,'LTL',1.00000000,'78.56.153.202','','Mozilla/5.0 (Windows NT 6.3; WOW64; rv:31.0) Gecko/20100101 Firefox/31.0','en-US,en;q=0.5','2014-08-29 12:57:30','2014-08-29 12:57:30'),(221,0,'GEO-2014-',0,'Geoshop.LT','http://www.geoshop.lt/',0,1,'Vytautas','Karalius','vytas@decoflux.com','868713560','','Vytautas','Karalius','UAB Kvarkas','300143364','','Mėsinių g.9','','Vilnius','LT01133','Lithuania',123,'Vilnius',1920,'','Banko pavedimu','bank_transfer','Vytautas','Karalius','UAB Kvarkas','Mėsinių g.9','','Vilnius','LT01133','Lithuania',123,'Vilnius',1920,'','Pristatymas  Lietuvos paštu','weight.weight_5','',50.5000,0,0,0.0000,2,4,'LTL',1.00000000,'78.56.153.202','','Mozilla/5.0 (Windows NT 6.3; WOW64; rv:31.0) Gecko/20100101 Firefox/31.0','en-US,en;q=0.5','2014-08-29 13:00:55','2014-08-29 13:00:55'),(222,0,'GEO-2014-',0,'Geoshop.LT','http://www.geoshop.lt/',0,1,'Vytautas','Karalius','ilona@decoflux.com','+37068713560','','Vytautas','Karalius','UAB KVARKAS','300143364','','Mėsinių g. 9-1','','Vilnius','','Lithuania',123,'Vilnius',1920,'','Banko pavedimu','bank_transfer','Vytautas','Karalius','UAB KVARKAS','Mėsinių g. 9-1','','Vilnius','','Lithuania',123,'Vilnius',1920,'','Pristatymas  Lietuvos paštu','weight.weight_5','',50.5000,0,0,0.0000,2,4,'LTL',1.00000000,'5.20.177.240','','Mozilla/5.0 (Windows NT 5.1; rv:30.0) Gecko/20100101 Firefox/30.0','en-US,en;q=0.5','2014-08-29 21:55:02','2014-08-29 21:55:02'),(223,70,'GEO-2014-',0,'Geoshop.LT','http://www.geoshop.lt/',0,1,'Vytautas','Karalius','ilona@decoflux.com','+37068713560','','Vytautas','Karalius','UAB KVARKAS','300143364','','Mėsinių g. 9-1','','Vilnius','','Lithuania',123,'Vilnius',1920,'','Banko pavedimu','bank_transfer','Vytautas','Karalius','UAB KVARKAS','Mėsinių g. 9-1','','Vilnius','','Lithuania',123,'Vilnius',1920,'','Pristatymas  Lietuvos paštu','weight.weight_5','',50.5000,5,0,0.0000,2,4,'LTL',1.00000000,'5.20.177.240','','Mozilla/5.0 (Windows NT 5.1; rv:30.0) Gecko/20100101 Firefox/30.0','en-US,en;q=0.5','2014-08-29 21:59:53','2014-08-29 22:01:54'),(224,0,'GEO-2014-',0,'Geoshop.LT','http://www.geoshop.lt/',0,1,'e','d','samiras2@gmail.com','444','','e','d','','','','v444','','v444','','Lithuania',123,'Vilnius',1920,'','PayPal','pp_standard','e','d','','v444','','v444','','Lithuania',123,'Vilnius',1920,'','Pristatymas  Lietuvos paštu','weight.weight_5','',13.0000,0,0,0.0000,2,4,'LTL',1.00000000,'5.20.177.240','','Mozilla/5.0 (Windows NT 5.1; rv:30.0) Gecko/20100101 Firefox/30.0','en-US,en;q=0.5','2014-08-31 09:09:02','2014-08-31 09:09:02'),(225,0,'GEO-2014-',0,'Geoshop.LT','http://www.geoshop.lt/',0,1,'e','d','samiras2@gmail.com','444','','e','d','','','','v444','','v444','fghdfg','Sweden',203,'G&auml;vleborg',3076,'{company}\r\n{firstname} {lastname}\r\n{address_1}\r\n{address_2}\r\n{postcode} {city}\r\n{country}','PayPal','pp_standard','e','d','','v444','','v444','fghdfg','Sweden',203,'G&auml;vleborg',3076,'{company}\r\n{firstname} {lastname}\r\n{address_1}\r\n{address_2}\r\n{postcode} {city}\r\n{country}','Shipping to EU','weight.weight_6','',19.0000,0,0,0.0000,2,4,'LTL',1.00000000,'5.20.177.240','','Mozilla/5.0 (Windows NT 5.1; rv:30.0) Gecko/20100101 Firefox/30.0','en-US,en;q=0.5','2014-08-31 09:14:03','2014-08-31 09:14:03'),(226,0,'GEO-2014-',0,'Geoshop.LT','http://www.geoshop.lt/',0,1,'fff','fff','samiras_sp@yahoo.com','ddddd','','fff','fff','','','','ddd','','ddd','','Finland',72,'Etela-Suomen Laani',1086,'','PayPal','pp_standard','fff','fff','','ddd','','ddd','','Finland',72,'Etela-Suomen Laani',1086,'','Shipping to EU','weight.weight_6','',16.0000,0,0,0.0000,2,4,'LTL',1.00000000,'5.20.177.240','','Mozilla/5.0 (Windows NT 5.1; rv:30.0) Gecko/20100101 Firefox/30.0','en-US,en;q=0.5','2014-08-31 09:34:21','2014-08-31 09:34:21'),(227,71,'GEO-2014-',0,'Geoshop.LT','http://www.geoshop.lt/',54,1,'Ramunė','Vinauskaitė','ramunevi@gmail.com','861236330','','Ramunė','Vinauskaitė','','','','A.Mickevičiaus 17A-3','','Kaunas','','Lithuania',123,'Kaunas',1912,'','Banko pavedimu','bank_transfer','Ramunė','Vinauskaitė','','A.Mickevičiaus 17A-3','','Kaunas','','Lithuania',123,'Kaunas',1912,'','Pristatymas  Lietuvos paštu','weight.weight_5','',65.0000,3,0,0.0000,2,4,'LTL',1.00000000,'87.247.67.81','','Mozilla/5.0 (Windows NT 6.1; WOW64; rv:32.0) Gecko/20100101 Firefox/32.0','lt,en-us;q=0.8,en;q=0.6,ru;q=0.4,pl;q=0.2','2014-09-15 17:08:58','2014-09-16 13:00:52'),(228,72,'GEO-2014-',0,'Geoshop.LT','http://www.geoshop.lt/',53,1,'Dainius','Morkūnas','profesionalas@gmail.com','868319494','','Dainius','Morkūnas','','','','Beržų g.12, Kutiškių k.','','Radviliškio r.','LT-82102','Lithuania',123,'Siauliai',1916,'','Banko pavedimu','bank_transfer','Dainius','Morkūnas','','Beržų g.12, Kutiškių k.','','Radviliškio r.','LT-82102','Lithuania',123,'Siauliai',1916,'','Pristatymas  Lietuvos paštu','weight.weight_5','',23.7500,5,0,0.0000,2,4,'LTL',1.00000000,'81.16.226.232','','Mozilla/5.0 (Windows NT 6.1; WOW64; rv:32.0) Gecko/20100101 Firefox/32.0','en-US,en;q=0.5','2014-09-23 15:29:43','2014-12-13 12:55:05'),(229,0,'GEO-2014-',0,'Geoshop.LT','http://www.geoshop.lt/',55,1,'tautvydas','Mickevičius','t.mickevicius@gmail.com','863652155','','tautvydas','Mickevičius','','','','kauno 123','','marijampole','68728','Lithuania',123,'Marijampole',1914,'','Banko pavedimu','bank_transfer','tautvydas','Mickevičius','','kauno 123','','marijampole','68728','Lithuania',123,'Marijampole',1914,'','Pristatymas į LP paštomatą','weight.weight_7','',20.8000,0,0,0.0000,2,4,'LTL',1.00000000,'86.38.184.124','','Mozilla/5.0 (Windows NT 6.1; WOW64; rv:32.0) Gecko/20100101 Firefox/32.0','lt,en-us;q=0.8,en;q=0.6,ru;q=0.4,pl;q=0.2','2014-09-26 23:51:06','2014-09-26 23:51:06'),(230,73,'GEO-2014-',0,'Geoshop.LT','http://www.geoshop.lt/',56,1,'Paul','Dyett','paul.dyett@gmail.com','442083847856','','Paul','Dyett','','Yes','','64 Bedfont Close','Bedfont','Feltham','TW14 8LE','United Kingdom',222,'Greater London',3553,'','PayPal','pp_standard','Paul','Dyett','','64 Bedfont Close','Bedfont','Feltham','TW14 8LE','United Kingdom',222,'Greater London',3553,'','Shipping to EU','weight.weight_6','',55.0000,3,0,0.0000,1,4,'LTL',1.00000000,'82.38.190.254','','Mozilla/5.0 (Windows NT 6.1; WOW64) AppleWebKit/537.36 (KHTML, like Gecko) Chrome/37.0.2062.124 Safari/537.36','en-US,en;q=0.8,es;q=0.6,sv;q=0.4','2014-09-28 23:33:29','2014-09-29 13:22:33'),(231,0,'GEO-2014-',0,'Geoshop.LT','http://www.geoshop.lt/',48,1,'Arvydas','Gudelis','arvydasas@gmail.com','+37068679760','','Arvydas','Gudelis','','','','Rudens g. 4-1','','Vilnius','','Lithuania',123,'Vilnius',1920,'','Banko pavedimu','bank_transfer','Arvydas','Gudelis','','Rudens g. 4-1','','Vilnius','','Lithuania',123,'Vilnius',1920,'','Pristatymas į LP paštomatą','weight.weight_7','',49.3400,0,0,0.0000,2,4,'LTL',1.00000000,'78.56.231.4','','Mozilla/5.0 (Windows NT 6.1; WOW64) AppleWebKit/537.36 (KHTML, like Gecko) Chrome/37.0.2062.124 Safari/537.36','lt,en-US;q=0.8,en;q=0.6,ru;q=0.4,pl;q=0.2','2014-10-04 22:22:56','2014-10-04 22:22:56'),(232,75,'GEO-2014-',0,'Geoshop.LT','http://www.geoshop.lt/',48,1,'Arvydas','Gudelis','arvydasas@gmail.com','+37068679760','','Arvydas','Gudelis','','','','Rudens g. 4-1','','Vilnius','','Lithuania',123,'Vilnius',1920,'','Banko pavedimu','bank_transfer','Arvydas','Gudelis','','Rudens g. 4-1','','Vilnius','','Lithuania',123,'Vilnius',1920,'','Pristatymas į LP paštomatą','weight.weight_7','Į paštomatą Ukmergės g. 282 (Maxima XXX)',49.3400,3,0,0.0000,2,4,'LTL',1.00000000,'78.56.231.4','','Mozilla/5.0 (Windows NT 6.1; WOW64) AppleWebKit/537.36 (KHTML, like Gecko) Chrome/37.0.2062.124 Safari/537.36','lt,en-US;q=0.8,en;q=0.6,ru;q=0.4,pl;q=0.2','2014-10-04 22:25:06','2014-10-06 09:06:00'),(233,74,'GEO-2014-',0,'Geoshop.LT','http://www.geoshop.lt/',0,1,'Benediktas','Brauka','b.brauka@yahoo.com','861145922','','Benediktas','Brauka','','','','Matulaičio a. 7-24B','','Vilnius','','Lithuania',123,'Vilnius',1920,'','Banko pavedimu','bank_transfer','Benediktas','Brauka','','Matulaičio a. 7-24B','','Vilnius','','Lithuania',123,'Vilnius',1920,'','Pristatymas  Lietuvos paštu','weight.weight_5','',42.5000,3,0,0.0000,2,4,'LTL',1.00000000,'213.164.103.209','','Mozilla/5.0 (Windows NT 6.1; Trident/7.0; rv:11.0) like Gecko','lt-LT','2014-10-05 14:16:45','2014-10-06 13:38:35'),(234,0,'GEO-2014-',0,'Geoshop.LT','http://www.geoshop.lt/',59,1,'Edgaras','Sviščiovas','tiesiogedga10@gmail.com','861440696','','Edgaras','Sviščiovas','','','','Vilniaus 155-3','','Šiauliai','76352','Lithuania',123,'Siauliai',1916,'','PayPal','pp_standard','Edgaras','Sviščiovas','','Vilniaus 155-3','','Šiauliai','76352','Lithuania',123,'Siauliai',1916,'','Pristatymas  Lietuvos paštu','weight.weight_5','',33.4500,0,0,0.0000,2,4,'LTL',1.00000000,'62.80.225.113','','Mozilla/5.0 (Windows NT 6.1; WOW64; rv:32.0) Gecko/20100101 Firefox/32.0','en-US,en;q=0.5','2014-10-06 16:38:55','2014-10-06 16:38:55'),(235,76,'GEO-2014-',0,'Geoshop.LT','http://www.geoshop.lt/',0,1,'Gedeminas','Grikietis','Grikietisgedeminas@gmail.com','862779462','','Gedeminas','Grikietis','','','','Kazlu Rudos savivaldybe. Janku seniunija. Budos kaimas. Siaurine 5','','Budos kaimas','71257','Lithuania',123,'Marijampole',1914,'','Banko pavedimu','bank_transfer','Gedeminas','Grikietis','','Kazlu Rudos savivaldybe. Janku seniunija. Budos kaimas. Siaurine 5','','Budos kaimas','71257','Lithuania',123,'Marijampole',1914,'','Pristatymas  Lietuvos paštu','weight.weight_5','',29.8000,3,0,0.0000,2,4,'LTL',1.00000000,'78.62.90.139','','Mozilla/5.0 (Windows NT 6.1; WOW64; rv:32.0) Gecko/20100101 Firefox/32.0','lt,en-us;q=0.8,en;q=0.6,ru;q=0.4,pl;q=0.2','2014-10-08 20:12:21','2014-10-09 13:58:37'),(236,0,'GEO-2014-',0,'Geoshop.LT','http://www.geoshop.lt/',59,1,'Edgaras','Sviščiovas','tiesiogedga10@gmail.com','861440696','','Edgaras','Sviščiovas','','','','Vilniaus 155-3','','Šiauliai','76352','Lithuania',123,'Siauliai',1916,'','PayPal','pp_standard','Edgaras','Sviščiovas','','Vilniaus 155-3','','Šiauliai','76352','Lithuania',123,'Siauliai',1916,'','Pristatymas  Lietuvos paštu','weight.weight_5','',52.2000,0,0,0.0000,2,4,'LTL',1.00000000,'62.80.225.25','','Mozilla/5.0 (Windows NT 6.1; WOW64; rv:32.0) Gecko/20100101 Firefox/32.0','en-US,en;q=0.5','2014-10-15 22:59:15','2014-10-15 22:59:15'),(237,77,'GEO-2014-',0,'Geoshop.LT','http://www.geoshop.lt/',59,1,'Edgaras','Sviščiovas','tiesiogedga10@gmail.com','861440696','','Edgaras','Sviščiovas','','','','Vilniaus 155-3','','Šiauliai','76352','Lithuania',123,'Siauliai',1916,'','PayPal','pp_standard','Edgaras','Sviščiovas','','Vilniaus 155-3','','Šiauliai','76352','Lithuania',123,'Siauliai',1916,'','Pristatymas  Lietuvos paštu','weight.weight_5','',34.8500,3,0,0.0000,2,4,'LTL',1.00000000,'62.80.225.92','','Mozilla/5.0 (Windows NT 6.3; WOW64; rv:32.0) Gecko/20100101 Firefox/32.0','ru-RU,ru;q=0.8,en-US;q=0.5,en;q=0.3','2014-10-18 16:52:46','2014-10-20 13:46:57'),(238,78,'GEO-2014-',0,'Geoshop.LT','http://www.geoshop.lt/',30,1,'Gytis','Palepšys','gytisdaff@gmail.com','868753932','','Gytis','Palepšys','','','','V. Maciulevičiaus 30-34','','Vilnius','','Lithuania',123,'Vilnius',1920,'','Banko pavedimu','bank_transfer','Gytis','Palepšys','','V. Maciulevičiaus 30-34','','Vilnius','','Lithuania',123,'Vilnius',1920,'','Pristatymas  Lietuvos paštu','weight.weight_5','',11.0000,3,0,0.0000,2,4,'LTL',1.00000000,'84.240.5.4','','Mozilla/5.0 (Windows NT 6.3; WOW64; rv:32.0) Gecko/20100101 Firefox/32.0','lt,en-us;q=0.8,en;q=0.6,ru;q=0.4,pl;q=0.2','2014-10-19 21:05:30','2014-10-20 13:41:33'),(239,0,'GEO-2014-',0,'Geoshop.LT','http://www.geoshop.lt/',61,1,'Pijus','Kamandulis','pjuklas@mail.com','+37061930515','','Pijus','Kamandulis','','','','508060 LPEXPRESS24','','Alytus','','Lithuania',123,'Alytus',1911,'','PayPal','pp_standard','Pijus','Kamandulis','','508060 LPEXPRESS24','','Alytus','','Lithuania',123,'Alytus',1911,'','Pristatymas LP Express kurjeriu','weight.weight_8','',30.7500,0,0,0.0000,2,4,'LTL',1.00000000,'91.231.76.1','86.109.34.195','Mozilla/5.0 (Windows NT 5.1) AppleWebKit/537.36 (KHTML, like Gecko) Chrome/37.0.2062.124 Safari/537.36','lt,en-US;q=0.8,en;q=0.6,ru;q=0.4,pl;q=0.2','2014-10-21 21:31:21','2014-10-21 21:31:21'),(240,79,'GEO-2014-',0,'Geoshop.LT','http://www.geoshop.lt/',0,1,'Indre','Zliobaite','zliobaite@gmail.com','+358505221981','','Indre','Zliobaite','','','','Rummunlyojankatu 5B 34','','Espoo','02600','Finland',72,'Etela-Suomen Laani',1086,'','PayPal','pp_standard','Indre','Zliobaite','','Rummunlyojankatu 5B 34','','Espoo','02600','Finland',72,'Etela-Suomen Laani',1086,'','Shipping to EU','weight.weight_6','',124.7500,3,0,0.0000,2,4,'LTL',1.00000000,'84.251.112.230','','Mozilla/5.0 (Macintosh; Intel Mac OS X 10_9_5) AppleWebKit/537.36 (KHTML, like Gecko) Chrome/38.0.2125.104 Safari/537.36','en-US,en;q=0.8,lt;q=0.6','2014-10-22 19:42:47','2014-10-23 13:41:45'),(241,0,'GEO-2014-',0,'Geoshop.LT','http://www.geoshop.lt/',62,1,'Irena','Skarda','inija13@inbox.lv','+37128755206','','Irena','Skarda','','','','Rododendru iela 5-4','','Riga','LV-1084','Latvia',117,'Riga',1850,'','PayPal','pp_standard','Irena','Skarda','','Rododendru iela 5-4','','Riga','LV-1084','Latvia',117,'Riga',1850,'','Shipping to EU','weight.weight_6','',55.2500,0,0,0.0000,1,2,'USD',0.43000001,'95.68.97.118','','Mozilla/5.0 (Windows NT 6.1) AppleWebKit/537.36 (KHTML, like Gecko) Chrome/38.0.2125.101 Safari/537.36 OPR/25.0.1614.50','en-US,en;q=0.8','2014-10-25 10:39:57','2014-10-25 10:39:57'),(242,0,'GEO-2014-',0,'Geoshop.LT','http://www.geoshop.lt/',62,1,'Irena','Skarda','inija13@inbox.lv','+37128755206','','Irena','Skarda','','','','Rododendru iela 5-4','','Riga','LV-1084','Latvia',117,'Riga',1850,'','PayPal','pp_standard','Irena','Skarda','','Rododendru iela 5-4','','Riga','LV-1084','Latvia',117,'Riga',1850,'','Shipping to EU','weight.weight_6','',55.2500,0,0,0.0000,1,2,'USD',0.43000001,'95.68.97.118','','Mozilla/5.0 (Windows NT 6.1) AppleWebKit/537.36 (KHTML, like Gecko) Chrome/38.0.2125.101 Safari/537.36 OPR/25.0.1614.50','en-US,en;q=0.8','2014-10-25 10:47:17','2014-10-25 10:47:17'),(243,0,'GEO-2014-',0,'Geoshop.LT','http://www.geoshop.lt/',62,1,'Irena','Skarda','inija13@inbox.lv','+37128755206','','Irena','Skarda','','','','Rododendru iela 5-4','','Riga','LV-1084','Latvia',117,'Riga',1850,'','PayPal','pp_standard','Irena','Skarda','','Rododendru iela 5-4','','Riga','LV-1084','Latvia',117,'Riga',1850,'','Shipping to EU','weight.weight_6','',55.2500,0,0,0.0000,1,2,'USD',0.43000001,'95.68.97.118','','Mozilla/5.0 (Windows NT 6.1) AppleWebKit/537.36 (KHTML, like Gecko) Chrome/38.0.2125.101 Safari/537.36 OPR/25.0.1614.50','en-US,en;q=0.8','2014-10-25 10:48:12','2014-10-25 10:48:12'),(244,0,'GEO-2014-',0,'Geoshop.LT','http://www.geoshop.lt/',0,1,'a','a','samiras2@gmail.com','4545','','a','a','','','','1415','','riga','4','Latvia',117,'Limbazu Rajons',1832,'','PayPal','pp_standard','a','a','','1415','','riga','4','Latvia',117,'Limbazu Rajons',1832,'','Shipping to EU','weight.weight_6','',13.2000,7,0,0.0000,1,3,'EUR',0.28985500,'5.20.177.240','','Mozilla/5.0 (Windows NT 5.1; rv:30.0) Gecko/20100101 Firefox/30.0','en-US,en;q=0.5','2014-10-25 23:27:03','2014-10-25 23:46:22'),(245,0,'GEO-2014-',0,'Geoshop.LT','http://www.geoshop.lt/',62,1,'Irena','Skarda','inija13@inbox.lv','+37128755206','','Irena','Skarda','','','','Rododendru iela 5-4','','Riga','LV-1084','Latvia',117,'Riga',1850,'','PayPal','pp_standard','Irena','Skarda','','Rododendru iela 5-4','','Riga','LV-1084','Latvia',117,'Riga',1850,'','Express to Omniva terminal,LV','weight.weight_13','',75.7500,0,0,0.0000,1,2,'USD',0.43000001,'95.68.97.118','','Mozilla/5.0 (Windows NT 6.1) AppleWebKit/537.36 (KHTML, like Gecko) Chrome/38.0.2125.104 Safari/537.36 OPR/25.0.1614.63','en-US,en;q=0.8','2014-10-28 20:39:49','2014-10-28 20:39:49'),(246,0,'GEO-2014-',0,'Geoshop.LT','http://www.geoshop.lt/',62,1,'Irena','Skarda','inija13@inbox.lv','+37128755206','','Irena','Skarda','','','','Rododendru iela 5-4','','Riga','LV-1084','Latvia',117,'Riga',1850,'','PayPal','pp_standard','Irena','Skarda','','Rododendru iela 5-4','','Riga','LV-1084','Latvia',117,'Riga',1850,'','Express to Omniva terminal,LV','weight.weight_13','',75.7500,0,0,0.0000,1,2,'USD',0.43000001,'95.68.97.118','','Mozilla/5.0 (Windows NT 6.1) AppleWebKit/537.36 (KHTML, like Gecko) Chrome/38.0.2125.104 Safari/537.36 OPR/25.0.1614.63','en-US,en;q=0.8','2014-10-28 20:42:35','2014-10-28 20:42:35'),(247,0,'GEO-2014-',0,'Geoshop.LT','http://www.geoshop.lt/',62,1,'Irena','Skarda','inija13@inbox.lv','+37128755206','','Irena','Skarda','','','','Rododendru iela 5-4','','Riga','LV-1084','Latvia',117,'Riga',1850,'','PayPal','pp_standard','Irena','Skarda','','Rododendru iela 5-4','','Riga','LV-1084','Latvia',117,'Riga',1850,'','Express to Omniva terminal,LV','weight.weight_13','',75.7500,0,0,0.0000,1,2,'USD',0.43000001,'95.68.97.118','','Mozilla/5.0 (Windows NT 6.1) AppleWebKit/537.36 (KHTML, like Gecko) Chrome/38.0.2125.104 Safari/537.36 OPR/25.0.1614.63','en-US,en;q=0.8','2014-10-28 20:44:25','2014-10-28 20:44:25'),(248,0,'GEO-2014-',0,'Geoshop.LT','http://www.geoshop.lt/',0,1,'PAVELAS','Bankovskij','markus@cablenet.lt','862144205','','PAVELAS','Bankovskij','','','','Seliu 24-5','','Vilnius','','Lithuania',123,'Vilnius',1920,'','Banko pavedimu','bank_transfer','PAVELAS','Bankovskij','','Seliu 24-5','','Vilnius','','Lithuania',123,'Vilnius',1920,'','Pristatymas  Lietuvos paštu','weight.weight_5','',13.0000,0,0,0.0000,2,4,'LTL',1.00000000,'213.164.121.138','','Mozilla/5.0 (Windows NT 6.1; Trident/7.0; rv:11.0) like Gecko','lt-LT','2014-11-01 22:12:09','2014-11-01 22:12:09'),(249,0,'GEO-2014-',0,'Geoshop.LT','http://www.geoshop.lt/',30,1,'Gytis','Palepšys','gytisdaff@gmail.com','868753932','','Gytis','Palepšys','','','','V. Maciulevičiaus 30-34','','Vilnius','','Lithuania',123,'Vilnius',1920,'','Banko pavedimu','bank_transfer','Gytis','Palepšys','','V. Maciulevičiaus 30-34','','Vilnius','','Lithuania',123,'Vilnius',1920,'','Pristatymas  Lietuvos paštu','weight.weight_5','',28.9800,0,0,0.0000,2,4,'LTL',1.00000000,'84.240.5.4','','Mozilla/5.0 (Windows NT 6.3; WOW64; rv:32.0) Gecko/20100101 Firefox/32.0','lt,en-us;q=0.8,en;q=0.6,ru;q=0.4,pl;q=0.2','2014-11-07 19:42:36','2014-11-07 19:42:36'),(250,80,'GEO-2014-',0,'Geoshop.LT','http://www.geoshop.lt/',30,1,'Gytis','Palepšys','gytisdaff@gmail.com','868753932','','Gytis','Palepšys','','','','V. Maciulevičiaus 30-34','','Vilnius','','Lithuania',123,'Vilnius',1920,'','Banko pavedimu','bank_transfer','Gytis','Palepšys','','V. Maciulevičiaus 30-34','','Vilnius','','Lithuania',123,'Vilnius',1920,'','Pristatymas  Lietuvos paštu','weight.weight_5','',28.9800,3,0,0.0000,2,4,'LTL',1.00000000,'84.240.5.4','','Mozilla/5.0 (Windows NT 6.3; WOW64; rv:32.0) Gecko/20100101 Firefox/32.0','lt,en-us;q=0.8,en;q=0.6,ru;q=0.4,pl;q=0.2','2014-11-07 19:43:10','2014-11-10 14:25:42'),(251,81,'GEO-2014-',0,'Geoshop.LT','http://www.geoshop.lt/',36,1,'Priit','Juhani','priit3200@gmail.com','37256243181','','Priit','Juhani','','','','Turba Aia-1','','Harjumaa','','Estonia',67,'Harjumaa (Tallinn)',1054,'','PayPal','pp_standard','Priit','Juhani','','Turba Aia-1','','Harjumaa','','Estonia',67,'Harjumaa (Tallinn)',1054,'','Express to Omniva terminal,EE','weight.weight_14','Keila, Haapsalu mnt 57a, 96049',312.4500,5,0,0.0000,1,4,'LTL',1.00000000,'86.110.41.109','','Mozilla/5.0 (Windows NT 6.1) AppleWebKit/537.36 (KHTML, like Gecko) Chrome/38.0.2125.111 Safari/537.36','en-US,en;q=0.8,et;q=0.6','2014-11-09 13:01:54','2014-12-13 12:54:42'),(252,82,'GEO-2014-',0,'Geoshop.LT','http://www.geoshop.lt/',0,1,'Tatjana','Ignatova','ignatova.tatjana@gmail.com','868840855','','Tatjana','Ignatova','','','','Karmelitų 5','','Vilnius','LT-01306 ','Lithuania',123,'Vilnius',1920,'','Banko pavedimu','bank_transfer','Tatjana','Ignatova','','Karmelitų 5','','Vilnius','LT-01306 ','Lithuania',123,'Vilnius',1920,'','Pristatymas  Lietuvos paštu','weight.weight_5','',42.0000,3,0,0.0000,2,4,'LTL',1.00000000,'194.0.160.129','','Mozilla/5.0 (Windows NT 6.1; WOW64; rv:33.0) Gecko/20100101 Firefox/33.0','en-US,en;q=0.5','2014-11-16 23:59:19','2014-11-18 08:54:21'),(253,83,'GEO-2014-',0,'Geoshop.LT','http://www.geoshop.lt/',64,1,'Povilas','Ignatavičius','ignatavicius@gmail.com','+37068407684','','Povilas','Ignatavičius','','','','Geležinio vilko g. 1A-46','','Kaunas','49275','Lithuania',123,'Kaunas',1912,'','Banko pavedimu','bank_transfer','Povilas','Ignatavičius','','Geležinio vilko g. 1A-46','','Kaunas','49275','Lithuania',123,'Kaunas',1912,'','Pristatymas  Lietuvos paštu','weight.weight_5','',25.3000,3,0,0.0000,2,4,'LTL',1.00000000,'88.222.11.24','','Mozilla/5.0 (Windows NT 6.3; WOW64) AppleWebKit/537.36 (KHTML, like Gecko) Chrome/38.0.2125.111 Safari/537.36','lt,en-US;q=0.8,en;q=0.6,ru;q=0.4,pl;q=0.2,de;q=0.2,fr;q=0.2','2014-11-17 20:33:39','2014-11-18 08:55:01'),(254,84,'GEO-2014-',0,'Geoshop.LT','http://www.geoshop.lt/',66,1,'Birutė','Šeršniova','birute,sersniova@delfi.lt','861435491','','Birutė','Šeršniova','','','','Vytauto 36-6','','Trakai','','Lithuania',123,'Vilnius',1920,'','Banko pavedimu','bank_transfer','Birutė','Šeršniova','','Vytauto 36-6','','Trakai','','Lithuania',123,'Vilnius',1920,'','Pristatymas į LP paštomatą','weight.weight_7','Naugarduko 102 (Skraidenis), Vilnius',26.0000,3,0,0.0000,2,4,'LTL',1.00000000,'77.240.254.23','','Mozilla/5.0 (Windows NT 6.1; WOW64) AppleWebKit/537.36 (KHTML, like Gecko) Chrome/39.0.2171.65 Safari/537.36','lt,en-US;q=0.8,en;q=0.6,ru;q=0.4,pl;q=0.2','2014-11-24 12:19:19','2014-11-25 08:07:34'),(255,85,'GEO-2014-',0,'Geoshop.LT','http://www.geoshop.lt/',0,1,'laura','puidokiene','laura.puidokienee@gmail.com','867764839','','laura','puidokiene','','','','jaunimo23-7','','raseiniai','Lt60129','Lithuania',123,'Kaunas',1912,'','Banko pavedimu','bank_transfer','laura','puidokiene','','jaunimo23-7','','raseiniai','Lt60129','Lithuania',123,'Kaunas',1912,'','Pristatymas  Lietuvos paštu','weight.weight_5','',23.0000,3,0,0.0000,2,4,'LTL',1.00000000,'78.58.110.24','','Mozilla/5.0 (Windows NT 6.1) AppleWebKit/537.36 (KHTML, like Gecko) Chrome/39.0.2171.71 Safari/537.36','en-US,en;q=0.8,lt;q=0.6','2014-11-29 13:30:54','2014-12-01 10:48:13'),(256,86,'GEO-2014-',0,'Geoshop.LT','http://www.geoshop.lt/',0,1,'Aivaras','Bulota','aivarass@ymail.com','862600287','','Aivaras','Bulota','','','','L. Asanaviciutes g. 8 - 161','','Vilnius','04302','Lithuania',123,'Vilnius',1920,'','Banko pavedimu','bank_transfer','Aivaras','Bulota','','L. Asanaviciutes g. 8 - 161','','Vilnius','04302','Lithuania',123,'Vilnius',1920,'','Pristatymas  Lietuvos paštu','weight.weight_5','',20.0000,3,0,0.0000,2,4,'LTL',1.00000000,'188.69.210.232','','Mozilla/5.0 (Windows NT 6.0) AppleWebKit/537.36 (KHTML, like Gecko) Chrome/39.0.2171.71 Safari/537.36','en-US,en;q=0.8,lt;q=0.6','2014-11-29 21:50:49','2014-12-01 10:49:02'),(257,87,'GEO-2014-',0,'Geoshop.LT','http://www.geoshop.lt/',0,1,'Asta','Salickienė','manofeja@gmail.com','861124347','','Asta','Salickienė','','','','Prancūzų g. 32-21','','Kaunas','44453','Lithuania',123,'Kaunas',1912,'','Banko pavedimu','bank_transfer','Asta','Salickienė','','Prancūzų g. 32-21','','Kaunas','44453','Lithuania',123,'Kaunas',1912,'','Pristatymas  Lietuvos paštu','weight.weight_5','',41.0000,3,0,0.0000,2,4,'LTL',1.00000000,'88.119.141.28','','Mozilla/5.0 (Windows NT 6.1; rv:33.0) Gecko/20100101 Firefox/33.0','en-US,en;q=0.5','2014-12-02 10:55:40','2014-12-03 10:51:14'),(258,88,'GEO-2014-',0,'Geoshop.LT','http://www.geoshop.lt/',0,1,'Aušra','Lichareva','ausram@gmail.com','+37068608925','','Aušra','Lichareva','','','','Pavasario 23-45','','Mažeikiai','89127 LT','Lithuania',123,'Telsiai',1918,'','Banko pavedimu','bank_transfer','Aušra','Lichareva','','Pavasario 23-45','','Mažeikiai','89127 LT','Lithuania',123,'Telsiai',1918,'','Pristatymas  Lietuvos paštu','weight.weight_5','',53.0000,5,0,0.0000,2,4,'LTL',1.00000000,'81.7.99.89','','Mozilla/5.0 (compatible; MSIE 10.0; Windows NT 6.1; Trident/6.0; LEN2)','lt-LT','2014-12-04 09:20:15','2014-12-10 19:31:41'),(259,0,'GEO-2014-',0,'Geoshop.LT','http://www.geoshop.lt/',0,1,'Sandra','Baciuliene','sdrulia@yahoo.com','867393883','','Sandra','Baciuliene','','','','S. Kairio 19','','Vilnius','10321','Lithuania',123,'Vilnius',1920,'','Banko pavedimu','bank_transfer','Sandra','Baciuliene','','S. Kairio 19','','Vilnius','10321','Lithuania',123,'Vilnius',1920,'','Pristatymas  Lietuvos paštu','weight.weight_5','',31.4500,0,0,0.0000,2,4,'LTL',1.00000000,'78.56.215.46','','Mozilla/5.0 (Windows NT 6.1; WOW64; rv:31.0) Gecko/20100101 Firefox/31.0','lt,en-us;q=0.8,en;q=0.6,ru;q=0.4,pl;q=0.2','2014-12-08 20:57:48','2014-12-08 20:57:48'),(260,89,'GEO-2014-',0,'Geoshop.LT','http://www.geoshop.lt/',0,1,'Sandra','Baciuliene','sdrulia@yahoo.com','867393883','','Sandra','Baciuliene','','','','S. Kairio 19','','Vilnius','10321','Lithuania',123,'Vilnius',1920,'','Banko pavedimu','bank_transfer','Sandra','Baciuliene','','S. Kairio 19','','Vilnius','10321','Lithuania',123,'Vilnius',1920,'','Pristatymas į LP paštomatą','weight.weight_7','',34.4500,5,0,0.0000,2,4,'LTL',1.00000000,'78.56.215.46','','Mozilla/5.0 (Windows NT 6.1; WOW64; rv:31.0) Gecko/20100101 Firefox/31.0','lt,en-us;q=0.8,en;q=0.6,ru;q=0.4,pl;q=0.2','2014-12-08 20:58:54','2014-12-10 19:23:17'),(261,90,'GEO-2014-',0,'Geoshop.LT','http://www.geoshop.lt/',0,1,'Justina','Alunderytė','j.alunderyte@gmail.com','866216585','','Justina','Alunderytė','','','','vanaginės g 68 D.Riešė','','Vilniaus raj.','14263','Lithuania',123,'Vilnius',1920,'','Banko pavedimu','bank_transfer','Justina','Alunderytė','','vanaginės g 68 D.Riešė','','Vilniaus raj.','14263','Lithuania',123,'Vilnius',1920,'','Pristatymas  Lietuvos paštu','weight.weight_5','',26.5000,3,0,0.0000,2,4,'LTL',1.00000000,'78.56.89.22','','Mozilla/5.0 (Windows NT 6.1) AppleWebKit/537.36 (KHTML, like Gecko) Chrome/39.0.2171.95 Safari/537.36','lt,en-US;q=0.8,en;q=0.6,ru;q=0.4,pl;q=0.2','2014-12-13 11:13:18','2014-12-15 13:25:33'),(262,0,'GEO-2014-',0,'Geoshop.LT','http://www.geoshop.lt/',67,1,'Rudite','Borga','pabians@inbox.lv',' 371-20328075','','Rudite','Borga','','','','Baltasbaznicas 21 - 6','','RIGA','LV - 1015','Latvia',117,'Riga',1850,'','PayPal','pp_standard','Rudite','Borga','','Baltasbaznicas 21 - 6','','RIGA','LV - 1015','Latvia',117,'Riga',1850,'','Express to Omniva terminal,LV','weight.weight_13','',56.5500,0,0,0.0000,1,3,'EUR',0.28985500,'176.67.41.229','','Mozilla/5.0 (Windows NT 5.1; rv:34.0) Gecko/20100101 Firefox/34.0','en-US,en;q=0.5','2014-12-18 19:49:23','2014-12-18 19:49:23'),(263,91,'GEO-2014-',0,'Geoshop.LT','http://www.geoshop.lt/',67,1,'Rudite','Borga','pabians@inbox.lv',' 371-20328075','','Rudite','Borga','','','','Baltasbaznicas 21 - 6','','RIGA','LV - 1015','Latvia',117,'Riga',1850,'','PayPal','pp_standard','Rudite','Borga','','Baltasbaznicas 21 - 6','','RIGA','LV - 1015','Latvia',117,'Riga',1850,'','Shipping to EU','weight.weight_6','',57.5500,3,0,0.0000,1,3,'EUR',0.28985500,'176.67.41.229','','Mozilla/5.0 (Windows NT 5.1; rv:34.0) Gecko/20100101 Firefox/34.0','en-US,en;q=0.5','2014-12-18 20:14:08','2015-02-17 14:09:50');
INSERT INTO `oc_order` VALUES (264,92,'GEO-2014-',0,'Geoshop.LT','http://www.geoshop.lt/',22,1,'Remigijus','Pranskaitis','remigijus.pranskaitis@gmail.com','862253200','','Remigijus','Pranskaitis','','','','A. J. Povilaičio 12-175','','Vilnius','','Lithuania',123,'Vilnius',1920,'','Banko pavedimu','bank_transfer','Remigijus','Pranskaitis','','A. J. Povilaičio 12-175','','Vilnius','','Lithuania',123,'Vilnius',1920,'','Pristatymas  Lietuvos paštu','weight.weight_5','',69.0000,3,0,0.0000,2,4,'LTL',1.00000000,'213.159.50.102','','Mozilla/5.0 (Windows NT 6.1; WOW64) AppleWebKit/537.36 (KHTML, like Gecko) Chrome/39.0.2171.95 Safari/537.36 OPR/26.0.1656.60','lt,en-US;q=0.8,en;q=0.6,ru;q=0.4,pl;q=0.2','2014-12-21 21:06:48','2014-12-22 14:25:36'),(265,93,'GEO-2014-',0,'Geoshop.LT','http://www.geoshop.lt/',0,1,'Dainius','Babilas','dainius@minority.lt','8-684-72505','8-37-426680','Dainius','Babilas','Viešoji įstaiga Kauno įvairių ta','300022409','','Šv.Gertrūdos g. 58','','Kaunas','44261','Lithuania',123,'Kaunas',1912,'','Banko pavedimu','bank_transfer','Dainius','Babilas','Viešoji įstaiga Kauno įvairių ta','Šv.Gertrūdos g. 58','','Kaunas','44261','Lithuania',123,'Kaunas',1912,'','Pristatymas  Lietuvos paštu','weight.weight_5','',313.0000,5,0,0.0000,2,4,'LTL',1.00000000,'81.7.96.152','','Mozilla/5.0 (Windows NT 6.1; WOW64; Trident/7.0; rv:11.0) like Gecko','lt-LT','2014-12-22 13:28:36','2014-12-29 09:41:50'),(266,94,'GEO-2014-',0,'Geoshop.LT','http://www.geoshop.lt/',0,1,'Vanda','Birnbaum','vanda.birnbaum@gmail.com','+372 50 70 559','','Vanda','Birnbaum','','','','Uus 8','','Lihula','90302','Estonia',67,'Laanemaa (Haapsalu)',1060,'','PayPal','pp_standard','Vanda','Birnbaum','','Uus 8','','Lihula','90302','Estonia',67,'Laanemaa (Haapsalu)',1060,'','Express to Omniva terminal,EE','weight.weight_14','',96.7500,3,0,0.0000,1,3,'EUR',0.28985500,'37.143.68.209','','Mozilla/5.0 (Windows NT 6.1; rv:34.0) Gecko/20100101 Firefox/34.0','et,et-ee;q=0.8,en-us;q=0.5,en;q=0.3','2014-12-23 11:57:45','2014-12-23 15:05:46'),(267,95,'GEO-2014-',0,'Geoshop.LT','http://www.geoshop.lt/',48,1,'Arvydas','Gudelis','arvydasas@gmail.com','+37068679760','','Arvydas','Gudelis','','','','Rudens g. 4-1','','Vilnius','','Lithuania',123,'Vilnius',1920,'','Banko pavedimu','bank_transfer','Arvydas','Gudelis','','Rudens g. 4-1','','Vilnius','','Lithuania',123,'Vilnius',1920,'','Pristatymas  Lietuvos paštu','weight.weight_5','Sveiki, Rimai,\r\nDėl pristatymo reikia susitarti atskirai :)\r\nIr dar noriu A4 formato Rite In Rain popieriaus. 10 lapų. Atsiųsk, jei gali, sąskaitč iįkarto viskam.\r\n\r\nAčiū.\r\n\r\nArvydas',51.3000,5,0,0.0000,2,4,'LTL',1.00000000,'78.60.128.141','','Mozilla/5.0 (Windows NT 6.3; Trident/7.0; Touch; MASMJS; rv:11.0) like Gecko','en-US,en;q=0.7,lt;q=0.3','2014-12-27 19:38:21','2014-12-31 14:30:14'),(268,0,'GEO-2015-',0,'Geoshop.LT','http://www.geoshop.lt/',68,1,'Arvydas','Jakubauskas','arvydas.jakubauskas@gmail.com','860515370','','Arvydas','Jakubauskas','','','','Baltų pr. 29-49','','Kaunas','','Lithuania',123,'Kaunas',1912,'','PayPal','pp_standard','Arvydas','Jakubauskas','','Baltų pr. 29-49','','Kaunas','','Lithuania',123,'Kaunas',1912,'','Pristatymas  Lietuvos paštu','weight.weight_5','',40.0000,0,0,0.0000,2,3,'EUR',0.28985500,'87.247.124.249','','Mozilla/5.0 (Windows NT 6.1; WOW64) AppleWebKit/537.36 (KHTML, like Gecko) Chrome/39.0.2171.95 Safari/537.36','lt,en-US;q=0.8,en;q=0.6,ru;q=0.4,pl;q=0.2','2015-01-03 18:36:43','2015-01-03 18:36:43'),(269,0,'GEO-2015-',0,'Geoshop.LT','http://www.geoshop.lt/',68,1,'Arvydas','Jakubauskas','arvydas.jakubauskas@gmail.com','860515370','','Arvydas','Jakubauskas','','','','Baltų pr. 29-49','','Kaunas','','Lithuania',123,'Kaunas',1912,'','PayPal','pp_standard','Arvydas','Jakubauskas','','Baltų pr. 29-49','','Kaunas','','Lithuania',123,'Kaunas',1912,'','Pristatymas  Lietuvos paštu','weight.weight_5','',40.0000,0,0,0.0000,2,3,'EUR',0.28985500,'87.247.124.249','','Mozilla/5.0 (Windows NT 6.1; WOW64) AppleWebKit/537.36 (KHTML, like Gecko) Chrome/39.0.2171.95 Safari/537.36','lt,en-US;q=0.8,en;q=0.6,ru;q=0.4,pl;q=0.2','2015-01-03 18:38:15','2015-01-03 18:38:15'),(270,0,'GEO-2015-',0,'Geoshop.LT','http://www.geoshop.lt/',68,1,'Arvydas','Jakubauskas','arvydas.jakubauskas@gmail.com','860515370','','Arvydas','Jakubauskas','','','','Baltų pr. 29-49','','Kaunas','','Lithuania',123,'Kaunas',1912,'','PayPal','pp_standard','Arvydas','Jakubauskas','','Baltų pr. 29-49','','Kaunas','','Lithuania',123,'Kaunas',1912,'','Pristatymas  Lietuvos paštu','weight.weight_5','',40.0000,0,0,0.0000,2,2,'USD',0.43000001,'87.247.124.249','','Mozilla/5.0 (Windows NT 6.1; WOW64) AppleWebKit/537.36 (KHTML, like Gecko) Chrome/39.0.2171.95 Safari/537.36','lt,en-US;q=0.8,en;q=0.6,ru;q=0.4,pl;q=0.2','2015-01-03 18:39:10','2015-01-03 18:39:10'),(271,0,'GEO-2015-',0,'Geoshop.LT','http://www.geoshop.lt/',68,1,'Arvydas','Jakubauskas','arvydas.jakubauskas@gmail.com','860515370','','Arvydas','Jakubauskas','','','','Baltų pr. 29-49','','Kaunas','','Lithuania',123,'Kaunas',1912,'','PayPal','pp_standard','Arvydas','Jakubauskas','','Baltų pr. 29-49','','Kaunas','','Lithuania',123,'Kaunas',1912,'','Pristatymas  Lietuvos paštu','weight.weight_5','',40.0000,0,0,0.0000,2,2,'USD',0.43000001,'87.247.124.249','','Mozilla/5.0 (Windows NT 6.1; WOW64) AppleWebKit/537.36 (KHTML, like Gecko) Chrome/39.0.2171.95 Safari/537.36','lt,en-US;q=0.8,en;q=0.6,ru;q=0.4,pl;q=0.2','2015-01-03 18:39:43','2015-01-03 18:39:43'),(272,1,'GEO-2015-',0,'Geoshop.LT','http://www.geoshop.lt/',68,1,'Arvydas','Jakubauskas','arvydas.jakubauskas@gmail.com','860515370','','Arvydas','Jakubauskas','','','','Baltų pr. 29-49','','Kaunas','','Lithuania',123,'Kaunas',1912,'','Banko pavedimu','bank_transfer','Arvydas','Jakubauskas','','Baltų pr. 29-49','','Kaunas','','Lithuania',123,'Kaunas',1912,'','Pristatymas  Lietuvos paštu','weight.weight_5','',40.0000,3,0,0.0000,2,2,'USD',0.43000001,'87.247.124.249','','Mozilla/5.0 (Windows NT 6.1; WOW64) AppleWebKit/537.36 (KHTML, like Gecko) Chrome/39.0.2171.95 Safari/537.36','lt,en-US;q=0.8,en;q=0.6,ru;q=0.4,pl;q=0.2','2015-01-03 18:40:31','2015-01-05 12:42:01'),(273,0,'GEO-2015-',0,'Geoshop.LT','http://www.geoshop.lt/',36,1,'Priit','Juhani','priit3200@gmail.com','37256243181','','Priit','Juhani','','','','Turba Aia-1','','Harjumaa','','Estonia',67,'Harjumaa (Tallinn)',1054,'','PayPal','pp_standard','Priit','Juhani','','Turba Aia-1','','Harjumaa','','Estonia',67,'Harjumaa (Tallinn)',1054,'','Express to Omniva terminal,EE','weight.weight_14','96049\n\nHarju maakond, Keila linn, Haapsalu maantee, 57a',206.1300,0,0,0.0000,1,3,'EUR',0.28985500,'86.110.41.109','','Mozilla/5.0 (Windows NT 6.1) AppleWebKit/537.36 (KHTML, like Gecko) Chrome/39.0.2171.95 Safari/537.36','en-US,en;q=0.8,et;q=0.6','2015-01-05 20:23:16','2015-01-05 20:23:16'),(274,0,'GEO-2015-',0,'Geoshop.LT','http://www.geoshop.lt/',36,1,'Priit','Juhani','priit3200@gmail.com','37256243181','','Priit','Juhani','','','','Turba Aia-1','','Harjumaa','','Estonia',67,'Harjumaa (Tallinn)',1054,'','PayPal','pp_standard','Priit','Juhani','','Turba Aia-1','','Harjumaa','','Estonia',67,'Harjumaa (Tallinn)',1054,'','Express to Omniva terminal,EE','weight.weight_14','96049\n\nHarju maakond, Keila linn, Haapsalu maantee, 57a',206.1300,0,0,0.0000,1,3,'EUR',0.28985500,'86.110.41.109','','Mozilla/5.0 (Windows NT 6.1) AppleWebKit/537.36 (KHTML, like Gecko) Chrome/39.0.2171.95 Safari/537.36','en-US,en;q=0.8,et;q=0.6','2015-01-05 20:29:45','2015-01-05 20:29:45'),(275,0,'GEO-2015-',0,'Geoshop.LT','http://www.geoshop.lt/',36,1,'Priit','Juhani','priit3200@gmail.com','37256243181','','Priit','Juhani','','','','Turba Aia-1','','Harjumaa','','Estonia',67,'Harjumaa (Tallinn)',1054,'','PayPal','pp_standard','Priit','Juhani','','Turba Aia-1','','Harjumaa','','Estonia',67,'Harjumaa (Tallinn)',1054,'','Express to Omniva terminal,EE','weight.weight_14','96049 Harju maakond, Keila linn, Haapsalu maantee, 57a',206.1300,0,0,0.0000,1,3,'EUR',0.28985500,'86.110.41.109','','Mozilla/5.0 (Windows NT 6.1) AppleWebKit/537.36 (KHTML, like Gecko) Chrome/39.0.2171.95 Safari/537.36','en-US,en;q=0.8,et;q=0.6','2015-01-05 20:33:18','2015-01-05 20:33:18'),(276,0,'GEO-2015-',0,'Geoshop.LT','http://www.geoshop.lt/',36,1,'Priit','Juhani','priit3200@gmail.com','37256243181','','Priit','Juhani','','','','Turba Aia-1','','Harjumaa','','Estonia',67,'Harjumaa (Tallinn)',1054,'','PayPal','pp_standard','Priit','Juhani','','Turba Aia-1','','Harjumaa','','Estonia',67,'Harjumaa (Tallinn)',1054,'','Express to Omniva terminal,EE','weight.weight_14','96049 Harju maakond, Keila linn, Haapsalu maantee, 57a',206.1300,0,0,0.0000,1,3,'EUR',0.28985500,'86.110.41.109','','Mozilla/5.0 (Windows NT 6.1) AppleWebKit/537.36 (KHTML, like Gecko) Chrome/39.0.2171.95 Safari/537.36','en-US,en;q=0.8,et;q=0.6','2015-01-05 20:43:52','2015-01-05 20:43:52'),(277,0,'GEO-2015-',0,'Geoshop.LT','http://www.geoshop.lt/',36,1,'Priit','Juhani','priit3200@gmail.com','37256243181','','Priit','Juhani','','','','Turba Aia-1','','Harjumaa','','Estonia',67,'Harjumaa (Tallinn)',1054,'','PayPal','pp_standard','Priit','Juhani','','Turba Aia-1','','Harjumaa','','Estonia',67,'Harjumaa (Tallinn)',1054,'','Express to Omniva terminal,EE','weight.weight_14','Harju maakond, Keila linn, Haapsalu maantee, 57a 96049 ',206.1300,0,0,0.0000,1,3,'EUR',0.28985500,'86.110.41.109','','Mozilla/5.0 (Windows NT 6.1) AppleWebKit/537.36 (KHTML, like Gecko) Chrome/39.0.2171.95 Safari/537.36','en-US,en;q=0.8,et;q=0.6','2015-01-05 20:46:16','2015-01-05 20:46:16'),(278,0,'GEO-2015-',0,'Geoshop.LT','http://www.geoshop.lt/',36,1,'Priit','Juhani','priit3200@gmail.com','37256243181','','Priit','Juhani','','','','Turba Aia-1','','Harjumaa','','Estonia',67,'Harjumaa (Tallinn)',1054,'','PayPal','pp_standard','Priit','Juhani','','Turba Aia-1','','Harjumaa','','Estonia',67,'Harjumaa (Tallinn)',1054,'','Express to Omniva terminal,EE','weight.weight_14','Harju maakond, Keila linn, Haapsalu maantee, 57a 96049 ',206.1300,0,0,0.0000,1,3,'EUR',0.28985500,'86.110.41.109','','Mozilla/5.0 (Windows NT 6.1) AppleWebKit/537.36 (KHTML, like Gecko) Chrome/39.0.2171.95 Safari/537.36','en-US,en;q=0.8,et;q=0.6','2015-01-05 20:48:01','2015-01-05 20:48:01'),(279,0,'GEO-2015-',0,'Geoshop.LT','http://www.geoshop.lt/',36,1,'Priit','Juhani','priit3200@gmail.com','37256243181','','Priit','Juhani','','','','Turba Aia-1','','Harjumaa','','Estonia',67,'Harjumaa (Tallinn)',1054,'','PayPal','pp_standard','Priit','Juhani','','Turba Aia-1','','Harjumaa','','Estonia',67,'Harjumaa (Tallinn)',1054,'','Express to Omniva terminal,EE','weight.weight_14','Harju maakond, Keila linn, Haapsalu maantee, 57a 96049 ',206.1300,0,0,0.0000,1,3,'EUR',0.28985500,'86.110.41.109','','Mozilla/5.0 (Windows NT 6.1) AppleWebKit/537.36 (KHTML, like Gecko) Chrome/39.0.2171.95 Safari/537.36','en-US,en;q=0.8,et;q=0.6','2015-01-05 20:48:46','2015-01-05 20:48:46'),(280,0,'GEO-2015-',0,'Geoshop.LT','http://www.geoshop.lt/',36,1,'Priit','Juhani','priit3200@gmail.com','37256243181','','Priit','Juhani','','','','Turba Aia-1','','Harjumaa','','Estonia',67,'Harjumaa (Tallinn)',1054,'','PayPal','pp_standard','Priit','Juhani','','Turba Aia-1','','Harjumaa','','Estonia',67,'Harjumaa (Tallinn)',1054,'','Express to Omniva terminal,EE','weight.weight_14','96049 ',206.1300,0,0,0.0000,1,3,'EUR',0.28985500,'86.110.41.109','','Mozilla/5.0 (Windows NT 6.1) AppleWebKit/537.36 (KHTML, like Gecko) Chrome/39.0.2171.95 Safari/537.36','en-US,en;q=0.8,et;q=0.6','2015-01-05 20:55:05','2015-01-05 20:55:05'),(281,0,'GEO-2015-',0,'Geoshop.LT','http://www.geoshop.lt/',36,1,'Priit','Juhani','priit3200@gmail.com','37256243181','','Priit','Juhani','','','','Turba Aia-1','','Harjumaa','','Estonia',67,'Harjumaa (Tallinn)',1054,'','PayPal','pp_standard','Priit','Juhani','','Turba Aia-1','','Harjumaa','','Estonia',67,'Harjumaa (Tallinn)',1054,'','Express to Omniva terminal,EE','weight.weight_14','96049',206.1300,0,0,0.0000,1,3,'EUR',0.28985500,'86.110.41.109','','Mozilla/5.0 (Windows NT 6.1) AppleWebKit/537.36 (KHTML, like Gecko) Chrome/39.0.2171.95 Safari/537.36','en-US,en;q=0.8,et;q=0.6','2015-01-05 20:59:54','2015-01-05 20:59:54'),(282,0,'GEO-2015-',0,'Geoshop.LT','http://www.geoshop.lt/',36,1,'Priit','Juhani','priit3200@gmail.com','37256243181','','Priit','Juhani','','','','Turba Aia-1','','Harjumaa','','Estonia',67,'Harjumaa (Tallinn)',1054,'','PayPal','pp_standard','Priit','Juhani','','Turba Aia-1','','Harjumaa','','Estonia',67,'Harjumaa (Tallinn)',1054,'','Express to Omniva terminal,EE','weight.weight_14','Keila, Haapsalu mnt 57a, 96049',206.1300,0,0,0.0000,1,3,'EUR',0.28985500,'86.110.41.109','','Mozilla/5.0 (Windows NT 6.1) AppleWebKit/537.36 (KHTML, like Gecko) Chrome/39.0.2171.95 Safari/537.36','en-US,en;q=0.8,et;q=0.6','2015-01-05 21:04:03','2015-01-05 21:04:03'),(283,0,'GEO-2015-',0,'Geoshop.LT','http://www.geoshop.lt/',36,1,'Priit','Juhani','priit3200@gmail.com','37256243181','','Priit','Juhani','','','','Turba Aia-1','','Harjumaa','','Estonia',67,'Harjumaa (Tallinn)',1054,'','PayPal','pp_standard','Priit','Juhani','','Turba Aia-1','','Harjumaa','','Estonia',67,'Harjumaa (Tallinn)',1054,'','Express to Omniva terminal,EE','weight.weight_14','Keila, Haapsalu mnt 57a, 96049',206.1300,0,0,0.0000,1,3,'EUR',0.28985500,'86.110.41.109','','Mozilla/5.0 (Windows NT 6.1) AppleWebKit/537.36 (KHTML, like Gecko) Chrome/39.0.2171.95 Safari/537.36','en-US,en;q=0.8,et;q=0.6','2015-01-05 21:17:31','2015-01-05 21:17:31'),(284,0,'GEO-2015-',0,'Geoshop.LT','http://www.geoshop.lt/',0,1,'irma','la','tggfu@gmail.com','3725456457','','irma','la','','','','rfytehrjii','','tallinn','','Estonia',67,'Harjumaa (Tallinn)',1054,'','PayPal','pp_standard','irma','la','','rfytehrjii','','tallinn','','Estonia',67,'Harjumaa (Tallinn)',1054,'','Shipping to EU','weight.weight_6','',13.2000,0,0,0.0000,2,3,'EUR',0.28985500,'90.130.151.41','','Mozilla/5.0 (Linux; Android 4.2.2; GT-S7580 Build/JDQ39) AppleWebKit/537.36 (KHTML, like Gecko) Chrome/36.0.1985.131 Mobile Safari/537.36','lt,en-US;q=0.8,en;q=0.6,ru;q=0.4,pl;q=0.2','2015-01-05 21:34:25','2015-01-05 21:34:25'),(285,0,'GEO-2015-',0,'Geoshop.LT','http://www.geoshop.lt/',0,1,'irma','la','tggfu@gmail.com','3725456457','','irma','la','','','','rfytehrjii','','tallinn','','Estonia',67,'Harjumaa (Tallinn)',1054,'','PayPal','pp_standard','irma','la','','rfytehrjii','','tallinn','','Estonia',67,'Harjumaa (Tallinn)',1054,'','Express to Omniva terminal,EE','weight.weight_14','',19.7000,0,0,0.0000,2,3,'EUR',0.28985500,'90.130.151.41','','Mozilla/5.0 (Linux; Android 4.2.2; GT-S7580 Build/JDQ39) AppleWebKit/537.36 (KHTML, like Gecko) Chrome/36.0.1985.131 Mobile Safari/537.36','lt,en-US;q=0.8,en;q=0.6,ru;q=0.4,pl;q=0.2','2015-01-05 21:37:12','2015-01-05 21:37:12'),(286,0,'GEO-2015-',0,'Geoshop.LT','http://www.geoshop.lt/',0,1,'sadf','asdf','samiras_sp@yahoo.com','sadf','','sadf','asdf','','','','dsaf','','sadfasd','','Lithuania',123,'Klaipeda',1913,'','PayPal','pp_standard','sadf','asdf','','dsaf','','sadfasd','','Lithuania',123,'Klaipeda',1913,'','Pristatymas į OMNIVA paštomatą','weight.weight_15','',8.5700,0,0,0.0000,2,4,'LTL',1.00000000,'5.20.177.240','','Mozilla/5.0 (Windows NT 5.1; rv:30.0) Gecko/20100101 Firefox/30.0','en-US,en;q=0.5','2015-01-05 21:39:27','2015-01-05 21:39:27'),(287,0,'GEO-2015-',0,'Geoshop.LT','http://www.geoshop.lt/',0,1,'sadf','asdf','samiras_sp@yahoo.com','sadf','','sadf','asdf','','','','dsaf','','sadfasd','','Lithuania',123,'Klaipeda',1913,'','Banko pavedimu','bank_transfer','sadf','asdf','','dsaf','','sadfasd','','Lithuania',123,'Klaipeda',1913,'','Pristatymas  Lietuvos paštu','weight.weight_5','',5.5700,0,0,0.0000,2,3,'EUR',0.28985500,'5.20.177.240','','Mozilla/5.0 (Windows NT 5.1; rv:30.0) Gecko/20100101 Firefox/30.0','en-US,en;q=0.5','2015-01-05 21:40:22','2015-01-05 21:40:22'),(288,0,'GEO-2015-',0,'Geoshop.LT','http://www.geoshop.lt/',0,1,'sadf','asdf','samiras_sp@yahoo.com','sadf','','sadf','asdf','','','','dsaf','','sadfasd','','Lithuania',123,'Klaipeda',1913,'','PayPal','pp_standard','sadf','asdf','','dsaf','','sadfasd','','Lithuania',123,'Klaipeda',1913,'','Pristatymas  Lietuvos paštu','weight.weight_5','',5.5700,0,0,0.0000,2,3,'EUR',0.28985500,'5.20.177.240','','Mozilla/5.0 (Windows NT 5.1; rv:30.0) Gecko/20100101 Firefox/30.0','en-US,en;q=0.5','2015-01-05 21:40:32','2015-01-05 21:40:32'),(289,0,'GEO-2015-',0,'Geoshop.LT','http://www.geoshop.lt/',0,1,'sadf','asdf','samiras_sp@yahoo.com','sadf','','sadf','asdf','','','','dsaf','','sadfasd','','Lithuania',123,'Klaipeda',1913,'','PayPal','pp_standard','sadf','asdf','','dsaf','','sadfasd','','Lithuania',123,'Klaipeda',1913,'','Pristatymas  Lietuvos paštu','weight.weight_5','',5.2000,0,0,0.0000,2,2,'USD',0.33300000,'5.20.177.240','','Mozilla/5.0 (Windows NT 5.1; rv:30.0) Gecko/20100101 Firefox/30.0','en-US,en;q=0.5','2015-01-05 21:49:35','2015-01-05 21:49:35'),(290,0,'GEO-2015-',0,'Geoshop.LT','http://www.geoshop.lt/',0,1,'sadf','asdf','samiras_sp@yahoo.com','sadf','','sadf','asdf','','','','dsaf','','sadfasd','','Lithuania',123,'Klaipeda',1913,'','PayPal','pp_standard','sadf','asdf','','dsaf','','sadfasd','','Lithuania',123,'Klaipeda',1913,'','Pristatymas  Lietuvos paštu','weight.weight_5','',5.6000,0,0,0.0000,2,3,'EUR',0.28985500,'5.20.177.240','','Mozilla/5.0 (Windows NT 5.1; rv:30.0) Gecko/20100101 Firefox/30.0','en-US,en;q=0.5','2015-01-05 22:02:01','2015-01-05 22:02:01'),(291,0,'GEO-2015-',0,'Geoshop.LT','http://www.geoshop.lt/',0,1,'sadf','asdf','samiras_sp@yahoo.com','sadf','','sadf','asdf','','','','dsaf','','sadfasd','','Lithuania',123,'Klaipeda',1913,'','PayPal','pp_standard','sadf','asdf','','dsaf','','sadfasd','','Lithuania',123,'Klaipeda',1913,'','Pristatymas  Lietuvos paštu','weight.weight_5','',5.6000,0,0,0.0000,2,3,'EUR',0.28985500,'5.20.177.240','','Mozilla/5.0 (Windows NT 5.1; rv:30.0) Gecko/20100101 Firefox/30.0','en-US,en;q=0.5','2015-01-05 22:03:07','2015-01-05 22:03:07'),(292,0,'GEO-2015-',0,'Geoshop.LT','http://www.geoshop.lt/',0,1,'irma','la','tggfu@gmail.com','3725456457','','irma','la','','','','rfytehrjii','','tallinn','','Estonia',67,'Harjumaa (Tallinn)',1054,'','PayPal','pp_standard','irma','la','','rfytehrjii','','tallinn','','Estonia',67,'Harjumaa (Tallinn)',1054,'','Express to Omniva terminal,EE','weight.weight_14','',19.7000,0,0,0.0000,2,3,'EUR',0.28985500,'90.130.151.41','','Mozilla/5.0 (Linux; Android 4.2.2; GT-S7580 Build/JDQ39) AppleWebKit/537.36 (KHTML, like Gecko) Chrome/36.0.1985.131 Mobile Safari/537.36','lt,en-US;q=0.8,en;q=0.6,ru;q=0.4,pl;q=0.2','2015-01-05 22:03:24','2015-01-05 22:03:24'),(293,0,'GEO-2015-',0,'Geoshop.LT','http://www.geoshop.lt/',0,1,'sadf','asdf','samiras_sp@yahoo.com','sadf','','sadf','asdf','','','','dsaf','','sadfasd','','Lithuania',123,'Klaipeda',1913,'','PayPal','pp_standard','sadf','asdf','','dsaf','','sadfasd','','Lithuania',123,'Klaipeda',1913,'','Pristatymas  Lietuvos paštu','weight.weight_5','',5.6000,0,0,0.0000,2,1,'GBP',0.21300000,'5.20.177.240','','Mozilla/5.0 (Windows NT 5.1; rv:30.0) Gecko/20100101 Firefox/30.0','en-US,en;q=0.5','2015-01-05 22:05:35','2015-01-05 22:05:35'),(294,0,'GEO-2015-',0,'Geoshop.LT','http://www.geoshop.lt/',0,1,'sadf','asdf','samiras_sp@yahoo.com','sadf','','sadf','asdf','','','','dsaf','','sadfasd','','Lithuania',123,'Klaipeda',1913,'','PayPal','pp_standard','sadf','asdf','','dsaf','','sadfasd','','Lithuania',123,'Klaipeda',1913,'','Pristatymas  Lietuvos paštu','weight.weight_5','',5.6000,0,0,0.0000,2,1,'GBP',0.21300000,'5.20.177.240','','Mozilla/5.0 (Windows NT 5.1; rv:30.0) Gecko/20100101 Firefox/30.0','en-US,en;q=0.5','2015-01-05 22:06:47','2015-01-05 22:06:47'),(295,0,'GEO-2015-',0,'Geoshop.LT','http://www.geoshop.lt/',0,1,'sadf','asdf','samiras_sp@yahoo.com','sadf','','sadf','asdf','','','','dsaf','','sadfasd','','Lithuania',123,'Klaipeda',1913,'','PayPal','pp_standard','sadf','asdf','','dsaf','','sadfasd','','Lithuania',123,'Klaipeda',1913,'','Pristatymas  Lietuvos paštu','weight.weight_5','',5.6000,0,0,0.0000,2,3,'EUR',0.28985500,'5.20.177.240','','Mozilla/5.0 (Windows NT 5.1; rv:30.0) Gecko/20100101 Firefox/30.0','en-US,en;q=0.5','2015-01-05 22:08:02','2015-01-05 22:08:02'),(296,0,'GEO-2015-',0,'Geoshop.LT','http://www.geoshop.lt/',0,1,'irma','la','tggfu@gmail.com','3725456457','','irma','la','','','','rfytehrjii','','tallinn','','Estonia',67,'Harjumaa (Tallinn)',1054,'','PayPal','pp_standard','irma','la','','rfytehrjii','','tallinn','','Estonia',67,'Harjumaa (Tallinn)',1054,'','Express to Omniva terminal,EE','weight.weight_14','',19.7000,0,0,0.0000,2,3,'EUR',0.28985500,'90.130.151.41','','Mozilla/5.0 (Linux; Android 4.2.2; GT-S7580 Build/JDQ39) AppleWebKit/537.36 (KHTML, like Gecko) Chrome/36.0.1985.131 Mobile Safari/537.36','lt,en-US;q=0.8,en;q=0.6,ru;q=0.4,pl;q=0.2','2015-01-05 22:09:12','2015-01-05 22:09:12'),(297,0,'GEO-2015-',0,'Geoshop.LT','http://www.geoshop.lt/',0,1,'sadf','asdf','samiras_sp@yahoo.com','sadf','','sadf','asdf','','','','dsaf','','sadfasd','','Lithuania',123,'Klaipeda',1913,'','PayPal','pp_standard','sadf','asdf','','dsaf','','sadfasd','','Lithuania',123,'Klaipeda',1913,'','Pristatymas  Lietuvos paštu','weight.weight_5','',5.8000,0,0,0.0000,2,3,'EUR',0.28985500,'5.20.177.240','','Mozilla/5.0 (Windows NT 5.1; rv:30.0) Gecko/20100101 Firefox/30.0','en-US,en;q=0.5','2015-01-05 22:18:54','2015-01-05 22:18:54'),(298,0,'GEO-2015-',0,'Geoshop.LT','http://www.geoshop.lt/',0,1,'irma','la','tggfu@gmail.com','3725456457','','irma','la','','','','rfytehrjii','','tallinn','','Estonia',67,'Harjumaa (Tallinn)',1054,'','PayPal','pp_standard','irma','la','','rfytehrjii','','tallinn','','Estonia',67,'Harjumaa (Tallinn)',1054,'','Express to Omniva terminal,EE','weight.weight_14','',19.7000,0,0,0.0000,2,3,'EUR',0.28985500,'90.130.151.41','','Mozilla/5.0 (Linux; Android 4.2.2; GT-S7580 Build/JDQ39) AppleWebKit/537.36 (KHTML, like Gecko) Chrome/36.0.1985.131 Mobile Safari/537.36','lt,en-US;q=0.8,en;q=0.6,ru;q=0.4,pl;q=0.2','2015-01-05 22:19:50','2015-01-05 22:19:50'),(299,2,'GEO-2015-',0,'Geoshop.LT','http://www.geoshop.lt/',36,1,'Priit','Juhani','priit3200@gmail.com','37256243181','','Priit','Juhani','','','','Turba Aia-1','','Harjumaa','','Estonia',67,'Harjumaa (Tallinn)',1054,'','PayPal','pp_standard','Priit','Juhani','','Turba Aia-1','','Harjumaa','','Estonia',67,'Harjumaa (Tallinn)',1054,'','Express to Omniva terminal,EE','weight.weight_14','Harju maakond, Keila linn, Haapsalu maantee, 57a 96049',321.1300,3,0,0.0000,1,3,'EUR',0.28985500,'86.110.41.109','','Mozilla/5.0 (Windows NT 6.1) AppleWebKit/537.36 (KHTML, like Gecko) Chrome/39.0.2171.95 Safari/537.36','en-US,en;q=0.8,et;q=0.6','2015-01-05 22:24:28','2015-01-06 20:22:26'),(300,0,'GEO-2015-',0,'Geoshop.LT','http://www.geoshop.lt/',0,1,'sadf','asdf','samiras_sp@yahoo.com','sadf','','sadf','asdf','','','','dsaf','','sadfasd','','Lithuania',123,'Klaipeda',1913,'','PayPal','pp_standard','sadf','asdf','','dsaf','','sadfasd','','Lithuania',123,'Klaipeda',1913,'','Pristatymas  Lietuvos paštu','weight.weight_5','',5.8000,0,0,0.0000,2,3,'EUR',0.28985500,'5.20.177.240','','Mozilla/5.0 (Windows NT 5.1; rv:30.0) Gecko/20100101 Firefox/30.0','en-US,en;q=0.5','2015-01-05 22:26:24','2015-01-05 22:26:24'),(301,0,'GEO-2015-',0,'Geoshop.LT','http://www.geoshop.lt/',0,1,'sdf','sadfasf','samiras_sp@yahoo.com','1112222','','sdf','sadfasf','','','','44safas df','','sdfa','','Lithuania',123,'Utena',1919,'','PayPal','pp_standard','sdf','sadfasf','','44safas df','','sdfa','','Lithuania',123,'Utena',1919,'','Pristatymas  Lietuvos paštu','weight.weight_5','',7.0000,0,0,0.0000,2,4,'LTL',1.00000000,'195.182.66.90','','Mozilla/5.0 (Windows NT 6.1; WOW64; rv:28.0) Gecko/20100101 Firefox/28.0','en-US,en;q=0.5','2015-01-06 13:20:25','2015-01-06 13:20:25'),(302,0,'GEO-2015-',0,'Geoshop.LT','http://www.geoshop.lt/',0,1,'dfdfhvcb','cvsfb  ','cxvd@gmail.com','371751325','','dfdfhvcb','cvsfb  ','','','','grgv cxc','','ryga','','Latvia',117,'Riga',1850,'','PayPal','pp_standard','dfdfhvcb','cvsfb  ','','grgv cxc','','ryga','','Latvia',117,'Riga',1850,'','Shipping to EU','weight.weight_6','',12.6900,0,0,0.0000,2,3,'EUR',0.28985500,'84.240.28.239','','Mozilla/5.0 (Windows NT 6.1; WOW64; Trident/7.0; rv:11.0) like Gecko','lt-LT','2015-01-06 13:25:50','2015-01-06 13:25:50'),(303,0,'GEO-2015-',0,'Geoshop.LT','http://www.geoshop.lt/',0,1,'dfdfhvcb','cvsfb  ','cxvd@gmail.com','371751325','','dfdfhvcb','cvsfb  ','','','','grgv cxc','','ryga','','Latvia',117,'Riga',1850,'','PayPal','pp_standard','dfdfhvcb','cvsfb  ','','grgv cxc','','ryga','','Latvia',117,'Riga',1850,'','Shipping to EU','weight.weight_6','',12.8800,0,0,0.0000,2,4,'LTL',1.00000000,'84.240.28.239','','Mozilla/5.0 (Windows NT 6.1; WOW64; Trident/7.0; rv:11.0) like Gecko','lt-LT','2015-01-06 13:31:45','2015-01-06 13:31:45'),(304,0,'GEO-2015-',0,'Geoshop.LT','http://www.geoshop.lt/',69,1,'Vilius','Vilkas','viliuswolf@gmail.com','861009424','','Vilius','Vilkas','','','','Bugenio g. 2 Kapėnu k.','','Mažeikiu r.','','Lithuania',123,'Telsiai',1918,'','Banko pavedimu','bank_transfer','Vilius','Vilkas','','Bugenio g. 2 Kapėnu k.','','Mažeikiu r.','','Lithuania',123,'Telsiai',1918,'','Pristatymas  Lietuvos paštu','weight.weight_5','',35.8000,7,0,0.0000,2,3,'EUR',0.28985500,'78.58.248.238','','Mozilla/5.0 (Windows NT 6.1) AppleWebKit/537.36 (KHTML, like Gecko) Chrome/40.0.2214.45 Safari/537.36','lt,en-US;q=0.8,en;q=0.6,ru;q=0.4,pl;q=0.2','2015-01-09 15:54:43','2015-01-11 17:02:42'),(305,3,'GEO-2015-',0,'Geoshop.LT','http://www.geoshop.lt/',69,1,'Vilius','Vilkas','viliuswolf@gmail.com','861009424','','Vilius','Vilkas','','','','Bugenio g. 2 Kapėnu k.','','Mažeikiu r.','','Lithuania',123,'Telsiai',1918,'','Banko pavedimu','bank_transfer','Vilius','Vilkas','','Bugenio g. 2 Kapėnu k.','','Mažeikiu r.','','Lithuania',123,'Telsiai',1918,'','Pristatymas  Lietuvos paštu','weight.weight_5','',65.7870,3,0,0.0000,2,3,'EUR',0.28985500,'78.58.248.238','','Mozilla/5.0 (Windows NT 6.1) AppleWebKit/537.36 (KHTML, like Gecko) Chrome/40.0.2214.45 Safari/537.36','lt,en-US;q=0.8,en;q=0.6,ru;q=0.4,pl;q=0.2','2015-01-09 16:16:21','2015-01-12 13:07:00'),(306,4,'GEO-2015-',0,'Geoshop.LT','http://www.geoshop.lt/',70,1,'Kristina','Gruodienė','qk.info@gmail.com','861257131','','Kristina','Gruodienė','','','','S.Nėries 105-50','','Vilnius','','Lithuania',123,'Vilnius',1920,'','Banko pavedimu','bank_transfer','Kristina','Gruodienė','','S.Nėries 105-50','','Vilnius','','Lithuania',123,'Vilnius',1920,'','Pristatymas į OMNIVA paštomatą','weight.weight_15','Vilniaus PC BIG paštomatas\nUkmergės g. 369, Vilnius',74.1300,3,0,0.0000,2,3,'EUR',0.28985500,'78.158.8.106','','Mozilla/5.0 (Windows NT 6.1; WOW64) AppleWebKit/537.36 (KHTML, like Gecko) Chrome/39.0.2171.95 Safari/537.36','lt,en-US;q=0.8,en;q=0.6,ru;q=0.4,pl;q=0.2','2015-01-11 16:29:03','2015-01-12 13:37:40'),(307,5,'GEO-2015-',0,'Geoshop.LT','http://www.geoshop.lt/',71,1,'Saulius','Bagdonas','Sauliusbag@gmail.com','860785869','','Saulius','Bagdonas','','','','Sausio 13-osios 37-75','','Vilnius','','Lithuania',123,'Vilnius',1920,'','Banko pavedimu','bank_transfer','Saulius','Bagdonas','SIA Adventus solutions','Verkių g. 34','','Vilnius','','Lithuania',123,'Vilnius',1920,'','Pristatymas  Lietuvos paštu','weight.weight_5','',51.7500,3,0,0.0000,2,4,'LTL',1.00000000,'88.119.159.54','','Mozilla/5.0 (Windows NT 6.1; rv:33.0) Gecko/20100101 Firefox/33.0','en-US,en;q=0.5','2015-01-13 12:35:19','2015-01-14 12:52:07'),(308,6,'GEO-2015-',0,'Geoshop.LT','http://www.geoshop.lt/',0,1,'Vlad','Šaruckij','vsaruckij@gmail.com','861371104','','Vlad','Šaruckij','','','','Mizarų g 9','','Druskininkai','66101','Lithuania',123,'Alytus',1911,'','Banko pavedimu','bank_transfer','Vlad','Šaruckij','','Mizarų g 9','','Druskininkai','66101','Lithuania',123,'Alytus',1911,'','Pristatymas  Lietuvos paštu','weight.weight_5','',32.7200,3,0,0.0000,2,3,'EUR',0.28985500,'82.135.205.124','','Mozilla/4.0 (compatible; MSIE 8.0; Windows NT 6.0; Trident/4.0; SLCC1; .NET CLR 2.0.50727; .NET CLR 1.1.4322; .NET CLR 3.0.30729; .NET4.0C; .NET4.0E; BRI/2)','lt','2015-01-13 16:01:33','2015-01-14 12:53:20'),(309,7,'GEO-2015-',0,'Geoshop.LT','http://www.geoshop.lt/',0,1,'Valentinas','Eidinzonas','V.eidinzonas@gmail.com','+37060689641','','Valentinas','Eidinzonas','','','','Bajoru kelias 7a-35','','Vilnius','','Lithuania',123,'Vilnius',1920,'','Banko pavedimu','bank_transfer','Valentinas','Eidinzonas','','Bajoru kelias 7a-35','','Vilnius','','Lithuania',123,'Vilnius',1920,'','Pristatymas į LP paštomatą','weight.weight_7','',17.4100,3,0,0.0000,2,3,'EUR',0.28985500,'188.69.215.239','','Mozilla/5.0 (iPhone; CPU iPhone OS 8_1_2 like Mac OS X) AppleWebKit/600.1.4 (KHTML, like Gecko) Version/8.0 Mobile/12B440 Safari/600.1.4','ru','2015-01-15 21:24:00','2015-01-16 13:30:07'),(310,8,'GEO-2015-',0,'Geoshop.LT','http://www.geoshop.lt/',72,1,'Jurijus','Michailovas','jurijus81@gmail.com','+37068361564','','Jurijus','Michailovas','','','','Taikos pr. 61-20','','Kaunas','LT50433','Lithuania',123,'Kaunas',1912,'','Banko pavedimu','bank_transfer','Jurijus','Michailovas','','Taikos pr. 61-20','','Kaunas','LT50433','Lithuania',123,'Kaunas',1912,'','Pristatymas į LP paštomatą','weight.weight_7','Miestas:	Kaunas\nAdresas:	K. Baršausko g. 57 (Statoil)',69.0000,3,0,0.0000,2,3,'EUR',0.28985500,'87.239.84.97','','Mozilla/5.0 (Windows NT 6.1; WOW64; rv:35.0) Gecko/20100101 Firefox/35.0','lt,en-us;q=0.8,en;q=0.6,ru;q=0.4,pl;q=0.2','2015-01-16 00:16:10','2015-01-16 13:31:42'),(311,0,'GEO-2015-',0,'Geoshop.LT','http://www.geoshop.lt/',0,1,'Gintas','Ciūnys','c.gintas@gmail.com','866690777','','Gintas','Ciūnys','','','','Perlojos g. 18','','Varėna','65166','Lithuania',123,'Alytus',1911,'','Banko pavedimu','bank_transfer','Gintas','Ciūnys','','Perlojos g. 18','','Varėna','65166','Lithuania',123,'Alytus',1911,'','Pristatymas  Lietuvos paštu','weight.weight_5','',33.6200,7,0,0.0000,2,3,'EUR',0.28985500,'91.228.85.21','','Mozilla/5.0 (Linux; Android 4.4.2; lt-lt; SAMSUNG SM-T805 Build/KOT49H) AppleWebKit/537.36 (KHTML, like Gecko) Version/1.5 Chrome/28.0.1500.94 Safari/537.36','lt-LT,lt;q=0.8,en-US;q=0.6,en;q=0.4','2015-01-18 15:13:43','2015-01-19 13:50:43'),(312,0,'GEO-2015-',0,'Geoshop.LT','http://www.geoshop.lt/',73,1,'Raimondas','Petrikas','natrix76@yahoo.com','862174413','','Raimondas','Petrikas','','','','Beržų g. 2-48','','Telšiai','87345','Lithuania',123,'Telsiai',1918,'','Banko pavedimu','bank_transfer','Raimondas','Petrikas','','Beržų g. 2-48','','Telšiai','87345','Lithuania',123,'Telsiai',1918,'','Pristatymas į OMNIVA paštomatą','weight.weight_15','',22.3100,0,0,0.0000,2,3,'EUR',0.28985500,'46.36.85.103','','Mozilla/5.0 (Windows NT 6.1) AppleWebKit/537.36 (KHTML, like Gecko) Chrome/39.0.2171.99 Safari/537.36','lt,en-US;q=0.8,en;q=0.6,ru;q=0.4,pl;q=0.2','2015-01-18 17:55:17','2015-01-18 17:55:17'),(313,0,'GEO-2015-',0,'Geoshop.LT','http://www.geoshop.lt/',0,1,'Simona','Zuloniene','simona_kekstaite@yahoo.com','868404120','','Simona','Zuloniene','','','','Pievu tako g. 8-21','','Klaipeda','','Lithuania',123,'Klaipeda',1913,'','PayPal','pp_standard','Simona','Zuloniene','','Pievu tako g. 8-21','','Klaipeda','','Lithuania',123,'Klaipeda',1913,'','Pristatymas  Lietuvos paštu','weight.weight_5','',20.9000,0,0,0.0000,2,3,'EUR',0.28985500,'193.219.95.138','','Mozilla/5.0 (Windows NT 6.1; rv:34.0) Gecko/20100101 Firefox/34.0','en-US,en;q=0.5','2015-01-19 00:01:26','2015-01-19 00:01:26'),(314,9,'GEO-2015-',0,'Geoshop.LT','http://www.geoshop.lt/',0,1,'Elvestas','Pažėra','elvestas@intermetal.lt','860534956','','Elvestas','Pažėra','Intermetal','300014191','','Kombinato g. 3 Kaunas','','Kaunas','52494','Lithuania',123,'Kaunas',1912,'','Banko pavedimu','bank_transfer','Elvestas','Pažėra','Intermetal','Kombinato g. 3 Kaunas','','Kaunas','52494','Lithuania',123,'Kaunas',1912,'','Pristatymas  Lietuvos paštu','weight.weight_5','',20.9000,3,0,0.0000,2,3,'EUR',0.28985500,'77.241.203.222','','Mozilla/5.0 (Windows NT 6.3; WOW64) AppleWebKit/537.36 (KHTML, like Gecko) Chrome/39.0.2171.99 Safari/537.36','lt,en-US;q=0.8,en;q=0.6,ru;q=0.4,pl;q=0.2','2015-01-19 09:14:11','2015-01-19 13:00:32'),(315,10,'GEO-2015-',0,'Geoshop.LT','http://www.geoshop.lt/',0,1,'Kristina','Zakaraite','zakaraite.kristina@gmail.com','869097486','','Kristina','Zakaraite','','','','mogiliovo 5-4','','Klaipeda','95249','Lithuania',123,'Klaipeda',1913,'','PayPal','pp_standard','Kristina','Zakaraite','','mogiliovo 5-4','','Klaipeda','95249','Lithuania',123,'Klaipeda',1913,'','Pristatymas  Lietuvos paštu','weight.weight_5','',18.4100,3,0,0.0000,2,3,'EUR',0.28962001,'84.15.185.31','','Mozilla/5.0 (Windows NT 6.3; WOW64) AppleWebKit/537.36 (KHTML, like Gecko) Chrome/39.0.2171.99 Safari/537.36','ru-RU,ru;q=0.8,en-US;q=0.6,en;q=0.4,lt;q=0.2','2015-01-20 13:53:34','2015-01-21 13:37:46'),(316,0,'GEO-2015-',0,'Geoshop.LT','http://www.geoshop.lt/',0,1,'simona','savickiene','simona.simulyte@gmail.com','+37062095401','','simona','savickiene','','','','barkunu g.5-11','','kaunas','','Lithuania',123,'Kaunas',1912,'','Banko pavedimu','bank_transfer','simona','savickiene','','barkunu g.5-11','','kaunas','','Lithuania',123,'Kaunas',1912,'','Pristatymas  Lietuvos paštu','weight.weight_5','Draugystes g.19, kaunas lt51230',20.9000,7,0,0.0000,2,3,'EUR',0.28962001,'178.16.45.96','','Mozilla/5.0 (Linux; Android 4.4.2; lt-lt; SAMSUNG SM-G900F Build/KOT49H) AppleWebKit/537.36 (KHTML, like Gecko) Version/1.6 Chrome/28.0.1500.94 Mobile Safari/537.36','lt-LT,lt;q=0.8,en-US;q=0.6,en;q=0.4','2015-01-21 20:58:30','2015-01-25 23:14:57'),(317,0,'GEO-2015-',0,'Geoshop.LT','http://www.geoshop.lt/',0,1,'Darius','Mitrofanovas','mitrucha@gmail.com','861651932','','Darius','Mitrofanovas','','','','Gelvonų g. 19-32','','Vilnius','','Lithuania',123,'Vilnius',1920,'','Banko pavedimu','bank_transfer','Darius','Mitrofanovas','','Gelvonų g. 19-32','','Vilnius','','Lithuania',123,'Vilnius',1920,'','Pristatymas  Lietuvos paštu','weight.weight_5','',31.8200,0,0,0.0000,2,3,'EUR',0.28962001,'84.240.37.54','','Mozilla/5.0 (Windows NT 6.1; WOW64) AppleWebKit/537.36 (KHTML, like Gecko) Chrome/39.0.2171.99 Safari/537.36','lt,en-US;q=0.8,en;q=0.6,ru;q=0.4,pl;q=0.2','2015-01-21 21:38:29','2015-01-21 21:38:29'),(318,11,'GEO-2015-',0,'Geoshop.LT','http://www.geoshop.lt/',0,1,'Darius','Mitrofanovas','mitrucha@gmail.com','861651932','','Darius','Mitrofanovas','','','','Gelvonų g. 19-32','','Vilnius','','Lithuania',123,'Vilnius',1920,'','Banko pavedimu','bank_transfer','Darius','Mitrofanovas','','Gelvonų g. 19-32','','Vilnius','','Lithuania',123,'Vilnius',1920,'','Pristatymas  Lietuvos paštu','weight.weight_5','',31.8200,3,0,0.0000,2,3,'EUR',0.28962001,'84.240.37.54','','Mozilla/5.0 (Windows NT 6.1; WOW64) AppleWebKit/537.36 (KHTML, like Gecko) Chrome/39.0.2171.99 Safari/537.36','lt,en-US;q=0.8,en;q=0.6,ru;q=0.4,pl;q=0.2','2015-01-21 21:40:56','2015-01-22 12:45:35'),(319,0,'GEO-2015-',0,'Geoshop.LT','http://www.geoshop.lt/',2,4,'TEST Pranas','TEST Maš','pranasm63@gmail.com','4154454','','Pranas','Maškara','','','','Adresas ąčęėįšųū90','','Vilnius','LT-123456','Lithuania',123,'Vilnius',1920,'','PayPal','pp_standard','Pranas','Maškara','','Adresas ąčęėįšųū90','','Vilnius','LT-123456','Lithuania',123,'Vilnius',1920,'','Pristatymas  Lietuvos paštu','weight.weight_5','',21.0000,0,0,0.0000,2,4,'LTL',1.00000000,'5.20.177.240','','Mozilla/5.0 (Windows NT 5.1; rv:30.0) Gecko/20100101 Firefox/30.0','en-US,en;q=0.5','2015-01-22 20:13:43','2015-01-22 20:13:43'),(320,0,'GEO-2015-',0,'Geoshop.LT','http://www.geoshop.lt/',2,4,'TEST Pranas','TEST Maš','pranasm63@gmail.com','4154454','','Pranas','Maškara','','','','Adresas ąčęėįšųū90','','Vilnius','LT-123456','Lithuania',123,'Vilnius',1920,'','PayPal','pp_standard','Pranas','Maškara','','Adresas ąčęėįšųū90','','Vilnius','LT-123456','Lithuania',123,'Vilnius',1920,'','Pristatymas  Lietuvos paštu','weight.weight_5','',21.0000,0,0,0.0000,2,4,'LTL',1.00000000,'5.20.177.240','','Mozilla/5.0 (Windows NT 5.1; rv:30.0) Gecko/20100101 Firefox/30.0','en-US,en;q=0.5','2015-01-22 20:15:06','2015-01-22 20:15:06'),(321,12,'GEO-2015-',0,'Geoshop.LT','http://www.geoshop.lt/',75,1,'Mindaugas','Putelis','putelismindaugas@yahoo.com','+370 652 59560','','Mindaugas','Putelis','','','','Ivanausko g. 11','','Ringaudai','LT-53334','Lithuania',123,'Kaunas',1912,'','PayPal','pp_standard','Mindaugas','Putelis','','Ivanausko g. 11','','Ringaudai','LT-53334','Lithuania',123,'Kaunas',1912,'','Pristatymas  Lietuvos paštu','weight.weight_5','',52.7000,3,0,0.0000,2,3,'EUR',0.28962001,'78.58.128.184','','Mozilla/5.0 (Windows NT 6.1; WOW64; rv:34.0) Gecko/20100101 Firefox/34.0','en-US,en;q=0.5','2015-01-25 17:56:26','2015-01-26 13:20:59'),(322,0,'GEO-2015-',0,'Geoshop.LT','http://www.geoshop.lt/',75,1,'Mindaugas','Putelis','putelismindaugas@yahoo.com','+370 652 59560','','Mindaugas','Putelis','','','','Ivanausko g. 11','','Ringaudai','LT-53334','Lithuania',123,'Kaunas',1912,'','PayPal','pp_standard','Mindaugas','Putelis','','Ivanausko g. 11','','Ringaudai','LT-53334','Lithuania',123,'Kaunas',1912,'','Pristatymas LP Express kurjeriu','weight.weight_8','',126.0000,0,0,0.0000,2,3,'EUR',0.28962001,'78.58.128.184','','Mozilla/5.0 (Windows NT 6.1; WOW64; rv:34.0) Gecko/20100101 Firefox/34.0','en-US,en;q=0.5','2015-01-28 18:26:44','2015-01-28 18:26:44'),(323,0,'GEO-2015-',0,'Geoshop.LT','http://www.geoshop.lt/',75,1,'Mindaugas','Putelis','putelismindaugas@yahoo.com','+370 652 59560','','Mindaugas','Putelis','','','','Ivanausko g. 11','','Ringaudai','LT-53334','Lithuania',123,'Kaunas',1912,'','PayPal','pp_standard','Mindaugas','Putelis','','Ivanausko g. 11','','Ringaudai','LT-53334','Lithuania',123,'Kaunas',1912,'','Pristatymas LP Express kurjeriu','weight.weight_8','',194.7500,0,0,0.0000,2,3,'EUR',0.28962001,'78.58.128.184','','Mozilla/5.0 (Windows NT 6.1; WOW64; rv:34.0) Gecko/20100101 Firefox/34.0','en-US,en;q=0.5','2015-01-28 18:27:54','2015-01-28 18:27:54'),(324,13,'GEO-2015-',0,'Geoshop.LT','http://www.geoshop.lt/',75,1,'Mindaugas','Putelis','putelismindaugas@yahoo.com','+370 652 59560','','Mindaugas','Putelis','','','','Ivanausko g. 11','','Ringaudai','LT-53334','Lithuania',123,'Kaunas',1912,'','PayPal','pp_standard','Mindaugas','Putelis','','Ivanausko g. 11','','Ringaudai','LT-53334','Lithuania',123,'Kaunas',1912,'','Pristatymas LP Express kurjeriu','weight.weight_8','',80.7500,3,0,0.0000,2,3,'EUR',0.28962001,'78.58.128.184','','Mozilla/5.0 (Windows NT 6.1; WOW64; rv:34.0) Gecko/20100101 Firefox/34.0','en-US,en;q=0.5','2015-01-28 18:28:28','2015-01-30 10:02:53'),(325,0,'GEO-2015-',0,'Geoshop.LT','http://www.geoshop.lt/',0,1,'sadf','sdafdas','samiras_sp@yahoo.com','saddsfads','','sadf','sdafdas','','','','fsdafsdafsad','','fsdafsdaf','','Lithuania',123,'Telsiai',1918,'','PayPal','pp_standard','sadf','sdafdas','','fsdafsdafsad','','fsdafsdaf','','Lithuania',123,'Telsiai',1918,'','Pristatymas  Lietuvos paštu','weight.weight_5','',13.0000,0,0,0.0000,2,3,'EUR',0.28962001,'195.182.66.90','','Mozilla/5.0 (Windows NT 6.1; WOW64; rv:28.0) Gecko/20100101 Firefox/28.0','en-US,en;q=0.5','2015-01-30 14:29:30','2015-01-30 14:29:30'),(326,0,'GEO-2015-',0,'Geoshop.LT','http://www.geoshop.lt/',2,4,'TEST Pranas','TEST Maš','pranasm63@gmail.com','4154454','','sadfasdf','sadfadsfads','','','','sadfsadfsad','','fsadfsadfasd','','Estonia',67,'Valgamaa (Valga)',1066,'','PayPal','pp_standard','sadfasdf','sadfadsfads','','sadfsadfsad','','fsadfsadfasd','','Estonia',67,'Valgamaa (Valga)',1066,'','Express to Omniva terminal,EE','weight.weight_14','',35.0000,0,0,0.0000,1,4,'LTL',1.00000000,'5.20.177.240','','Mozilla/5.0 (Windows NT 5.1; rv:30.0) Gecko/20100101 Firefox/30.0','en-US,en;q=0.5','2015-01-30 19:45:55','2015-01-30 19:45:55'),(327,14,'GEO-2015-',0,'Geoshop.LT','http://www.geoshop.lt/',77,1,'Mindaugas','Maižvilas','mindaugas.maizvilas@gmail.com','860474714','','Mindaugas','Maižvilas','','','','Pylimo g. 35 - 32','','Vilnius','','Lithuania',123,'Vilnius',1920,'','Banko pavedimu','bank_transfer','Mindaugas','Maižvilas','','Pylimo g. 35 - 32','','Vilnius','','Lithuania',123,'Vilnius',1920,'','Pristatymas  Lietuvos paštu','weight.weight_5','',18.7500,3,0,0.0000,2,3,'EUR',0.28962001,'84.46.170.30','','Mozilla/5.0 (Windows NT 6.1; WOW64; rv:35.0) Gecko/20100101 Firefox/35.0','lt,en-us;q=0.8,en;q=0.6,ru;q=0.4,pl;q=0.2','2015-02-01 18:06:03','2015-02-02 13:20:46'),(328,15,'GEO-2015-',0,'Geoshop.LT','http://www.geoshop.lt/',0,1,'Kati','Paal','paalkati@gmail.com','+37253305336','','Kati','Paal','','','','Kadri tee 12, Randvere, Harjumaa','','Viimsi','','Estonia',67,'Harjumaa (Tallinn)',1054,'','PayPal','pp_standard','Kati','Paal','','Kadri tee 12, Randvere, Harjumaa','','Viimsi','','Estonia',67,'Harjumaa (Tallinn)',1054,'','Express to Omniva terminal,EE','weight.weight_14','96104, Tallinna Viru bussiterminali pakiautomaat',53.4500,3,0,0.0000,1,3,'EUR',0.28962001,'2001:7d0:8242:3101:ec23:586e:31d4:90bd','','Mozilla/5.0 (Windows NT 6.1; WOW64; rv:35.0) Gecko/20100101 Firefox/35.0','en-GB,en;q=0.5','2015-02-02 20:29:09','2015-02-03 13:08:46'),(329,16,'GEO-2015-',0,'Geoshop.LT','http://www.geoshop.lt/',0,1,'Žydrūnas','Kabaila','zydrunas.kabaila@gmail.com','+37061258979','','Žydrūnas','Kabaila','','','','Kretingos g. 35-31','','Klaipėda','92302','Lithuania',123,'Klaipeda',1913,'','PayPal','pp_standard','Žydrūnas','Kabaila','','Kretingos g. 35-31','','Klaipėda','92302','Lithuania',123,'Klaipeda',1913,'','Pristatymas  Lietuvos paštu','weight.weight_5','',32.5000,3,0,0.0000,2,3,'EUR',0.28962001,'86.100.76.159','','Mozilla/5.0 (Windows NT 6.1; WOW64; rv:35.0) Gecko/20100101 Firefox/35.0','lt,en-us;q=0.8,en;q=0.6,ru;q=0.4,pl;q=0.2','2015-02-03 23:04:09','2015-02-05 13:35:25'),(330,17,'GEO-2015-',0,'Geoshop.LT','http://www.geoshop.lt/',78,2,'Edgaras','Jasaitis','kuokelis@gmail.com','860638677','','Edgaras','Jasaitis','','','','Studentų g. 29-36','','Kaunas','LT-51364','Lithuania',123,'Kaunas',1912,'','Banko pavedimu','bank_transfer','Edgaras','Jasaitis','','Studentų g. 29-36','','Kaunas','LT-51364','Lithuania',123,'Kaunas',1912,'','Pristatymas  Lietuvos paštu','weight.weight_5','',99.0000,3,0,0.0000,2,3,'EUR',0.28962001,'78.58.158.64','','Mozilla/5.0 (compatible; MSIE 10.0; Windows NT 6.2; WOW64; Trident/6.0; ASU2JS)','lt,en-GB;q=0.7,en;q=0.3','2015-02-04 22:28:35','2015-02-05 12:50:30'),(331,0,'GEO-2015-',0,'Geoshop.LT','http://www.geoshop.lt/',0,1,'Julius','Gaižauskas','julius.cezaris@gmail.com','867611009','','Julius','Gaižauskas','','','','Žemaitės 4 - 34','','Šilalė','','Lithuania',123,'Taurage',1917,'','Banko pavedimu','bank_transfer','Julius','Gaižauskas','','Žemaitės 4 - 34','','Šilalė','','Lithuania',123,'Taurage',1917,'','Pristatymas į LP paštomatą','weight.weight_7','',21.7500,0,0,0.0000,2,3,'EUR',0.28962001,'78.61.53.79','','Mozilla/5.0 (Windows NT 6.1; WOW64; rv:35.0) Gecko/20100101 Firefox/35.0','lt,en-us;q=0.8,en;q=0.6,ru;q=0.4,pl;q=0.2','2015-02-08 20:02:19','2015-02-08 20:02:19'),(332,0,'GEO-2015-',0,'Geoshop.LT','http://www.geoshop.lt/',0,1,'Julius','Gaižauskas','julius.cezaris@gmail.com','867611009','','Julius','Gaižauskas','','','','Žemaitės 4 - 34','','Šilalė','','Lithuania',123,'Taurage',1917,'','Banko pavedimu','bank_transfer','Julius','Gaižauskas','','Žemaitės 4 - 34','','Šilalė','','Lithuania',123,'Taurage',1917,'','Pristatymas į LP paštomatą','weight.weight_7','',21.7500,0,0,0.0000,2,3,'EUR',0.28962001,'78.61.53.79','','Mozilla/5.0 (Windows NT 6.1; WOW64; rv:35.0) Gecko/20100101 Firefox/35.0','lt,en-us;q=0.8,en;q=0.6,ru;q=0.4,pl;q=0.2','2015-02-08 20:04:19','2015-02-08 20:04:19'),(333,18,'GEO-2015-',0,'Geoshop.LT','http://www.geoshop.lt/',0,1,'Julius','Gaižauskas','julius.cezaris@gmail.com','867611009','','Julius','Gaižauskas','','','','Žemaitės 4 - 34','','Šilalė','','Lithuania',123,'Taurage',1917,'','Banko pavedimu','bank_transfer','Julius','Gaižauskas','','Žemaitės 4 - 34','','Šilalė','','Lithuania',123,'Taurage',1917,'','Pristatymas į LP paštomatą','weight.weight_7','Šilalė\nAdresas:	S. Dariaus ir S. Girėno g. 12 (Maxima X)',21.7500,3,0,0.0000,2,3,'EUR',0.28962001,'78.61.53.79','','Mozilla/5.0 (Windows NT 6.1; WOW64; rv:35.0) Gecko/20100101 Firefox/35.0','lt,en-us;q=0.8,en;q=0.6,ru;q=0.4,pl;q=0.2','2015-02-08 20:08:48','2015-02-12 20:23:40'),(334,0,'GEO-2015-',0,'Geoshop.LT','http://www.geoshop.lt/',0,1,'vilita','balseviciute','blsvct@yahoo.com','867755652','','vilita','balseviciute','','','','Smileles 43-12','','Klaiepda','94261','Lithuania',123,'Klaipeda',1913,'','Banko pavedimu','bank_transfer','vilita','balseviciute','','Smileles 43-12','','Klaiepda','94261','Lithuania',123,'Klaipeda',1913,'','Pristatymas į LP paštomatą','weight.weight_7','',30.7400,0,0,0.0000,2,3,'EUR',0.28962001,'85.232.151.234','','Mozilla/5.0 (Windows NT 6.1; WOW64; rv:35.0) Gecko/20100101 Firefox/35.0','lt,en-us;q=0.8,en;q=0.6,ru;q=0.4,pl;q=0.2','2015-02-09 18:58:36','2015-02-09 18:58:36'),(335,19,'GEO-2015-',0,'Geoshop.LT','http://www.geoshop.lt/',80,1,'ingrida','draguniene','kamaneles@gmail.com','+37068414344','','ingrida','draguniene','','','','simonaitytes g.31-24','','klaipeda','','Lithuania',123,'Klaipeda',1913,'','Banko pavedimu','bank_transfer','ingrida','draguniene','','simonaitytes g.31-24','','klaipeda','','Lithuania',123,'Klaipeda',1913,'','Pristatymas į LP paštomatą','weight.weight_7','Klaipėdos PC MOKI-VEŽI, Šilutės pl. 83A, Klaipėda nr. 88839',57.4800,3,0,0.0000,2,3,'EUR',0.28962001,'88.119.137.58','','Mozilla/5.0 (Macintosh; Intel Mac OS X 10_6_8) AppleWebKit/534.59.10 (KHTML, like Gecko) Version/5.1.9 Safari/534.59.10','lt-lt','2015-02-12 12:01:33','2015-02-12 17:51:00'),(336,0,'GEO-2015-',0,'Geoshop.LT','http://www.geoshop.lt/',82,1,'Annija','Vimba','brunett@mail.lv','+37126640551','','Annija','Vimba','','','','Kaivas 29/3-92','','Riga','LV-1021','Latvia',117,'Riga',1850,'','PayPal','pp_standard','Annija','Vimba','','Kaivas 29/3-92','','Riga','LV-1021','Latvia',117,'Riga',1850,'','Shipping to EU','weight.weight_6','',50.0000,0,0,0.0000,1,3,'EUR',0.28962001,'91.105.28.156','','Mozilla/5.0 (Windows NT 6.1; WOW64) AppleWebKit/537.36 (KHTML, like Gecko) Chrome/40.0.2214.111 Safari/537.36','lv-LV,lv;q=0.8,en-US;q=0.6,en;q=0.4,ru;q=0.2','2015-02-16 16:26:04','2015-02-16 16:26:04'),(337,0,'GEO-2015-',0,'Geoshop.LT','http://www.geoshop.lt/',82,1,'Annija','Vimba','brunett@mail.lv','+37126640551','','Annija','Vimba','','','','Kaivas 29/3-92','','Riga','LV-1021','Latvia',117,'Riga',1850,'','PayPal','pp_standard','Annija','Vimba','','Kaivas 29/3-92','','Riga','LV-1021','Latvia',117,'Riga',1850,'','Shipping to EU','weight.weight_6','',50.0000,0,0,0.0000,1,3,'EUR',0.28962001,'91.105.28.156','','Mozilla/5.0 (Windows NT 6.1; WOW64) AppleWebKit/537.36 (KHTML, like Gecko) Chrome/40.0.2214.111 Safari/537.36','lv-LV,lv;q=0.8,en-US;q=0.6,en;q=0.4,ru;q=0.2','2015-02-16 16:31:16','2015-02-16 16:31:16'),(338,20,'GEO-2015-',0,'Geoshop.LT','http://www.geoshop.lt/',0,1,'Neringa','Vaškevičiūtė','neruigaster@gmail.com','861418475','','Neringa','Vaškevičiūtė','','','','Tolminkiemio 13-11','','Vilnius','','Lithuania',123,'Vilnius',1920,'','Banko pavedimu','bank_transfer','Neringa','Vaškevičiūtė','','Tolminkiemio 13-11','','Vilnius','','Lithuania',123,'Vilnius',1920,'','Pristatymas  Lietuvos paštu','weight.weight_5','',37.8900,3,0,0.0000,2,3,'EUR',0.28962001,'5.20.178.181','','Mozilla/5.0 (Windows NT 6.3; WOW64; Trident/7.0; MDDCJS; rv:11.0) like Gecko','en-US,en;q=0.7,lt;q=0.3','2015-02-16 18:05:01','2015-02-17 14:07:55'),(339,0,'GEO-2015-',0,'Geoshop.LT','http://www.geoshop.lt/',82,1,'Annija','Vimba','brunett@mail.lv','+37126640551','','Annija','Vimba','','','','Kaivas 29/3-92','','Riga','LV-1021','Latvia',117,'Riga',1850,'','PayPal','pp_standard','Annija','Vimba','','Kaivas 29/3-92','','Riga','LV-1021','Latvia',117,'Riga',1850,'','Shipping to EU','weight.weight_6','',50.0000,0,0,0.0000,1,3,'EUR',0.28962001,'91.105.28.156','','Mozilla/5.0 (Windows NT 6.1; WOW64) AppleWebKit/537.36 (KHTML, like Gecko) Chrome/40.0.2214.111 Safari/537.36','lv-LV,lv;q=0.8,en-US;q=0.6,en;q=0.4,ru;q=0.2','2015-02-16 18:21:52','2015-02-16 18:21:52'),(340,21,'GEO-2015-',0,'Geoshop.LT','http://www.geoshop.lt/',82,1,'Annija','Vimba','brunett@mail.lv','+37126640551','','Annija','Vimba','','','','Kaivas 29/3-92','','Riga','LV-1021','Latvia',117,'Riga',1850,'','PayPal','pp_standard','Annija','Vimba','','Kaivas 29/3-92','','Riga','LV-1021','Latvia',117,'Riga',1850,'','Shipping to EU','weight.weight_6','',50.0000,3,0,0.0000,1,3,'EUR',0.28962001,'91.105.28.156','','Mozilla/5.0 (Windows NT 6.1; WOW64) AppleWebKit/537.36 (KHTML, like Gecko) Chrome/40.0.2214.111 Safari/537.36','lv-LV,lv;q=0.8,en-US;q=0.6,en;q=0.4,ru;q=0.2','2015-02-16 18:27:03','2015-02-17 14:52:19'),(341,0,'GEO-2015-',0,'Geoshop.LT','http://www.geoshop.lt/',83,1,'Mangirdas','Rasiulis','mangirdas.rasiulis@gmail.com','865474254','','Mangirdas','Rasiulis','','','','Pašilės g. 39','','Kaunas','','Lithuania',123,'Kaunas',1912,'','Banko pavedimu','bank_transfer','Mangirdas','Rasiulis','','Pašilės g. 39','','Kaunas','','Lithuania',123,'Kaunas',1912,'','Pristatymas į LP paštomatą','weight.weight_7','Paštomatas: Žemaičių pl. 19 (Statoil)',48.7000,0,0,0.0000,2,3,'EUR',0.28962001,'158.129.26.175','','Mozilla/5.0 (Windows NT 6.3; WOW64; rv:35.0) Gecko/20100101 Firefox/35.0','lt,en-us;q=0.8,en;q=0.6,ru;q=0.4,pl;q=0.2','2015-02-16 21:41:23','2015-02-16 21:41:23'),(342,22,'GEO-2015-',0,'Geoshop.LT','http://www.geoshop.lt/',83,1,'Mangirdas','Rasiulis','mangirdas.rasiulis@gmail.com','865474254','','Mangirdas','Rasiulis','','','','Pašilės g. 39','','Kaunas','','Lithuania',123,'Kaunas',1912,'','Banko pavedimu','bank_transfer','Mangirdas','Rasiulis','','Pašilės g. 39','','Kaunas','','Lithuania',123,'Kaunas',1912,'','Pristatymas į LP paštomatą','weight.weight_7','Paštomatas: Žemaičių pl. 19 (Statoil)',48.7000,3,0,0.0000,2,3,'EUR',0.28962001,'158.129.26.175','','Mozilla/5.0 (Windows NT 6.3; WOW64; rv:35.0) Gecko/20100101 Firefox/35.0','lt,en-us;q=0.8,en;q=0.6,ru;q=0.4,pl;q=0.2','2015-02-16 21:41:25','2015-02-17 15:10:51'),(343,23,'GEO-2015-',0,'Geoshop.LT','http://www.geoshop.lt/',85,1,'ALEKSANDR','SERSNIOV','Cooper16@mail.ru','865609719','','ALEKSANDR','SERSNIOV','','','','Sedulinos al.71-6','','Visaginas','','Lithuania',123,'Utena',1919,'','PayPal','pp_standard','ALEKSANDR','SERSNIOV','','Sedulinos al.71-6','','Visaginas','','Lithuania',123,'Utena',1919,'','Pristatymas  Lietuvos paštu','weight.weight_5','',15.5000,3,0,0.0000,2,3,'EUR',0.28962001,'88.216.94.72','','Mozilla/5.0 (Windows NT 6.1; WOW64; Trident/7.0; rv:11.0) like Gecko','ru-RU','2015-02-17 19:23:04','2015-02-18 13:18:47'),(344,24,'GEO-2015-',0,'Geoshop.LT','http://www.geoshop.lt/',0,1,'Frank','Etienne','fr.etienne@net2000.ch','+41787101147','','Frank','Etienne','','','','Evole 64','','Neuchâtel','','Switzerland',204,'Neuch&acirc;tel',3107,'','PayPal','pp_standard','Frank','Etienne','','Evole 64','','Neuchâtel','','Switzerland',204,'Neuch&acirc;tel',3107,'','Shipping (Other countries)','weight.weight_9','',23.3500,3,0,0.0000,2,3,'EUR',0.28962001,'193.222.161.6','','Mozilla/5.0 (compatible; MSIE 10.0; Windows NT 6.1; Trident/6.0)','fr-CH','2015-02-19 23:04:02','2015-02-20 13:43:41'),(345,25,'GEO-2015-',0,'Geoshop.LT','http://www.geoshop.lt/',0,1,'Sixten','Kerge','sixtenkerge@gmail.com','37256806104','','Sixten','Kerge','','','','Katusepapi 23-20','','Tallinn','','Estonia',67,'Harjumaa (Tallinn)',1054,'','PayPal','pp_standard','Sixten','Kerge','','Katusepapi 23-20','','Tallinn','','Estonia',67,'Harjumaa (Tallinn)',1054,'','Express to Omniva terminal,EE','weight.weight_14','',74.7800,3,0,0.0000,1,3,'EUR',0.28962001,'85.253.116.181','','Mozilla/5.0 (Windows NT 6.3; WOW64) AppleWebKit/537.36 (KHTML, like Gecko) Chrome/40.0.2214.115 Safari/537.36','en-US,en;q=0.8,et;q=0.6,fi;q=0.4','2015-02-24 22:12:15','2015-02-25 13:53:57'),(346,0,'GEO-2015-',0,'Geoshop.LT','http://www.geoshop.lt/',0,1,'rrrrrrrr','rrrrrrrr','sss@gmail.com','865522110','','rrrrrrrr','rrrrrrrr','','','','ewqdfwefd','','adfasfd','','Lithuania',123,'Telsiai',1918,'','Banko pavedimu','bank_transfer','rrrrrrrr','rrrrrrrr','','ewqdfwefd','','adfasfd','','Lithuania',123,'Telsiai',1918,'','Pristatymas  Lietuvos paštu','weight.weight_5','',8.9500,0,0,0.0000,2,3,'EUR',0.28962001,'82.140.178.172','','Mozilla/5.0 (Windows NT 5.1; rv:35.0) Gecko/20100101 Firefox/35.0','lt,en-us;q=0.8,en;q=0.6,ru;q=0.4,pl;q=0.2','2015-02-25 11:40:08','2015-02-25 11:40:08'),(347,26,'GEO-2015-',0,'Geoshop.LT','http://www.geoshop.lt/',0,1,'Gedeminas','Grikietis','alesiunas@inbox.lt','862779462','','Gedeminas','Grikietis','','','','Budos kaimas, Siaurine g 5, Kazlu Rudos sav.','','Buda','71257','Lithuania',123,'Marijampole',1914,'','Banko pavedimu','bank_transfer','Gedeminas','Grikietis','','Budos kaimas, Siaurine g 5, Kazlu Rudos sav.','','Buda','71257','Lithuania',123,'Marijampole',1914,'','Pristatymas  Lietuvos paštu','weight.weight_5','',45.3800,3,0,0.0000,2,3,'EUR',0.28962001,'78.62.90.139','','Mozilla/5.0 (Windows NT 6.1; WOW64; rv:36.0) Gecko/20100101 Firefox/36.0','lt,en-US;q=0.8,en;q=0.6,ru;q=0.4,pl;q=0.2','2015-02-26 15:50:56','2015-02-27 13:57:03'),(348,27,'GEO-2015-',0,'Geoshop.LT','http://www.geoshop.lt/',0,1,'erika','tylingaite','erikoshka19@gmail.com',' 867762738','','erika','tylingaite','','','','Krakiškių g.50','','vilnius','LT-14289','Lithuania',123,'Vilnius',1920,'','Banko pavedimu','bank_transfer','erika','tylingaite','','Krakiškių g.50','','vilnius','LT-14289','Lithuania',123,'Vilnius',1920,'','Pristatymas  Lietuvos paštu','weight.weight_5','',17.9900,3,0,0.0000,2,3,'EUR',0.28962001,'188.69.198.206','','Mozilla/5.0 (Linux; U; Android 4.4.2; lt-lt; Lenovo TAB S8-50L Build/BMAIN) AppleWebKit/534.30 (KHTML, like Gecko) Version/4.4.2 Chrome/30.0.0.0 Mobile Safari/534.30','lt-LT,en-US;q=0.8','2015-02-26 20:16:36','2015-02-27 13:57:57'),(349,28,'GEO-2015-',0,'Geoshop.LT','http://www.geoshop.lt/',0,1,'Olegas','Prentkovskis','olegas.prentkovskis@vgtu.lt','869875626','','Olegas','Prentkovskis','','','','Žirmūnų g. 88-70','','Vilnius','09123','Lithuania',123,'Vilnius',1920,'','Banko pavedimu','bank_transfer','Olegas','Prentkovskis','','Žirmūnų g. 88-70','','Vilnius','09123','Lithuania',123,'Vilnius',1920,'','Pristatymas į OMNIVA paštomatą','weight.weight_15','Vilniaus HYPER RIMI Žirmūnų paštomatas, Žirmūnų g. 64, Vilnius',34.4400,3,0,0.0000,2,3,'EUR',0.28962001,'213.164.98.95','','Mozilla/5.0 (Windows NT 6.2; WOW64; rv:36.0) Gecko/20100101 Firefox/36.0','lt,en-US;q=0.8,en;q=0.6,ru;q=0.4,pl;q=0.2','2015-03-08 19:49:07','2015-03-09 15:13:03'),(350,0,'GEO-2015-',0,'Geoshop.LT','http://www.geoshop.lt/',0,1,'Bronislova','Dabužinskienė','bronislova.dabuzinskiene@gmail.com','60403357','','Bronislova','Dabužinskienė','','','','Taikos 18 A','','Pasvalys','39183','Lithuania',123,'Panevezys',1915,'','Banko pavedimu','bank_transfer','Bronislova','Dabužinskienė','','Taikos 18 A','','Pasvalys','39183','Lithuania',123,'Panevezys',1915,'','Pristatymas  Lietuvos paštu','weight.weight_5','',31.4400,7,0,0.0000,2,3,'EUR',0.28962001,'195.182.88.203','','Mozilla/5.0 (compatible; MSIE 9.0; Windows NT 6.1; Trident/5.0)','lt','2015-03-13 14:26:23','2015-03-17 18:16:00'),(351,29,'GEO-2015-',0,'Geoshop.LT','http://www.geoshop.lt/',0,1,'Edgaras','Jasaitis','kuokelis@gmail.com','860638677','','Edgaras','Jasaitis','','','','Studentų 29 - 36, Kaunas','','Kaunas','','Lithuania',123,'Kaunas',1912,'','Banko pavedimu','bank_transfer','Edgaras','Jasaitis','','Studentų 29 - 36, Kaunas','','Kaunas','','Lithuania',123,'Kaunas',1912,'','Pristatymas  Lietuvos paštu','weight.weight_5','',23.5000,3,0,0.0000,2,3,'EUR',0.28962001,'78.58.158.64','','Mozilla/5.0 (Windows NT 6.3; WOW64; Trident/7.0; ASU2JS; rv:11.0) like Gecko','lt,en-GB;q=0.7,en;q=0.3','2015-03-15 22:09:35','2015-03-17 13:13:33'),(352,30,'GEO-2015-',0,'Geoshop.LT','http://www.geoshop.lt/',88,1,'arėjas','samaitis','arejass@gmail.com','+37062267590','','arėjas','samaitis','','','','žirmūnų g. 102-53','','vilnius','LT-09121','Lithuania',123,'Vilnius',1920,'','Banko pavedimu','bank_transfer','arėjas','samaitis','','žirmūnų g. 102-53','','vilnius','LT-09121','Lithuania',123,'Vilnius',1920,'','Pristatymas  Lietuvos paštu','weight.weight_5','',47.6900,3,0,0.0000,2,3,'EUR',0.28962001,'78.60.14.222','','Mozilla/5.0 (Windows NT 6.3; rv:36.0) Gecko/20100101 Firefox/36.0','en-US,en;q=0.5','2015-03-16 15:49:03','2015-03-17 13:14:11'),(353,0,'GEO-2015-',0,'Geoshop.LT','http://www.geoshop.lt/',89,1,'Agnė','Stokonytė','agne@appslibri.com','+37068328026','','Agnė','Stokonytė','UAB &quot;Terra media&quot;','136009970','','Gedimino g. 47-305','','Kaunas','LT-44242','Lithuania',123,'Kaunas',1912,'','PayPal','pp_standard','Agnė','Stokonytė','UAB &quot;Terra media&quot;','Gedimino g. 47-305','','Kaunas','LT-44242','Lithuania',123,'Kaunas',1912,'','Pristatymas  Lietuvos paštu','weight.weight_5','',32.0000,0,0,0.0000,2,3,'EUR',0.28962001,'88.222.175.108','','Mozilla/5.0 (Macintosh; Intel Mac OS X 10_10_2) AppleWebKit/537.36 (KHTML, like Gecko) Chrome/41.0.2272.89 Safari/537.36','en-US,en;q=0.8,lt;q=0.6','2015-03-19 11:01:06','2015-03-19 11:01:06'),(354,31,'GEO-2015-',0,'Geoshop.LT','http://www.geoshop.lt/',89,1,'Agnė','Stokonytė','agne@appslibri.com','+37068328026','','Agnė','Stokonytė','UAB &quot;Terra media&quot;','136009970','','Gedimino g. 47-305','','Kaunas','LT-44242','Lithuania',123,'Kaunas',1912,'','Banko pavedimu','bank_transfer','Agnė','Stokonytė','UAB &quot;Terra media&quot;','Gedimino g. 47-305','','Kaunas','LT-44242','Lithuania',123,'Kaunas',1912,'','Pristatymas  Lietuvos paštu','weight.weight_5','',32.0000,3,0,0.0000,2,3,'EUR',0.28962001,'88.222.175.108','','Mozilla/5.0 (Macintosh; Intel Mac OS X 10_10_2) AppleWebKit/537.36 (KHTML, like Gecko) Chrome/41.0.2272.89 Safari/537.36','en-US,en;q=0.8,lt;q=0.6','2015-03-19 11:02:30','2015-03-20 14:57:14'),(355,0,'GEO-2015-',0,'Geoshop.LT','http://www.geoshop.lt/',90,1,'Irmantas','Truska','irmantas.truska@lemminkainen.com','861404211','','Irmantas','Truska','UAB ,,Lemminkainen Lietuva\'\'','122657512','','Granito 4, ','','Vilnius','02241 ','Lithuania',123,'Vilnius',1920,'','Banko pavedimu','bank_transfer','Irmantas','Truska','UAB ,,Lemminkainen Lietuva\'\'','Granito 4, ','','Vilnius','02241 ','Lithuania',123,'Vilnius',1920,'','Pristatymas  Lietuvos paštu','weight.weight_5','',63.5000,0,0,0.0000,2,3,'EUR',0.28962001,'79.142.115.9','','Mozilla/5.0 (Windows NT 6.1) AppleWebKit/537.36 (KHTML, like Gecko) Chrome/41.0.2272.89 Safari/537.36','lt,en-US;q=0.8,en;q=0.6,ru;q=0.4,pl;q=0.2','2015-03-20 15:29:41','2015-03-20 15:29:41'),(356,32,'GEO-2015-',0,'Geoshop.LT','http://www.geoshop.lt/',91,1,'Darius','Janušonis','janusonis_d@yahoo.com','+37067433248','','Darius','Janušonis','','','','Antakalnio g. 94-31','','Vilnius','LT-10202','Lithuania',123,'Vilnius',1920,'','PayPal','pp_standard','Darius','Janušonis','','Antakalnio g. 94-31','','Vilnius','LT-10202','Lithuania',123,'Vilnius',1920,'','Pristatymas į LP paštomatą','weight.weight_7','Paštomatas: Vilnius, P. Lukšio g. 34 (Banginis) ',44.1700,3,0,0.0000,2,3,'EUR',0.28962001,'84.240.19.15','','Mozilla/5.0 (Windows NT 6.1; WOW64; rv:36.0) Gecko/20100101 Firefox/36.0','lt,en-US;q=0.8,en;q=0.6,ru;q=0.4,pl;q=0.2','2015-03-24 00:14:11','2015-03-24 14:59:54'),(357,33,'GEO-2015-',0,'Geoshop.LT','http://www.geoshop.lt/',93,1,'Elena','Makuškiene','elena.m@sprendimai.eu','865926553','','Elena','Makuškiene','','','','J.Zikaro g.3-4','','Panevėžys','35224','Lithuania',123,'Panevezys',1915,'','Banko pavedimu','bank_transfer','Elena','Makuškiene','','J.Zikaro g.3-4','','Panevėžys','35224','Lithuania',123,'Panevezys',1915,'','Pristatymas į OMNIVA paštomatą','weight.weight_15','Panevėžys Klaipėdos g.82 prie RIMI',20.9900,3,0,0.0000,2,3,'EUR',0.28962001,'78.63.189.124','','Mozilla/5.0 (Windows NT 6.1; WOW64) AppleWebKit/537.36 (KHTML, like Gecko) Chrome/41.0.2272.101 Safari/537.36','lt,en-US;q=0.8,en;q=0.6,ru;q=0.4,pl;q=0.2','2015-03-27 10:34:39','2015-03-27 13:42:58'),(358,34,'GEO-2015-',0,'Geoshop.LT','http://www.geoshop.lt/',0,1,'Neringa','Vaškevičiūtė','neruigaster@gmail.com','861418475','','Neringa','Vaškevičiūtė','','','','Tolminkiemio 13-11','','Vilnius','','Lithuania',123,'Vilnius',1920,'','Banko pavedimu','bank_transfer','Neringa','Vaškevičiūtė','','Tolminkiemio 13-11','','Vilnius','','Lithuania',123,'Vilnius',1920,'','Pristatymas  Lietuvos paštu','weight.weight_5','',43.1000,3,0,0.0000,2,3,'EUR',0.28962001,'5.20.178.181','','Mozilla/5.0 (Windows NT 6.3; WOW64; Trident/7.0; MDDCJS; rv:11.0) like Gecko','en-US,en;q=0.7,lt;q=0.3','2015-03-29 18:30:28','2015-03-30 12:47:07'),(359,0,'GEO-2015-',0,'Geoshop.LT','http://www.geoshop.lt/',94,1,'Andrius','Račkauskas','rackauskas.andrius@gmail.com','867477167','','Andrius','Račkauskas','','','','J. Lukšos-Daumanto 6-402','','Kaunas','','Lithuania',123,'Kaunas',1912,'','Banko pavedimu','bank_transfer','Andrius','Račkauskas','','J. Lukšos-Daumanto 6-402','','Kaunas','','Lithuania',123,'Kaunas',1912,'','Pristatymas  Lietuvos paštu','weight.weight_5','',99.0000,0,0,0.0000,2,3,'EUR',0.28962001,'78.61.99.228','','Mozilla/5.0 (Linux; Android 4.2.2; SM-T110 Build/JDQ39) AppleWebKit/537.36 (KHTML, like Gecko) Chrome/41.0.2272.96 Safari/537.36','lt-LT,lt;q=0.8,en-US;q=0.6,en;q=0.4,ru;q=0.2,pl;q=0.2','2015-03-30 22:23:40','2015-03-30 22:23:40'),(360,35,'GEO-2015-',0,'Geoshop.LT','http://www.geoshop.lt/',95,1,'Paulius','Buitvydas','paulius.buitvydas@gmail.com','+37063844218','','Paulius','Buitvydas','','','','Ašigalio g. 25-53','','Kaunas','LT-49149','Lithuania',123,'Kaunas',1912,'','Banko pavedimu','bank_transfer','Paulius','Buitvydas','','Ašigalio g. 25-53','','Kaunas','LT-49149','Lithuania',123,'Kaunas',1912,'','Pristatymas į OMNIVA paštomatą','weight.weight_15','Kauno PC IKI Sukilėlių paštomatas\nKaunas\nSukilėlių pr. 84, Kaunas',31.0000,3,0,0.0000,2,3,'EUR',0.28962001,'213.190.49.53','','Mozilla/5.0 (Windows NT 6.1; WOW64) AppleWebKit/537.36 (KHTML, like Gecko) Chrome/41.0.2272.89 Safari/537.36','lt,en-US;q=0.8,en;q=0.6,ru;q=0.4,pl;q=0.2','2015-03-31 09:29:39','2015-04-01 09:15:12'),(361,36,'GEO-2015-',0,'Geoshop.LT','http://www.geoshop.lt/',96,1,'Rudite','Borga','pabians3@inbox.lv','20328075','','Rudite','Borga','','','','Baltasbaznicas 21-6','','Riga','LV-1015','Latvia',117,'Riga',1850,'','PayPal','pp_standard','Rudite','Borga','','Baltasbaznicas 21-6','','Riga','LV-1015','Latvia',117,'Riga',1850,'','Shipping to EU','weight.weight_6','',56.1000,3,0,0.0000,1,3,'EUR',0.28962001,'176.67.41.229','','Mozilla/5.0 (Windows NT 5.1) AppleWebKit/537.36 (KHTML, like Gecko) Chrome/41.0.2272.101 Safari/537.36','en-US,en;q=0.8','2015-04-02 19:36:09','2015-04-03 12:50:17'),(362,37,'GEO-2015-',0,'Geoshop.LT','http://www.geoshop.lt/',97,1,'Andrej','Staniukynas','stanukinas@mail.ru','+37061122372','','Kazimieras','Staniukynas','','','','Azuolyno 24','','Vilnius','07171','Lithuania',123,'Vilnius',1920,'','PayPal','pp_standard','Andrej','Staniukynas','','Azuolyno 24','','Vilnius','07171','Lithuania',123,'Vilnius',1920,'','Pristatymas LP Express kurjeriu','weight.weight_8','',83.4500,3,0,0.0000,2,3,'EUR',0.28962001,'78.56.122.175','','Mozilla/5.0 (Macintosh; Intel Mac OS X 10_9_5) AppleWebKit/600.3.18 (KHTML, like Gecko) Version/7.1.3 Safari/537.85.12','ru','2015-04-02 22:58:15','2015-04-03 11:15:42'),(363,0,'GEO-2015-',0,'Geoshop.LT','http://www.geoshop.lt/',0,1,'Viktoras','Gradeckas','vulponcapeloj@gmail.com','860231645','','Viktoras','Gradeckas','','','','Rygos 48','','Siauliai','','Lithuania',123,'Siauliai',1916,'','PayPal','pp_standard','Viktoras','Gradeckas','','Rygos 48','','Siauliai','','Lithuania',123,'Siauliai',1916,'','Pristatymas  Lietuvos paštu','weight.weight_5','',5.9300,0,0,0.0000,2,3,'EUR',0.28962001,'37.220.18.173','','Mozilla/5.0 (Windows NT 5.1) AppleWebKit/537.36 (KHTML, like Gecko) Chrome/40.0.2214.91 Safari/537.36','en-US,en;q=0.8','2015-04-07 12:54:07','2015-04-07 12:54:07'),(364,0,'GEO-2015-',0,'Geoshop.LT','http://www.geoshop.lt/',0,1,'Viktoras','Gradeckas','babior79@gmail.com','860231645','','Viktoras','Gradeckas','','','','Rygos 48','','Siauliai','','Lithuania',123,'Siauliai',1916,'','PayPal','pp_standard','Viktoras','Gradeckas','','Rygos 48','','Siauliai','','Lithuania',123,'Siauliai',1916,'','Pristatymas LP Express kurjeriu','weight.weight_8','',14.9300,0,0,0.0000,2,3,'EUR',0.28962001,'37.220.18.173','','Mozilla/5.0 (Windows NT 5.1) AppleWebKit/537.36 (KHTML, like Gecko) Chrome/40.0.2214.91 Safari/537.36','en-US,en;q=0.8','2015-04-07 12:55:53','2015-04-07 12:55:53'),(365,0,'GEO-2015-',0,'Geoshop.LT','http://www.geoshop.lt/',0,1,'Viktoras','Gradeckas','babior79@gmail.com','860231645','','Viktoras','Gradeckas','','','','Rygos 48','','Siauliai','','Lithuania',123,'Siauliai',1916,'','PayPal','pp_standard','Viktoras','Gradeckas','','Rygos 48','','Siauliai','','Lithuania',123,'Siauliai',1916,'','Pristatymas LP Express kurjeriu','weight.weight_8','',15.8300,11,0,0.0000,2,3,'EUR',0.28962001,'109.200.26.5','','Mozilla/5.0 (Windows NT 5.1) AppleWebKit/537.36 (KHTML, like Gecko) Chrome/40.0.2214.91 Safari/537.36','en-US,en;q=0.8','2015-04-07 12:57:03','2015-04-10 22:16:52'),(366,38,'GEO-2015-',0,'Geoshop.LT','http://www.geoshop.lt/',99,1,'Aurimas','Dirsė','aurillis@gmail.com','862872503','','Aurimas','Dirsė','Konekesko Lietuva','','','Konekesko Lietuva, Molėtų g. 13','','Didžioji Riešė',' LT-14262','Lithuania',123,'Vilnius',1920,'','Banko pavedimu','bank_transfer','Aurimas','Dirsė','Konekesko Lietuva','Konekesko Lietuva, Molėtų g. 13','','Didžioji Riešė',' LT-14262','Lithuania',123,'Vilnius',1920,'','Pristatymas  Lietuvos paštu','weight.weight_5','Nurodykite ant laiško įmonės pavadinimą - Konekesko Lietuva',196.5400,3,0,0.0000,2,3,'EUR',0.28962001,'84.240.39.78','','Mozilla/5.0 (Windows NT 6.1; WOW64; rv:37.0) Gecko/20100101 Firefox/37.0','en-US,en;q=0.5','2015-04-13 18:44:26','2015-04-16 13:18:01');
INSERT INTO `oc_order` VALUES (367,39,'GEO-2015-',0,'Geoshop.LT','http://www.geoshop.lt/',101,1,'Simonas','Sprindys','ssprindys@gmail.com','862164823','','Simonas','Sprindys','','','','Traidenio 40-4','','Vilnius','','Lithuania',123,'Vilnius',1920,'','Banko pavedimu','bank_transfer','Simonas','Sprindys','','Traidenio 40-4','','Vilnius','','Lithuania',123,'Vilnius',1920,'','Pristatymas į LP paštomatą','weight.weight_7','Paštomatas J. Jasinskio g. 16, Vilnius.',124.3000,3,0,0.0000,2,3,'EUR',0.28962001,'78.56.0.43','','Mozilla/5.0 (Windows NT 6.3; WOW64) AppleWebKit/537.36 (KHTML, like Gecko) Chrome/41.0.2272.118 Safari/537.36','lt,en-US;q=0.8,en;q=0.6,ru;q=0.4,pl;q=0.2','2015-04-13 19:58:34','2015-04-14 13:55:31'),(368,0,'GEO-2015-',0,'Geoshop.LT','http://www.geoshop.lt/',101,1,'Simonas','Sprindys','ssprindys@gmail.com','862164823','','Simonas','Sprindys','','','','Traidenio 40-4','','Vilnius','','Lithuania',123,'Vilnius',1920,'','Banko pavedimu','bank_transfer','Simonas','Sprindys','','Traidenio 40-4','','Vilnius','','Lithuania',123,'Vilnius',1920,'','Pristatymas  Lietuvos paštu','weight.weight_5','',99.0000,0,0,0.0000,2,3,'EUR',0.28962001,'78.56.0.43','','Mozilla/5.0 (Windows NT 6.3; WOW64) AppleWebKit/537.36 (KHTML, like Gecko) Chrome/41.0.2272.118 Safari/537.36','lt,en-US;q=0.8,en;q=0.6,ru;q=0.4,pl;q=0.2','2015-04-13 20:01:16','2015-04-13 20:01:16'),(369,40,'GEO-2015-',0,'Geoshop.LT','http://www.geoshop.lt/',54,2,'Ramunė','Vinauskaitė','ramunevi@gmail.com','861236330','','Ramunė','Vinauskaitė','','','','J.Žemgulio g. 3-20','','Kaunas','50186','Lithuania',123,'Kaunas',1912,'','PayPal','pp_standard','Ramunė','Vinauskaitė','','J.Žemgulio g. 3-20','','Kaunas','50186','Lithuania',123,'Kaunas',1912,'','Pristatymas  Lietuvos paštu','weight.weight_5','',110.1600,3,0,0.0000,2,3,'EUR',0.28962001,'88.119.152.72','','Mozilla/5.0 (Windows NT 6.3; WOW64) AppleWebKit/537.36 (KHTML, like Gecko) Chrome/41.0.2272.118 Safari/537.36','lt,en-US;q=0.8,en;q=0.6,ru;q=0.4,pl;q=0.2','2015-04-16 13:36:32','2015-04-17 13:25:50'),(370,41,'GEO-2015-',0,'Geoshop.LT','http://www.geoshop.lt/',0,1,'Domante','Drimeikyte','dooomantie@gmail.com','860122817','','Domante','Drimeikyte','','','','Raseiniu raj. Gabšiu km. Alyvu 4.','','Raseiniai','60192','Lithuania',123,'Kaunas',1912,'','Banko pavedimu','bank_transfer','Domante','Drimeikyte','','Raseiniu raj. Gabšiu km. Alyvu 4.','','Raseiniai','60192','Lithuania',123,'Kaunas',1912,'','Pristatymas  Lietuvos paštu','weight.weight_5','',14.9500,3,0,0.0000,2,3,'EUR',0.28962001,'84.46.250.159','','Mozilla/5.0 (Windows NT 6.1; WOW64) AppleWebKit/537.36 (KHTML, like Gecko) Chrome/41.0.2272.118 Safari/537.36','lt,en-US;q=0.8,en;q=0.6,ru;q=0.4,pl;q=0.2','2015-04-16 18:26:59','2015-04-17 13:26:14'),(371,42,'GEO-2015-',0,'Geoshop.LT','http://www.geoshop.lt/',100,1,'Egils','Erentrauts','zona77777@gmail.com','+37126553962','','Egils','Erentrauts','','','','Ilukstes 58-60','','Riga','LV-1082','Latvia',117,'Riga',1850,'','PayPal','pp_standard','Egils','Erentrauts','','Ilukstes 58-60','','Riga','LV-1082','Latvia',117,'Riga',1850,'','Express to Omniva terminal,LV','weight.weight_13',' I don\'t find any number for omniva post terminal, but there is an addres. is it enaf?\nRīgas Biķernieku RIMI pakomāts\nRīga\nBiķernieku iela 160/6, Rīga',130.8300,3,0,0.0000,1,3,'EUR',0.28962001,'212.93.114.145','','Mozilla/5.0 (Windows NT 6.1) AppleWebKit/537.36 (KHTML, like Gecko) Chrome/41.0.2272.118 Safari/537.36','lv-LV,lv;q=0.8,en-US;q=0.6,en;q=0.4,ru;q=0.2','2015-04-17 17:38:21','2015-04-20 08:42:26'),(372,0,'GEO-2015-',0,'Geoshop.LT','http://www.geoshop.lt/',102,1,'as','tu','salograza@gmail.com','867162634','','as','tu','','','','chemiku 92-36, jonava','','jonava','','Lithuania',123,'Kaunas',1912,'','Banko pavedimu','bank_transfer','as','tu','','chemiku 92-36, jonava','','jonava','','Lithuania',123,'Kaunas',1912,'','Pristatymas  Lietuvos paštu','weight.weight_5','',14.6400,0,0,0.0000,2,3,'EUR',0.28962001,'88.223.71.54','','Mozilla/5.0 (Windows NT 6.1) AppleWebKit/537.36 (KHTML, like Gecko) Chrome/41.0.2272.118 Safari/537.36','en-US,en;q=0.8,lt;q=0.6','2015-04-17 20:30:25','2015-04-17 20:30:25'),(373,0,'GEO-2015-',0,'Geoshop.LT','http://www.geoshop.lt/',102,1,'as','tu','salograza@gmail.com','867162634','','as','tu','','','','chemiku 92-36, jonava','','jonava','','Lithuania',123,'Kaunas',1912,'','Banko pavedimu','bank_transfer','as','tu','','chemiku 92-36, jonava','','jonava','','Lithuania',123,'Kaunas',1912,'','Pristatymas  Lietuvos paštu','weight.weight_5','',14.6400,0,0,0.0000,2,3,'EUR',0.28962001,'88.223.71.54','','Mozilla/5.0 (Windows NT 6.1) AppleWebKit/537.36 (KHTML, like Gecko) Chrome/41.0.2272.118 Safari/537.36','en-US,en;q=0.8,lt;q=0.6','2015-04-17 20:31:34','2015-04-17 20:31:34'),(374,43,'GEO-2015-',0,'Geoshop.LT','http://www.geoshop.lt/',103,1,'Povilas','Ramonas','povilas.ramonas@gmail.com','868571972','','Povilas','Ramonas','','','','J. Matulaičio a. 5-21','','Vilnius','05111','Lithuania',123,'Vilnius',1920,'','Banko pavedimu','bank_transfer','Povilas','Ramonas','','J. Matulaičio a. 5-21','','Vilnius','05111','Lithuania',123,'Vilnius',1920,'','Pristatymas  Lietuvos paštu','weight.weight_5','',26.5000,3,0,0.0000,2,3,'EUR',0.28962001,'78.59.164.130','','Mozilla/5.0 (Windows NT 6.1) AppleWebKit/537.36 (KHTML, like Gecko) Chrome/41.0.2272.118 Safari/537.36 OPR/28.0.1750.51','en-US,en;q=0.8','2015-04-20 10:41:59','2015-04-21 13:16:39'),(375,44,'GEO-2015-',0,'Geoshop.LT','http://www.geoshop.lt/',0,1,'Girts','Grisans','girtsgr@gmail.com','+37167773871','','Girts','Grisans','','','','Bajaru 16-15','','Riga','LV1006','Latvia',117,'Riga',1850,'','PayPal','pp_standard','Girts','Grisans','','Bajaru 16-15','','Riga','LV1006','Latvia',117,'Riga',1850,'','Express to Omniva terminal,LV','weight.weight_13','9901\n(T/C Alfa pakomāts	Rīga	Brīvības iela 372, Rīga	9901	Pie T/C Alfa A ieejas)\n',85.4500,3,0,0.0000,1,3,'EUR',0.28962001,'212.93.96.72','','Mozilla/5.0 (Windows NT 6.1; WOW64; rv:37.0) Gecko/20100101 Firefox/37.0','en-US,en;q=0.5','2015-04-20 11:27:57','2015-04-21 09:38:58'),(376,0,'GEO-2015-',0,'Geoshop.LT','http://www.geoshop.lt/',104,1,'Tatjana','Murnikova','tatjana.smolinova@gmail.com','864556983','','Tatjana','Murnikova','','','','Kampiskiu g. 3-33 ','','Kaunas','45306','Lithuania',123,'Kaunas',1912,'','Banko pavedimu','bank_transfer','Dziuginta','Siuskaite','','Chemiku 92-36','','Jonava','','Lithuania',123,'Kaunas',1912,'','Pristatymas  Lietuvos paštu','weight.weight_5','',14.6400,0,0,0.0000,2,3,'EUR',0.28962001,'212.117.21.150','','Mozilla/5.0 (Windows NT 5.1) AppleWebKit/537.36 (KHTML, like Gecko) Chrome/42.0.2311.90 Safari/537.36','lt,en-US;q=0.8,en;q=0.6,ru;q=0.4,pl;q=0.2','2015-04-21 09:15:14','2015-04-21 09:15:14'),(377,45,'GEO-2015-',0,'Geoshop.LT','http://www.geoshop.lt/',104,1,'Tatjana','Murnikova','tatjana.smolinova@gmail.com','864556983','','Dziuginta','Siuskaite','','','','Chemiku 92-36','','Jonava','','Lithuania',123,'Kaunas',1912,'','Banko pavedimu','bank_transfer','Dziuginta','Siuskaite','','Chemiku 92-36','','Jonava','','Lithuania',123,'Kaunas',1912,'','Pristatymas  Lietuvos paštu','weight.weight_5','',14.6400,3,0,0.0000,2,3,'EUR',0.28962001,'212.117.21.150','','Mozilla/5.0 (Windows NT 5.1) AppleWebKit/537.36 (KHTML, like Gecko) Chrome/42.0.2311.90 Safari/537.36','lt,en-US;q=0.8,en;q=0.6,ru;q=0.4,pl;q=0.2','2015-04-21 09:17:35','2015-04-22 12:59:59'),(378,0,'GEO-2015-',0,'Geoshop.LT','http://www.geoshop.lt/',0,1,'Nelli','Flerova','nel@inbox.lv','+371 29405655','','Nelli','Flerova','','','','Dzirnavu 31-24a','','Riga','LV1010','Latvia',117,'Riga',1850,'','PayPal','pp_standard','Nelli','Flerova','','Dzirnavu 31-24a','','Riga','LV1010','Latvia',117,'Riga',1850,'','Shipping to EU','weight.weight_6','',22.8237,0,0,0.0000,1,3,'EUR',0.28962001,'195.13.181.51','','Mozilla/5.0 (Windows NT 6.3; WOW64) AppleWebKit/537.36 (KHTML, like Gecko) Chrome/41.0.2272.118 Safari/537.36','lv-LV,lv;q=0.8,en-US;q=0.6,en;q=0.4','2015-04-22 11:16:49','2015-04-22 11:16:49'),(379,46,'GEO-2015-',0,'Geoshop.LT','http://www.geoshop.lt/',0,1,'Nelli','Flerova','nel@inbox.lv','+371 29405655','','Nelli','Flerova','','','','Dzirnavu 31-24a','','Riga','LV1010','Latvia',117,'Riga',1850,'','PayPal','pp_standard','Nelli','Flerova','','Dzirnavu 31-24a','','Riga','LV1010','Latvia',117,'Riga',1850,'','Shipping to EU','weight.weight_6','',22.8237,3,0,0.0000,1,3,'EUR',0.28962001,'195.13.181.51','','Mozilla/5.0 (Windows NT 6.3; WOW64) AppleWebKit/537.36 (KHTML, like Gecko) Chrome/41.0.2272.118 Safari/537.36','lv-LV,lv;q=0.8,en-US;q=0.6,en;q=0.4','2015-04-22 11:39:42','2015-04-23 09:22:38'),(380,47,'GEO-2015-',0,'Geoshop.LT','http://www.geoshop.lt/',0,1,'Darius','Jurkenas','darius.jurkenas@gmail.com','61114682','','Darius','Jurkenas','UAB Balresta','123915741','','Varšuvos g. 3-8','','Vilnius','','Lithuania',123,'Vilnius',1920,'','Banko pavedimu','bank_transfer','Darius','Jurkenas','UAB Balresta','Varšuvos g. 3-8','','Vilnius','','Lithuania',123,'Vilnius',1920,'','Pristatymas  Lietuvos paštu','weight.weight_5','Atsiims pats. Nuolaidos kodas pristatymui.',57.6000,5,0,0.0000,2,4,'LTL',1.00000000,'195.182.66.90','','Mozilla/5.0 (Windows NT 6.1; WOW64; rv:28.0) Gecko/20100101 Firefox/28.0','en-US,en;q=0.5','2015-04-28 11:54:03','2015-04-30 22:45:49'),(381,0,'GEO-2015-',0,'Geoshop.LT','http://www.geoshop.lt/',0,1,'Arnoldas','Stankevičius','aarniokas@gmail.com','862293645','','Arnoldas','Stankevičius','','','','Sodo 5','','Utena','','Lithuania',123,'Utena',1919,'','Banko pavedimu','bank_transfer','Arnoldas','Stankevičius','','Sodo 5','','Utena','LT28249','Lithuania',123,'Utena',1919,'','Pristatymas  Lietuvos paštu','weight.weight_5','',99.0000,7,0,0.0000,2,3,'EUR',0.28962001,'84.46.255.180','','Mozilla/5.0 (Windows NT 6.1) AppleWebKit/537.36 (KHTML, like Gecko) Chrome/42.0.2311.135 Safari/537.36','lt,en-US;q=0.8,en;q=0.6,ru;q=0.4,pl;q=0.2','2015-05-03 22:11:47','2015-05-07 10:10:14'),(382,48,'GEO-2015-',0,'Geoshop.LT','http://www.geoshop.lt/',101,1,'Simonas','Sprindys','ssprindys@gmail.com','862164823','','Simonas','Sprindys','','','','Traidenio 40-4','','Vilnius','','Lithuania',123,'Vilnius',1920,'','Banko pavedimu','bank_transfer','Simonas','Sprindys','','Traidenio 40-4','','Vilnius','','Lithuania',123,'Vilnius',1920,'','Pristatymas į OMNIVA paštomatą','weight.weight_15','Vilniaus VCUP paštomatas, Konstitucijos pr. 16.',34.0000,5,0,0.0000,2,3,'EUR',0.28962001,'78.56.0.43','','Mozilla/5.0 (Windows NT 6.3; WOW64) AppleWebKit/537.36 (KHTML, like Gecko) Chrome/42.0.2311.135 Safari/537.36','lt,en-US;q=0.8,en;q=0.6,ru;q=0.4,pl;q=0.2,de;q=0.2','2015-05-04 01:49:10','2015-05-04 14:15:51'),(383,49,'GEO-2015-',0,'Geoshop.LT','http://www.geoshop.lt/',107,1,'Kristijonas','Kaminskas','Kristisitas@gmail.com','862404933','','Kristijonas','Kaminskas','','','','Meldų 10','','Utena','','Lithuania',123,'Utena',1919,'','Banko pavedimu','bank_transfer','Kristijonas','Kaminskas','','Meldų 10','','Utena','','Lithuania',123,'Utena',1919,'','Pristatymas  Lietuvos paštu','weight.weight_5','',99.0000,3,0,0.0000,2,3,'EUR',0.28962001,'78.56.151.12','','Mozilla/5.0 (Windows NT 6.1; WOW64) AppleWebKit/537.36 (KHTML, like Gecko) Chrome/42.0.2311.135 Safari/537.36','en-US,en;q=0.8','2015-05-04 21:37:32','2015-05-05 13:50:05'),(384,50,'GEO-2015-',0,'Geoshop.LT','http://www.geoshop.lt/',108,1,'Linas','Spraunius','operis74@gmail.com','+37062069653','','Linas','Spraunius','','','','Algirdo g. 27A','','Vilnius','03219','Lithuania',123,'Vilnius',1920,'','PayPal','pp_standard','Linas','Spraunius','','Algirdo g. 27A','','Vilnius','03219','Lithuania',123,'Vilnius',1920,'','Pristatymas į OMNIVA paštomatą','weight.weight_15','Vilniaus HYPER RIMI Vydūno paštomatas\nVilnius\nVydūno g. 4, Vilnius',35.5300,5,0,0.0000,2,3,'EUR',0.28962001,'78.56.33.206','','Mozilla/5.0 (Windows NT 6.1; WOW64; rv:38.0) Gecko/20100101 Firefox/38.0','en-US,en;q=0.5','2015-05-17 18:07:35','2015-05-18 22:41:37'),(385,0,'GEO-2015-',0,'Geoshop.LT','http://www.geoshop.lt/',110,1,'Rokas','Ulinauskas','rokas101@gmail.com','868928523','','Rokas','Ulinauskas','','','','Šiaurės pr. 31-19','','Kaunas','49195','Lithuania',123,'Kaunas',1912,'','Banko pavedimu','bank_transfer','Rokas','Ulinauskas','','Šiaurės pr. 31-19','','Kaunas','49195','Lithuania',123,'Kaunas',1912,'','Pristatymas  Lietuvos paštu','weight.weight_5','',5.9800,0,0,0.0000,2,3,'EUR',0.28962001,'88.222.11.40','','Mozilla/5.0 (Windows NT 6.1; WOW64) AppleWebKit/537.36 (KHTML, like Gecko) Chrome/42.0.2311.152 Safari/537.36','lt,en-US;q=0.8,en;q=0.6,ru;q=0.4,pl;q=0.2','2015-05-18 22:23:55','2015-05-18 22:23:55'),(386,0,'GEO-2015-',0,'Geoshop.LT','http://www.geoshop.lt/',110,1,'Rokas','Ulinauskas','rokas101@gmail.com','868928523','','Rokas','Ulinauskas','','','','Šiaurės pr. 31-19','','Kaunas','49195','Lithuania',123,'Kaunas',1912,'','Banko pavedimu','bank_transfer','Rokas','Ulinauskas','','Šiaurės pr. 31-19','','Kaunas','49195','Lithuania',123,'Kaunas',1912,'','Pristatymas  Lietuvos paštu','weight.weight_5','',23.7100,0,0,0.0000,2,3,'EUR',0.28962001,'88.222.11.40','','Mozilla/5.0 (Windows NT 6.1; WOW64) AppleWebKit/537.36 (KHTML, like Gecko) Chrome/42.0.2311.152 Safari/537.36','lt,en-US;q=0.8,en;q=0.6,ru;q=0.4,pl;q=0.2','2015-05-19 17:15:10','2015-05-19 17:15:10'),(387,0,'GEO-2015-',0,'Geoshop.LT','http://www.geoshop.lt/',110,1,'Rokas','Ulinauskas','rokas101@gmail.com','868928523','','Rokas','Ulinauskas','','','','Šiaurės pr. 31-19','','Kaunas','49195','Lithuania',123,'Kaunas',1912,'','PayPal','pp_standard','Rokas','Ulinauskas','','Šiaurės pr. 31-19','','Kaunas','49195','Lithuania',123,'Kaunas',1912,'','Pristatymas  Lietuvos paštu','weight.weight_5','',23.7100,0,0,0.0000,2,3,'EUR',0.28962001,'88.222.11.40','','Mozilla/5.0 (Windows NT 6.1; WOW64) AppleWebKit/537.36 (KHTML, like Gecko) Chrome/42.0.2311.152 Safari/537.36','lt,en-US;q=0.8,en;q=0.6,ru;q=0.4,pl;q=0.2','2015-05-19 17:16:49','2015-05-19 17:16:49'),(388,0,'GEO-2015-',0,'Geoshop.LT','http://www.geoshop.lt/',0,1,'Emilis','Navickas','enav@inbox.lt','867752988','','Emilis','Navickas','','','','Dainavos 6, Miklusėnų k.','','Alytaus raj.','62466','Lithuania',123,'Alytus',1911,'','Banko pavedimu','bank_transfer','Emilis','Navickas','','Dainavos 6, Miklusėnų k.','','Alytaus raj.','62466','Lithuania',123,'Alytus',1911,'','Pristatymas  Lietuvos paštu','weight.weight_5','',99.0000,0,0,0.0000,2,3,'EUR',0.28962001,'78.62.144.219','','Mozilla/5.0 (Windows NT 6.1; WOW64) AppleWebKit/537.36 (KHTML, like Gecko) Chrome/42.0.2311.152 Safari/537.36','lt,en-US;q=0.8,en;q=0.6,ru;q=0.4,pl;q=0.2','2015-05-20 23:49:35','2015-05-20 23:49:35'),(389,0,'GEO-2015-',0,'Geoshop.LT','http://www.geoshop.lt/',111,1,'Pavel','Goglachev','macrito@gmail.com','+37126436581','','Pavel','Goglachev','','','','Kurzemes prospekts 98-56','','Riga','LV-1069','Latvia',117,'Riga',1850,'','PayPal','pp_standard','Pavel','Goglachev','','Kurzemes prospekts 98-56','','Riga','LV-1069','Latvia',117,'Riga',1850,'','Shipping to EU','weight.weight_6','',34.0500,0,0,0.0000,1,3,'EUR',0.28962001,'85.9.218.66','','Mozilla/5.0 (Windows NT 6.1; WOW64) AppleWebKit/537.36 (KHTML, like Gecko) Chrome/43.0.2357.65 Safari/537.36','en-US,en;q=0.8,lv;q=0.6','2015-05-21 11:17:37','2015-05-21 11:17:37'),(390,51,'GEO-2015-',0,'Geoshop.LT','http://www.geoshop.lt/',111,1,'Pavel','Goglachev','macrito@gmail.com','+37126436581','','Pavel','Goglachev','','','','Kurzemes prospekts 98-56','','Riga','LV-1069','Latvia',117,'Riga',1850,'','PayPal','pp_standard','Pavel','Goglachev','','Kurzemes prospekts 98-56','','Riga','LV-1069','Latvia',117,'Riga',1850,'','Shipping to EU','weight.weight_6','',41.3500,3,0,0.0000,1,3,'EUR',0.28962001,'85.9.218.66','','Mozilla/5.0 (Windows NT 6.1; WOW64) AppleWebKit/537.36 (KHTML, like Gecko) Chrome/43.0.2357.65 Safari/537.36','en-US,en;q=0.8,lv;q=0.6','2015-05-21 11:30:36','2015-05-22 12:25:36'),(391,52,'GEO-2015-',0,'Geoshop.LT','http://www.geoshop.lt/',113,1,'Mindaugas','Ruzgys','ruzgys36@gmail.com','865495257','','Mindaugas','Ruzgys','','','','Dubijos 1b-414A','','Siauliai','77158','Lithuania',123,'Siauliai',1916,'','Banko pavedimu','bank_transfer','Mindaugas','Ruzgys','','Dubijos 1b-414A','','Siauliai','77158','Lithuania',123,'Siauliai',1916,'','Pristatymas  Lietuvos paštu','weight.weight_5','',74.0900,3,0,0.0000,2,3,'EUR',0.28962001,'158.129.85.10','','Mozilla/5.0 (X11; Linux x86_64) AppleWebKit/537.36 (KHTML, like Gecko) Chrome/40.0.2214.93 Safari/537.36','lt,en-US;q=0.8,en;q=0.6,ru;q=0.4,pl;q=0.2','2015-05-27 10:11:08','2015-05-28 12:56:34'),(392,53,'GEO-2015-',0,'Geoshop.LT','http://www.geoshop.lt/',114,1,'Marius','Serbentas','serbentas@gmail.com','+37067672121','','Marius','Serbentas','','','','Panerių 17-43','','Jonava','55188','Lithuania',123,'Kaunas',1912,'','Banko pavedimu','bank_transfer','Marius','Serbentas','','Panerių 17-43','','Jonava','55188','Lithuania',123,'Kaunas',1912,'','Pristatymas  Lietuvos paštu','weight.weight_5','',23.7500,3,0,0.0000,2,3,'EUR',0.28962001,'77.90.72.126','','Mozilla/5.0 (Windows NT 6.3; WOW64) AppleWebKit/537.36 (KHTML, like Gecko) Chrome/45.0.2414.0 Safari/537.36','en-US,en;q=0.8,lt;q=0.6','2015-05-29 13:00:16','2015-06-01 13:03:19'),(393,0,'GEO-2015-',0,'Geoshop.LT','http://www.geoshop.lt/',115,1,'gediminas','Palaima','gediminas.palaima@gmail.com','+37060111261','','gediminas','Palaima','Verslo Tiltas','zeimiu 11','','zeimiu 11','','Jonava','55001','Lithuania',123,'Kaunas',1912,'','PayPal','pp_standard','gediminas','Palaima','Verslo Tiltas','zeimiu 11','','Jonava','55001','Lithuania',123,'Kaunas',1912,'','Pristatymas  Lietuvos paštu','weight.weight_5','',260.9100,0,0,0.0000,2,3,'EUR',0.28962001,'77.90.72.48','','Mozilla/5.0 (Windows NT 6.3; WOW64) AppleWebKit/537.36 (KHTML, like Gecko) Chrome/43.0.2357.81 Safari/537.36','en-US,en;q=0.8','2015-05-31 21:29:24','2015-05-31 21:29:24'),(394,56,'GEO-2015-',0,'Geoshop.LT','http://www.geoshop.lt/',22,2,'Remigijus','Pranskaitis','remigijus.pranskaitis@gmail.com','862253200','','Remigijus','Pranskaitis','','','','A. J. Povilaičio 12-175','','Vilnius','','Lithuania',123,'Vilnius',1920,'','Banko pavedimu','bank_transfer','Remigijus','Pranskaitis','','A. J. Povilaičio 12-175','','Vilnius','','Lithuania',123,'Vilnius',1920,'','Pristatymas  Lietuvos paštu','weight.weight_5','',58.1400,3,0,0.0000,2,3,'EUR',0.28962001,'213.159.50.102','','Mozilla/5.0 (Windows NT 6.3; WOW64) AppleWebKit/537.36 (KHTML, like Gecko) Chrome/42.0.2311.152 Safari/537.36 OPR/29.0.1795.60','en-US,en;q=0.8','2015-05-31 22:13:33','2015-06-02 12:56:13'),(395,0,'GEO-2015-',0,'Geoshop.LT','http://www.geoshop.lt/',115,1,'gediminas','Palaima','gediminas.palaima@gmail.com','+37060111261','','gediminas','Palaima','Verslo Tiltas','zeimiu 11','','zeimiu 11','','Jonava','55001','Lithuania',123,'Kaunas',1912,'','PayPal','pp_standard','gediminas','Palaima','Verslo Tiltas','zeimiu 11','','Jonava','55001','Lithuania',123,'Kaunas',1912,'','Pristatymas  Lietuvos paštu','weight.weight_5','',138.6100,0,0,0.0000,2,3,'EUR',0.28962001,'77.90.72.48','','Mozilla/5.0 (Windows NT 6.3; WOW64) AppleWebKit/537.36 (KHTML, like Gecko) Chrome/43.0.2357.81 Safari/537.36','en-US,en;q=0.8','2015-05-31 22:33:36','2015-05-31 22:33:36'),(396,54,'GEO-2015-',0,'Geoshop.LT','http://www.geoshop.lt/',115,1,'gediminas','Palaima','gediminas.palaima@gmail.com','+37060111261','','gediminas','Palaima','Verslo Tiltas','zeimiu 11','','zeimiu 11','','Jonava','55001','Lithuania',123,'Kaunas',1912,'','Banko pavedimu','bank_transfer','gediminas','Palaima','Verslo Tiltas','zeimiu 11','','Jonava','55001','Lithuania',123,'Kaunas',1912,'','Pristatymas  Lietuvos paštu','weight.weight_5','',138.6100,3,0,0.0000,2,3,'EUR',0.28962001,'77.90.72.48','','Mozilla/5.0 (Windows NT 6.3; WOW64) AppleWebKit/537.36 (KHTML, like Gecko) Chrome/43.0.2357.81 Safari/537.36','en-US,en;q=0.8','2015-05-31 22:36:35','2015-06-01 13:03:48'),(397,55,'GEO-2015-',0,'Geoshop.LT','http://www.geoshop.lt/',0,1,'KATRIN','KULL','katix23@gmail.com','+37255936252','','KATRIN','KULL','','','','VABAÕHUMUUSEUMI TEE 4C-9','','TALLINN','13522','Estonia',67,'Harjumaa (Tallinn)',1054,'','PayPal','pp_standard','KATRIN','KULL','','VABAÕHUMUUSEUMI TEE 4C-9','','TALLINN','13522','Estonia',67,'Harjumaa (Tallinn)',1054,'','Shipping to EU','weight.weight_6','',58.7500,3,0,0.0000,1,3,'EUR',0.28962001,'212.119.149.93','','Mozilla/5.0 (Windows NT 6.3; WOW64; rv:38.0) Gecko/20100101 Firefox/38.0','en-US,en;q=0.5','2015-06-02 01:42:14','2015-06-02 12:54:00'),(398,57,'GEO-2015-',0,'Geoshop.LT','http://www.geoshop.lt/',0,1,'Grigalius','Kalvaitis','kristijonas.grigalius@gmail.com','+37065590120','','Grigalius','Kalvaitis','','','','Žirgo g. 70','','Vilnius','10245','Lithuania',123,'Vilnius',1920,'','Banko pavedimu','bank_transfer','Grigalius','Kalvaitis','','Žirgo g. 70','','Vilnius','10245','Lithuania',123,'Vilnius',1920,'','Pristatymas  Lietuvos paštu','weight.weight_5','',30.3300,3,0,0.0000,2,3,'EUR',0.28962001,'78.60.206.171','','Mozilla/5.0 (Windows NT 6.3; WOW64) AppleWebKit/537.36 (KHTML, like Gecko) Chrome/43.0.2357.81 Safari/537.36','lt,en-US;q=0.8,en;q=0.6,ru;q=0.4,pl;q=0.2','2015-06-03 16:18:16','2015-06-04 13:00:49'),(399,0,'GEO-2015-',0,'Geoshop.LT','http://www.geoshop.lt/',0,1,'agrgd','sdgdfgsd','sdfsdfs@gmail.com','860516010','','agrgd','sdgdfgsd','','','','sgha, 40','','Vilnius','10245','Lithuania',123,'Vilnius',1920,'','Banko pavedimu','bank_transfer','agrgd','sdgdfgsd','','sgha, 40','','Vilnius','10245','Lithuania',123,'Vilnius',1920,'','Pristatymas  Lietuvos paštu','weight.weight_5','',13.0000,0,0,0.0000,2,3,'EUR',0.28962001,'78.60.206.171','','Mozilla/5.0 (Windows NT 6.3; WOW64) AppleWebKit/537.36 (KHTML, like Gecko) Chrome/43.0.2357.81 Safari/537.36','lt,en-US;q=0.8,en;q=0.6,ru;q=0.4,pl;q=0.2','2015-06-03 16:50:12','2015-06-03 16:50:12'),(400,0,'GEO-2015-',0,'Geoshop.LT','http://www.geoshop.lt/',0,1,'agrgd','sdgdfgsd','sdfsdfs@gmail.com','860516010','','agrgd','sdgdfgsd','','','','sgha, 40','','Vilnius','10245','Lithuania',123,'Vilnius',1920,'','Banko pavedimu','bank_transfer','agrgd','sdgdfgsd','','sgha, 40','','Vilnius','10245','Lithuania',123,'Vilnius',1920,'','Pristatymas  Lietuvos paštu','weight.weight_5','',5.6400,0,0,0.0000,2,3,'EUR',0.28962001,'78.60.206.171','','Mozilla/5.0 (Windows NT 6.3; WOW64) AppleWebKit/537.36 (KHTML, like Gecko) Chrome/43.0.2357.81 Safari/537.36','lt,en-US;q=0.8,en;q=0.6,ru;q=0.4,pl;q=0.2','2015-06-03 16:55:54','2015-06-03 16:55:54'),(401,0,'GEO-2015-',0,'Geoshop.LT','http://www.geoshop.lt/',0,1,'agrgd','sdgdfgsd','sdfsdfs@gmail.com','860516010','','agrgd','sdgdfgsd','','','','sgha, 40','','Vilnius','10245','Lithuania',123,'Vilnius',1920,'','Banko pavedimu','bank_transfer','agrgd','sdgdfgsd','','sgha, 40','','Vilnius','10245','Lithuania',123,'Vilnius',1920,'','Pristatymas  Lietuvos paštu','weight.weight_5','',5.6400,0,0,0.0000,2,3,'EUR',0.28962001,'78.60.206.171','','Mozilla/5.0 (Windows NT 6.3; WOW64) AppleWebKit/537.36 (KHTML, like Gecko) Chrome/43.0.2357.81 Safari/537.36','lt,en-US;q=0.8,en;q=0.6,ru;q=0.4,pl;q=0.2','2015-06-03 17:07:02','2015-06-03 17:07:02'),(402,0,'GEO-2015-',0,'Geoshop.LT','http://www.geoshop.lt/',0,1,'Asta','Verbickienė','assidmail@gmail.com','868772555','','Asta','Verbickienė','','','','Sudervės g. 113, Avižieniai','','Vilniaus raj.','','Lithuania',123,'Vilnius',1920,'','Banko pavedimu','bank_transfer','Asta','Verbickienė','','Sudervės g. 113, Avižieniai','','Vilniaus raj.','','Lithuania',123,'Vilnius',1920,'','Pristatymas  Lietuvos paštu','weight.weight_5','',9.4800,0,0,0.0000,2,3,'EUR',0.28962001,'88.119.198.182','','Mozilla/5.0 (Windows NT 6.1) AppleWebKit/537.36 (KHTML, like Gecko) Chrome/43.0.2357.81 Safari/537.36','lt,en-US;q=0.8,en;q=0.6,ru;q=0.4,pl;q=0.2','2015-06-03 20:08:15','2015-06-03 20:08:15'),(403,58,'GEO-2015-',0,'Geoshop.LT','http://www.geoshop.lt/',0,1,'Asta','Verbickienė','assidmail@gmail.com','868772555','','Asta','Verbickienė','','','','Sudervės g. 113, Avižieniai','','Vilniaus raj.','','Lithuania',123,'Vilnius',1920,'','Banko pavedimu','bank_transfer','Asta','Verbickienė','','Sudervės g. 113, Avižieniai','','Vilniaus raj.','','Lithuania',123,'Vilnius',1920,'','Pristatymas  Lietuvos paštu','weight.weight_5','',40.5700,3,0,0.0000,2,3,'EUR',0.28962001,'88.119.198.182','','Mozilla/5.0 (Windows NT 6.1) AppleWebKit/537.36 (KHTML, like Gecko) Chrome/43.0.2357.81 Safari/537.36','lt,en-US;q=0.8,en;q=0.6,ru;q=0.4,pl;q=0.2','2015-06-03 20:32:11','2015-06-04 18:47:10'),(404,0,'GEO-2015-',0,'Geoshop.LT','http://www.geoshop.lt/',0,1,'test','test','samiras_sp@yahoo.com','sadfasd','','test','test','','','','sdfasdf','','sadfsa','sdfa','Lithuania',123,'Utena',1919,'','Banko pavedimu','bank_transfer','test','test','','sdfasdf','','sadfsa','sdfa','Lithuania',123,'Utena',1919,'','Pristatymas  Lietuvos paštu','weight.weight_5','aaa',13.0000,2,0,0.0000,2,3,'EUR',0.28962001,'195.182.66.90','','Mozilla/5.0 (Windows NT 6.1; WOW64; rv:28.0) Gecko/20100101 Firefox/28.0','en-US,en;q=0.5','2015-06-04 12:22:45','2015-06-04 12:22:47'),(405,0,'GEO-2015-',0,'Geoshop.LT','http://www.geoshop.lt/',0,1,'test','test','r.ciulada@gmail.com','sadfasd','','test','test','','','','fsd','','sadfdsa','sdfa','Lithuania',123,'Utena',1919,'','Banko pavedimu','bank_transfer','test','test','','fsd','','sadfdsa','sdfa','Lithuania',123,'Utena',1919,'','Pristatymas į LP paštomatą','weight.weight_7','sadf',16.5000,2,0,0.0000,2,3,'EUR',0.28962001,'195.182.66.90','','Mozilla/5.0 (Windows NT 6.1; WOW64; rv:28.0) Gecko/20100101 Firefox/28.0','en-US,en;q=0.5','2015-06-04 12:24:29','2015-06-04 12:24:33'),(406,0,'GEO-2015-',0,'Geoshop.LT','http://www.geoshop.lt/',0,1,'Irma','L','irminija@gmail.com','852440458','','Irma','L','','','','ukm','','vilnius','','Lithuania',123,'Vilnius',1920,'','Banko pavedimu','bank_transfer','Irma','L','','ukm','','vilnius','','Lithuania',123,'Vilnius',1920,'','Pristatymas  Lietuvos paštu','weight.weight_5','',5.1900,2,0,0.0000,2,3,'EUR',0.28962001,'84.240.28.239','','Mozilla/5.0 (Windows NT 6.1; WOW64; Trident/7.0; rv:11.0) like Gecko','lt-LT','2015-06-04 12:52:04','2015-06-04 12:52:08'),(407,0,'GEO-2015-',0,'Geoshop.LT','http://www.geoshop.lt/',0,1,'čęėčę','ėčęėčę','r.ciulada@gmail.com','sadfs','','čęėčę','ėčęėčę','','','','sadfs','','sdf','sdfa','Lithuania',123,'Utena',1919,'','Banko pavedimu','bank_transfer','čęėčę','ėčęėčę','','sadfs','','sdf','sdfa','Lithuania',123,'Utena',1919,'','Pristatymas  Lietuvos paštu','weight.weight_5','',13.0000,2,0,0.0000,2,3,'EUR',0.28962001,'195.182.66.90','','Mozilla/5.0 (Windows NT 6.1; WOW64; rv:28.0) Gecko/20100101 Firefox/28.0','en-US,en;q=0.5','2015-06-04 15:10:20','2015-06-04 15:10:21'),(408,0,'GEO-2015-',0,'Geoshop.LT','http://www.geoshop.lt/',0,1,'ertrewt','werq','r.ciulada@gmail.com','sadfasd','','ertrewt','werq','','','','sadfa','','sdf','sdfa','Lithuania',123,'Utena',1919,'','Banko pavedimu','bank_transfer','ertrewt','werq','','sadfa','','sdf','sdfa','Lithuania',123,'Utena',1919,'','Pristatymas  Lietuvos paštu','weight.weight_5','',13.0000,2,0,0.0000,2,3,'EUR',0.28962001,'195.182.66.90','','Mozilla/5.0 (Windows NT 6.1; WOW64; rv:28.0) Gecko/20100101 Firefox/28.0','en-US,en;q=0.5','2015-06-04 15:15:31','2015-06-04 15:15:33'),(409,0,'GEO-2015-',0,'Geoshop.LT','http://www.geoshop.lt/',0,1,'sadf','asdf','r.ciulada@gmail.com','sadfa','','sadf','asdf','','','','asdf','','sdfa','sdfa','Lithuania',123,'Utena',1919,'','Banko pavedimu','bank_transfer','sadf','asdf','','asdf','','sdfa','sdfa','Lithuania',123,'Utena',1919,'','Pristatymas  Lietuvos paštu','weight.weight_5','',106.0000,2,0,0.0000,2,3,'EUR',0.28962001,'195.182.66.90','','Mozilla/5.0 (Windows NT 6.1; WOW64; rv:28.0) Gecko/20100101 Firefox/28.0','en-US,en;q=0.5','2015-06-04 15:18:59','2015-06-04 15:19:01'),(410,0,'GEO-2015-',0,'Geoshop.LT','http://www.geoshop.lt/',0,1,'asdfdsf','a','r.ciulada@gmail.com','sdfasd','','asdfdsf','a','','','','asd f','as df','as ','sdfa','Lithuania',123,'Utena',1919,'','Banko pavedimu','bank_transfer','asdfdsf','a','','asd f','as df','as ','sdfa','Lithuania',123,'Utena',1919,'','Pristatymas  Lietuvos paštu','weight.weight_5','',6.8000,2,0,0.0000,2,3,'EUR',0.28962001,'195.182.66.90','','Mozilla/5.0 (Windows NT 6.1; WOW64; rv:28.0) Gecko/20100101 Firefox/28.0','en-US,en;q=0.5','2015-06-04 15:25:18','2015-06-04 15:25:20'),(411,0,'GEO-2015-',0,'Geoshop.LT','http://www.geoshop.lt/',0,1,'Irma','L','irminija@gmail.com','852440458','','Irma','L','','','','ukm','','vilnius','','Lithuania',123,'Vilnius',1920,'','Banko pavedimu','bank_transfer','Irma','L','','ukm','','vilnius','','Lithuania',123,'Vilnius',1920,'','Pristatymas  Lietuvos paštu','weight.weight_5','',6.8000,2,0,0.0000,2,3,'EUR',0.28962001,'84.240.28.239','','Mozilla/5.0 (Windows NT 6.1; WOW64; Trident/7.0; rv:11.0) like Gecko','lt-LT','2015-06-04 15:26:31','2015-06-04 15:26:33'),(412,0,'GEO-2015-',0,'Geoshop.LT','http://www.geoshop.lt/',118,1,'KRISTINA','DUMČIENĖ','kristina.dumciene@gmail.com','867503462','','KRISTINA','DUMČIENĖ','','','','J.Andriuškevičiaus g. 4-2','','Marijampolės sav., Želsvos k.','LT69193','Lithuania',123,'Marijampole',1914,'','Banko pavedimu','bank_transfer','KRISTINA','DUMČIENĖ','','J.Andriuškevičiaus g. 4-2','','Marijampolės sav., Želsvos k.','LT69193','Lithuania',123,'Marijampole',1914,'','Pristatymas  Lietuvos paštu','weight.weight_5','',19.4600,0,0,0.0000,2,3,'EUR',0.28962001,'78.62.98.162','','Mozilla/5.0 (Windows NT 6.1) AppleWebKit/537.36 (KHTML, like Gecko) Chrome/42.0.2311.152 Safari/537.36 OPR/29.0.1795.60','en-US,en;q=0.8','2015-06-05 16:40:37','2015-06-05 16:40:37'),(413,59,'GEO-2015-',0,'Geoshop.LT','http://www.geoshop.lt/',118,1,'KRISTINA','DUMČIENĖ','kristina.dumciene@gmail.com','867503462','','KRISTINA','DUMČIENĖ','','','','J.Andriuškevičiaus g. 4-2','','Marijampolės sav., Želsvos k.','LT69193','Lithuania',123,'Marijampole',1914,'','Banko pavedimu','bank_transfer','KRISTINA','DUMČIENĖ','','J.Andriuškevičiaus g. 4-2','','Marijampolės sav., Želsvos k.','LT69193','Lithuania',123,'Marijampole',1914,'','Pristatymas  Lietuvos paštu','weight.weight_5','',19.4600,3,0,0.0000,2,3,'EUR',0.28962001,'78.62.98.162','','Mozilla/5.0 (Windows NT 6.1) AppleWebKit/537.36 (KHTML, like Gecko) Chrome/42.0.2311.152 Safari/537.36 OPR/29.0.1795.60','en-US,en;q=0.8','2015-06-05 16:50:41','2015-06-09 13:50:21'),(414,0,'GEO-2015-',0,'Geoshop.LT','http://www.geoshop.lt/',116,1,'Juste','Gudauskyte','justegudauskyte@gmail.com','+37060767817','','Juste','Gudauskyte','','','','Naugarduko g.26-22','','Vilnius','','Lithuania',123,'Vilnius',1920,'','Banko pavedimu','bank_transfer','Juste','Gudauskyte','','Naugarduko g.26-22','','Vilnius','','Lithuania',123,'Vilnius',1920,'','Pristatymas į OMNIVA paštomatą','weight.weight_15','Vilniaus HYPER RIMI Savanorių paštomatas\n88815\nSavanorių pr. 16, Vilnius',55.0000,0,0,0.0000,2,3,'EUR',0.28962001,'78.56.28.135','','Mozilla/5.0 (Windows NT 6.1; WOW64) AppleWebKit/537.36 (KHTML, like Gecko) Chrome/43.0.2357.81 Safari/537.36','lt,en-US;q=0.8,en;q=0.6,ru;q=0.4,pl;q=0.2','2015-06-09 12:20:27','2015-06-09 12:20:27'),(415,60,'GEO-2015-',0,'Geoshop.LT','http://www.geoshop.lt/',116,1,'Juste','Gudauskyte','justegudauskyte@gmail.com','+37060767817','','Juste','Gudauskyte','','','','Naugarduko g.26-22','','Vilnius','','Lithuania',123,'Vilnius',1920,'','Banko pavedimu','bank_transfer','Juste','Gudauskyte','','Naugarduko g.26-22','','Vilnius','','Lithuania',123,'Vilnius',1920,'','Pristatymas į OMNIVA paštomatą','weight.weight_15','Vilniaus HYPER RIMI Savanorių paštomatas\n88815\nSavanorių pr. 16, Vilnius',50.5000,3,0,0.0000,2,3,'EUR',0.28962001,'78.56.28.135','','Mozilla/5.0 (Windows NT 6.1; WOW64) AppleWebKit/537.36 (KHTML, like Gecko) Chrome/43.0.2357.81 Safari/537.36','lt,en-US;q=0.8,en;q=0.6,ru;q=0.4,pl;q=0.2','2015-06-09 12:22:37','2015-06-10 10:30:14'),(416,61,'GEO-2015-',0,'Geoshop.LT','http://www.geoshop.lt/',0,1,'Germantė','Lovčikaitė','germulina@gmail.com','862810879','','Germantė','Lovčikaitė','','','','Liepų 25-28','','Molėtai','33121','Lithuania',123,'Utena',1919,'','Banko pavedimu','bank_transfer','Germantė','Lovčikaitė','','Vilniaus 66B','','Molėtai','','Lithuania',123,'Utena',1919,'','Pristatymas  Lietuvos paštu','weight.weight_5','',23.7500,3,0,0.0000,2,3,'EUR',0.28962001,'88.216.27.199','','Mozilla/5.0 (Windows NT 6.3; WOW64) AppleWebKit/537.36 (KHTML, like Gecko) Chrome/43.0.2357.81 Safari/537.36','en-US,en;q=0.8,lt;q=0.6,pt;q=0.4','2015-06-09 23:27:29','2015-06-10 13:21:41'),(417,62,'GEO-2015-',0,'Geoshop.LT','http://www.geoshop.lt/',0,1,'Sixten','Kerge','sixtenkerge@gmail.com','+37256806104','','Sixten','Kerge','','','','Katusepapi 23-20','','Tallinn','11412','Estonia',67,'Harjumaa (Tallinn)',1054,'','PayPal','pp_standard','Sixten','Kerge','','Katusepapi 23-20','','Tallinn','11412','Estonia',67,'Harjumaa (Tallinn)',1054,'','Express to Omniva terminal,EE','weight.weight_14','Tallinna Sikupilli Prisma pakiautomaat	Tallinn, Tartu mnt 87b, 96009',60.1500,3,0,0.0000,1,3,'EUR',0.28962001,'84.50.214.154','','Mozilla/5.0 (Windows NT 6.1; WOW64) AppleWebKit/537.36 (KHTML, like Gecko) Chrome/43.0.2357.81 Safari/537.36','en-US,en;q=0.8,et;q=0.6,fi;q=0.4','2015-06-10 11:09:16','2015-06-11 13:21:12'),(418,64,'GEO-2015-',0,'Geoshop.LT','http://www.geoshop.lt/',17,2,'Kristina','Štaupaitė','stikse@gmail.com','37063138579','','Kristina','Štaupaitė','','','','K. Griniaus 5 - 32','','Kaunas','48372','Lithuania',123,'Kaunas',1912,'','Banko pavedimu','bank_transfer','Kristina','Štaupaitė','','K. Griniaus 5 - 32','','Kaunas','48372','Lithuania',123,'Kaunas',1912,'','Pristatymas  Lietuvos paštu','weight.weight_5','',24.9749,3,0,0.0000,2,3,'EUR',0.28962001,'87.239.86.70','','Mozilla/5.0 (Windows NT 6.3; WOW64) AppleWebKit/537.36 (KHTML, like Gecko) Chrome/43.0.2357.124 Safari/537.36','lt,en-US;q=0.8,en;q=0.6,ru;q=0.4,pl;q=0.2,ja;q=0.2','2015-06-10 22:17:39','2015-06-11 15:24:46'),(419,0,'GEO-2015-',0,'Geoshop.LT','http://www.geoshop.lt/',0,1,'Tautvydas','Armonas','Tautvydas.aisq@gmail.com','864695772','','Tautvydas','Armonas','','','','Vytauto g. 200','','Garliava','LT-53273','Lithuania',123,'Kaunas',1912,'','PayPal','pp_standard','Tautvydas','Armonas','','Vytauto g. 200','','Garliava','LT-53273','Lithuania',123,'Kaunas',1912,'','Pristatymas  Lietuvos paštu','weight.weight_5','',67.7500,0,0,0.0000,2,3,'EUR',0.28962001,'217.17.95.35','','Mozilla/5.0 (Windows NT 6.1; WOW64; rv:38.0) Gecko/20100101 Firefox/38.0','lt,en-US;q=0.8,en;q=0.6,ru;q=0.4,pl;q=0.2','2015-06-11 00:19:30','2015-06-11 00:19:30'),(420,63,'GEO-2015-',0,'Geoshop.LT','http://www.geoshop.lt/',0,1,'Tautvydas','Armonas','Tautvydas.aisq@gmail.com','864695772','','Tautvydas','Armonas','','','','Vytauto g. 200','','Garliava','LT-53273','Lithuania',123,'Kaunas',1912,'','Banko pavedimu','bank_transfer','Tautvydas','Armonas','','Vytauto g. 200','','Garliava','LT-53273','Lithuania',123,'Kaunas',1912,'','Pristatymas  Lietuvos paštu','weight.weight_5','',67.7500,3,0,0.0000,2,3,'EUR',0.28962001,'217.17.95.35','','Mozilla/5.0 (Windows NT 6.1; WOW64; rv:38.0) Gecko/20100101 Firefox/38.0','lt,en-US;q=0.8,en;q=0.6,ru;q=0.4,pl;q=0.2','2015-06-11 00:20:48','2015-06-11 13:23:05'),(421,65,'GEO-2015-',0,'Geoshop.LT','http://www.geoshop.lt/',7,2,'Marius','Žiulys','marius.ziulys@gmail.com','868782611','','Marius','Žiulys','','','','Pramonės pr. 91-13','','Kaunas','50352','Lithuania',123,'Kaunas',1912,'','Banko pavedimu','bank_transfer','Marius','Žiulys','','Pramonės pr. 91-13','','Kaunas','50352','Lithuania',123,'Kaunas',1912,'','Pristatymas į OMNIVA paštomatą','weight.weight_15','Kauno PRISMA Jonavos g. paštomatas, 88827',102.0000,3,0,0.0000,2,3,'EUR',0.28962001,'85.206.52.122','','Mozilla/5.0 (Windows NT 6.3; WOW64) AppleWebKit/537.36 (KHTML, like Gecko) Chrome/43.0.2357.124 Safari/537.36','lt,en-US;q=0.8,en;q=0.6,ru;q=0.4,pl;q=0.2','2015-06-11 09:49:41','2015-06-12 07:50:33'),(422,66,'GEO-2015-',0,'Geoshop.LT','http://www.geoshop.lt/',0,1,'Asta','Šidlauskaitė-Verbickienė','assidmail@gmail.com','868772555','','Asta','Šidlauskaitė-Verbickienė','','','','Sudervės g. 113, Avižieniai, Vilniaus r.','','Vilniaus r.','','Lithuania',123,'Vilnius',1920,'','Banko pavedimu','bank_transfer','Asta','Šidlauskaitė-Verbickienė','','Sudervės g. 113, Avižieniai, Vilniaus r.','','Vilniaus r.','','Lithuania',123,'Vilnius',1920,'','Pristatymas  Lietuvos paštu','weight.weight_5','',30.4400,3,0,0.0000,2,3,'EUR',0.28962001,'88.119.198.182','','Mozilla/5.0 (Windows NT 6.1) AppleWebKit/537.36 (KHTML, like Gecko) Chrome/43.0.2357.124 Safari/537.36','lt,en-US;q=0.8,en;q=0.6,ru;q=0.4,pl;q=0.2','2015-06-11 21:52:24','2015-06-16 08:42:06'),(423,0,'GEO-2015-',0,'Geoshop.LT','http://www.geoshop.lt/',120,1,'Liudvikas','Teišerskis','liudvikas.teiserskis@gmail.com','+37060290159','','Liudvikas','Teišerskis','','','','Ateities 9','','Raseiniai','60154','Lithuania',123,'Kaunas',1912,'','Banko pavedimu','bank_transfer','Liudvikas','Teišerskis','','Ateities 9','','Raseiniai','60154','Lithuania',123,'Kaunas',1912,'','Pristatymas  Lietuvos paštu','weight.weight_5','',120.0000,0,0,0.0000,2,3,'EUR',0.28962001,'78.62.144.10','','Mozilla/5.0 (Windows NT 6.3; WOW64) AppleWebKit/537.36 (KHTML, like Gecko) Chrome/43.0.2357.81 Safari/537.36','en-US,en;q=0.8,lt;q=0.6','2015-06-11 23:08:59','2015-06-11 23:08:59'),(424,0,'GEO-2015-',0,'Geoshop.LT','http://www.geoshop.lt/',120,1,'Liudvikas','Teišerskis','liudvikas.teiserskis@gmail.com','+37060290159','','Liudvikas','Teišerskis','','','','Ateities 9','','Raseiniai','60154','Lithuania',123,'Kaunas',1912,'','PayPal','pp_standard','Liudvikas','Teišerskis','','Ateities 9','','Raseiniai','60154','Lithuania',123,'Kaunas',1912,'','Pristatymas  Lietuvos paštu','weight.weight_5','',120.0000,0,0,0.0000,2,3,'EUR',0.28962001,'78.62.144.10','','Mozilla/5.0 (Windows NT 6.3; WOW64) AppleWebKit/537.36 (KHTML, like Gecko) Chrome/43.0.2357.81 Safari/537.36','en-US,en;q=0.8,lt;q=0.6','2015-06-11 23:09:31','2015-06-11 23:09:31'),(425,68,'GEO-2015-',0,'Geoshop.LT','http://www.geoshop.lt/',120,1,'Liudvikas','Teišerskis','liudvikas.teiserskis@gmail.com','+37060290159','','Liudvikas','Teišerskis','','','','Ateities 9','','Raseiniai','60154','Lithuania',123,'Kaunas',1912,'','PayPal','pp_standard','Liudvikas','Teišerskis','','Ateities 9','','Raseiniai','60154','Lithuania',123,'Kaunas',1912,'','Pristatymas  Lietuvos paštu','weight.weight_5','',85.0000,3,0,0.0000,2,3,'EUR',0.28962001,'78.62.144.10','','Mozilla/5.0 (Windows NT 6.3; WOW64) AppleWebKit/537.36 (KHTML, like Gecko) Chrome/43.0.2357.81 Safari/537.36','en-US,en;q=0.8,lt;q=0.6','2015-06-11 23:27:56','2015-06-23 12:59:38'),(426,0,'GEO-2015-',0,'Geoshop.LT','http://www.geoshop.lt/',0,1,'asdfa','sfdasf','samiras_sp@yahoo.com','sadfa','','asdfa','sfdasf','','','','sdf','','sadf','','Latvia',117,'Liepaja',1848,'','Bank Transfer','bank_transfer','asdfa','sfdasf','','sdf','','sadf','','Latvia',117,'Liepaja',1848,'','Express to Omniva terminal,LV','weight.weight_13','',26.0000,0,0,0.0000,1,4,'LTL',1.00000000,'195.182.66.90','','Mozilla/5.0 (Windows NT 6.1; WOW64; rv:28.0) Gecko/20100101 Firefox/28.0','en-US,en;q=0.5','2015-06-16 11:14:52','2015-06-16 11:14:52'),(427,0,'GEO-2015-',0,'Geoshop.LT','http://www.geoshop.lt/',0,1,'asdfa','sfdasf','samiras_sp@yahoo.com','sadfa','','asdfa','sfdasf','','','','sdf','','sadf','','Latvia',117,'Liepaja',1848,'','Bank Transfer','bank_transfer','asdfa','sfdasf','','sdf','','sadf','','Latvia',117,'Liepaja',1848,'','Express to Omniva terminal,LV','weight.weight_13','',26.0000,0,0,0.0000,1,4,'LTL',1.00000000,'195.182.66.90','','Mozilla/5.0 (Windows NT 6.1; WOW64; rv:28.0) Gecko/20100101 Firefox/28.0','en-US,en;q=0.5','2015-06-16 12:18:00','2015-06-16 12:18:00'),(428,67,'GEO-2015-',0,'Geoshop.LT','http://www.geoshop.lt/',122,1,'Darius','Mikalauskas','darius@lightcon.com','8-699-30178','','Darius','Mikalauskas','','','','Taikos g. 14-24','','Vilnius','','Lithuania',123,'Vilnius',1920,'','Banko pavedimu','bank_transfer','Darius','Mikalauskas','','Taikos g. 14-24','','Vilnius','','Lithuania',123,'Vilnius',1920,'','Pristatymas  Lietuvos paštu','weight.weight_5','',83.9866,3,0,0.0000,2,3,'EUR',0.28962001,'78.61.246.148','','Mozilla/5.0 (Windows NT 6.1; WOW64; rv:38.0) Gecko/20100101 Firefox/38.0','lt,en-US;q=0.8,en;q=0.6,ru;q=0.4,pl;q=0.2','2015-06-18 20:57:08','2015-06-19 09:17:54'),(429,70,'GEO-2015-',0,'Geoshop.LT','http://www.geoshop.lt/',42,2,'EGIDIJUS','ARLAUSKAS','eldoradas@splius.lt','862615816','','EGIDIJUS','ARLAUSKAS','','','','Tilžės g. 39-11','','ŠIAULIAI','','Lithuania',123,'Siauliai',1916,'','Banko pavedimu','bank_transfer','EGIDIJUS','ARLAUSKAS','','Tilžės g. 39-11','','ŠIAULIAI','','Lithuania',123,'Siauliai',1916,'','Pristatymas į LP paštomatą','weight.weight_7','Prašom atsiūsti į paštomata esanti dubijos gatvėje prie Statoil degalinės. Dėkui',44.4000,3,0,0.0000,2,3,'EUR',0.28962001,'46.249.171.38','','Mozilla/5.0 (Windows NT 6.1; WOW64) AppleWebKit/537.36 (KHTML, like Gecko) Chrome/43.0.2357.124 Safari/537.36','lt,en-US;q=0.8,en;q=0.6,ru;q=0.4,pl;q=0.2','2015-06-21 18:24:43','2015-06-26 13:54:40'),(430,69,'GEO-2015-',0,'Geoshop.LT','http://www.geoshop.lt/',0,1,'Danielius','Stirbys','killakidv@gmail.com','864591281','','Danielius','Stirbys','','','','Geležinio vilko gatvė 11-72','','Kaunas','49273','Lithuania',123,'Kaunas',1912,'','PayPal','pp_standard','Danielius','Stirbys','','Geležinio vilko gatvė 11-72','','Kaunas','49273','Lithuania',123,'Kaunas',1912,'','Pristatymas  Lietuvos paštu','weight.weight_5','',36.0000,3,0,0.0000,2,3,'EUR',0.28962001,'78.62.143.189','','Mozilla/5.0 (Windows NT 6.1; WOW64) AppleWebKit/537.36 (KHTML, like Gecko) Chrome/43.0.2357.130 Safari/537.36','lt,en-US;q=0.8,en;q=0.6,ru;q=0.4,pl;q=0.2','2015-06-22 23:19:04','2015-06-23 13:00:14'),(431,71,'GEO-2015-',0,'Geoshop.LT','http://www.geoshop.lt/',22,2,'Remigijus','Pranskaitis','remigijus.pranskaitis@gmail.com','862253200','','Remigijus','Pranskaitis','','','','A. J. Povilaičio 12-175','','Vilnius','','Lithuania',123,'Vilnius',1920,'','Banko pavedimu','bank_transfer','Remigijus','Pranskaitis','','A. J. Povilaičio 12-175','','Vilnius','','Lithuania',123,'Vilnius',1920,'','Pristatymas  Lietuvos paštu','weight.weight_5','',52.7800,3,0,0.0000,2,3,'EUR',0.28962001,'213.159.50.102','','Mozilla/5.0 (Windows NT 6.3; WOW64) AppleWebKit/537.36 (KHTML, like Gecko) Chrome/43.0.2357.81 Safari/537.36 OPR/30.0.1835.59','en-US,en;q=0.8','2015-06-25 21:01:51','2015-06-26 13:56:26'),(432,0,'GEO-2015-',0,'Geoshop.LT','http://www.geoshop.lt/',0,1,'aaa','aaa','asas@afas.com','45645645','','aaa','aaa','','','','asfasf','','asfasf','','Lithuania',123,'Vilnius',1920,'','Banko pavedimu','bank_transfer','aaa','aaa','','asfasf','','asfasf','','Lithuania',123,'Vilnius',1920,'','Pristatymas  Lietuvos paštu','weight.weight_5','',99.0000,0,0,0.0000,2,3,'EUR',0.28962001,'84.240.45.204','','Mozilla/5.0 (Windows NT 6.1) AppleWebKit/537.36 (KHTML, like Gecko) Chrome/43.0.2357.130 Safari/537.36','lt,en-US;q=0.8,en;q=0.6,ru;q=0.4,pl;q=0.2','2015-06-26 20:06:31','2015-06-26 20:06:31'),(433,72,'GEO-2015-',0,'Geoshop.LT','http://www.geoshop.lt/',123,1,'Rytis','Briedis','rytisbriedis@gmail.com','+37061402346','','Rytis','Briedis','','','','Pašilės g. 96 - 47','','Kaunas','51314','Lithuania',123,'Kaunas',1912,'','PayPal','pp_standard','Rytis','Briedis','','Pašilės g. 96 - 47','','Kaunas','51314','Lithuania',123,'Kaunas',1912,'','Pristatymas  Lietuvos paštu','weight.weight_5','',42.5000,3,0,0.0000,2,3,'EUR',0.28962001,'193.219.38.5','','Mozilla/5.0 (Windows NT 6.1; WOW64) AppleWebKit/537.36 (KHTML, like Gecko) Chrome/43.0.2357.130 Safari/537.36','lt,en-US;q=0.8,en;q=0.6,ru;q=0.4,pl;q=0.2','2015-06-29 15:37:27','2015-06-30 12:48:34'),(434,73,'GEO-2015-',0,'Geoshop.LT','http://www.geoshop.lt/',124,1,'Mindaugas','Pelionis','mindaugas.pelionis@gmail.com','+37061153223','','Mindaugas','Pelionis','','','','J. Balčikonio g. 7-32','','Vilnius','08247','Lithuania',123,'Vilnius',1920,'','Bank Transfer','bank_transfer','Mindaugas','Pelionis','','J. Balčikonio g. 7-32','','Vilnius','08247','Lithuania',123,'Vilnius',1920,'','Pristatymas į OMNIVA paštomatą','weight.weight_15','Vilniaus HYPER RIMI Žirmūnų paštomatas\r\nŽirmūnų g. 64, Vilnius',76.2400,3,0,0.0000,2,3,'EUR',0.28962001,'213.197.134.242','','Mozilla/5.0 (Windows NT 6.3; WOW64) AppleWebKit/537.36 (KHTML, like Gecko) Chrome/43.0.2357.130 Safari/537.36','en-GB,en;q=0.8,en-US;q=0.6,lt;q=0.4,ru;q=0.2','2015-06-30 14:26:33','2015-07-01 10:08:42'),(435,0,'GEO-2015-',0,'Geoshop.LT','http://www.geoshop.lt/',125,1,'Marius','Serbentas','marius@serbentas.lt','867672121','','Marius','Serbentas','','','','Panerių 17-43','','Jonava','55188','Lithuania',123,'Kaunas',1912,'','Banko pavedimu','bank_transfer','Marius','Serbentas','','Panerių 17-43','','Jonava','55188','Lithuania',123,'Kaunas',1912,'','Pristatymas  Lietuvos paštu','weight.weight_5','',80.0000,0,0,0.0000,2,4,'LTL',1.00000000,'77.90.72.126','','Mozilla/5.0 (Windows NT 6.3; WOW64) AppleWebKit/537.36 (KHTML, like Gecko) Chrome/45.0.2438.3 Safari/537.36','en-US,en;q=0.8,lt;q=0.6','2015-06-30 21:37:29','2015-06-30 21:37:29'),(436,74,'GEO-2015-',0,'Geoshop.LT','http://www.geoshop.lt/',125,1,'Marius','Serbentas','marius@serbentas.lt','867672121','','Marius','Serbentas','','','','Panerių 17-43','','Jonava','55188','Lithuania',123,'Kaunas',1912,'','Banko pavedimu','bank_transfer','Marius','Serbentas','','Panerių 17-43','','Jonava','55188','Lithuania',123,'Kaunas',1912,'','Pristatymas  Lietuvos paštu','weight.weight_5','',42.5000,3,0,0.0000,2,4,'LTL',1.00000000,'77.90.72.126','','Mozilla/5.0 (Windows NT 6.3; WOW64) AppleWebKit/537.36 (KHTML, like Gecko) Chrome/45.0.2438.3 Safari/537.36','en-US,en;q=0.8,lt;q=0.6','2015-06-30 21:39:06','2015-07-01 15:55:07'),(437,75,'GEO-2015-',0,'Geoshop.LT','http://www.geoshop.lt/',126,1,'Matas','Liberis','matas.liberis@gmail.com','867542490','','Matas','Liberis','','','','Projektuotojų g 35-43','','Panevėžys','37132','Lithuania',123,'Panevezys',1915,'','Banko pavedimu','bank_transfer','Matas','Liberis','','Projektuotojų g 35-43','','Panevėžys','37132','Lithuania',123,'Panevezys',1915,'','Pristatymas  Lietuvos paštu','weight.weight_5','',18.9500,3,0,0.0000,2,3,'EUR',0.28962001,'78.63.173.247','','Mozilla/5.0 (Windows NT 6.2; WOW64; rv:38.0) Gecko/20100101 Firefox/38.0','lt,en-US;q=0.8,en;q=0.6,ru;q=0.4,pl;q=0.2','2015-07-01 23:18:18','2015-07-02 12:57:33'),(438,0,'GEO-2015-',0,'Geoshop.LT','http://www.geoshop.lt/',127,1,'Laura','Aleksynienė','laura.aleksyniene@gmail.com','867438391','','Laura','Aleksynienė','','','','Kiparisų g. 2-9','','Giraitės k. ','','Lithuania',123,'Kaunas',1912,'','Banko pavedimu','bank_transfer','Laura','Aleksynienė','','Kiparisų g. 2-9','','Giraitės k. ','','Lithuania',123,'Kaunas',1912,'','Pristatymas  Lietuvos paštu','weight.weight_5','',28.7500,0,0,0.0000,2,3,'EUR',0.28962001,'213.226.183.126','','Mozilla/5.0 (Windows NT 6.2; WOW64; rv:38.0) Gecko/20100101 Firefox/38.0','en-US,en;q=0.5','2015-07-02 13:25:38','2015-07-02 13:25:38'),(439,0,'GEO-2015-',0,'Geoshop.LT','http://www.geoshop.lt/',45,2,'Vidmantas','Maceika','aqther.maceika@gmail.com','+37069535496','','Vidmantas','Maceika','','','','Jaunystės g.8-70','','Rokiškis','42147','Lithuania',123,'Panevezys',1915,'','Banko pavedimu','bank_transfer','Vidmantas','Maceika','','Jaunystės g.8-70','','Rokiškis','42147','Lithuania',123,'Panevezys',1915,'','Pristatymas  Lietuvos paštu','weight.weight_5','',24.2000,0,0,0.0000,2,3,'EUR',0.28962001,'84.32.122.92','','Mozilla/5.0 (Windows NT 6.1; WOW64; rv:38.0) Gecko/20100101 Firefox/38.0','lt,en-US;q=0.8,en;q=0.6,ru;q=0.4,pl;q=0.2','2015-07-03 17:31:29','2015-07-03 17:31:29'),(440,76,'GEO-2015-',0,'Geoshop.LT','http://www.geoshop.lt/',45,2,'Vidmantas','Maceika','aqther.maceika@gmail.com','+37069535496','','Vidmantas','Maceika','','','','Jaunystės g.8-70','','Rokiškis','42147','Lithuania',123,'Panevezys',1915,'','Banko pavedimu','bank_transfer','Vidmantas','Maceika','','Jaunystės g.8-70','','Rokiškis','42147','Lithuania',123,'Panevezys',1915,'','Pristatymas  Lietuvos paštu','weight.weight_5','',17.3000,3,0,0.0000,2,3,'EUR',0.28962001,'84.32.122.92','','Mozilla/5.0 (Windows NT 6.1; WOW64; rv:38.0) Gecko/20100101 Firefox/38.0','lt,en-US;q=0.8,en;q=0.6,ru;q=0.4,pl;q=0.2','2015-07-03 17:35:19','2015-07-07 11:44:38'),(441,0,'GEO-2015-',0,'Geoshop.LT','http://www.geoshop.lt/',129,1,'Emilis','Navickas','enav@inbox.lt','+37067752988','','Emilis','Navickas','','','','Dainavos 6','','Alytaus raj. Miklusėnų k.','62466','Lithuania',123,'Alytus',1911,'','Banko pavedimu','bank_transfer','Emilis','Navickas','','Dainavos 6','','Alytaus raj. Miklusėnų k.','62466','Lithuania',123,'Alytus',1911,'','Pristatymas į LP paštomatą','weight.weight_7','Paštomato numeris - 0701',47.0000,0,0,0.0000,2,3,'EUR',0.28962001,'78.62.144.219','','Mozilla/5.0 (Windows NT 6.1; WOW64) AppleWebKit/537.36 (KHTML, like Gecko) Chrome/43.0.2357.130 Safari/537.36','lt,en-US;q=0.8,en;q=0.6,ru;q=0.4,pl;q=0.2','2015-07-03 23:02:21','2015-07-03 23:02:21'),(442,0,'GEO-2015-',0,'Geoshop.LT','http://www.geoshop.lt/',130,1,'Aivaras','Špokas','aivaras714@gmail.com','+37063669591','','Aivaras','Špokas','','','','Gumbinės 8A','','Šiauliai','77166','Lithuania',123,'Siauliai',1916,'','Banko pavedimu','bank_transfer','Aivaras','Špokas','','Gumbinės 8A','','Šiauliai','77166','Lithuania',123,'Siauliai',1916,'','Pristatymas į OMNIVA paštomatą','weight.weight_15','Šiaulių PC BRUKLINAS paštomatas Pramonės g. 6, Šiauliai',40.6500,0,0,0.0000,2,3,'EUR',0.28962001,'46.249.171.20','','Mozilla/5.0 (Windows NT 6.1; WOW64; rv:38.0) Gecko/20100101 Firefox/38.0','en-US,en;q=0.5','2015-07-04 19:16:54','2015-07-04 19:16:54'),(443,0,'GEO-2015-',0,'Geoshop.LT','http://www.geoshop.lt/',130,1,'Aivaras','Špokas','aivaras714@gmail.com','+37063669591','','Aivaras','Špokas','','','','Gumbinės 8A','','Šiauliai','77166','Lithuania',123,'Siauliai',1916,'','Banko pavedimu','bank_transfer','Aivaras','Špokas','','Gumbinės 8A','','Šiauliai','77166','Lithuania',123,'Siauliai',1916,'','Pristatymas į OMNIVA paštomatą','weight.weight_15','Šiaulių PC BRUKLINAS paštomatas Pramonės g. 6, Šiauliai',40.6500,0,0,0.0000,2,3,'EUR',0.28962001,'46.249.171.20','','Mozilla/5.0 (Windows NT 6.1; WOW64; rv:38.0) Gecko/20100101 Firefox/38.0','en-US,en;q=0.5','2015-07-04 20:34:34','2015-07-04 20:34:34'),(444,77,'GEO-2015-',0,'Geoshop.LT','http://www.geoshop.lt/',130,1,'Aivaras','Špokas','aivaras714@gmail.com','+37063669591','','Aivaras','Špokas','','','','Gumbinės 8A','','Šiauliai','77166','Lithuania',123,'Siauliai',1916,'','Banko pavedimu','bank_transfer','Aivaras','Špokas','','Gumbinės 8A','','Šiauliai','77166','Lithuania',123,'Siauliai',1916,'','Pristatymas  Lietuvos paštu','weight.weight_5','',52.3000,3,0,0.0000,2,3,'EUR',0.28962001,'46.249.171.20','','Mozilla/5.0 (Windows NT 6.1; WOW64; rv:38.0) Gecko/20100101 Firefox/38.0','en-US,en;q=0.5','2015-07-04 22:21:54','2015-07-07 11:45:32'),(445,0,'GEO-2015-',0,'Geoshop.LT','http://www.geoshop.lt/',130,1,'Aivaras','Špokas','aivaras714@gmail.com','+37063669591','','Aivaras','Špokas','','','','Gumbinės 8A','','Šiauliai','77166','Lithuania',123,'Siauliai',1916,'','Banko pavedimu','bank_transfer','Aivaras','Špokas','','Gumbinės 8A','','Šiauliai','77166','Lithuania',123,'Siauliai',1916,'','Pristatymas  Lietuvos paštu','weight.weight_5','',42.0000,0,0,0.0000,2,3,'EUR',0.28962001,'46.249.171.20','','Mozilla/5.0 (Windows NT 6.1; WOW64; rv:38.0) Gecko/20100101 Firefox/38.0','en-US,en;q=0.5','2015-07-04 22:26:51','2015-07-04 22:26:51'),(446,0,'GEO-2015-',0,'Geoshop.LT','http://www.geoshop.lt/',132,1,'Gintaras','Stalauskas','ly3nml@gmail.com','+37067642579','','Gintaras','Stalauskas','','','','Liepų 21-11','','Moletai','33121','Lithuania',123,'Utena',1919,'','PayPal','pp_standard','Gintaras','Stalauskas','','Vilniaus g. 66B','','Molėtai','33140','Lithuania',123,'Utena',1919,'','Pristatymas  Lietuvos paštu','weight.weight_5','',95.0000,0,0,0.0000,2,3,'EUR',0.28962001,'88.216.27.199','','Mozilla/5.0 (Windows NT 6.3; WOW64) AppleWebKit/537.36 (KHTML, like Gecko) Chrome/43.0.2357.130 Safari/537.36','lt,en-US;q=0.8,en;q=0.6,ru;q=0.4,pl;q=0.2,zh-CN;q=0.2,zh;q=0.2,de;q=0.2,no;q=0.2','2015-07-05 15:56:10','2015-07-05 15:56:10'),(447,78,'GEO-2015-',0,'Geoshop.LT','http://www.geoshop.lt/',132,1,'Gintaras','Stalauskas','ly3nml@gmail.com','+37067642579','','Gintaras','Stalauskas','','','','Liepų 21-11','','Moletai','33121','Lithuania',123,'Utena',1919,'','Banko pavedimu','bank_transfer','Gintaras','Stalauskas','','Liepų 21-11','','Moletai','33121','Lithuania',123,'Utena',1919,'','Pristatymas  Lietuvos paštu','weight.weight_5','',95.0000,3,0,0.0000,2,3,'EUR',0.28962001,'88.216.27.199','','Mozilla/5.0 (Windows NT 6.3; WOW64) AppleWebKit/537.36 (KHTML, like Gecko) Chrome/43.0.2357.130 Safari/537.36','lt,en-US;q=0.8,en;q=0.6,ru;q=0.4,pl;q=0.2,zh-CN;q=0.2,zh;q=0.2,de;q=0.2,no;q=0.2','2015-07-05 15:57:52','2015-07-07 11:47:12'),(448,0,'GEO-2015-',0,'Geoshop.LT','http://www.geoshop.lt/',129,1,'Emilis','Navickas','enav@inbox.lt','+37067752988','','Emilis','Navickas','','','','Dainavos 6','','Alytaus raj. Miklusėnų k.','62466','Lithuania',123,'Alytus',1911,'','Banko pavedimu','bank_transfer','Emilis','Navickas','','Dainavos 6','','Alytaus raj. Miklusėnų k.','62466','Lithuania',123,'Alytus',1911,'','Pristatymas  Lietuvos paštu','weight.weight_5','',43.0000,0,0,0.0000,2,3,'EUR',0.28962001,'78.62.144.219','','Mozilla/5.0 (Windows NT 6.1; WOW64) AppleWebKit/537.36 (KHTML, like Gecko) Chrome/43.0.2357.130 Safari/537.36','lt,en-US;q=0.8,en;q=0.6,ru;q=0.4,pl;q=0.2','2015-07-05 18:15:22','2015-07-05 18:15:22'),(449,79,'GEO-2015-',0,'Geoshop.LT','http://www.geoshop.lt/',129,1,'Emilis','Navickas','enav@inbox.lt','+37067752988','','Emilis','Navickas','','','','Dainavos 6','','Alytaus raj. Miklusėnų k.','62466','Lithuania',123,'Alytus',1911,'','Banko pavedimu','bank_transfer','Emilis','Navickas','','Dainavos 6','','Alytaus raj. Miklusėnų k.','62466','Lithuania',123,'Alytus',1911,'','Pristatymas  Lietuvos paštu','weight.weight_5','',40.5000,3,0,0.0000,2,3,'EUR',0.28962001,'78.62.144.219','','Mozilla/5.0 (Windows NT 6.1; WOW64) AppleWebKit/537.36 (KHTML, like Gecko) Chrome/43.0.2357.130 Safari/537.36','lt,en-US;q=0.8,en;q=0.6,ru;q=0.4,pl;q=0.2','2015-07-06 00:45:35','2015-07-07 11:48:20'),(450,80,'GEO-2015-',0,'Geoshop.LT','http://www.geoshop.lt/',127,1,'Laura','Aleksynienė','laura.aleksyniene@gmail.com','867438391','','Laura','Aleksynienė','','','','Kiparisų g. 2-9','','Giraitės k. ','','Lithuania',123,'Kaunas',1912,'','Banko pavedimu','bank_transfer','Laura','Aleksynienė','','Kiparisų g. 2-9','','Giraitės k. ','','Lithuania',123,'Kaunas',1912,'','Pristatymas  Lietuvos paštu','weight.weight_5','',22.2900,3,0,0.0000,2,3,'EUR',0.28962001,'213.226.183.126','','Mozilla/5.0 (Windows NT 6.2; WOW64; rv:39.0) Gecko/20100101 Firefox/39.0','en-US,en;q=0.5','2015-07-07 10:53:09','2015-07-08 16:28:52'),(451,81,'GEO-2015-',0,'Geoshop.LT','http://www.geoshop.lt/',0,1,'Petras','Butkevičius','P.Butkevicius@infolex.lt','8-698-07113','','Petras','Butkevičius','','','','Ukmergės g. 369A, Vilnius','','Vilnius','12142','Lithuania',123,'Vilnius',1920,'','Banko pavedimu','bank_transfer','Petras','Butkevičius','','Ukmergės g. 369A, Vilnius','','Vilnius','12142','Lithuania',123,'Vilnius',1920,'','Pristatymas LP Express kurjeriu','weight.weight_8','',36.0800,3,0,0.0000,2,3,'EUR',0.28962001,'195.14.183.61','','Mozilla/5.0 (Windows NT 6.1; WOW64) AppleWebKit/537.36 (KHTML, like Gecko) Chrome/43.0.2357.132 Safari/537.36','lt,en-US;q=0.8,en;q=0.6,ru;q=0.4,pl;q=0.2','2015-07-14 14:22:45','2015-07-17 19:41:49'),(452,82,'GEO-2015-',0,'Geoshop.LT','http://www.geoshop.lt/',135,1,'Gedeminas','Grikietis','alesiunas@inbox.lt','862779462','','Gedeminas','Grikietis','Sefas210','','','Budos kaimas, Siaurine gatve 5, Kazlu Rudos savivaldybe','','Budos kaimas','71257 ','Lithuania',123,'Marijampole',1914,'','Banko pavedimu','bank_transfer','Gedeminas','Grikietis','Sefas210','Budos kaimas, Siaurine gatve 5, Kazlu Rudos savivaldybe','','Budos kaimas','71257 ','Lithuania',123,'Marijampole',1914,'','Pristatymas  Lietuvos paštu','weight.weight_5','',36.0000,3,0,0.0000,2,3,'EUR',0.28962001,'78.62.90.139','','Mozilla/5.0 (Windows NT 6.1; WOW64; rv:39.0) Gecko/20100101 Firefox/39.0','lt,en-US;q=0.8,en;q=0.6,ru;q=0.4,pl;q=0.2','2015-07-20 22:33:25','2015-07-21 14:45:37'),(453,0,'GEO-2015-',0,'Geoshop.LT','http://www.geoshop.lt/',75,2,'Mindaugas','Putelis','putelismindaugas@yahoo.com','+370 652 59560','','Mindaugas','Putelis','','','','Ivanausko g. 11','','Ringaudai','LT-53334','Lithuania',123,'Kaunas',1912,'','PayPal','pp_standard','Mindaugas','Putelis','','Ivanausko g. 11','','Ringaudai','LT-53334','Lithuania',123,'Kaunas',1912,'','Pristatymas  Lietuvos paštu','weight.weight_5','',151.1000,0,0,0.0000,2,3,'EUR',0.28962001,'78.58.128.184','','Mozilla/5.0 (Windows NT 6.1; WOW64; rv:34.0) Gecko/20100101 Firefox/34.0','en-US,en;q=0.5','2015-07-22 11:57:02','2015-07-22 11:57:02'),(454,0,'GEO-2015-',0,'Geoshop.LT','http://www.geoshop.lt/',0,1,'retdf','xcvsdf','xvdfs@cxgvdsfb.lt','751005642','','retdf','xcvsdf','','','','erg vsdf','','cvdFx','','Lithuania',123,'Kaunas',1912,'','PayPal','pp_standard','retdf','xcvsdf','','erg vsdf','','cvdFx','','Lithuania',123,'Kaunas',1912,'','Pristatymas  Lietuvos paštu','weight.weight_5','',5.1900,0,0,0.0000,2,3,'EUR',0.28962001,'84.240.28.239','','Mozilla/5.0 (Windows NT 6.1; WOW64; Trident/7.0; rv:11.0) like Gecko','lt-LT','2015-07-22 12:47:06','2015-07-22 12:47:06'),(455,83,'GEO-2015-',0,'Geoshop.LT','http://www.geoshop.lt/',0,1,'Martyna','Pociute','irminija@gmail.com','+37060383647','','Martyna','Pociute','Lietuvos jaunimo organizacijų ta','191363642','','Didžioji g. 8-5','','Vilnius','','Lithuania',123,'Vilnius',1920,'','Banko pavedimu','bank_transfer','Martyna','Pociute','Lietuvos jaunimo organizacijų ta','Didžioji g. 8-5','','Vilnius','','Lithuania',123,'Vilnius',1920,'','Pristatymas  Lietuvos paštu','weight.weight_5','',376.0000,5,0,0.0000,2,3,'EUR',0.28962001,'84.240.28.239','','Mozilla/5.0 (Windows NT 6.1; WOW64; Trident/7.0; rv:11.0) like Gecko','lt-LT','2015-07-23 08:37:52','2015-07-23 09:38:39'),(456,0,'GEO-2015-',0,'Geoshop.LT','http://www.geoshop.lt/',136,1,'Kazimieras','Dovidas','kazimieras.dovidas@gmail.com','865408942','','Kazimieras','Dovidas','','','','Kranto g. 11','','Josvainiai','','Lithuania',123,'Kaunas',1912,'','PayPal','pp_standard','Kazimieras','Dovidas','','Kranto g. 11','','Josvainiai','','Lithuania',123,'Kaunas',1912,'','Pristatymas  Lietuvos paštu','weight.weight_5','',14.9000,0,0,0.0000,2,3,'EUR',0.28962001,'78.58.208.42','','Mozilla/5.0 (Windows NT 6.1; WOW64) AppleWebKit/537.36 (KHTML, like Gecko) Chrome/43.0.2357.134 Safari/537.36','en-US,en;q=0.8','2015-07-24 14:57:57','2015-07-24 14:57:57'),(457,0,'GEO-2015-',0,'Geoshop.LT','http://www.geoshop.lt/',0,1,'David','Madojan','david.madojan@gmail.com','+37065292775','','David','Madojan','','','','Uosiu 23','','Klaipeda','92353','Lithuania',123,'Klaipeda',1913,'','Banko pavedimu','bank_transfer','David','Madojan','','Uosiu 23','','Klaipeda','92353','Lithuania',123,'Klaipeda',1913,'','Pristatymas  Lietuvos paštu','weight.weight_5','',11.8400,0,0,0.0000,2,3,'EUR',0.28962001,'78.57.250.112','','Mozilla/5.0 (Windows NT 6.3; WOW64) AppleWebKit/537.36 (KHTML, like Gecko) Chrome/43.0.2357.134 Safari/537.36','en-US,en;q=0.8','2015-07-24 17:52:15','2015-07-24 17:52:15'),(458,0,'GEO-2015-',0,'Geoshop.LT','http://www.geoshop.lt/',0,1,'David','Madojan','david.madojan@gmail.com','+37065292775','','David','Madojan','','','','Uosiu 23','','Klaipeda','92353','Lithuania',123,'Klaipeda',1913,'','Banko pavedimu','bank_transfer','David','Madojan','','Uosiu 23','','Klaipeda','92353','Lithuania',123,'Klaipeda',1913,'','Pristatymas  Lietuvos paštu','weight.weight_5','',11.8400,0,0,0.0000,2,3,'EUR',0.28962001,'78.57.250.112','','Mozilla/5.0 (Windows NT 6.3; WOW64) AppleWebKit/537.36 (KHTML, like Gecko) Chrome/43.0.2357.134 Safari/537.36','en-US,en;q=0.8','2015-07-24 17:53:56','2015-07-24 17:53:56'),(459,0,'GEO-2015-',0,'Geoshop.LT','http://www.geoshop.lt/',0,1,'David','Madojan','david.madojan@gmail.com','+37065292775','','David','Madojan','','','','Uosiu 23','','Klaipeda','92353','Lithuania',123,'Klaipeda',1913,'','Banko pavedimu','bank_transfer','David','Madojan','','Uosiu 23','','Klaipeda','92353','Lithuania',123,'Klaipeda',1913,'','Pristatymas  Lietuvos paštu','weight.weight_5','',11.8400,0,0,0.0000,2,3,'EUR',0.28962001,'78.57.250.112','','Mozilla/5.0 (Windows NT 6.3; WOW64) AppleWebKit/537.36 (KHTML, like Gecko) Chrome/43.0.2357.134 Safari/537.36','en-US,en;q=0.8','2015-07-24 17:57:00','2015-07-24 17:57:00'),(460,0,'GEO-2015-',0,'Geoshop.LT','http://www.geoshop.lt/',0,1,'David','Madojan','david.madojan@gmail.com','+37065292775','','David','Madojan','','','','Uosiu 23','','Klaipeda','92353','Lithuania',123,'Klaipeda',1913,'','PayPal','pp_standard','David','Madojan','','Uosiu 23','','Klaipeda','92353','Lithuania',123,'Klaipeda',1913,'','Pristatymas  Lietuvos paštu','weight.weight_5','',11.8400,0,0,0.0000,2,3,'EUR',0.28962001,'78.57.250.112','','Mozilla/5.0 (Windows NT 6.3; WOW64) AppleWebKit/537.36 (KHTML, like Gecko) Chrome/43.0.2357.134 Safari/537.36','en-US,en;q=0.8','2015-07-24 18:01:02','2015-07-24 18:01:02'),(461,0,'GEO-2015-',0,'Geoshop.LT','http://www.geoshop.lt/',0,1,'David','Madojan','david.madojan@gmail.com','+37065292775','','David','Madojan','','','','Uosiu 23','','Klaipeda','92353','Lithuania',123,'Klaipeda',1913,'','Banko pavedimu','bank_transfer','David','Madojan','','Uosiu 23','','Klaipeda','92353','Lithuania',123,'Klaipeda',1913,'','Pristatymas  Lietuvos paštu','weight.weight_5','',11.8400,0,0,0.0000,2,3,'EUR',0.28962001,'78.57.250.112','','Mozilla/5.0 (Windows NT 6.3; WOW64) AppleWebKit/537.36 (KHTML, like Gecko) Chrome/43.0.2357.134 Safari/537.36','en-US,en;q=0.8','2015-07-24 18:01:14','2015-07-24 18:01:14'),(462,0,'GEO-2015-',0,'Geoshop.LT','http://www.geoshop.lt/',0,1,'r','s','samiras_sp@yahoo.com','999','','r','s','','','','sdfasd','','sdfsad','','Lithuania',123,'Vilnius',1920,'','PayPal','pp_standard','r','s','','sdfasd','','sdfsad','','Lithuania',123,'Vilnius',1920,'','Pristatymas  Lietuvos paštu','weight.weight_5','',5.1800,0,0,0.0000,2,3,'EUR',0.28962001,'195.182.66.90','','Mozilla/5.0 (Windows NT 6.1; WOW64; rv:28.0) Gecko/20100101 Firefox/28.0','en-US,en;q=0.5','2015-07-27 09:13:09','2015-07-27 09:13:09'),(463,0,'GEO-2015-',0,'Geoshop.LT','http://www.geoshop.lt/',0,1,'r','s','samiras_sp@yahoo.com','999','','r','s','','','','sdfasd','','sdfsad','','Lithuania',123,'Vilnius',1920,'','PayPal','pp_standard','r','s','','sdfasd','','sdfsad','','Lithuania',123,'Vilnius',1920,'','Pristatymas  Lietuvos paštu','weight.weight_5','',5.1800,0,0,0.0000,2,3,'EUR',0.28962001,'195.182.66.90','','Mozilla/5.0 (Windows NT 6.1; WOW64; rv:28.0) Gecko/20100101 Firefox/28.0','en-US,en;q=0.5','2015-07-27 09:14:07','2015-07-27 09:14:07'),(464,0,'GEO-2015-',0,'Geoshop.LT','http://www.geoshop.lt/',0,1,'r','s','samiras_sp@yahoo.com','999','','r','s','','','','sdfasd','','sdfsad','','Lithuania',123,'Vilnius',1920,'','PayPal','pp_standard','r','s','','sdfasd','','sdfsad','','Lithuania',123,'Vilnius',1920,'','Pristatymas  Lietuvos paštu','weight.weight_5','',5.1800,0,0,0.0000,2,3,'EUR',0.28962001,'195.182.66.90','','Mozilla/5.0 (Windows NT 6.1; WOW64; rv:28.0) Gecko/20100101 Firefox/28.0','en-US,en;q=0.5','2015-07-27 09:16:31','2015-07-27 09:16:31'),(465,0,'GEO-2015-',0,'Geoshop.LT','http://www.geoshop.lt/',0,1,'sdf','sadf','samiras_sp@yahoo.com','777','','sdf','sadf','','','','7fdgdf','','fdsfg','','Lithuania',123,'Vilnius',1920,'','PayPal','pp_standard','sdf','sadf','','7fdgdf','','fdsfg','','Lithuania',123,'Vilnius',1920,'','Pristatymas  Lietuvos paštu','weight.weight_5','',7.0000,0,0,0.0000,2,3,'EUR',0.28962001,'195.182.66.90','','Mozilla/5.0 (Windows NT 6.1; WOW64; rv:28.0) Gecko/20100101 Firefox/28.0','en-US,en;q=0.5','2015-07-27 11:10:34','2015-07-27 11:10:34'),(466,0,'GEO-2015-',0,'Geoshop.LT','http://www.geoshop.lt/',0,1,'vsdftv',' xgvbcxvbf',' dfgdfgds@gmai.lt','+3705432263520','','vsdftv',' xgvbcxvbf','','','','uf sdg','','fdgadfvcbdfg','','Lithuania',123,'Alytus',1911,'','PayPal','pp_standard','vsdftv',' xgvbcxvbf','','uf sdg','','fdgadfvcbdfg','','Lithuania',123,'Alytus',1911,'','Pristatymas  Lietuvos paštu','weight.weight_5','',5.7000,0,0,0.0000,2,3,'EUR',0.28962001,'84.240.28.239','','Mozilla/5.0 (Windows NT 6.1; WOW64; Trident/7.0; rv:11.0) like Gecko','lt-LT','2015-07-27 11:14:47','2015-07-27 11:14:47'),(467,84,'GEO-2015-',0,'Geoshop.LT','http://www.geoshop.lt/',139,1,'Linda','Stepanuka','linda.stepa@gmail.com','25912834','','Linda','Stepanuka','','','','Klavu iela 2','','Salaspils','LV-2121','Latvia',117,'Rigas Rajons',1838,'','PayPal','pp_standard','Linda','Stepanuka','','Klavu iela 2','','Salaspils','LV-2121','Latvia',117,'Rigas Rajons',1838,'','Express to Omniva terminal,LV','weight.weight_13','I was able to find the following info about the Omniva terminal (in Latvia):\n\nNumber: 9947\nName: Salaspils RIMI pakomāts\nAddress: Salaspils	Skolas iela 4, Salaspils\n\nMy phone number: +371 25912834\nMy email address: linda.stepa@gmail.com',54.6900,3,0,0.0000,1,3,'EUR',0.28962001,'131.207.242.152','','Mozilla/5.0 (Macintosh; Intel Mac OS X 10_9_5) AppleWebKit/537.36 (KHTML, like Gecko) Chrome/43.0.2357.134 Safari/537.36','en-US,en;q=0.8,lv;q=0.6','2015-07-29 10:34:31','2015-07-30 08:06:16');
