INSERT INTO `oc_product_description` VALUES (268,1,'Rite in the Rain Logbook No146, Yellow','&lt;p&gt;&lt;b&gt;Rite in the Rain is a patented, environmentally responsible, all-weather writing paper that sheds water and enables you to write anywhere, in any weather.&lt;/b&gt;&lt;br /&gt;\r\nThe global standard for tactical colored notebooks. Protect yourself and your notes by using Rite in the Rain Tactical Pocket Notebooks. These spiral bound notebooks have 100 Universal pages (50 sheets) in Green. With the Universal Pattern you can use this text for notes and scaled drawings. Useful reference material is also printed on the back and inside covers.&lt;br /&gt;\r\nMade in the USA&lt;br /&gt;\r\n&amp;nbsp;&lt;/p&gt;\r\n\r\n&lt;table border=&quot;1&quot; cellpadding=&quot;1&quot; cellspacing=&quot;1&quot; style=&quot;width: 350px;&quot;&gt;\r\n	&lt;tbody&gt;\r\n		&lt;tr&gt;\r\n			&lt;td&gt;&lt;strong&gt;Parameters:&lt;/strong&gt;&lt;/td&gt;\r\n			&lt;td&gt;&amp;nbsp;&lt;/td&gt;\r\n		&lt;/tr&gt;\r\n		&lt;tr&gt;\r\n			&lt;td&gt;Max dimensions, mm&lt;/td&gt;\r\n			&lt;td&gt;\r\n			&lt;table border=&quot;0&quot; cellpadding=&quot;0&quot; cellspacing=&quot;0&quot; width=&quot;141&quot;&gt;\r\n				&lt;colgroup&gt;\r\n					&lt;col width=&quot;141&quot; /&gt;\r\n				&lt;/colgroup&gt;\r\n				&lt;tbody&gt;\r\n					&lt;tr height=&quot;17&quot;&gt;\r\n						&lt;td class=&quot;xl67&quot; height=&quot;17&quot; style=&quot;height:12.75pt;width:106pt&quot; width=&quot;141&quot;&gt;\r\n						&lt;table border=&quot;0&quot; cellpadding=&quot;0&quot; cellspacing=&quot;0&quot; width=&quot;141&quot;&gt;\r\n							&lt;tbody&gt;\r\n								&lt;tr height=&quot;17&quot;&gt;\r\n									&lt;td class=&quot;xl67&quot; height=&quot;17&quot; style=&quot;height:12.75pt;width:106pt&quot; width=&quot;141&quot;&gt;\r\n									&lt;table border=&quot;0&quot; cellpadding=&quot;0&quot; cellspacing=&quot;0&quot; width=&quot;141&quot;&gt;\r\n										&lt;colgroup&gt;\r\n											&lt;col width=&quot;141&quot; /&gt;\r\n										&lt;/colgroup&gt;\r\n										&lt;tbody&gt;\r\n											&lt;tr height=&quot;17&quot;&gt;\r\n												&lt;td class=&quot;xl67&quot; height=&quot;17&quot; style=&quot;height:12.75pt;width:106pt&quot; width=&quot;141&quot;&gt;\r\n												&lt;table border=&quot;0&quot; cellpadding=&quot;0&quot; cellspacing=&quot;0&quot; width=&quot;141&quot;&gt;\r\n													&lt;tbody&gt;\r\n														&lt;tr height=&quot;17&quot;&gt;\r\n															&lt;td class=&quot;xl67&quot; height=&quot;17&quot; style=&quot;height:12.75pt;width:106pt&quot; width=&quot;141&quot;&gt;\r\n															&lt;table border=&quot;0&quot; cellpadding=&quot;0&quot; cellspacing=&quot;0&quot; width=&quot;141&quot;&gt;\r\n																&lt;tbody&gt;\r\n																	&lt;tr height=&quot;17&quot;&gt;\r\n																		&lt;td class=&quot;xl67&quot; height=&quot;17&quot; style=&quot;height:12.75pt;width:106pt&quot; width=&quot;141&quot;&gt;\r\n																		&lt;table border=&quot;0&quot; cellpadding=&quot;0&quot; cellspacing=&quot;0&quot; width=&quot;141&quot;&gt;\r\n																			&lt;tbody&gt;\r\n																				&lt;tr height=&quot;17&quot;&gt;\r\n																					&lt;td class=&quot;xl67&quot; height=&quot;17&quot; style=&quot;height:12.75pt;width:106pt&quot; width=&quot;141&quot;&gt;156 x 102 x 10&lt;/td&gt;\r\n																				&lt;/tr&gt;\r\n																			&lt;/tbody&gt;\r\n																		&lt;/table&gt;\r\n																		&lt;/td&gt;\r\n																	&lt;/tr&gt;\r\n																&lt;/tbody&gt;\r\n															&lt;/table&gt;\r\n															&lt;/td&gt;\r\n														&lt;/tr&gt;\r\n													&lt;/tbody&gt;\r\n												&lt;/table&gt;\r\n												&lt;/td&gt;\r\n											&lt;/tr&gt;\r\n										&lt;/tbody&gt;\r\n									&lt;/table&gt;\r\n									&lt;/td&gt;\r\n								&lt;/tr&gt;\r\n							&lt;/tbody&gt;\r\n						&lt;/table&gt;\r\n						&lt;/td&gt;\r\n					&lt;/tr&gt;\r\n				&lt;/tbody&gt;\r\n			&lt;/table&gt;\r\n			&lt;/td&gt;\r\n		&lt;/tr&gt;\r\n		&lt;tr&gt;\r\n			&lt;td&gt;Usefull area, mm&lt;/td&gt;\r\n			&lt;td&gt;\r\n			&lt;table border=&quot;0&quot; cellpadding=&quot;0&quot; cellspacing=&quot;0&quot; width=&quot;141&quot;&gt;\r\n				&lt;colgroup&gt;\r\n					&lt;col width=&quot;141&quot; /&gt;\r\n				&lt;/colgroup&gt;\r\n				&lt;tbody&gt;\r\n					&lt;tr height=&quot;17&quot;&gt;\r\n						&lt;td class=&quot;xl67&quot; height=&quot;17&quot; style=&quot;height:12.75pt;width:106pt&quot; width=&quot;141&quot;&gt;\r\n						&lt;table border=&quot;0&quot; cellpadding=&quot;0&quot; cellspacing=&quot;0&quot; width=&quot;141&quot;&gt;\r\n							&lt;colgroup&gt;\r\n								&lt;col width=&quot;141&quot; /&gt;\r\n							&lt;/colgroup&gt;\r\n							&lt;tbody&gt;\r\n								&lt;tr height=&quot;17&quot;&gt;\r\n									&lt;td class=&quot;xl67&quot; height=&quot;17&quot; style=&quot;height:12.75pt;width:106pt&quot; width=&quot;141&quot;&gt;152 x 102 x 7&lt;/td&gt;\r\n								&lt;/tr&gt;\r\n							&lt;/tbody&gt;\r\n						&lt;/table&gt;\r\n						&lt;/td&gt;\r\n					&lt;/tr&gt;\r\n				&lt;/tbody&gt;\r\n			&lt;/table&gt;\r\n			&lt;/td&gt;\r\n		&lt;/tr&gt;\r\n		&lt;tr&gt;\r\n			&lt;td&gt;Number of pages&lt;/td&gt;\r\n			&lt;td&gt;100 (50 sheets)&lt;/td&gt;\r\n		&lt;/tr&gt;\r\n	&lt;/tbody&gt;\r\n&lt;/table&gt;\r\n\r\n&lt;p&gt;&amp;nbsp;&lt;/p&gt;\r\n\r\n&lt;p&gt;Short video about the product:&lt;/p&gt;\r\n\r\n&lt;p&gt;&lt;iframe allowfullscreen=&quot;&quot; frameborder=&quot;0&quot; height=&quot;315&quot; src=&quot;//www.youtube.com/embed/dXydhZ1IjSs&quot; width=&quot;560&quot;&gt;&lt;/iframe&gt;&lt;/p&gt;\r\n\r\n&lt;p&gt;Longer video:&lt;/p&gt;\r\n\r\n&lt;p&gt;&lt;iframe allowfullscreen=&quot;&quot; frameborder=&quot;0&quot; height=&quot;315&quot; src=&quot;//www.youtube.com/embed/ZBRmyCDHDHU&quot; width=&quot;560&quot;&gt;&lt;/iframe&gt;&lt;/p&gt;\r\n','','','Logbook, Rite in The Rain, 146, yellow, spiral'),(270,2,'Vidutinė Rite in the Rain užrašų knygelė No935T, gelsvai ruda','&lt;p&gt;Ši užrašų knygelė pagaminta iš nebijančio drėgmės &quot;Rite in the Rain&quot; popieriaus, tinkama naudoti itin sudėtingomis sąlygomis. Sulijus knygelę lietui, jai įkritus į balą, ar vandens telkinį (net ir su visu knygelės šeimininku), ar kitaip patyrus drėgmės poveikį, galite likti ramūs kad knygelės lapai nepraskys, o knygelėje įrašyta informacija neišplauks ir nedings.&lt;br /&gt;\r\nŠios užrašų knygelės dydis yra toks, kad ji patogiai tilptų į vidutinio dydžio kišenę. Knygelės apatinė dalis užapvalinta - tad knygelę negadins rūbo, o ir pačios knygelės kampai nesiraitys.&lt;/p&gt;\r\n\r\n&lt;p&gt;Šį nebijantį drėgmės bloknotą neprošal turėti:&lt;/p&gt;\r\n\r\n&lt;ul&gt;\r\n	&lt;li&gt;žvejams&lt;/li&gt;\r\n	&lt;li&gt;miškininkams&lt;/li&gt;\r\n	&lt;li&gt;medžiotojams&lt;/li&gt;\r\n	&lt;li&gt;kariškiams&lt;/li&gt;\r\n	&lt;li&gt;aktyvaus poilsio žaidimų, tokių kaip encounter, geocaching mėgėjams&lt;/li&gt;\r\n	&lt;li&gt;orientacininkams&lt;/li&gt;\r\n	&lt;li&gt;sportininkams&lt;/li&gt;\r\n	&lt;li&gt;keliautojams&lt;/li&gt;\r\n	&lt;li&gt;dviratininkams&lt;/li&gt;\r\n	&lt;li&gt;alpinistams&lt;/li&gt;\r\n&lt;/ul&gt;\r\n\r\n&lt;p&gt;Pagaminta JAV&lt;/p&gt;\r\n\r\n&lt;table border=&quot;1&quot; cellpadding=&quot;1&quot; cellspacing=&quot;1&quot; style=&quot;width: 350px;&quot;&gt;\r\n	&lt;tbody&gt;\r\n		&lt;tr&gt;\r\n			&lt;td&gt;&lt;strong&gt;Parametrai:&lt;/strong&gt;&lt;/td&gt;\r\n			&lt;td&gt;&amp;nbsp;&lt;/td&gt;\r\n		&lt;/tr&gt;\r\n		&lt;tr&gt;\r\n			&lt;td&gt;Maksimalūs matmenys, mm&lt;/td&gt;\r\n			&lt;td&gt;\r\n			&lt;table border=&quot;0&quot; cellpadding=&quot;0&quot; cellspacing=&quot;0&quot; width=&quot;141&quot;&gt;\r\n				&lt;colgroup&gt;\r\n					&lt;col width=&quot;141&quot; /&gt;\r\n				&lt;/colgroup&gt;\r\n				&lt;tbody&gt;\r\n					&lt;tr height=&quot;17&quot;&gt;\r\n						&lt;td class=&quot;xl67&quot; height=&quot;17&quot; style=&quot;height:12.75pt;width:106pt&quot; width=&quot;141&quot;&gt;\r\n						&lt;table border=&quot;0&quot; cellpadding=&quot;0&quot; cellspacing=&quot;0&quot; width=&quot;141&quot;&gt;\r\n							&lt;tbody&gt;\r\n								&lt;tr height=&quot;17&quot;&gt;\r\n									&lt;td class=&quot;xl67&quot; height=&quot;17&quot; style=&quot;height:12.75pt;width:106pt&quot; width=&quot;141&quot;&gt;\r\n									&lt;table border=&quot;0&quot; cellpadding=&quot;0&quot; cellspacing=&quot;0&quot; width=&quot;141&quot;&gt;\r\n										&lt;colgroup&gt;\r\n											&lt;col width=&quot;141&quot; /&gt;\r\n										&lt;/colgroup&gt;\r\n										&lt;tbody&gt;\r\n											&lt;tr height=&quot;17&quot;&gt;\r\n												&lt;td class=&quot;xl67&quot; height=&quot;17&quot; style=&quot;height:12.75pt;width:106pt&quot; width=&quot;141&quot;&gt;133 x 76 x 10&lt;/td&gt;\r\n											&lt;/tr&gt;\r\n										&lt;/tbody&gt;\r\n									&lt;/table&gt;\r\n									&lt;/td&gt;\r\n								&lt;/tr&gt;\r\n							&lt;/tbody&gt;\r\n						&lt;/table&gt;\r\n						&lt;/td&gt;\r\n					&lt;/tr&gt;\r\n				&lt;/tbody&gt;\r\n			&lt;/table&gt;\r\n			&lt;/td&gt;\r\n		&lt;/tr&gt;\r\n		&lt;tr&gt;\r\n			&lt;td&gt;Naudingas dydis, mm&lt;/td&gt;\r\n			&lt;td&gt;\r\n			&lt;table border=&quot;0&quot; cellpadding=&quot;0&quot; cellspacing=&quot;0&quot; width=&quot;141&quot;&gt;\r\n				&lt;colgroup&gt;\r\n					&lt;col width=&quot;141&quot; /&gt;\r\n				&lt;/colgroup&gt;\r\n				&lt;tbody&gt;\r\n					&lt;tr height=&quot;17&quot;&gt;\r\n						&lt;td class=&quot;xl67&quot; height=&quot;17&quot; style=&quot;height:12.75pt;width:106pt&quot; width=&quot;141&quot;&gt;\r\n						&lt;table border=&quot;0&quot; cellpadding=&quot;0&quot; cellspacing=&quot;0&quot; width=&quot;141&quot;&gt;\r\n							&lt;colgroup&gt;\r\n								&lt;col width=&quot;141&quot; /&gt;\r\n							&lt;/colgroup&gt;\r\n							&lt;tbody&gt;\r\n								&lt;tr height=&quot;17&quot;&gt;\r\n									&lt;td class=&quot;xl67&quot; height=&quot;17&quot; style=&quot;height:12.75pt;width:106pt&quot; width=&quot;141&quot;&gt;126 x 76 x 7&lt;/td&gt;\r\n								&lt;/tr&gt;\r\n							&lt;/tbody&gt;\r\n						&lt;/table&gt;\r\n						&lt;/td&gt;\r\n					&lt;/tr&gt;\r\n				&lt;/tbody&gt;\r\n			&lt;/table&gt;\r\n			&lt;/td&gt;\r\n		&lt;/tr&gt;\r\n		&lt;tr&gt;\r\n			&lt;td&gt;Puslapių skaičius&lt;/td&gt;\r\n			&lt;td&gt;100 (50 lapų)&lt;/td&gt;\r\n		&lt;/tr&gt;\r\n	&lt;/tbody&gt;\r\n&lt;/table&gt;\r\n\r\n&lt;p&gt;Trumpas filmukas apie Rite in the Rain užrašų bloknotą:&lt;/p&gt;\r\n\r\n&lt;p&gt;&lt;iframe allowfullscreen=&quot;&quot; frameborder=&quot;0&quot; height=&quot;315&quot; src=&quot;//www.youtube.com/embed/dXydhZ1IjSs&quot; width=&quot;560&quot;&gt;&lt;/iframe&gt;&lt;/p&gt;\r\n\r\n&lt;p&gt;Ir kiek ilgesnis video:&lt;br /&gt;\r\n&lt;iframe allowfullscreen=&quot;&quot; frameborder=&quot;0&quot; height=&quot;315&quot; src=&quot;//www.youtube.com/embed/ZBRmyCDHDHU&quot; width=&quot;560&quot;&gt;&lt;/iframe&gt;&lt;/p&gt;\r\n','','','Užrašų knygelė, Rite in The Rain, gelsvai ruda, nešlampanti, No 935T, bloknotas'),(270,1,'Medium Rite in the Rain Logbook No935T, Tan','&lt;p&gt;&lt;b&gt;Rite in the Rain is a patented, environmentally responsible, all-weather writing paper that sheds water and enables you to write anywhere, in any weather.&lt;/b&gt;&lt;br /&gt;\r\nThe global standard for tactical colored notebooks. Protect yourself and your notes by using Rite in the Rain Tactical Pocket Notebooks. These spiral bound notebooks have 100 Universal pages (50 sheets) in Green. With the Universal Pattern you can use this text for notes and scaled drawings. Useful reference material is also printed on the back and inside covers.&lt;br /&gt;\r\nMade in the USA&lt;br /&gt;\r\n&amp;nbsp;&lt;/p&gt;\r\n\r\n&lt;table border=&quot;1&quot; cellpadding=&quot;1&quot; cellspacing=&quot;1&quot; style=&quot;width: 350px;&quot;&gt;\r\n	&lt;tbody&gt;\r\n		&lt;tr&gt;\r\n			&lt;td&gt;&lt;strong&gt;Parameters:&lt;/strong&gt;&lt;/td&gt;\r\n			&lt;td&gt;&amp;nbsp;&lt;/td&gt;\r\n		&lt;/tr&gt;\r\n		&lt;tr&gt;\r\n			&lt;td&gt;Max dimensions, mm&lt;/td&gt;\r\n			&lt;td&gt;\r\n			&lt;table border=&quot;0&quot; cellpadding=&quot;0&quot; cellspacing=&quot;0&quot; width=&quot;141&quot;&gt;\r\n				&lt;colgroup&gt;\r\n					&lt;col width=&quot;141&quot; /&gt;\r\n				&lt;/colgroup&gt;\r\n				&lt;tbody&gt;\r\n					&lt;tr height=&quot;17&quot;&gt;\r\n						&lt;td class=&quot;xl67&quot; height=&quot;17&quot; style=&quot;height:12.75pt;width:106pt&quot; width=&quot;141&quot;&gt;\r\n						&lt;table border=&quot;0&quot; cellpadding=&quot;0&quot; cellspacing=&quot;0&quot; width=&quot;141&quot;&gt;\r\n							&lt;tbody&gt;\r\n								&lt;tr height=&quot;17&quot;&gt;\r\n									&lt;td class=&quot;xl67&quot; height=&quot;17&quot; style=&quot;height:12.75pt;width:106pt&quot; width=&quot;141&quot;&gt;\r\n									&lt;table border=&quot;0&quot; cellpadding=&quot;0&quot; cellspacing=&quot;0&quot; width=&quot;141&quot;&gt;\r\n										&lt;colgroup&gt;\r\n											&lt;col width=&quot;141&quot; /&gt;\r\n										&lt;/colgroup&gt;\r\n										&lt;tbody&gt;\r\n											&lt;tr height=&quot;17&quot;&gt;\r\n												&lt;td class=&quot;xl67&quot; height=&quot;17&quot; style=&quot;height:12.75pt;width:106pt&quot; width=&quot;141&quot;&gt;\r\n												&lt;table border=&quot;0&quot; cellpadding=&quot;0&quot; cellspacing=&quot;0&quot; width=&quot;141&quot;&gt;\r\n													&lt;tbody&gt;\r\n														&lt;tr height=&quot;17&quot;&gt;\r\n															&lt;td class=&quot;xl67&quot; height=&quot;17&quot; style=&quot;height:12.75pt;width:106pt&quot; width=&quot;141&quot;&gt;\r\n															&lt;table border=&quot;0&quot; cellpadding=&quot;0&quot; cellspacing=&quot;0&quot; width=&quot;141&quot;&gt;\r\n																&lt;tbody&gt;\r\n																	&lt;tr height=&quot;17&quot;&gt;\r\n																		&lt;td class=&quot;xl67&quot; height=&quot;17&quot; style=&quot;height:12.75pt;width:106pt&quot; width=&quot;141&quot;&gt;\r\n																		&lt;table border=&quot;0&quot; cellpadding=&quot;0&quot; cellspacing=&quot;0&quot; width=&quot;141&quot;&gt;\r\n																			&lt;tbody&gt;\r\n																				&lt;tr height=&quot;17&quot;&gt;\r\n																					&lt;td class=&quot;xl67&quot; height=&quot;17&quot; style=&quot;height:12.75pt;width:106pt&quot; width=&quot;141&quot;&gt;133 x 76 x 10&lt;/td&gt;\r\n																				&lt;/tr&gt;\r\n																			&lt;/tbody&gt;\r\n																		&lt;/table&gt;\r\n																		&lt;/td&gt;\r\n																	&lt;/tr&gt;\r\n																&lt;/tbody&gt;\r\n															&lt;/table&gt;\r\n															&lt;/td&gt;\r\n														&lt;/tr&gt;\r\n													&lt;/tbody&gt;\r\n												&lt;/table&gt;\r\n												&lt;/td&gt;\r\n											&lt;/tr&gt;\r\n										&lt;/tbody&gt;\r\n									&lt;/table&gt;\r\n									&lt;/td&gt;\r\n								&lt;/tr&gt;\r\n							&lt;/tbody&gt;\r\n						&lt;/table&gt;\r\n						&lt;/td&gt;\r\n					&lt;/tr&gt;\r\n				&lt;/tbody&gt;\r\n			&lt;/table&gt;\r\n			&lt;/td&gt;\r\n		&lt;/tr&gt;\r\n		&lt;tr&gt;\r\n			&lt;td&gt;Usefull area, mm&lt;/td&gt;\r\n			&lt;td&gt;\r\n			&lt;table border=&quot;0&quot; cellpadding=&quot;0&quot; cellspacing=&quot;0&quot; width=&quot;141&quot;&gt;\r\n				&lt;colgroup&gt;\r\n					&lt;col width=&quot;141&quot; /&gt;\r\n				&lt;/colgroup&gt;\r\n				&lt;tbody&gt;\r\n					&lt;tr height=&quot;17&quot;&gt;\r\n						&lt;td class=&quot;xl67&quot; height=&quot;17&quot; style=&quot;height:12.75pt;width:106pt&quot; width=&quot;141&quot;&gt;\r\n						&lt;table border=&quot;0&quot; cellpadding=&quot;0&quot; cellspacing=&quot;0&quot; width=&quot;141&quot;&gt;\r\n							&lt;colgroup&gt;\r\n								&lt;col width=&quot;141&quot; /&gt;\r\n							&lt;/colgroup&gt;\r\n							&lt;tbody&gt;\r\n								&lt;tr height=&quot;17&quot;&gt;\r\n									&lt;td class=&quot;xl67&quot; height=&quot;17&quot; style=&quot;height:12.75pt;width:106pt&quot; width=&quot;141&quot;&gt;126 x 76 x 7&lt;/td&gt;\r\n								&lt;/tr&gt;\r\n							&lt;/tbody&gt;\r\n						&lt;/table&gt;\r\n						&lt;/td&gt;\r\n					&lt;/tr&gt;\r\n				&lt;/tbody&gt;\r\n			&lt;/table&gt;\r\n			&lt;/td&gt;\r\n		&lt;/tr&gt;\r\n		&lt;tr&gt;\r\n			&lt;td&gt;Number of pages&lt;/td&gt;\r\n			&lt;td&gt;100 (50 sheets)&lt;/td&gt;\r\n		&lt;/tr&gt;\r\n	&lt;/tbody&gt;\r\n&lt;/table&gt;\r\n\r\n&lt;p&gt;&amp;nbsp;&lt;/p&gt;\r\n\r\n&lt;p&gt;Short video about the product:&lt;/p&gt;\r\n\r\n&lt;p&gt;&lt;iframe allowfullscreen=&quot;&quot; frameborder=&quot;0&quot; height=&quot;315&quot; src=&quot;//www.youtube.com/embed/dXydhZ1IjSs&quot; width=&quot;560&quot;&gt;&lt;/iframe&gt;&lt;/p&gt;\r\n\r\n&lt;p&gt;Longer video:&lt;/p&gt;\r\n\r\n&lt;p&gt;&lt;iframe allowfullscreen=&quot;&quot; frameborder=&quot;0&quot; height=&quot;315&quot; src=&quot;//www.youtube.com/embed/ZBRmyCDHDHU&quot; width=&quot;560&quot;&gt;&lt;/iframe&gt;&lt;/p&gt;\r\n','','','Logbook, Rite in The Rain, 935T, tan, spiral'),(271,2,'Vidutinė Rite in the Rain užrašų knygelė ','&lt;p&gt;Oficiali Geocaching.com aukštos kokybės užrašų knygelė, telpanti į didenius lobiukus. Knygelės viršelyje yra oficialus Geocaching.com logo, taip pat numatyta vieta lobio pavadinimui, koordinatėms, GC kodui, savininko vardui ir paslėpimo datai. Knygelės nugarėlėje numatytos kelios lobiavimo etiketo taisyklės. Knygelė pagaminta iš nebijančio drėgmės &quot;Rite in the Rain&quot; popieriaus&lt;/p&gt;\r\n\r\n&lt;table border=&quot;1&quot; cellpadding=&quot;1&quot; cellspacing=&quot;1&quot; style=&quot;width: 350px;&quot;&gt;\r\n	&lt;tbody&gt;\r\n		&lt;tr&gt;\r\n			&lt;td&gt;&lt;strong&gt;Parametrai:&lt;/strong&gt;&lt;/td&gt;\r\n			&lt;td&gt;&amp;nbsp;&lt;/td&gt;\r\n		&lt;/tr&gt;\r\n		&lt;tr&gt;\r\n			&lt;td&gt;Maksimalūs matmenys, mm&lt;/td&gt;\r\n			&lt;td&gt;\r\n			&lt;table border=&quot;0&quot; cellpadding=&quot;0&quot; cellspacing=&quot;0&quot; width=&quot;141&quot;&gt;\r\n				&lt;colgroup&gt;\r\n					&lt;col width=&quot;141&quot; /&gt;\r\n				&lt;/colgroup&gt;\r\n				&lt;tbody&gt;\r\n					&lt;tr height=&quot;17&quot;&gt;\r\n						&lt;td class=&quot;xl67&quot; height=&quot;17&quot; style=&quot;height:12.75pt;width:106pt&quot; width=&quot;141&quot;&gt;\r\n						&lt;table border=&quot;0&quot; cellpadding=&quot;0&quot; cellspacing=&quot;0&quot; width=&quot;141&quot;&gt;\r\n							&lt;tbody&gt;\r\n								&lt;tr height=&quot;17&quot;&gt;\r\n									&lt;td class=&quot;xl67&quot; height=&quot;17&quot; style=&quot;height:12.75pt;width:106pt&quot; width=&quot;141&quot;&gt;\r\n									&lt;table border=&quot;0&quot; cellpadding=&quot;0&quot; cellspacing=&quot;0&quot; width=&quot;141&quot;&gt;\r\n										&lt;colgroup&gt;\r\n											&lt;col width=&quot;141&quot; /&gt;\r\n										&lt;/colgroup&gt;\r\n										&lt;tbody&gt;\r\n											&lt;tr height=&quot;17&quot;&gt;\r\n												&lt;td class=&quot;xl67&quot; height=&quot;17&quot; style=&quot;height:12.75pt;width:106pt&quot; width=&quot;141&quot;&gt;118 x 83 x 3,5&lt;/td&gt;\r\n											&lt;/tr&gt;\r\n										&lt;/tbody&gt;\r\n									&lt;/table&gt;\r\n									&lt;/td&gt;\r\n								&lt;/tr&gt;\r\n							&lt;/tbody&gt;\r\n						&lt;/table&gt;\r\n						&lt;/td&gt;\r\n					&lt;/tr&gt;\r\n				&lt;/tbody&gt;\r\n			&lt;/table&gt;\r\n			&lt;/td&gt;\r\n		&lt;/tr&gt;\r\n		&lt;tr&gt;\r\n			&lt;td&gt;Naudingas dydis, mm&lt;/td&gt;\r\n			&lt;td&gt;\r\n			&lt;table border=&quot;0&quot; cellpadding=&quot;0&quot; cellspacing=&quot;0&quot; width=&quot;141&quot;&gt;\r\n				&lt;colgroup&gt;\r\n					&lt;col width=&quot;141&quot; /&gt;\r\n				&lt;/colgroup&gt;\r\n				&lt;tbody&gt;\r\n					&lt;tr height=&quot;17&quot;&gt;\r\n						&lt;td class=&quot;xl67&quot; height=&quot;17&quot; style=&quot;height:12.75pt;width:106pt&quot; width=&quot;141&quot;&gt;\r\n						&lt;table border=&quot;0&quot; cellpadding=&quot;0&quot; cellspacing=&quot;0&quot; width=&quot;141&quot;&gt;\r\n							&lt;colgroup&gt;\r\n								&lt;col width=&quot;141&quot; /&gt;\r\n							&lt;/colgroup&gt;\r\n							&lt;tbody&gt;\r\n								&lt;tr height=&quot;17&quot;&gt;\r\n									&lt;td class=&quot;xl67&quot; height=&quot;17&quot; style=&quot;height:12.75pt;width:106pt&quot; width=&quot;141&quot;&gt;118 x 83 x 3&lt;/td&gt;\r\n								&lt;/tr&gt;\r\n							&lt;/tbody&gt;\r\n						&lt;/table&gt;\r\n						&lt;/td&gt;\r\n					&lt;/tr&gt;\r\n				&lt;/tbody&gt;\r\n			&lt;/table&gt;\r\n			&lt;/td&gt;\r\n		&lt;/tr&gt;\r\n		&lt;tr&gt;\r\n			&lt;td&gt;Puslapių skaičius&lt;/td&gt;\r\n			&lt;td&gt;24&lt;/td&gt;\r\n		&lt;/tr&gt;\r\n	&lt;/tbody&gt;\r\n&lt;/table&gt;\r\n\r\n&lt;p&gt;&amp;nbsp;&lt;/p&gt;\r\n','','','Užrašų knygelė, Rite in The Rain, Bloknotas'),(271,1,'Medium Rite in the Rain Logbook','&lt;p&gt;&lt;b&gt;Rite in the Rain is a patented, environmentally responsible, all-weather writing paper that sheds water and enables you to write anywhere, in any weather.&lt;/b&gt;&lt;br /&gt;\r\nThe logbook measures 3.25&quot; x 4.5&quot; and is sized to fit a wide range of large cache containers.The front cover has the Geocaching.com logo, a place for the cache name, waypoint, GC code and contact information. The back of the logbook has basic Geocaching trail etiquette along with general information about the game. Inside are 12 double-sided lined sheets (24 pages total) of &quot;Rite in the Rain&quot; all-weather paper.&lt;/p&gt;\r\n\r\n&lt;table border=&quot;1&quot; cellpadding=&quot;1&quot; cellspacing=&quot;1&quot; style=&quot;width: 350px;&quot;&gt;\r\n	&lt;tbody&gt;\r\n		&lt;tr&gt;\r\n			&lt;td&gt;&lt;strong&gt;Parameters:&lt;/strong&gt;&lt;/td&gt;\r\n			&lt;td&gt;&amp;nbsp;&lt;/td&gt;\r\n		&lt;/tr&gt;\r\n		&lt;tr&gt;\r\n			&lt;td&gt;Max dimensions, mm&lt;/td&gt;\r\n			&lt;td&gt;\r\n			&lt;table border=&quot;0&quot; cellpadding=&quot;0&quot; cellspacing=&quot;0&quot; width=&quot;141&quot;&gt;\r\n				&lt;colgroup&gt;\r\n					&lt;col width=&quot;141&quot; /&gt;\r\n				&lt;/colgroup&gt;\r\n				&lt;tbody&gt;\r\n					&lt;tr height=&quot;17&quot;&gt;\r\n						&lt;td class=&quot;xl67&quot; height=&quot;17&quot; style=&quot;height:12.75pt;width:106pt&quot; width=&quot;141&quot;&gt;\r\n						&lt;table border=&quot;0&quot; cellpadding=&quot;0&quot; cellspacing=&quot;0&quot; width=&quot;141&quot;&gt;\r\n							&lt;tbody&gt;\r\n								&lt;tr height=&quot;17&quot;&gt;\r\n									&lt;td class=&quot;xl67&quot; height=&quot;17&quot; style=&quot;height:12.75pt;width:106pt&quot; width=&quot;141&quot;&gt;\r\n									&lt;table border=&quot;0&quot; cellpadding=&quot;0&quot; cellspacing=&quot;0&quot; width=&quot;141&quot;&gt;\r\n										&lt;colgroup&gt;\r\n											&lt;col width=&quot;141&quot; /&gt;\r\n										&lt;/colgroup&gt;\r\n										&lt;tbody&gt;\r\n											&lt;tr height=&quot;17&quot;&gt;\r\n												&lt;td class=&quot;xl67&quot; height=&quot;17&quot; style=&quot;height:12.75pt;width:106pt&quot; width=&quot;141&quot;&gt;118 x 83 x 3,5&lt;/td&gt;\r\n											&lt;/tr&gt;\r\n										&lt;/tbody&gt;\r\n									&lt;/table&gt;\r\n									&lt;/td&gt;\r\n								&lt;/tr&gt;\r\n							&lt;/tbody&gt;\r\n						&lt;/table&gt;\r\n						&lt;/td&gt;\r\n					&lt;/tr&gt;\r\n				&lt;/tbody&gt;\r\n			&lt;/table&gt;\r\n			&lt;/td&gt;\r\n		&lt;/tr&gt;\r\n		&lt;tr&gt;\r\n			&lt;td&gt;Usefull area, mm&lt;/td&gt;\r\n			&lt;td&gt;\r\n			&lt;table border=&quot;0&quot; cellpadding=&quot;0&quot; cellspacing=&quot;0&quot; width=&quot;141&quot;&gt;\r\n				&lt;colgroup&gt;\r\n					&lt;col width=&quot;141&quot; /&gt;\r\n				&lt;/colgroup&gt;\r\n				&lt;tbody&gt;\r\n					&lt;tr height=&quot;17&quot;&gt;\r\n						&lt;td class=&quot;xl67&quot; height=&quot;17&quot; style=&quot;height:12.75pt;width:106pt&quot; width=&quot;141&quot;&gt;\r\n						&lt;table border=&quot;0&quot; cellpadding=&quot;0&quot; cellspacing=&quot;0&quot; width=&quot;141&quot;&gt;\r\n							&lt;colgroup&gt;\r\n								&lt;col width=&quot;141&quot; /&gt;\r\n							&lt;/colgroup&gt;\r\n							&lt;tbody&gt;\r\n								&lt;tr height=&quot;17&quot;&gt;\r\n									&lt;td class=&quot;xl67&quot; height=&quot;17&quot; style=&quot;height:12.75pt;width:106pt&quot; width=&quot;141&quot;&gt;118 x 83 x 3&lt;/td&gt;\r\n								&lt;/tr&gt;\r\n							&lt;/tbody&gt;\r\n						&lt;/table&gt;\r\n						&lt;/td&gt;\r\n					&lt;/tr&gt;\r\n				&lt;/tbody&gt;\r\n			&lt;/table&gt;\r\n			&lt;/td&gt;\r\n		&lt;/tr&gt;\r\n		&lt;tr&gt;\r\n			&lt;td&gt;Number of pages&lt;/td&gt;\r\n			&lt;td&gt;24&lt;/td&gt;\r\n		&lt;/tr&gt;\r\n	&lt;/tbody&gt;\r\n&lt;/table&gt;\r\n\r\n&lt;p&gt;&amp;nbsp;&lt;/p&gt;\r\n','','','Logbook,Rite in The Rain'),(272,1,'Geocoin cover','&lt;p&gt;Double PVC cover for regular size Geocoins&lt;/p&gt;\r\n\r\n&lt;table border=&quot;1&quot; cellpadding=&quot;1&quot; cellspacing=&quot;1&quot; style=&quot;width: 300px;&quot;&gt;\r\n	&lt;tbody&gt;\r\n		&lt;tr&gt;\r\n			&lt;td&gt;&lt;strong&gt;Parameters:&lt;/strong&gt;&lt;/td&gt;\r\n			&lt;td&gt;&amp;nbsp;&lt;/td&gt;\r\n		&lt;/tr&gt;\r\n		&lt;tr&gt;\r\n			&lt;td&gt;Dimensions, mm&lt;/td&gt;\r\n			&lt;td&gt;\r\n			&lt;table border=&quot;0&quot; cellpadding=&quot;0&quot; cellspacing=&quot;0&quot; width=&quot;141&quot;&gt;\r\n				&lt;colgroup&gt;\r\n					&lt;col width=&quot;141&quot; /&gt;\r\n				&lt;/colgroup&gt;\r\n				&lt;tbody&gt;\r\n					&lt;tr height=&quot;17&quot;&gt;\r\n						&lt;td class=&quot;xl67&quot; height=&quot;17&quot; style=&quot;height:12.75pt;width:106pt&quot; width=&quot;141&quot;&gt;\r\n						&lt;table border=&quot;0&quot; cellpadding=&quot;0&quot; cellspacing=&quot;0&quot; width=&quot;141&quot;&gt;\r\n							&lt;tbody&gt;\r\n								&lt;tr height=&quot;17&quot;&gt;\r\n									&lt;td class=&quot;xl67&quot; height=&quot;17&quot; style=&quot;height:12.75pt;width:106pt&quot; width=&quot;141&quot;&gt;2x 58 x 58&lt;/td&gt;\r\n								&lt;/tr&gt;\r\n							&lt;/tbody&gt;\r\n						&lt;/table&gt;\r\n						&lt;/td&gt;\r\n					&lt;/tr&gt;\r\n				&lt;/tbody&gt;\r\n			&lt;/table&gt;\r\n			&lt;/td&gt;\r\n		&lt;/tr&gt;\r\n	&lt;/tbody&gt;\r\n&lt;/table&gt;\r\n\r\n&lt;p&gt;&amp;nbsp;&lt;/p&gt;\r\n\r\n&lt;p&gt;&amp;nbsp;&lt;/p&gt;\r\n','','','Geocoin cover, holder'),(272,2,'Dėklas geomonetoms','&lt;p&gt;Tai dvigubas skaidrus PVC dėkliukas, &quot;normalaus&quot; dydžio geomonetai&lt;/p&gt;\r\n\r\n&lt;table border=&quot;1&quot; cellpadding=&quot;1&quot; cellspacing=&quot;1&quot; style=&quot;width: 300px;&quot;&gt;\r\n	&lt;tbody&gt;\r\n		&lt;tr&gt;\r\n			&lt;td&gt;&lt;strong&gt;Parametrai:&lt;/strong&gt;&lt;/td&gt;\r\n			&lt;td&gt;&amp;nbsp;&lt;/td&gt;\r\n		&lt;/tr&gt;\r\n		&lt;tr&gt;\r\n			&lt;td&gt;Matmenys, mm&lt;/td&gt;\r\n			&lt;td&gt;\r\n			&lt;table border=&quot;0&quot; cellpadding=&quot;0&quot; cellspacing=&quot;0&quot; width=&quot;141&quot;&gt;\r\n				&lt;colgroup&gt;\r\n					&lt;col width=&quot;141&quot; /&gt;\r\n				&lt;/colgroup&gt;\r\n				&lt;tbody&gt;\r\n					&lt;tr height=&quot;17&quot;&gt;\r\n						&lt;td class=&quot;xl67&quot; height=&quot;17&quot; style=&quot;height:12.75pt;width:106pt&quot; width=&quot;141&quot;&gt;\r\n						&lt;table border=&quot;0&quot; cellpadding=&quot;0&quot; cellspacing=&quot;0&quot; width=&quot;141&quot;&gt;\r\n							&lt;tbody&gt;\r\n								&lt;tr height=&quot;17&quot;&gt;\r\n									&lt;td class=&quot;xl67&quot; height=&quot;17&quot; style=&quot;height:12.75pt;width:106pt&quot; width=&quot;141&quot;&gt;\r\n									&lt;table border=&quot;0&quot; cellpadding=&quot;0&quot; cellspacing=&quot;0&quot; width=&quot;141&quot;&gt;\r\n										&lt;tbody&gt;\r\n											&lt;tr height=&quot;17&quot;&gt;\r\n												&lt;td class=&quot;xl67&quot; height=&quot;17&quot; style=&quot;height:12.75pt;width:106pt&quot; width=&quot;141&quot;&gt;12x58 x 58&lt;/td&gt;\r\n											&lt;/tr&gt;\r\n										&lt;/tbody&gt;\r\n									&lt;/table&gt;\r\n									&lt;/td&gt;\r\n								&lt;/tr&gt;\r\n							&lt;/tbody&gt;\r\n						&lt;/table&gt;\r\n						&lt;/td&gt;\r\n					&lt;/tr&gt;\r\n				&lt;/tbody&gt;\r\n			&lt;/table&gt;\r\n			&lt;/td&gt;\r\n		&lt;/tr&gt;\r\n	&lt;/tbody&gt;\r\n&lt;/table&gt;\r\n\r\n&lt;p&gt;&amp;nbsp;&lt;/p&gt;\r\n','','','Dėklas Geomonetoms, PVC, laikiklis, dėkliukas, dėklas'),(274,2,'50mm ištraukiamas teleskopinis veidrodėlis','&lt;p&gt;Nedidelis ištraukiamas veidrodėlis, skirtas apžiūrėti sunkiai pasiekiamoms vietoms&lt;/p&gt;\r\n\r\n&lt;table border=&quot;1&quot; cellpadding=&quot;1&quot; cellspacing=&quot;1&quot; style=&quot;width: 300px;&quot;&gt;\r\n	&lt;tbody&gt;\r\n		&lt;tr&gt;\r\n			&lt;td&gt;&lt;strong&gt;Parametrai:&lt;/strong&gt;&amp;nbsp;&amp;nbsp;&amp;nbsp;&amp;nbsp;&amp;nbsp;&amp;nbsp;&amp;nbsp;&amp;nbsp;&amp;nbsp;&amp;nbsp;&amp;nbsp;&amp;nbsp;&amp;nbsp;&amp;nbsp;&amp;nbsp;&amp;nbsp;&amp;nbsp;&amp;nbsp;&amp;nbsp;&amp;nbsp;&lt;/td&gt;\r\n			&lt;td&gt;&amp;nbsp;&lt;/td&gt;\r\n		&lt;/tr&gt;\r\n		&lt;tr&gt;\r\n			&lt;td&gt;Veidrodėlio skermuo, mm&lt;/td&gt;\r\n			&lt;td&gt;50&lt;/td&gt;\r\n		&lt;/tr&gt;\r\n		&lt;tr&gt;\r\n			&lt;td&gt;Ilgis, cm&lt;/td&gt;\r\n			&lt;td&gt;17,5 - 60,5&lt;/td&gt;\r\n		&lt;/tr&gt;\r\n	&lt;/tbody&gt;\r\n&lt;/table&gt;\r\n\r\n&lt;p&gt;&amp;nbsp;&lt;/p&gt;\r\n','','','Lobiautojo įrankiai, Veidrodėlis'),(274,1,'50mm Observation mirror, retractable','&lt;p&gt;Retractable mirror is used to observe problematic places&lt;/p&gt;\r\n\r\n&lt;table border=&quot;1&quot; cellpadding=&quot;1&quot; cellspacing=&quot;1&quot; height=&quot;78&quot; width=&quot;300&quot;&gt;\r\n	&lt;tbody&gt;\r\n		&lt;tr&gt;\r\n			&lt;td&gt;&lt;strong&gt;Parameters:&lt;/strong&gt;&lt;/td&gt;\r\n			&lt;td&gt;&amp;nbsp;&lt;/td&gt;\r\n		&lt;/tr&gt;\r\n		&lt;tr&gt;\r\n			&lt;td&gt;Mirror width, mm&lt;/td&gt;\r\n			&lt;td&gt;50&lt;/td&gt;\r\n		&lt;/tr&gt;\r\n		&lt;tr&gt;\r\n			&lt;td&gt;Lenghth, cm&lt;/td&gt;\r\n			&lt;td&gt;\r\n			&lt;table border=&quot;0&quot; cellpadding=&quot;0&quot; cellspacing=&quot;0&quot; width=&quot;141&quot;&gt;\r\n				&lt;colgroup&gt;\r\n					&lt;col width=&quot;141&quot; /&gt;\r\n				&lt;/colgroup&gt;\r\n				&lt;tbody&gt;\r\n					&lt;tr height=&quot;17&quot;&gt;\r\n						&lt;td class=&quot;xl67&quot; height=&quot;17&quot; style=&quot;height:12.75pt;width:106pt&quot; width=&quot;141&quot;&gt;\r\n						&lt;table border=&quot;0&quot; cellpadding=&quot;0&quot; cellspacing=&quot;0&quot; width=&quot;141&quot;&gt;\r\n							&lt;tbody&gt;\r\n								&lt;tr height=&quot;17&quot;&gt;\r\n									&lt;td class=&quot;xl67&quot; height=&quot;17&quot; style=&quot;height:12.75pt;width:106pt&quot; width=&quot;141&quot;&gt;17,5 - 60,5&lt;/td&gt;\r\n								&lt;/tr&gt;\r\n							&lt;/tbody&gt;\r\n						&lt;/table&gt;\r\n						&lt;/td&gt;\r\n					&lt;/tr&gt;\r\n				&lt;/tbody&gt;\r\n			&lt;/table&gt;\r\n			&lt;/td&gt;\r\n		&lt;/tr&gt;\r\n	&lt;/tbody&gt;\r\n&lt;/table&gt;\r\n\r\n&lt;p&gt;&amp;nbsp;&lt;/p&gt;\r\n','','','Geocachers tools, Mirror'),(275,2,'FTF aukso spalvos PET mikro konteinerio kamštelis','&lt;p&gt;Šis kamštelis &lt;strong&gt;yra tinkamas FTF.&lt;/strong&gt; Jį atsukus, išgirsite tą malonų garsą &quot;trakšt&quot;,&lt;br /&gt;\r\nkuris turėtų pasigirsti atsukinėjant kokį nors buteliuką pirmą kartą. Šis kamštelis tinka tik PET ruošiniams, turintiems aukštesnį kakliuką.&lt;/p&gt;\r\n\r\n&lt;table border=&quot;1&quot; cellpadding=&quot;1&quot; cellspacing=&quot;1&quot; style=&quot;width: 300px;&quot;&gt;\r\n	&lt;tbody&gt;\r\n		&lt;tr&gt;\r\n			&lt;td&gt;&lt;strong&gt;Matmenys:&lt;/strong&gt;&lt;/td&gt;\r\n			&lt;td&gt;Ilgis x skersmuo, mm&lt;/td&gt;\r\n		&lt;/tr&gt;\r\n		&lt;tr&gt;\r\n			&lt;td&gt;Išorė(max)&lt;/td&gt;\r\n			&lt;td&gt;\r\n			&lt;table border=&quot;0&quot; cellpadding=&quot;0&quot; cellspacing=&quot;0&quot; width=&quot;141&quot;&gt;\r\n				&lt;colgroup&gt;\r\n					&lt;col width=&quot;141&quot; /&gt;\r\n				&lt;/colgroup&gt;\r\n				&lt;tbody&gt;\r\n					&lt;tr height=&quot;17&quot;&gt;\r\n						&lt;td class=&quot;xl67&quot; height=&quot;17&quot; style=&quot;width: 106pt; height: 12.75pt;&quot; width=&quot;141&quot;&gt;\r\n						&lt;table border=&quot;0&quot; cellpadding=&quot;0&quot; cellspacing=&quot;0&quot; width=&quot;141&quot;&gt;\r\n							&lt;tbody&gt;\r\n								&lt;tr height=&quot;17&quot;&gt;\r\n									&lt;td class=&quot;xl67&quot; height=&quot;17&quot; style=&quot;width: 106pt; height: 12.75pt;&quot; width=&quot;141&quot;&gt;\r\n									&lt;table border=&quot;0&quot; cellpadding=&quot;0&quot; cellspacing=&quot;0&quot; width=&quot;141&quot;&gt;\r\n										&lt;colgroup&gt;\r\n											&lt;col width=&quot;141&quot; /&gt;\r\n										&lt;/colgroup&gt;\r\n										&lt;tbody&gt;\r\n											&lt;tr height=&quot;17&quot;&gt;\r\n												&lt;td class=&quot;xl68&quot; height=&quot;17&quot; style=&quot;width: 106pt; height: 12.75pt;&quot; width=&quot;141&quot;&gt;19 x d30&lt;/td&gt;\r\n											&lt;/tr&gt;\r\n										&lt;/tbody&gt;\r\n									&lt;/table&gt;\r\n									&lt;/td&gt;\r\n								&lt;/tr&gt;\r\n							&lt;/tbody&gt;\r\n						&lt;/table&gt;\r\n						&lt;/td&gt;\r\n					&lt;/tr&gt;\r\n				&lt;/tbody&gt;\r\n			&lt;/table&gt;\r\n			&lt;/td&gt;\r\n		&lt;/tr&gt;\r\n		&lt;tr&gt;\r\n			&lt;td&gt;Išorė&lt;/td&gt;\r\n			&lt;td&gt;\r\n			&lt;table border=&quot;0&quot; cellpadding=&quot;0&quot; cellspacing=&quot;0&quot; width=&quot;141&quot;&gt;\r\n				&lt;colgroup&gt;\r\n					&lt;col width=&quot;141&quot; /&gt;\r\n				&lt;/colgroup&gt;\r\n				&lt;tbody&gt;\r\n					&lt;tr height=&quot;17&quot;&gt;\r\n						&lt;td class=&quot;xl67&quot; height=&quot;17&quot; style=&quot;width: 106pt; height: 12.75pt;&quot; width=&quot;141&quot;&gt;\r\n						&lt;table border=&quot;0&quot; cellpadding=&quot;0&quot; cellspacing=&quot;0&quot; width=&quot;141&quot;&gt;\r\n							&lt;colgroup&gt;\r\n								&lt;col width=&quot;141&quot; /&gt;\r\n							&lt;/colgroup&gt;\r\n							&lt;tbody&gt;\r\n								&lt;tr height=&quot;17&quot;&gt;\r\n									&lt;td class=&quot;xl68&quot; height=&quot;17&quot; style=&quot;width: 106pt; height: 12.75pt;&quot; width=&quot;141&quot;&gt;14 x d30&lt;/td&gt;\r\n								&lt;/tr&gt;\r\n							&lt;/tbody&gt;\r\n						&lt;/table&gt;\r\n						&lt;/td&gt;\r\n					&lt;/tr&gt;\r\n				&lt;/tbody&gt;\r\n			&lt;/table&gt;\r\n			&lt;/td&gt;\r\n		&lt;/tr&gt;\r\n	&lt;/tbody&gt;\r\n&lt;/table&gt;\r\n\r\n&lt;p&gt;&amp;nbsp;&lt;/p&gt;\r\n','','','PET, Mikro konteineris, kamštelis, kamštukas, FTF'),(275,1,'FTF gold PET micro container cap','&lt;p&gt;This cap &lt;strong&gt;is suitable for FTF&lt;/strong&gt; caches.&lt;/p&gt;\r\n\r\n&lt;table border=&quot;1&quot; cellpadding=&quot;1&quot; cellspacing=&quot;1&quot; style=&quot;width: 300px;&quot;&gt;\r\n	&lt;tbody&gt;\r\n		&lt;tr&gt;\r\n			&lt;td&gt;&lt;strong&gt;Dimensions:&lt;/strong&gt;&lt;/td&gt;\r\n			&lt;td&gt;Length x diameter, mm&lt;/td&gt;\r\n		&lt;/tr&gt;\r\n		&lt;tr&gt;\r\n			&lt;td&gt;Outer (max)&lt;/td&gt;\r\n			&lt;td&gt;\r\n			&lt;table border=&quot;0&quot; cellpadding=&quot;0&quot; cellspacing=&quot;0&quot; width=&quot;141&quot;&gt;\r\n				&lt;colgroup&gt;\r\n					&lt;col width=&quot;141&quot; /&gt;\r\n				&lt;/colgroup&gt;\r\n				&lt;tbody&gt;\r\n					&lt;tr height=&quot;17&quot;&gt;\r\n						&lt;td class=&quot;xl67&quot; height=&quot;17&quot; style=&quot;width: 106pt; height: 12.75pt;&quot; width=&quot;141&quot;&gt;\r\n						&lt;table border=&quot;0&quot; cellpadding=&quot;0&quot; cellspacing=&quot;0&quot; width=&quot;141&quot;&gt;\r\n							&lt;tbody&gt;\r\n								&lt;tr height=&quot;17&quot;&gt;\r\n									&lt;td class=&quot;xl67&quot; height=&quot;17&quot; style=&quot;width: 106pt; height: 12.75pt;&quot; width=&quot;141&quot;&gt;\r\n									&lt;table border=&quot;0&quot; cellpadding=&quot;0&quot; cellspacing=&quot;0&quot; width=&quot;141&quot;&gt;\r\n										&lt;colgroup&gt;\r\n											&lt;col width=&quot;141&quot; /&gt;\r\n										&lt;/colgroup&gt;\r\n										&lt;tbody&gt;\r\n											&lt;tr height=&quot;17&quot;&gt;\r\n												&lt;td class=&quot;xl68&quot; height=&quot;17&quot; style=&quot;width: 106pt; height: 12.75pt;&quot; width=&quot;141&quot;&gt;19 x d30&lt;/td&gt;\r\n											&lt;/tr&gt;\r\n										&lt;/tbody&gt;\r\n									&lt;/table&gt;\r\n									&lt;/td&gt;\r\n								&lt;/tr&gt;\r\n							&lt;/tbody&gt;\r\n						&lt;/table&gt;\r\n						&lt;/td&gt;\r\n					&lt;/tr&gt;\r\n				&lt;/tbody&gt;\r\n			&lt;/table&gt;\r\n			&lt;/td&gt;\r\n		&lt;/tr&gt;\r\n		&lt;tr&gt;\r\n			&lt;td&gt;Outer&lt;/td&gt;\r\n			&lt;td&gt;\r\n			&lt;table border=&quot;0&quot; cellpadding=&quot;0&quot; cellspacing=&quot;0&quot; width=&quot;141&quot;&gt;\r\n				&lt;colgroup&gt;\r\n					&lt;col width=&quot;141&quot; /&gt;\r\n				&lt;/colgroup&gt;\r\n				&lt;tbody&gt;\r\n					&lt;tr height=&quot;17&quot;&gt;\r\n						&lt;td class=&quot;xl67&quot; height=&quot;17&quot; style=&quot;width: 106pt; height: 12.75pt;&quot; width=&quot;141&quot;&gt;\r\n						&lt;table border=&quot;0&quot; cellpadding=&quot;0&quot; cellspacing=&quot;0&quot; width=&quot;141&quot;&gt;\r\n							&lt;colgroup&gt;\r\n								&lt;col width=&quot;141&quot; /&gt;\r\n							&lt;/colgroup&gt;\r\n							&lt;tbody&gt;\r\n								&lt;tr height=&quot;17&quot;&gt;\r\n									&lt;td class=&quot;xl67&quot; height=&quot;17&quot; style=&quot;width: 106pt; height: 12.75pt;&quot; width=&quot;141&quot;&gt;\r\n									&lt;table border=&quot;0&quot; cellpadding=&quot;0&quot; cellspacing=&quot;0&quot; width=&quot;141&quot;&gt;\r\n										&lt;colgroup&gt;\r\n											&lt;col width=&quot;141&quot; /&gt;\r\n										&lt;/colgroup&gt;\r\n										&lt;tbody&gt;\r\n											&lt;tr height=&quot;17&quot;&gt;\r\n												&lt;td class=&quot;xl68&quot; height=&quot;17&quot; style=&quot;width: 106pt; height: 12.75pt;&quot; width=&quot;141&quot;&gt;14 x d30&lt;/td&gt;\r\n											&lt;/tr&gt;\r\n										&lt;/tbody&gt;\r\n									&lt;/table&gt;\r\n									&lt;/td&gt;\r\n								&lt;/tr&gt;\r\n							&lt;/tbody&gt;\r\n						&lt;/table&gt;\r\n						&lt;/td&gt;\r\n					&lt;/tr&gt;\r\n				&lt;/tbody&gt;\r\n			&lt;/table&gt;\r\n			&lt;/td&gt;\r\n		&lt;/tr&gt;\r\n		&lt;tr&gt;\r\n			&lt;td&gt;Color&lt;/td&gt;\r\n			&lt;td&gt;Gold&lt;/td&gt;\r\n		&lt;/tr&gt;\r\n	&lt;/tbody&gt;\r\n&lt;/table&gt;\r\n\r\n&lt;p&gt;&amp;nbsp;&lt;/p&gt;\r\n','','','PET, Micro container, cap, FTF'),(276,2,'FTF geltonas PET mikro konteinerio kamštelis, 5L ruošiniui, XXL','&lt;p&gt;Šis &lt;strong&gt;FTF &lt;/strong&gt;kamštelis &lt;strong&gt;yra tinkamas dideliems, 5L talpos &lt;/strong&gt;PET konteineriams&lt;strong&gt; .&lt;/strong&gt; Jį atsukus, išgirsite tą malonų garsą &quot;trakšt&quot;,&lt;br /&gt;\r\nkuris turėtų pasigirsti atsukinėjant kokį nors buteliuką pirmą kartą.&lt;/p&gt;\r\n\r\n&lt;table border=&quot;1&quot; cellpadding=&quot;1&quot; cellspacing=&quot;1&quot; style=&quot;width: 300px;&quot;&gt;\r\n	&lt;tbody&gt;\r\n		&lt;tr&gt;\r\n			&lt;td&gt;&lt;strong&gt;Matmenys:&lt;/strong&gt;&lt;/td&gt;\r\n			&lt;td&gt;Ilgis x skersmuo, mm&lt;/td&gt;\r\n		&lt;/tr&gt;\r\n		&lt;tr&gt;\r\n			&lt;td&gt;Išorė(max)&lt;/td&gt;\r\n			&lt;td&gt;\r\n			&lt;table border=&quot;0&quot; cellpadding=&quot;0&quot; cellspacing=&quot;0&quot; width=&quot;141&quot;&gt;\r\n				&lt;colgroup&gt;\r\n					&lt;col width=&quot;141&quot; /&gt;\r\n				&lt;/colgroup&gt;\r\n				&lt;tbody&gt;\r\n					&lt;tr height=&quot;17&quot;&gt;\r\n						&lt;td class=&quot;xl67&quot; height=&quot;17&quot; style=&quot;height:12.75pt;width:106pt&quot; width=&quot;141&quot;&gt;\r\n						&lt;table border=&quot;0&quot; cellpadding=&quot;0&quot; cellspacing=&quot;0&quot; width=&quot;141&quot;&gt;\r\n							&lt;tbody&gt;\r\n								&lt;tr height=&quot;17&quot;&gt;\r\n									&lt;td class=&quot;xl67&quot; height=&quot;17&quot; style=&quot;height:12.75pt;width:106pt&quot; width=&quot;141&quot;&gt;\r\n									&lt;table border=&quot;0&quot; cellpadding=&quot;0&quot; cellspacing=&quot;0&quot; width=&quot;141&quot;&gt;\r\n										&lt;colgroup&gt;\r\n											&lt;col width=&quot;141&quot; /&gt;\r\n										&lt;/colgroup&gt;\r\n										&lt;tbody&gt;\r\n											&lt;tr height=&quot;17&quot;&gt;\r\n												&lt;td class=&quot;xl68&quot; height=&quot;17&quot; style=&quot;height:12.75pt;width:106pt&quot; width=&quot;141&quot;&gt;16,5 x d50&lt;/td&gt;\r\n											&lt;/tr&gt;\r\n										&lt;/tbody&gt;\r\n									&lt;/table&gt;\r\n									&lt;/td&gt;\r\n								&lt;/tr&gt;\r\n							&lt;/tbody&gt;\r\n						&lt;/table&gt;\r\n						&lt;/td&gt;\r\n					&lt;/tr&gt;\r\n				&lt;/tbody&gt;\r\n			&lt;/table&gt;\r\n			&lt;/td&gt;\r\n		&lt;/tr&gt;\r\n		&lt;tr&gt;\r\n			&lt;td&gt;Išorė&lt;/td&gt;\r\n			&lt;td&gt;\r\n			&lt;table border=&quot;0&quot; cellpadding=&quot;0&quot; cellspacing=&quot;0&quot; width=&quot;141&quot;&gt;\r\n				&lt;colgroup&gt;\r\n					&lt;col width=&quot;141&quot; /&gt;\r\n				&lt;/colgroup&gt;\r\n				&lt;tbody&gt;\r\n					&lt;tr height=&quot;17&quot;&gt;\r\n						&lt;td class=&quot;xl67&quot; height=&quot;17&quot; style=&quot;height:12.75pt;width:106pt&quot; width=&quot;141&quot;&gt;\r\n						&lt;table border=&quot;0&quot; cellpadding=&quot;0&quot; cellspacing=&quot;0&quot; width=&quot;141&quot;&gt;\r\n							&lt;colgroup&gt;\r\n								&lt;col width=&quot;141&quot; /&gt;\r\n							&lt;/colgroup&gt;\r\n							&lt;tbody&gt;\r\n								&lt;tr height=&quot;17&quot;&gt;\r\n									&lt;td class=&quot;xl68&quot; height=&quot;17&quot; style=&quot;height:12.75pt;width:106pt&quot; width=&quot;141&quot;&gt;11 x d50&lt;/td&gt;\r\n								&lt;/tr&gt;\r\n							&lt;/tbody&gt;\r\n						&lt;/table&gt;\r\n						&lt;/td&gt;\r\n					&lt;/tr&gt;\r\n				&lt;/tbody&gt;\r\n			&lt;/table&gt;\r\n			&lt;/td&gt;\r\n		&lt;/tr&gt;\r\n	&lt;/tbody&gt;\r\n&lt;/table&gt;\r\n\r\n&lt;p&gt;&amp;nbsp;&lt;/p&gt;\r\n','','','PET, Mikro konteineris, kamštelis, kamštukas, FTF'),(277,2,'PET mikro konteinerio kamštelis aukso spalvos (trumpas)','&lt;p&gt;Šis pamažinto aukščio kamštelis nėra tinkamas FTF. Jį atsukus, neišgirsite to malonaus &quot;trakšt&quot;,&lt;br /&gt;\r\nkuris turėtų pasigirsti atsukinėjant kokį nors buteliuką pirmą kartą. Nebent jį naudotumėte su atitinkamos&lt;br /&gt;\r\nformos (trumpesnio kaklelio) &lt;a href=&quot;http://www.geoshop.lt/index.php?route=product/product&amp;amp;product_id=279&amp;amp;search=%C5%BEali&amp;amp;page=2#.VOB2NixCjxo&quot;&gt;PET ruošiniais&lt;/a&gt;&lt;a href=&quot;http://www.geoshop.lt/index.php?route=product/product&amp;amp;product_id=279&amp;amp;search=%C5%BEali&amp;amp;page=2&quot; target=&quot;_blank&quot;&gt;.&lt;/a&gt;&lt;/p&gt;\r\n\r\n&lt;table border=&quot;1&quot; cellpadding=&quot;1&quot; cellspacing=&quot;1&quot; style=&quot;width: 300px;&quot;&gt;\r\n	&lt;tbody&gt;\r\n		&lt;tr&gt;\r\n			&lt;td&gt;&lt;strong&gt;Matmenys:&lt;/strong&gt;&lt;/td&gt;\r\n			&lt;td&gt;Ilgis x skersmuo, mm&lt;/td&gt;\r\n		&lt;/tr&gt;\r\n		&lt;tr&gt;\r\n			&lt;td&gt;Išorė(max)&lt;/td&gt;\r\n			&lt;td&gt;\r\n			&lt;table border=&quot;0&quot; cellpadding=&quot;0&quot; cellspacing=&quot;0&quot; width=&quot;141&quot;&gt;\r\n				&lt;colgroup&gt;\r\n					&lt;col width=&quot;141&quot; /&gt;\r\n				&lt;/colgroup&gt;\r\n				&lt;tbody&gt;\r\n					&lt;tr height=&quot;17&quot;&gt;\r\n						&lt;td class=&quot;xl67&quot; height=&quot;17&quot; style=&quot;height:12.75pt;width:106pt&quot; width=&quot;141&quot;&gt;\r\n						&lt;table border=&quot;0&quot; cellpadding=&quot;0&quot; cellspacing=&quot;0&quot; width=&quot;141&quot;&gt;\r\n							&lt;tbody&gt;\r\n								&lt;tr height=&quot;17&quot;&gt;\r\n									&lt;td class=&quot;xl67&quot; height=&quot;17&quot; style=&quot;height:12.75pt;width:106pt&quot; width=&quot;141&quot;&gt;\r\n									&lt;table border=&quot;0&quot; cellpadding=&quot;0&quot; cellspacing=&quot;0&quot; width=&quot;141&quot;&gt;\r\n										&lt;colgroup&gt;\r\n											&lt;col width=&quot;141&quot; /&gt;\r\n										&lt;/colgroup&gt;\r\n										&lt;tbody&gt;\r\n											&lt;tr height=&quot;17&quot;&gt;\r\n												&lt;td class=&quot;xl68&quot; height=&quot;17&quot; style=&quot;height:12.75pt;width:106pt&quot; width=&quot;141&quot;&gt;16 x d30&lt;/td&gt;\r\n											&lt;/tr&gt;\r\n										&lt;/tbody&gt;\r\n									&lt;/table&gt;\r\n									&lt;/td&gt;\r\n								&lt;/tr&gt;\r\n							&lt;/tbody&gt;\r\n						&lt;/table&gt;\r\n						&lt;/td&gt;\r\n					&lt;/tr&gt;\r\n				&lt;/tbody&gt;\r\n			&lt;/table&gt;\r\n			&lt;/td&gt;\r\n		&lt;/tr&gt;\r\n		&lt;tr&gt;\r\n			&lt;td&gt;Išorė&lt;/td&gt;\r\n			&lt;td&gt;\r\n			&lt;table border=&quot;0&quot; cellpadding=&quot;0&quot; cellspacing=&quot;0&quot; width=&quot;141&quot;&gt;\r\n				&lt;colgroup&gt;\r\n					&lt;col width=&quot;141&quot; /&gt;\r\n				&lt;/colgroup&gt;\r\n				&lt;tbody&gt;\r\n					&lt;tr height=&quot;17&quot;&gt;\r\n						&lt;td class=&quot;xl67&quot; height=&quot;17&quot; style=&quot;height:12.75pt;width:106pt&quot; width=&quot;141&quot;&gt;\r\n						&lt;table border=&quot;0&quot; cellpadding=&quot;0&quot; cellspacing=&quot;0&quot; width=&quot;141&quot;&gt;\r\n							&lt;colgroup&gt;\r\n								&lt;col width=&quot;141&quot; /&gt;\r\n							&lt;/colgroup&gt;\r\n							&lt;tbody&gt;\r\n								&lt;tr height=&quot;17&quot;&gt;\r\n									&lt;td class=&quot;xl68&quot; height=&quot;17&quot; style=&quot;height:12.75pt;width:106pt&quot; width=&quot;141&quot;&gt;11 x d30&lt;/td&gt;\r\n								&lt;/tr&gt;\r\n							&lt;/tbody&gt;\r\n						&lt;/table&gt;\r\n						&lt;/td&gt;\r\n					&lt;/tr&gt;\r\n				&lt;/tbody&gt;\r\n			&lt;/table&gt;\r\n			&lt;/td&gt;\r\n		&lt;/tr&gt;\r\n	&lt;/tbody&gt;\r\n&lt;/table&gt;\r\n\r\n&lt;p&gt;&amp;nbsp;&lt;/p&gt;\r\n','','','PET, Mikro konteineris, kamštelis, kamštukas'),(277,1,'PET micro container cap gold (short)','&lt;p&gt;This cap is not suitable for FTF caches for regular PET preforms. Because it is shorter than regular caps.&lt;/p&gt;\r\n\r\n&lt;p&gt;But it is a FTF cap for PET preforms with &lt;a href=&quot;http://www.geoshop.lt/index.php?route=product/product&amp;amp;product_id=279&amp;amp;search=%C5%BEali&amp;amp;page=2&quot; target=&quot;_blank&quot;&gt;shorter pin&lt;/a&gt;.&lt;/p&gt;\r\n\r\n&lt;table border=&quot;1&quot; cellpadding=&quot;1&quot; cellspacing=&quot;1&quot; style=&quot;width: 300px;&quot;&gt;\r\n	&lt;tbody&gt;\r\n		&lt;tr&gt;\r\n			&lt;td&gt;&lt;strong&gt;Dimensions:&lt;/strong&gt;&lt;/td&gt;\r\n			&lt;td&gt;Length x diameter, mm&lt;/td&gt;\r\n		&lt;/tr&gt;\r\n		&lt;tr&gt;\r\n			&lt;td&gt;Outer (max)&lt;/td&gt;\r\n			&lt;td&gt;\r\n			&lt;table border=&quot;0&quot; cellpadding=&quot;0&quot; cellspacing=&quot;0&quot; width=&quot;141&quot;&gt;\r\n				&lt;colgroup&gt;\r\n					&lt;col width=&quot;141&quot; /&gt;\r\n				&lt;/colgroup&gt;\r\n				&lt;tbody&gt;\r\n					&lt;tr height=&quot;17&quot;&gt;\r\n						&lt;td class=&quot;xl67&quot; height=&quot;17&quot; style=&quot;height:12.75pt;width:106pt&quot; width=&quot;141&quot;&gt;\r\n						&lt;table border=&quot;0&quot; cellpadding=&quot;0&quot; cellspacing=&quot;0&quot; width=&quot;141&quot;&gt;\r\n							&lt;tbody&gt;\r\n								&lt;tr height=&quot;17&quot;&gt;\r\n									&lt;td class=&quot;xl67&quot; height=&quot;17&quot; style=&quot;height:12.75pt;width:106pt&quot; width=&quot;141&quot;&gt;\r\n									&lt;table border=&quot;0&quot; cellpadding=&quot;0&quot; cellspacing=&quot;0&quot; width=&quot;141&quot;&gt;\r\n										&lt;colgroup&gt;\r\n											&lt;col width=&quot;141&quot; /&gt;\r\n										&lt;/colgroup&gt;\r\n										&lt;tbody&gt;\r\n											&lt;tr height=&quot;17&quot;&gt;\r\n												&lt;td class=&quot;xl68&quot; height=&quot;17&quot; style=&quot;height:12.75pt;width:106pt&quot; width=&quot;141&quot;&gt;16 x d30&lt;/td&gt;\r\n											&lt;/tr&gt;\r\n										&lt;/tbody&gt;\r\n									&lt;/table&gt;\r\n									&lt;/td&gt;\r\n								&lt;/tr&gt;\r\n							&lt;/tbody&gt;\r\n						&lt;/table&gt;\r\n						&lt;/td&gt;\r\n					&lt;/tr&gt;\r\n				&lt;/tbody&gt;\r\n			&lt;/table&gt;\r\n			&lt;/td&gt;\r\n		&lt;/tr&gt;\r\n		&lt;tr&gt;\r\n			&lt;td&gt;Outer&lt;/td&gt;\r\n			&lt;td&gt;\r\n			&lt;table border=&quot;0&quot; cellpadding=&quot;0&quot; cellspacing=&quot;0&quot; width=&quot;141&quot;&gt;\r\n				&lt;colgroup&gt;\r\n					&lt;col width=&quot;141&quot; /&gt;\r\n				&lt;/colgroup&gt;\r\n				&lt;tbody&gt;\r\n					&lt;tr height=&quot;17&quot;&gt;\r\n						&lt;td class=&quot;xl67&quot; height=&quot;17&quot; style=&quot;height:12.75pt;width:106pt&quot; width=&quot;141&quot;&gt;\r\n						&lt;table border=&quot;0&quot; cellpadding=&quot;0&quot; cellspacing=&quot;0&quot; width=&quot;141&quot;&gt;\r\n							&lt;colgroup&gt;\r\n								&lt;col width=&quot;141&quot; /&gt;\r\n							&lt;/colgroup&gt;\r\n							&lt;tbody&gt;\r\n								&lt;tr height=&quot;17&quot;&gt;\r\n									&lt;td class=&quot;xl67&quot; height=&quot;17&quot; style=&quot;height:12.75pt;width:106pt&quot; width=&quot;141&quot;&gt;\r\n									&lt;table border=&quot;0&quot; cellpadding=&quot;0&quot; cellspacing=&quot;0&quot; width=&quot;141&quot;&gt;\r\n										&lt;colgroup&gt;\r\n											&lt;col width=&quot;141&quot; /&gt;\r\n										&lt;/colgroup&gt;\r\n										&lt;tbody&gt;\r\n											&lt;tr height=&quot;17&quot;&gt;\r\n												&lt;td class=&quot;xl68&quot; height=&quot;17&quot; style=&quot;height:12.75pt;width:106pt&quot; width=&quot;141&quot;&gt;11 x d30&lt;/td&gt;\r\n											&lt;/tr&gt;\r\n										&lt;/tbody&gt;\r\n									&lt;/table&gt;\r\n									&lt;/td&gt;\r\n								&lt;/tr&gt;\r\n							&lt;/tbody&gt;\r\n						&lt;/table&gt;\r\n						&lt;/td&gt;\r\n					&lt;/tr&gt;\r\n				&lt;/tbody&gt;\r\n			&lt;/table&gt;\r\n			&lt;/td&gt;\r\n		&lt;/tr&gt;\r\n		&lt;tr&gt;\r\n			&lt;td&gt;Color&lt;/td&gt;\r\n			&lt;td&gt;Gold&lt;/td&gt;\r\n		&lt;/tr&gt;\r\n	&lt;/tbody&gt;\r\n&lt;/table&gt;\r\n\r\n&lt;p&gt;&amp;nbsp;&lt;/p&gt;\r\n','','','PET, Micro container, cap'),(278,2,'Skaidrus PET mikro konteineris','&lt;p&gt;Tai yra PET butelio ruošinys, iš kurio kaitinant ir pučiant, gaminami plastikiniai buteliai įvairiems gaiviesiems gėrimams. Kol iš šio ruošinio niekas nepagamino butelio, jis puikiai tinka slėpti mikro lobiams. Šio tipo konteineris pasižymi ypatingu tvirtumu ir atsparumu drėgmei.&lt;br /&gt;\r\nŠio tipo konteineriukai gali būti kabinami ant medžio šakų, o pritvirtinus magnetą galima tvirtinti prie įvairių metalinių konstrukcijų.&lt;br /&gt;\r\nŠis konteineris parduodamas be kamštelio. Bet, gerai pasižvalgius, šiam konteineriukui tinkančių kamštelių pilnos pakelės ir pamiškės!&lt;/p&gt;\r\n\r\n&lt;p&gt;Be to, šis daiktas puikiai tinka kaip&lt;strong&gt; kelioninis indelis&lt;/strong&gt; keliaujant lėktuvu - susipilti šampūnui ar panašiems skysčiams. Jis pasižymi ITIN GERU sandarumu ir tvirtumu, dėl to galite nepergyventi kad Jūsų kelioniniame bagaže ištekėjęs skystis sugadins Jūsų bagažą.&lt;br /&gt;\r\nVidutinis šio indelio tūris yra ~40ml.&lt;br /&gt;\r\n&amp;nbsp;&lt;/p&gt;\r\n\r\n&lt;table border=&quot;1&quot; cellpadding=&quot;1&quot; cellspacing=&quot;1&quot; style=&quot;width: 300px;&quot;&gt;\r\n	&lt;tbody&gt;\r\n		&lt;tr&gt;\r\n			&lt;td&gt;&lt;strong&gt;Matmenys:&lt;/strong&gt;&lt;/td&gt;\r\n			&lt;td&gt;Ilgis x skersmuo, mm&lt;/td&gt;\r\n		&lt;/tr&gt;\r\n		&lt;tr&gt;\r\n			&lt;td&gt;Išorė(max)&lt;/td&gt;\r\n			&lt;td&gt;\r\n			&lt;table border=&quot;0&quot; cellpadding=&quot;0&quot; cellspacing=&quot;0&quot; width=&quot;141&quot;&gt;\r\n				&lt;colgroup&gt;\r\n					&lt;col width=&quot;141&quot; /&gt;\r\n				&lt;/colgroup&gt;\r\n				&lt;tbody&gt;\r\n					&lt;tr height=&quot;17&quot;&gt;\r\n						&lt;td class=&quot;xl67&quot; height=&quot;17&quot; style=&quot;height:12.75pt;width:106pt&quot; width=&quot;141&quot;&gt;\r\n						&lt;table border=&quot;0&quot; cellpadding=&quot;0&quot; cellspacing=&quot;0&quot; width=&quot;141&quot;&gt;\r\n							&lt;tbody&gt;\r\n								&lt;tr height=&quot;17&quot;&gt;\r\n									&lt;td class=&quot;xl67&quot; height=&quot;17&quot; style=&quot;height:12.75pt;width:106pt&quot; width=&quot;141&quot;&gt;138 x d33&lt;/td&gt;\r\n								&lt;/tr&gt;\r\n							&lt;/tbody&gt;\r\n						&lt;/table&gt;\r\n						&lt;/td&gt;\r\n					&lt;/tr&gt;\r\n				&lt;/tbody&gt;\r\n			&lt;/table&gt;\r\n			&lt;/td&gt;\r\n		&lt;/tr&gt;\r\n		&lt;tr&gt;\r\n			&lt;td&gt;Išorė&lt;/td&gt;\r\n			&lt;td&gt;\r\n			&lt;table border=&quot;0&quot; cellpadding=&quot;0&quot; cellspacing=&quot;0&quot; width=&quot;141&quot;&gt;\r\n				&lt;colgroup&gt;\r\n					&lt;col width=&quot;141&quot; /&gt;\r\n				&lt;/colgroup&gt;\r\n				&lt;tbody&gt;\r\n					&lt;tr height=&quot;17&quot;&gt;\r\n						&lt;td class=&quot;xl67&quot; height=&quot;17&quot; style=&quot;height:12.75pt;width:106pt&quot; width=&quot;141&quot;&gt;138 x d27&lt;/td&gt;\r\n					&lt;/tr&gt;\r\n				&lt;/tbody&gt;\r\n			&lt;/table&gt;\r\n			&lt;/td&gt;\r\n		&lt;/tr&gt;\r\n		&lt;tr&gt;\r\n			&lt;td&gt;Vidus&lt;/td&gt;\r\n			&lt;td&gt;123 x d21&lt;/td&gt;\r\n		&lt;/tr&gt;\r\n	&lt;/tbody&gt;\r\n&lt;/table&gt;\r\n\r\n&lt;p&gt;&amp;nbsp;&lt;/p&gt;\r\n','','','PET, Mikro konteineris, skaidrus, kelioninis indelis'),(278,1,'Clear PET preform micro container','&lt;p&gt;This is a PET preform container that could be melted and formed into a large water bottle.&amp;nbsp;&lt;br /&gt;\r\nThese micro containers make are completely waterproof and extremely durable. It is one of the best kinds of micro containers to be hidden in wide nature.&lt;br /&gt;\r\n&lt;br /&gt;\r\nThis container cames without cap.&lt;/p&gt;\r\n\r\n&lt;table border=&quot;1&quot; cellpadding=&quot;1&quot; cellspacing=&quot;1&quot; style=&quot;width: 300px;&quot;&gt;\r\n	&lt;tbody&gt;\r\n		&lt;tr&gt;\r\n			&lt;td&gt;&lt;strong&gt;Dimensions:&lt;/strong&gt;&lt;/td&gt;\r\n			&lt;td&gt;Length x diameter, mm&lt;/td&gt;\r\n		&lt;/tr&gt;\r\n		&lt;tr&gt;\r\n			&lt;td&gt;Outside(max)&lt;/td&gt;\r\n			&lt;td&gt;\r\n			&lt;table border=&quot;0&quot; cellpadding=&quot;0&quot; cellspacing=&quot;0&quot; width=&quot;141&quot;&gt;\r\n				&lt;colgroup&gt;\r\n					&lt;col width=&quot;141&quot; /&gt;\r\n				&lt;/colgroup&gt;\r\n				&lt;tbody&gt;\r\n					&lt;tr height=&quot;17&quot;&gt;\r\n						&lt;td class=&quot;xl67&quot; height=&quot;17&quot; style=&quot;height:12.75pt;width:106pt&quot; width=&quot;141&quot;&gt;\r\n						&lt;table border=&quot;0&quot; cellpadding=&quot;0&quot; cellspacing=&quot;0&quot; width=&quot;141&quot;&gt;\r\n							&lt;tbody&gt;\r\n								&lt;tr height=&quot;17&quot;&gt;\r\n									&lt;td class=&quot;xl67&quot; height=&quot;17&quot; style=&quot;height:12.75pt;width:106pt&quot; width=&quot;141&quot;&gt;138&amp;nbsp; x d33&lt;/td&gt;\r\n								&lt;/tr&gt;\r\n							&lt;/tbody&gt;\r\n						&lt;/table&gt;\r\n						&lt;/td&gt;\r\n					&lt;/tr&gt;\r\n				&lt;/tbody&gt;\r\n			&lt;/table&gt;\r\n			&lt;/td&gt;\r\n		&lt;/tr&gt;\r\n		&lt;tr&gt;\r\n			&lt;td&gt;Outside&lt;/td&gt;\r\n			&lt;td&gt;\r\n			&lt;table border=&quot;0&quot; cellpadding=&quot;0&quot; cellspacing=&quot;0&quot; width=&quot;141&quot;&gt;\r\n				&lt;colgroup&gt;\r\n					&lt;col width=&quot;141&quot; /&gt;\r\n				&lt;/colgroup&gt;\r\n				&lt;tbody&gt;\r\n					&lt;tr height=&quot;17&quot;&gt;\r\n						&lt;td class=&quot;xl67&quot; height=&quot;17&quot; style=&quot;height:12.75pt;width:106pt&quot; width=&quot;141&quot;&gt;\r\n						&lt;table border=&quot;0&quot; cellpadding=&quot;0&quot; cellspacing=&quot;0&quot; width=&quot;141&quot;&gt;\r\n							&lt;colgroup&gt;\r\n								&lt;col width=&quot;141&quot; /&gt;\r\n							&lt;/colgroup&gt;\r\n							&lt;tbody&gt;\r\n								&lt;tr height=&quot;17&quot;&gt;\r\n									&lt;td class=&quot;xl67&quot; height=&quot;17&quot; style=&quot;height:12.75pt;width:106pt&quot; width=&quot;141&quot;&gt;138 x d27&lt;/td&gt;\r\n								&lt;/tr&gt;\r\n							&lt;/tbody&gt;\r\n						&lt;/table&gt;\r\n						&lt;/td&gt;\r\n					&lt;/tr&gt;\r\n				&lt;/tbody&gt;\r\n			&lt;/table&gt;\r\n			&lt;/td&gt;\r\n		&lt;/tr&gt;\r\n		&lt;tr&gt;\r\n			&lt;td&gt;Inside&lt;/td&gt;\r\n			&lt;td&gt;123 x d21&lt;/td&gt;\r\n		&lt;/tr&gt;\r\n	&lt;/tbody&gt;\r\n&lt;/table&gt;\r\n\r\n&lt;p&gt;&amp;nbsp;&lt;/p&gt;\r\n','','','PET, Micro container, clear'),(279,2,'Žalias PET mikro konteineris','&lt;p&gt;Tai yra PET butelio ruošinys, iš kurio kaitinant ir pučiant, gaminami plastikiniai buteliai įvairiems gaiviesiems gėrimams. Kol iš šio ruošinio niekas nepagamino butelio, jis puikiai tinka slėpti mikro lobiams. Šio tipo konteineris pasižymi ypatingu tvirtumu ir atsparumu drėgmei.&lt;br /&gt;\r\nŠio tipo konteineriukai gali būti kabinami ant medžio šakų, o pritvirtinus magnetą galima tvirtinti prie įvairių metalinių konstrukcijų.&lt;br /&gt;\r\nŠis konteineris parduodamas be kamštelio. Bet, gerai pasižvalgius, šiam konteineriukui tinkančių kamštelių pilnos pakelės ir pamiškės!&lt;/p&gt;\r\n\r\n&lt;p&gt;Be to, šis daiktas puikiai tinka kaip&lt;strong&gt; kelioninis indelis&lt;/strong&gt; keliaujant lėktuvu - susipilti šampūnui ar panašiems skysčiams. Jis pasižymi ITIN GERU sandarumu ir tvirtumu, dėl to galite nepergyventi kad Jūsų kelioniniame bagaže ištekėjęs skystis sugadins Jūsų bagažą.&lt;br /&gt;\r\nVidutinis šio indelio tūris yra ~30ml.&lt;/p&gt;\r\n\r\n&lt;p&gt;&amp;nbsp;&lt;/p&gt;\r\n\r\n&lt;table border=&quot;1&quot; cellpadding=&quot;1&quot; cellspacing=&quot;1&quot; style=&quot;width: 300px;&quot;&gt;\r\n	&lt;tbody&gt;\r\n		&lt;tr&gt;\r\n			&lt;td&gt;&lt;strong&gt;Matmenys:&lt;/strong&gt;&lt;/td&gt;\r\n			&lt;td&gt;Ilgis x skersmuo, mm&lt;/td&gt;\r\n		&lt;/tr&gt;\r\n		&lt;tr&gt;\r\n			&lt;td&gt;Išorė(max)&lt;/td&gt;\r\n			&lt;td&gt;\r\n			&lt;table border=&quot;0&quot; cellpadding=&quot;0&quot; cellspacing=&quot;0&quot; width=&quot;141&quot;&gt;\r\n				&lt;colgroup&gt;\r\n					&lt;col width=&quot;141&quot; /&gt;\r\n				&lt;/colgroup&gt;\r\n				&lt;tbody&gt;\r\n					&lt;tr height=&quot;17&quot;&gt;\r\n						&lt;td class=&quot;xl67&quot; height=&quot;17&quot; style=&quot;height:12.75pt;width:106pt&quot; width=&quot;141&quot;&gt;\r\n						&lt;table border=&quot;0&quot; cellpadding=&quot;0&quot; cellspacing=&quot;0&quot; width=&quot;141&quot;&gt;\r\n							&lt;tbody&gt;\r\n								&lt;tr height=&quot;17&quot;&gt;\r\n									&lt;td class=&quot;xl67&quot; height=&quot;17&quot; style=&quot;height:12.75pt;width:106pt&quot; width=&quot;141&quot;&gt;120 x d34&lt;/td&gt;\r\n								&lt;/tr&gt;\r\n							&lt;/tbody&gt;\r\n						&lt;/table&gt;\r\n						&lt;/td&gt;\r\n					&lt;/tr&gt;\r\n				&lt;/tbody&gt;\r\n			&lt;/table&gt;\r\n			&lt;/td&gt;\r\n		&lt;/tr&gt;\r\n		&lt;tr&gt;\r\n			&lt;td&gt;Išorė&lt;/td&gt;\r\n			&lt;td&gt;\r\n			&lt;table border=&quot;0&quot; cellpadding=&quot;0&quot; cellspacing=&quot;0&quot; width=&quot;141&quot;&gt;\r\n				&lt;colgroup&gt;\r\n					&lt;col width=&quot;141&quot; /&gt;\r\n				&lt;/colgroup&gt;\r\n				&lt;tbody&gt;\r\n					&lt;tr height=&quot;17&quot;&gt;\r\n						&lt;td class=&quot;xl67&quot; height=&quot;17&quot; style=&quot;height:12.75pt;width:106pt&quot; width=&quot;141&quot;&gt;120 x d25&lt;/td&gt;\r\n					&lt;/tr&gt;\r\n				&lt;/tbody&gt;\r\n			&lt;/table&gt;\r\n			&lt;/td&gt;\r\n		&lt;/tr&gt;\r\n		&lt;tr&gt;\r\n			&lt;td&gt;Vidus&lt;/td&gt;\r\n			&lt;td&gt;107 x d21&lt;/td&gt;\r\n		&lt;/tr&gt;\r\n	&lt;/tbody&gt;\r\n&lt;/table&gt;\r\n\r\n&lt;p&gt;&lt;img alt=&quot;&quot; src=&quot;http://www.geoshop.lt/image/data/Containers/Micro/PET/Geocaching_PET_micro_Container.jpg&quot; style=&quot;width: 600px; height: 651px;&quot; /&gt;&lt;/p&gt;\r\n','','','PET, Mikro konteineris, spalvotas, žalias, kelioninis indelis'),(279,1,'Green PET preform micro container','&lt;p&gt;This is a PET preform container that could be melted and formed into a large water bottle.&amp;nbsp;&lt;br /&gt;\r\nThese micro containers make are completely waterproof and extremely durable. It is one of the best kinds of micro containers to be hidden in wide nature.&lt;br /&gt;\r\n&lt;br /&gt;\r\nThis container cames without cap.&lt;/p&gt;\r\n\r\n&lt;table border=&quot;1&quot; cellpadding=&quot;1&quot; cellspacing=&quot;1&quot; style=&quot;width: 300px;&quot;&gt;\r\n	&lt;tbody&gt;\r\n		&lt;tr&gt;\r\n			&lt;td&gt;&lt;strong&gt;Dimensions:&lt;/strong&gt;&lt;/td&gt;\r\n			&lt;td&gt;Length x diameter, mm&lt;/td&gt;\r\n		&lt;/tr&gt;\r\n		&lt;tr&gt;\r\n			&lt;td&gt;Outside(max)&lt;/td&gt;\r\n			&lt;td&gt;\r\n			&lt;table border=&quot;0&quot; cellpadding=&quot;0&quot; cellspacing=&quot;0&quot; width=&quot;141&quot;&gt;\r\n				&lt;colgroup&gt;\r\n					&lt;col width=&quot;141&quot; /&gt;\r\n				&lt;/colgroup&gt;\r\n				&lt;tbody&gt;\r\n					&lt;tr height=&quot;17&quot;&gt;\r\n						&lt;td class=&quot;xl67&quot; height=&quot;17&quot; style=&quot;height:12.75pt;width:106pt&quot; width=&quot;141&quot;&gt;\r\n						&lt;table border=&quot;0&quot; cellpadding=&quot;0&quot; cellspacing=&quot;0&quot; width=&quot;141&quot;&gt;\r\n							&lt;tbody&gt;\r\n								&lt;tr height=&quot;17&quot;&gt;\r\n									&lt;td class=&quot;xl67&quot; height=&quot;17&quot; style=&quot;height:12.75pt;width:106pt&quot; width=&quot;141&quot;&gt;120&amp;nbsp; x d34&lt;/td&gt;\r\n								&lt;/tr&gt;\r\n							&lt;/tbody&gt;\r\n						&lt;/table&gt;\r\n						&lt;/td&gt;\r\n					&lt;/tr&gt;\r\n				&lt;/tbody&gt;\r\n			&lt;/table&gt;\r\n			&lt;/td&gt;\r\n		&lt;/tr&gt;\r\n		&lt;tr&gt;\r\n			&lt;td&gt;Outside&lt;/td&gt;\r\n			&lt;td&gt;\r\n			&lt;table border=&quot;0&quot; cellpadding=&quot;0&quot; cellspacing=&quot;0&quot; width=&quot;141&quot;&gt;\r\n				&lt;colgroup&gt;\r\n					&lt;col width=&quot;141&quot; /&gt;\r\n				&lt;/colgroup&gt;\r\n				&lt;tbody&gt;\r\n					&lt;tr height=&quot;17&quot;&gt;\r\n						&lt;td class=&quot;xl67&quot; height=&quot;17&quot; style=&quot;height:12.75pt;width:106pt&quot; width=&quot;141&quot;&gt;\r\n						&lt;table border=&quot;0&quot; cellpadding=&quot;0&quot; cellspacing=&quot;0&quot; width=&quot;141&quot;&gt;\r\n							&lt;colgroup&gt;\r\n								&lt;col width=&quot;141&quot; /&gt;\r\n							&lt;/colgroup&gt;\r\n							&lt;tbody&gt;\r\n								&lt;tr height=&quot;17&quot;&gt;\r\n									&lt;td class=&quot;xl67&quot; height=&quot;17&quot; style=&quot;height:12.75pt;width:106pt&quot; width=&quot;141&quot;&gt;120 x d25&lt;/td&gt;\r\n								&lt;/tr&gt;\r\n							&lt;/tbody&gt;\r\n						&lt;/table&gt;\r\n						&lt;/td&gt;\r\n					&lt;/tr&gt;\r\n				&lt;/tbody&gt;\r\n			&lt;/table&gt;\r\n			&lt;/td&gt;\r\n		&lt;/tr&gt;\r\n		&lt;tr&gt;\r\n			&lt;td&gt;Inside&lt;/td&gt;\r\n			&lt;td&gt;107 x d21&lt;/td&gt;\r\n		&lt;/tr&gt;\r\n		&lt;tr&gt;\r\n			&lt;td&gt;Color&lt;/td&gt;\r\n			&lt;td&gt;green&lt;/td&gt;\r\n		&lt;/tr&gt;\r\n	&lt;/tbody&gt;\r\n&lt;/table&gt;\r\n\r\n&lt;p&gt;&lt;img alt=&quot;&quot; src=&quot;http://www.geoshop.lt/image/data/Containers/Micro/PET/Geocaching_PET_micro_Container.jpg&quot; style=&quot;width: 600px; height: 651px;&quot; /&gt;&lt;/p&gt;\r\n','','','PET, Micro container, green, color'),(280,2,'Tamsiai rudas PET mikro konteineris','&lt;p&gt;Tai yra PET butelio ruošinys, iš kurio kaitinant ir pučiant, gaminami plastikiniai buteliai įvairiems gaiviesiems gėrimams. Kol iš šio ruošinio niekas nepagamino butelio, jis puikiai tinka slėpti mikro lobiams. Šio tipo konteineris pasižymi ypatingu tvirtumu ir atsparumu drėgmei.&lt;br /&gt;\r\nŠio tipo konteineriukai gali būti kabinami ant medžio šakų, o pritvirtinus magnetą galima tvirtinti prie įvairių metalinių konstrukcijų.&lt;br /&gt;\r\nŠis konteineris parduodamas be kamštelio. Bet, gerai pasižvalgius, šiam konteineriukui tinkančių kamštelių pilnos pakelės ir pamiškės!&lt;/p&gt;\r\n\r\n&lt;p&gt;Be to, šis daiktas puikiai tinka kaip&lt;strong&gt; kelioninis indelis&lt;/strong&gt; keliaujant lėktuvu - susipilti šampūnui ar panašiems skysčiams. Jis pasižymi ITIN GERU sandarumu ir tvirtumu, dėl to galite nepergyventi kad Jūsų kelioniniame bagaže ištekėjęs skystis sugadins Jūsų bagažą.&lt;br /&gt;\r\nVidutinis šio indelio tūris yra ~40ml.&lt;br /&gt;\r\n&amp;nbsp;&lt;/p&gt;\r\n\r\n&lt;table border=&quot;1&quot; cellpadding=&quot;1&quot; cellspacing=&quot;1&quot; style=&quot;width: 300px;&quot;&gt;\r\n	&lt;tbody&gt;\r\n		&lt;tr&gt;\r\n			&lt;td&gt;&lt;strong&gt;Matmenys:&lt;/strong&gt;&lt;/td&gt;\r\n			&lt;td&gt;Ilgis x skersmuo, mm&lt;/td&gt;\r\n		&lt;/tr&gt;\r\n		&lt;tr&gt;\r\n			&lt;td&gt;Išorė(max)126&lt;/td&gt;\r\n			&lt;td&gt;\r\n			&lt;table border=&quot;0&quot; cellpadding=&quot;0&quot; cellspacing=&quot;0&quot; width=&quot;141&quot;&gt;\r\n				&lt;tbody&gt;\r\n					&lt;tr height=&quot;17&quot;&gt;\r\n						&lt;td class=&quot;xl67&quot; height=&quot;17&quot; style=&quot;width: 106pt; height: 12.75pt;&quot; width=&quot;141&quot;&gt;\r\n						&lt;table border=&quot;0&quot; cellpadding=&quot;0&quot; cellspacing=&quot;0&quot; width=&quot;141&quot;&gt;\r\n							&lt;tbody&gt;\r\n								&lt;tr height=&quot;17&quot;&gt;\r\n									&lt;td class=&quot;xl67&quot; height=&quot;17&quot; style=&quot;width: 106pt; height: 12.75pt;&quot; width=&quot;141&quot;&gt;126 x d33&lt;/td&gt;\r\n								&lt;/tr&gt;\r\n							&lt;/tbody&gt;\r\n						&lt;/table&gt;\r\n						&lt;/td&gt;\r\n					&lt;/tr&gt;\r\n				&lt;/tbody&gt;\r\n			&lt;/table&gt;\r\n			&lt;/td&gt;\r\n		&lt;/tr&gt;\r\n		&lt;tr&gt;\r\n			&lt;td&gt;Išorė&lt;/td&gt;\r\n			&lt;td&gt;\r\n			&lt;table border=&quot;0&quot; cellpadding=&quot;0&quot; cellspacing=&quot;0&quot; width=&quot;141&quot;&gt;\r\n				&lt;colgroup&gt;\r\n					&lt;col width=&quot;141&quot; /&gt;\r\n				&lt;/colgroup&gt;\r\n				&lt;tbody&gt;\r\n					&lt;tr height=&quot;17&quot;&gt;\r\n						&lt;td class=&quot;xl67&quot; height=&quot;17&quot; style=&quot;width: 106pt; height: 12.75pt;&quot; width=&quot;141&quot;&gt;126 x d26&lt;/td&gt;\r\n					&lt;/tr&gt;\r\n				&lt;/tbody&gt;\r\n			&lt;/table&gt;\r\n			&lt;/td&gt;\r\n		&lt;/tr&gt;\r\n		&lt;tr&gt;\r\n			&lt;td&gt;Vidus&lt;/td&gt;\r\n			&lt;td&gt;113 x d21&lt;/td&gt;\r\n		&lt;/tr&gt;\r\n	&lt;/tbody&gt;\r\n&lt;/table&gt;\r\n\r\n&lt;p&gt;&lt;img alt=&quot;&quot; src=&quot;http://www.geoshop.lt/image/data/Containers/Micro/PET/Geocaching_PET_micro_Container.jpg&quot; style=&quot;width: 600px; height: 651px;&quot; /&gt;&lt;/p&gt;\r\n','','','PET, Mikro konteineris, tamsiai rudas, spalvotas, kelioninis indelis');
INSERT INTO `oc_product_description` VALUES (280,1,'Dark brown PET preform micro container','&lt;p&gt;This is a PET preform container that could be melted and formed into a large water bottle.&amp;nbsp;&lt;br /&gt;\r\nThese micro containers make are completely waterproof and extremely durable. It is one of the best kinds of micro containers to be hidden in wide nature.&lt;br /&gt;\r\n&lt;br /&gt;\r\nThis container cames without cap&lt;/p&gt;\r\n\r\n&lt;table border=&quot;1&quot; cellpadding=&quot;1&quot; cellspacing=&quot;1&quot; style=&quot;width: 300px;&quot;&gt;\r\n	&lt;tbody&gt;\r\n		&lt;tr&gt;\r\n			&lt;td&gt;&lt;strong&gt;Dimensions:&lt;/strong&gt;&lt;/td&gt;\r\n			&lt;td&gt;Length x diameter, mm&lt;/td&gt;\r\n		&lt;/tr&gt;\r\n		&lt;tr&gt;\r\n			&lt;td&gt;Outside(max)&lt;/td&gt;\r\n			&lt;td&gt;\r\n			&lt;table border=&quot;0&quot; cellpadding=&quot;0&quot; cellspacing=&quot;0&quot; width=&quot;141&quot;&gt;\r\n				&lt;colgroup&gt;\r\n					&lt;col width=&quot;141&quot; /&gt;\r\n				&lt;/colgroup&gt;\r\n				&lt;tbody&gt;\r\n					&lt;tr height=&quot;17&quot;&gt;\r\n						&lt;td class=&quot;xl67&quot; height=&quot;17&quot; style=&quot;width: 106pt; height: 12.75pt;&quot; width=&quot;141&quot;&gt;\r\n						&lt;table border=&quot;0&quot; cellpadding=&quot;0&quot; cellspacing=&quot;0&quot; width=&quot;141&quot;&gt;\r\n							&lt;tbody&gt;\r\n								&lt;tr height=&quot;17&quot;&gt;\r\n									&lt;td class=&quot;xl67&quot; height=&quot;17&quot; style=&quot;width: 106pt; height: 12.75pt;&quot; width=&quot;141&quot;&gt;126&amp;nbsp; x d33&lt;/td&gt;\r\n								&lt;/tr&gt;\r\n							&lt;/tbody&gt;\r\n						&lt;/table&gt;\r\n						&lt;/td&gt;\r\n					&lt;/tr&gt;\r\n				&lt;/tbody&gt;\r\n			&lt;/table&gt;\r\n			&lt;/td&gt;\r\n		&lt;/tr&gt;\r\n		&lt;tr&gt;\r\n			&lt;td&gt;Outside&lt;/td&gt;\r\n			&lt;td&gt;\r\n			&lt;table border=&quot;0&quot; cellpadding=&quot;0&quot; cellspacing=&quot;0&quot; width=&quot;141&quot;&gt;\r\n				&lt;colgroup&gt;\r\n					&lt;col width=&quot;141&quot; /&gt;\r\n				&lt;/colgroup&gt;\r\n				&lt;tbody&gt;\r\n					&lt;tr height=&quot;17&quot;&gt;\r\n						&lt;td class=&quot;xl67&quot; height=&quot;17&quot; style=&quot;width: 106pt; height: 12.75pt;&quot; width=&quot;141&quot;&gt;\r\n						&lt;table border=&quot;0&quot; cellpadding=&quot;0&quot; cellspacing=&quot;0&quot; width=&quot;141&quot;&gt;\r\n							&lt;colgroup&gt;\r\n								&lt;col width=&quot;141&quot; /&gt;\r\n							&lt;/colgroup&gt;\r\n							&lt;tbody&gt;\r\n								&lt;tr height=&quot;17&quot;&gt;\r\n									&lt;td class=&quot;xl67&quot; height=&quot;17&quot; style=&quot;width: 106pt; height: 12.75pt;&quot; width=&quot;141&quot;&gt;126 x d26&lt;/td&gt;\r\n								&lt;/tr&gt;\r\n							&lt;/tbody&gt;\r\n						&lt;/table&gt;\r\n						&lt;/td&gt;\r\n					&lt;/tr&gt;\r\n				&lt;/tbody&gt;\r\n			&lt;/table&gt;\r\n			&lt;/td&gt;\r\n		&lt;/tr&gt;\r\n		&lt;tr&gt;\r\n			&lt;td&gt;Inside&lt;/td&gt;\r\n			&lt;td&gt;113 x d21&lt;/td&gt;\r\n		&lt;/tr&gt;\r\n		&lt;tr&gt;\r\n			&lt;td&gt;Color&lt;/td&gt;\r\n			&lt;td&gt;Dark brown&lt;/td&gt;\r\n		&lt;/tr&gt;\r\n	&lt;/tbody&gt;\r\n&lt;/table&gt;\r\n\r\n&lt;p&gt;&lt;img alt=&quot;&quot; src=&quot;http://www.geoshop.lt/image/data/Containers/Micro/PET/Geocaching_PET_micro_Container.jpg&quot; style=&quot;width: 600px; height: 651px;&quot; /&gt;&lt;/p&gt;\r\n','','','PET, Micro container, dark brown, color'),(281,2,'Mazas juodas PET mikro konteineris','&lt;p&gt;Tai yra PET butelio ruošinys, iš kurio kaitinant ir pučiant, gaminami plastikiniai buteliai įvairiems gaiviesiems gėrimams. Kol iš šio ruošinio niekas nepagamino butelio, jis puikiai tinka slėpti mikro lobiams. Šio tipo konteineris pasižymi ypatingu tvirtumu ir atsparumu drėgmei.&lt;br /&gt;\r\nŠio tipo konteineriukai gali būti kabinami ant medžio šakų, o pritvirtinus magnetą galima tvirtinti prie įvairių metalinių konstrukcijų.&lt;br /&gt;\r\nŠis konteineris parduodamas be kamštelio. Bet, gerai pasižvalgius, šiam konteineriukui tinkančių kamštelių pilnos pakelės ir pamiškės!&lt;br /&gt;\r\n&lt;br /&gt;\r\nBe to, šis daiktas puikiai tinka kaip nedidelis&lt;strong&gt; kelioninis indelis&lt;/strong&gt; keliaujant lėktuvu - susipilti šampūnui ar nedideliam kito skysčio kiekiui. Jis pasižymi ITIN GERU sandarumu ir tvirtumu, dėl to galite nepergyventi kad Jūsų kelioniniame bagaže ištekėjęs skystis sugadins Jūsų bagažą. Vidutinis šio indelio tūris yra ~15ml.&lt;br /&gt;\r\n&amp;nbsp;&lt;/p&gt;\r\n\r\n&lt;table border=&quot;1&quot; cellpadding=&quot;1&quot; cellspacing=&quot;1&quot; style=&quot;width: 300px;&quot;&gt;\r\n	&lt;tbody&gt;\r\n		&lt;tr&gt;\r\n			&lt;td&gt;&lt;strong&gt;Matmenys:&lt;/strong&gt;&lt;/td&gt;\r\n			&lt;td&gt;Ilgis x skersmuo, mm&lt;/td&gt;\r\n		&lt;/tr&gt;\r\n		&lt;tr&gt;\r\n			&lt;td&gt;Išorė(max)&lt;/td&gt;\r\n			&lt;td&gt;\r\n			&lt;table border=&quot;0&quot; cellpadding=&quot;0&quot; cellspacing=&quot;0&quot; width=&quot;141&quot;&gt;\r\n				&lt;colgroup&gt;\r\n					&lt;col width=&quot;141&quot; /&gt;\r\n				&lt;/colgroup&gt;\r\n				&lt;tbody&gt;\r\n					&lt;tr height=&quot;17&quot;&gt;\r\n						&lt;td class=&quot;xl67&quot; height=&quot;17&quot; style=&quot;height:12.75pt;width:106pt&quot; width=&quot;141&quot;&gt;\r\n						&lt;table border=&quot;0&quot; cellpadding=&quot;0&quot; cellspacing=&quot;0&quot; width=&quot;141&quot;&gt;\r\n							&lt;tbody&gt;\r\n								&lt;tr height=&quot;17&quot;&gt;\r\n									&lt;td class=&quot;xl67&quot; height=&quot;17&quot; style=&quot;height:12.75pt;width:106pt&quot; width=&quot;141&quot;&gt;103 x d33&lt;/td&gt;\r\n								&lt;/tr&gt;\r\n							&lt;/tbody&gt;\r\n						&lt;/table&gt;\r\n						&lt;/td&gt;\r\n					&lt;/tr&gt;\r\n				&lt;/tbody&gt;\r\n			&lt;/table&gt;\r\n			&lt;/td&gt;\r\n		&lt;/tr&gt;\r\n		&lt;tr&gt;\r\n			&lt;td&gt;Išorė&lt;/td&gt;\r\n			&lt;td&gt;\r\n			&lt;table border=&quot;0&quot; cellpadding=&quot;0&quot; cellspacing=&quot;0&quot; width=&quot;141&quot;&gt;\r\n				&lt;colgroup&gt;\r\n					&lt;col width=&quot;141&quot; /&gt;\r\n				&lt;/colgroup&gt;\r\n				&lt;tbody&gt;\r\n					&lt;tr height=&quot;17&quot;&gt;\r\n						&lt;td class=&quot;xl67&quot; height=&quot;17&quot; style=&quot;height:12.75pt;width:106pt&quot; width=&quot;141&quot;&gt;103 x d26&lt;/td&gt;\r\n					&lt;/tr&gt;\r\n				&lt;/tbody&gt;\r\n			&lt;/table&gt;\r\n			&lt;/td&gt;\r\n		&lt;/tr&gt;\r\n		&lt;tr&gt;\r\n			&lt;td&gt;Vidus&lt;/td&gt;\r\n			&lt;td&gt;94 x d21&lt;/td&gt;\r\n		&lt;/tr&gt;\r\n	&lt;/tbody&gt;\r\n&lt;/table&gt;\r\n\r\n&lt;p&gt;&amp;nbsp;&lt;/p&gt;\r\n','','','PET, Mikro konteineris, spalvotas, juodas, mazas, kelioninis indelis'),(281,1,'Small black PET preform micro container','&lt;p&gt;This is a PET preform container that could be melted and formed into a small water bottle.&amp;nbsp;&lt;br /&gt;\r\nThese micro containers make are completely waterproof and extremely durable. It is one of the best kinds of micro containers to be hidden in wide nature.&lt;br /&gt;\r\n&lt;br /&gt;\r\nThis container cames without cap.&lt;/p&gt;\r\n\r\n&lt;table border=&quot;1&quot; cellpadding=&quot;1&quot; cellspacing=&quot;1&quot; style=&quot;width: 300px;&quot;&gt;\r\n	&lt;tbody&gt;\r\n		&lt;tr&gt;\r\n			&lt;td&gt;&lt;strong&gt;Dimensions:&lt;/strong&gt;&lt;/td&gt;\r\n			&lt;td&gt;Length x diameter, mm&lt;/td&gt;\r\n		&lt;/tr&gt;\r\n		&lt;tr&gt;\r\n			&lt;td&gt;Outside(max)&lt;/td&gt;\r\n			&lt;td&gt;\r\n			&lt;table border=&quot;0&quot; cellpadding=&quot;0&quot; cellspacing=&quot;0&quot; width=&quot;141&quot;&gt;\r\n				&lt;colgroup&gt;\r\n					&lt;col width=&quot;141&quot; /&gt;\r\n				&lt;/colgroup&gt;\r\n				&lt;tbody&gt;\r\n					&lt;tr height=&quot;17&quot;&gt;\r\n						&lt;td class=&quot;xl67&quot; height=&quot;17&quot; style=&quot;height:12.75pt;width:106pt&quot; width=&quot;141&quot;&gt;\r\n						&lt;table border=&quot;0&quot; cellpadding=&quot;0&quot; cellspacing=&quot;0&quot; width=&quot;141&quot;&gt;\r\n							&lt;tbody&gt;\r\n								&lt;tr height=&quot;17&quot;&gt;\r\n									&lt;td class=&quot;xl67&quot; height=&quot;17&quot; style=&quot;height:12.75pt;width:106pt&quot; width=&quot;141&quot;&gt;103&amp;nbsp; x d33&lt;/td&gt;\r\n								&lt;/tr&gt;\r\n							&lt;/tbody&gt;\r\n						&lt;/table&gt;\r\n						&lt;/td&gt;\r\n					&lt;/tr&gt;\r\n				&lt;/tbody&gt;\r\n			&lt;/table&gt;\r\n			&lt;/td&gt;\r\n		&lt;/tr&gt;\r\n		&lt;tr&gt;\r\n			&lt;td&gt;Outside&lt;/td&gt;\r\n			&lt;td&gt;\r\n			&lt;table border=&quot;0&quot; cellpadding=&quot;0&quot; cellspacing=&quot;0&quot; width=&quot;141&quot;&gt;\r\n				&lt;colgroup&gt;\r\n					&lt;col width=&quot;141&quot; /&gt;\r\n				&lt;/colgroup&gt;\r\n				&lt;tbody&gt;\r\n					&lt;tr height=&quot;17&quot;&gt;\r\n						&lt;td class=&quot;xl67&quot; height=&quot;17&quot; style=&quot;height:12.75pt;width:106pt&quot; width=&quot;141&quot;&gt;\r\n						&lt;table border=&quot;0&quot; cellpadding=&quot;0&quot; cellspacing=&quot;0&quot; width=&quot;141&quot;&gt;\r\n							&lt;colgroup&gt;\r\n								&lt;col width=&quot;141&quot; /&gt;\r\n							&lt;/colgroup&gt;\r\n							&lt;tbody&gt;\r\n								&lt;tr height=&quot;17&quot;&gt;\r\n									&lt;td class=&quot;xl67&quot; height=&quot;17&quot; style=&quot;height:12.75pt;width:106pt&quot; width=&quot;141&quot;&gt;103 x d26&lt;/td&gt;\r\n								&lt;/tr&gt;\r\n							&lt;/tbody&gt;\r\n						&lt;/table&gt;\r\n						&lt;/td&gt;\r\n					&lt;/tr&gt;\r\n				&lt;/tbody&gt;\r\n			&lt;/table&gt;\r\n			&lt;/td&gt;\r\n		&lt;/tr&gt;\r\n		&lt;tr&gt;\r\n			&lt;td&gt;Inside&lt;/td&gt;\r\n			&lt;td&gt;94 x d21&lt;/td&gt;\r\n		&lt;/tr&gt;\r\n		&lt;tr&gt;\r\n			&lt;td&gt;Color&lt;/td&gt;\r\n			&lt;td&gt;Black&lt;/td&gt;\r\n		&lt;/tr&gt;\r\n	&lt;/tbody&gt;\r\n&lt;/table&gt;\r\n\r\n&lt;p&gt;&amp;nbsp;&lt;/p&gt;\r\n','','','PET, Micro container, black, color, small'),(282,2,'FTF geltonas PET mikro konteinerio kamštelis, 5L ruošiniui, XL','&lt;p&gt;Šis &lt;strong&gt;FTF &lt;/strong&gt;kamštelis &lt;strong&gt;yra tinkamas dideliems, 5L talpos &lt;/strong&gt;PET konteineriams&lt;strong&gt; .&lt;/strong&gt; Jį atsukus, išgirsite tą malonų garsą &quot;trakšt&quot;,&lt;br /&gt;\r\nkuris turėtų pasigirsti atsukinėjant kokį nors buteliuką pirmą kartą.&lt;/p&gt;\r\n\r\n&lt;table border=&quot;1&quot; cellpadding=&quot;1&quot; cellspacing=&quot;1&quot; style=&quot;width: 300px;&quot;&gt;\r\n	&lt;tbody&gt;\r\n		&lt;tr&gt;\r\n			&lt;td&gt;&lt;strong&gt;Matmenys:&lt;/strong&gt;&lt;/td&gt;\r\n			&lt;td&gt;Ilgis x skersmuo, mm&lt;/td&gt;\r\n		&lt;/tr&gt;\r\n		&lt;tr&gt;\r\n			&lt;td&gt;Išorė(max)&lt;/td&gt;\r\n			&lt;td&gt;\r\n			&lt;table border=&quot;0&quot; cellpadding=&quot;0&quot; cellspacing=&quot;0&quot; width=&quot;141&quot;&gt;\r\n				&lt;colgroup&gt;\r\n					&lt;col width=&quot;141&quot; /&gt;\r\n				&lt;/colgroup&gt;\r\n				&lt;tbody&gt;\r\n					&lt;tr height=&quot;17&quot;&gt;\r\n						&lt;td class=&quot;xl67&quot; height=&quot;17&quot; style=&quot;height:12.75pt;width:106pt&quot; width=&quot;141&quot;&gt;\r\n						&lt;table border=&quot;0&quot; cellpadding=&quot;0&quot; cellspacing=&quot;0&quot; width=&quot;141&quot;&gt;\r\n							&lt;tbody&gt;\r\n								&lt;tr height=&quot;17&quot;&gt;\r\n									&lt;td class=&quot;xl67&quot; height=&quot;17&quot; style=&quot;height:12.75pt;width:106pt&quot; width=&quot;141&quot;&gt;\r\n									&lt;table border=&quot;0&quot; cellpadding=&quot;0&quot; cellspacing=&quot;0&quot; width=&quot;141&quot;&gt;\r\n										&lt;colgroup&gt;\r\n											&lt;col width=&quot;141&quot; /&gt;\r\n										&lt;/colgroup&gt;\r\n										&lt;tbody&gt;\r\n											&lt;tr height=&quot;17&quot;&gt;\r\n												&lt;td class=&quot;xl68&quot; height=&quot;17&quot; style=&quot;height:12.75pt;width:106pt&quot; width=&quot;141&quot;&gt;15 x d40&lt;/td&gt;\r\n											&lt;/tr&gt;\r\n										&lt;/tbody&gt;\r\n									&lt;/table&gt;\r\n									&lt;/td&gt;\r\n								&lt;/tr&gt;\r\n							&lt;/tbody&gt;\r\n						&lt;/table&gt;\r\n						&lt;/td&gt;\r\n					&lt;/tr&gt;\r\n				&lt;/tbody&gt;\r\n			&lt;/table&gt;\r\n			&lt;/td&gt;\r\n		&lt;/tr&gt;\r\n		&lt;tr&gt;\r\n			&lt;td&gt;Išorė&lt;/td&gt;\r\n			&lt;td&gt;\r\n			&lt;table border=&quot;0&quot; cellpadding=&quot;0&quot; cellspacing=&quot;0&quot; width=&quot;141&quot;&gt;\r\n				&lt;colgroup&gt;\r\n					&lt;col width=&quot;141&quot; /&gt;\r\n				&lt;/colgroup&gt;\r\n				&lt;tbody&gt;\r\n					&lt;tr height=&quot;17&quot;&gt;\r\n						&lt;td class=&quot;xl67&quot; height=&quot;17&quot; style=&quot;height:12.75pt;width:106pt&quot; width=&quot;141&quot;&gt;\r\n						&lt;table border=&quot;0&quot; cellpadding=&quot;0&quot; cellspacing=&quot;0&quot; width=&quot;141&quot;&gt;\r\n							&lt;colgroup&gt;\r\n								&lt;col width=&quot;141&quot; /&gt;\r\n							&lt;/colgroup&gt;\r\n							&lt;tbody&gt;\r\n								&lt;tr height=&quot;17&quot;&gt;\r\n									&lt;td class=&quot;xl68&quot; height=&quot;17&quot; style=&quot;height:12.75pt;width:106pt&quot; width=&quot;141&quot;&gt;7 x d40&lt;/td&gt;\r\n								&lt;/tr&gt;\r\n							&lt;/tbody&gt;\r\n						&lt;/table&gt;\r\n						&lt;/td&gt;\r\n					&lt;/tr&gt;\r\n				&lt;/tbody&gt;\r\n			&lt;/table&gt;\r\n			&lt;/td&gt;\r\n		&lt;/tr&gt;\r\n	&lt;/tbody&gt;\r\n&lt;/table&gt;\r\n\r\n&lt;p&gt;&amp;nbsp;&lt;/p&gt;\r\n','','','PET, Mikro konteineris, kamštelis, kamštukas, FTF, XL'),(282,1,'FTF yellow micro container cap, for BIG PET, XL','&lt;p&gt;This cap &lt;strong&gt;is suitable for XL&amp;nbsp;PET micro containers. It has a FTF&lt;/strong&gt; ring.&lt;/p&gt;\r\n\r\n&lt;table border=&quot;1&quot; cellpadding=&quot;1&quot; cellspacing=&quot;1&quot; style=&quot;width: 300px;&quot;&gt;\r\n	&lt;tbody&gt;\r\n		&lt;tr&gt;\r\n			&lt;td&gt;&lt;strong&gt;Dimensions:&lt;/strong&gt;&lt;/td&gt;\r\n			&lt;td&gt;Length x diameter, mm&lt;/td&gt;\r\n		&lt;/tr&gt;\r\n		&lt;tr&gt;\r\n			&lt;td&gt;Outer (max)&lt;/td&gt;\r\n			&lt;td&gt;\r\n			&lt;table border=&quot;0&quot; cellpadding=&quot;0&quot; cellspacing=&quot;0&quot; width=&quot;141&quot;&gt;\r\n				&lt;colgroup&gt;\r\n					&lt;col width=&quot;141&quot; /&gt;\r\n				&lt;/colgroup&gt;\r\n				&lt;tbody&gt;\r\n					&lt;tr height=&quot;17&quot;&gt;\r\n						&lt;td class=&quot;xl67&quot; height=&quot;17&quot; style=&quot;height:12.75pt;width:106pt&quot; width=&quot;141&quot;&gt;\r\n						&lt;table border=&quot;0&quot; cellpadding=&quot;0&quot; cellspacing=&quot;0&quot; width=&quot;141&quot;&gt;\r\n							&lt;tbody&gt;\r\n								&lt;tr height=&quot;17&quot;&gt;\r\n									&lt;td class=&quot;xl67&quot; height=&quot;17&quot; style=&quot;height:12.75pt;width:106pt&quot; width=&quot;141&quot;&gt;\r\n									&lt;table border=&quot;0&quot; cellpadding=&quot;0&quot; cellspacing=&quot;0&quot; width=&quot;141&quot;&gt;\r\n										&lt;colgroup&gt;\r\n											&lt;col width=&quot;141&quot; /&gt;\r\n										&lt;/colgroup&gt;\r\n										&lt;tbody&gt;\r\n											&lt;tr height=&quot;17&quot;&gt;\r\n												&lt;td class=&quot;xl68&quot; height=&quot;17&quot; style=&quot;height:12.75pt;width:106pt&quot; width=&quot;141&quot;&gt;15 x d40&lt;/td&gt;\r\n											&lt;/tr&gt;\r\n										&lt;/tbody&gt;\r\n									&lt;/table&gt;\r\n									&lt;/td&gt;\r\n								&lt;/tr&gt;\r\n							&lt;/tbody&gt;\r\n						&lt;/table&gt;\r\n						&lt;/td&gt;\r\n					&lt;/tr&gt;\r\n				&lt;/tbody&gt;\r\n			&lt;/table&gt;\r\n			&lt;/td&gt;\r\n		&lt;/tr&gt;\r\n		&lt;tr&gt;\r\n			&lt;td&gt;Outer&lt;/td&gt;\r\n			&lt;td&gt;\r\n			&lt;table border=&quot;0&quot; cellpadding=&quot;0&quot; cellspacing=&quot;0&quot; width=&quot;141&quot;&gt;\r\n				&lt;colgroup&gt;\r\n					&lt;col width=&quot;141&quot; /&gt;\r\n				&lt;/colgroup&gt;\r\n				&lt;tbody&gt;\r\n					&lt;tr height=&quot;17&quot;&gt;\r\n						&lt;td class=&quot;xl67&quot; height=&quot;17&quot; style=&quot;height:12.75pt;width:106pt&quot; width=&quot;141&quot;&gt;\r\n						&lt;table border=&quot;0&quot; cellpadding=&quot;0&quot; cellspacing=&quot;0&quot; width=&quot;141&quot;&gt;\r\n							&lt;colgroup&gt;\r\n								&lt;col width=&quot;141&quot; /&gt;\r\n							&lt;/colgroup&gt;\r\n							&lt;tbody&gt;\r\n								&lt;tr height=&quot;17&quot;&gt;\r\n									&lt;td class=&quot;xl67&quot; height=&quot;17&quot; style=&quot;height:12.75pt;width:106pt&quot; width=&quot;141&quot;&gt;\r\n									&lt;table border=&quot;0&quot; cellpadding=&quot;0&quot; cellspacing=&quot;0&quot; width=&quot;141&quot;&gt;\r\n										&lt;colgroup&gt;\r\n											&lt;col width=&quot;141&quot; /&gt;\r\n										&lt;/colgroup&gt;\r\n										&lt;tbody&gt;\r\n											&lt;tr height=&quot;17&quot;&gt;\r\n												&lt;td class=&quot;xl68&quot; height=&quot;17&quot; style=&quot;height:12.75pt;width:106pt&quot; width=&quot;141&quot;&gt;7 x d40&lt;/td&gt;\r\n											&lt;/tr&gt;\r\n										&lt;/tbody&gt;\r\n									&lt;/table&gt;\r\n									&lt;/td&gt;\r\n								&lt;/tr&gt;\r\n							&lt;/tbody&gt;\r\n						&lt;/table&gt;\r\n						&lt;/td&gt;\r\n					&lt;/tr&gt;\r\n				&lt;/tbody&gt;\r\n			&lt;/table&gt;\r\n			&lt;/td&gt;\r\n		&lt;/tr&gt;\r\n		&lt;tr&gt;\r\n			&lt;td&gt;Color&lt;/td&gt;\r\n			&lt;td&gt;Yellow&lt;/td&gt;\r\n		&lt;/tr&gt;\r\n	&lt;/tbody&gt;\r\n&lt;/table&gt;\r\n\r\n&lt;p&gt;&amp;nbsp;&lt;/p&gt;\r\n','','','PET, Micro container, cap, FTF, XL, big'),(276,1,'FTF yellow micro container cap, for BIG PET, XXL','&lt;p&gt;This cap &lt;strong&gt;is suitable for BIG PET micro containers. It has a FTF&lt;/strong&gt; ring.&lt;/p&gt;\r\n\r\n&lt;table border=&quot;1&quot; cellpadding=&quot;1&quot; cellspacing=&quot;1&quot; style=&quot;width: 300px;&quot;&gt;\r\n	&lt;tbody&gt;\r\n		&lt;tr&gt;\r\n			&lt;td&gt;&lt;strong&gt;Dimensions:&lt;/strong&gt;&lt;/td&gt;\r\n			&lt;td&gt;Length x diameter, mm&lt;/td&gt;\r\n		&lt;/tr&gt;\r\n		&lt;tr&gt;\r\n			&lt;td&gt;Outer (max)&lt;/td&gt;\r\n			&lt;td&gt;\r\n			&lt;table border=&quot;0&quot; cellpadding=&quot;0&quot; cellspacing=&quot;0&quot; width=&quot;141&quot;&gt;\r\n				&lt;colgroup&gt;\r\n					&lt;col width=&quot;141&quot; /&gt;\r\n				&lt;/colgroup&gt;\r\n				&lt;tbody&gt;\r\n					&lt;tr height=&quot;17&quot;&gt;\r\n						&lt;td class=&quot;xl67&quot; height=&quot;17&quot; style=&quot;height:12.75pt;width:106pt&quot; width=&quot;141&quot;&gt;\r\n						&lt;table border=&quot;0&quot; cellpadding=&quot;0&quot; cellspacing=&quot;0&quot; width=&quot;141&quot;&gt;\r\n							&lt;tbody&gt;\r\n								&lt;tr height=&quot;17&quot;&gt;\r\n									&lt;td class=&quot;xl67&quot; height=&quot;17&quot; style=&quot;height:12.75pt;width:106pt&quot; width=&quot;141&quot;&gt;\r\n									&lt;table border=&quot;0&quot; cellpadding=&quot;0&quot; cellspacing=&quot;0&quot; width=&quot;141&quot;&gt;\r\n										&lt;colgroup&gt;\r\n											&lt;col width=&quot;141&quot; /&gt;\r\n										&lt;/colgroup&gt;\r\n										&lt;tbody&gt;\r\n											&lt;tr height=&quot;17&quot;&gt;\r\n												&lt;td class=&quot;xl68&quot; height=&quot;17&quot; style=&quot;height:12.75pt;width:106pt&quot; width=&quot;141&quot;&gt;16,5 x d50&lt;/td&gt;\r\n											&lt;/tr&gt;\r\n										&lt;/tbody&gt;\r\n									&lt;/table&gt;\r\n									&lt;/td&gt;\r\n								&lt;/tr&gt;\r\n							&lt;/tbody&gt;\r\n						&lt;/table&gt;\r\n						&lt;/td&gt;\r\n					&lt;/tr&gt;\r\n				&lt;/tbody&gt;\r\n			&lt;/table&gt;\r\n			&lt;/td&gt;\r\n		&lt;/tr&gt;\r\n		&lt;tr&gt;\r\n			&lt;td&gt;Outer&lt;/td&gt;\r\n			&lt;td&gt;\r\n			&lt;table border=&quot;0&quot; cellpadding=&quot;0&quot; cellspacing=&quot;0&quot; width=&quot;141&quot;&gt;\r\n				&lt;colgroup&gt;\r\n					&lt;col width=&quot;141&quot; /&gt;\r\n				&lt;/colgroup&gt;\r\n				&lt;tbody&gt;\r\n					&lt;tr height=&quot;17&quot;&gt;\r\n						&lt;td class=&quot;xl67&quot; height=&quot;17&quot; style=&quot;height:12.75pt;width:106pt&quot; width=&quot;141&quot;&gt;\r\n						&lt;table border=&quot;0&quot; cellpadding=&quot;0&quot; cellspacing=&quot;0&quot; width=&quot;141&quot;&gt;\r\n							&lt;colgroup&gt;\r\n								&lt;col width=&quot;141&quot; /&gt;\r\n							&lt;/colgroup&gt;\r\n							&lt;tbody&gt;\r\n								&lt;tr height=&quot;17&quot;&gt;\r\n									&lt;td class=&quot;xl67&quot; height=&quot;17&quot; style=&quot;height:12.75pt;width:106pt&quot; width=&quot;141&quot;&gt;\r\n									&lt;table border=&quot;0&quot; cellpadding=&quot;0&quot; cellspacing=&quot;0&quot; width=&quot;141&quot;&gt;\r\n										&lt;colgroup&gt;\r\n											&lt;col width=&quot;141&quot; /&gt;\r\n										&lt;/colgroup&gt;\r\n										&lt;tbody&gt;\r\n											&lt;tr height=&quot;17&quot;&gt;\r\n												&lt;td class=&quot;xl68&quot; height=&quot;17&quot; style=&quot;height:12.75pt;width:106pt&quot; width=&quot;141&quot;&gt;11 x d50&lt;/td&gt;\r\n											&lt;/tr&gt;\r\n										&lt;/tbody&gt;\r\n									&lt;/table&gt;\r\n									&lt;/td&gt;\r\n								&lt;/tr&gt;\r\n							&lt;/tbody&gt;\r\n						&lt;/table&gt;\r\n						&lt;/td&gt;\r\n					&lt;/tr&gt;\r\n				&lt;/tbody&gt;\r\n			&lt;/table&gt;\r\n			&lt;/td&gt;\r\n		&lt;/tr&gt;\r\n		&lt;tr&gt;\r\n			&lt;td&gt;Color&lt;/td&gt;\r\n			&lt;td&gt;Yellow&lt;/td&gt;\r\n		&lt;/tr&gt;\r\n	&lt;/tbody&gt;\r\n&lt;/table&gt;\r\n\r\n&lt;p&gt;&amp;nbsp;&lt;/p&gt;\r\n','','','PET, Micro container, cap, FTF, XXL, big'),(283,1,'FTF green micro container cap, for BIG PET, XL','&lt;p&gt;This cap &lt;strong&gt;is suitable for XL&amp;nbsp;PET micro containers. It has a FTF&lt;/strong&gt; ring.&lt;/p&gt;\r\n\r\n&lt;table border=&quot;1&quot; cellpadding=&quot;1&quot; cellspacing=&quot;1&quot; style=&quot;width: 300px;&quot;&gt;\r\n	&lt;tbody&gt;\r\n		&lt;tr&gt;\r\n			&lt;td&gt;&lt;strong&gt;Dimensions:&lt;/strong&gt;&lt;/td&gt;\r\n			&lt;td&gt;Length x diameter, mm&lt;/td&gt;\r\n		&lt;/tr&gt;\r\n		&lt;tr&gt;\r\n			&lt;td&gt;Outer (max)&lt;/td&gt;\r\n			&lt;td&gt;\r\n			&lt;table border=&quot;0&quot; cellpadding=&quot;0&quot; cellspacing=&quot;0&quot; width=&quot;141&quot;&gt;\r\n				&lt;colgroup&gt;\r\n					&lt;col width=&quot;141&quot; /&gt;\r\n				&lt;/colgroup&gt;\r\n				&lt;tbody&gt;\r\n					&lt;tr height=&quot;17&quot;&gt;\r\n						&lt;td class=&quot;xl67&quot; height=&quot;17&quot; style=&quot;height:12.75pt;width:106pt&quot; width=&quot;141&quot;&gt;\r\n						&lt;table border=&quot;0&quot; cellpadding=&quot;0&quot; cellspacing=&quot;0&quot; width=&quot;141&quot;&gt;\r\n							&lt;tbody&gt;\r\n								&lt;tr height=&quot;17&quot;&gt;\r\n									&lt;td class=&quot;xl67&quot; height=&quot;17&quot; style=&quot;height:12.75pt;width:106pt&quot; width=&quot;141&quot;&gt;\r\n									&lt;table border=&quot;0&quot; cellpadding=&quot;0&quot; cellspacing=&quot;0&quot; width=&quot;141&quot;&gt;\r\n										&lt;colgroup&gt;\r\n											&lt;col width=&quot;141&quot; /&gt;\r\n										&lt;/colgroup&gt;\r\n										&lt;tbody&gt;\r\n											&lt;tr height=&quot;17&quot;&gt;\r\n												&lt;td class=&quot;xl68&quot; height=&quot;17&quot; style=&quot;height:12.75pt;width:106pt&quot; width=&quot;141&quot;&gt;15 x d40&lt;/td&gt;\r\n											&lt;/tr&gt;\r\n										&lt;/tbody&gt;\r\n									&lt;/table&gt;\r\n									&lt;/td&gt;\r\n								&lt;/tr&gt;\r\n							&lt;/tbody&gt;\r\n						&lt;/table&gt;\r\n						&lt;/td&gt;\r\n					&lt;/tr&gt;\r\n				&lt;/tbody&gt;\r\n			&lt;/table&gt;\r\n			&lt;/td&gt;\r\n		&lt;/tr&gt;\r\n		&lt;tr&gt;\r\n			&lt;td&gt;Outer&lt;/td&gt;\r\n			&lt;td&gt;\r\n			&lt;table border=&quot;0&quot; cellpadding=&quot;0&quot; cellspacing=&quot;0&quot; width=&quot;141&quot;&gt;\r\n				&lt;colgroup&gt;\r\n					&lt;col width=&quot;141&quot; /&gt;\r\n				&lt;/colgroup&gt;\r\n				&lt;tbody&gt;\r\n					&lt;tr height=&quot;17&quot;&gt;\r\n						&lt;td class=&quot;xl67&quot; height=&quot;17&quot; style=&quot;height:12.75pt;width:106pt&quot; width=&quot;141&quot;&gt;\r\n						&lt;table border=&quot;0&quot; cellpadding=&quot;0&quot; cellspacing=&quot;0&quot; width=&quot;141&quot;&gt;\r\n							&lt;colgroup&gt;\r\n								&lt;col width=&quot;141&quot; /&gt;\r\n							&lt;/colgroup&gt;\r\n							&lt;tbody&gt;\r\n								&lt;tr height=&quot;17&quot;&gt;\r\n									&lt;td class=&quot;xl67&quot; height=&quot;17&quot; style=&quot;height:12.75pt;width:106pt&quot; width=&quot;141&quot;&gt;\r\n									&lt;table border=&quot;0&quot; cellpadding=&quot;0&quot; cellspacing=&quot;0&quot; width=&quot;141&quot;&gt;\r\n										&lt;colgroup&gt;\r\n											&lt;col width=&quot;141&quot; /&gt;\r\n										&lt;/colgroup&gt;\r\n										&lt;tbody&gt;\r\n											&lt;tr height=&quot;17&quot;&gt;\r\n												&lt;td class=&quot;xl68&quot; height=&quot;17&quot; style=&quot;height:12.75pt;width:106pt&quot; width=&quot;141&quot;&gt;7 x d40&lt;/td&gt;\r\n											&lt;/tr&gt;\r\n										&lt;/tbody&gt;\r\n									&lt;/table&gt;\r\n									&lt;/td&gt;\r\n								&lt;/tr&gt;\r\n							&lt;/tbody&gt;\r\n						&lt;/table&gt;\r\n						&lt;/td&gt;\r\n					&lt;/tr&gt;\r\n				&lt;/tbody&gt;\r\n			&lt;/table&gt;\r\n			&lt;/td&gt;\r\n		&lt;/tr&gt;\r\n		&lt;tr&gt;\r\n			&lt;td&gt;Color&lt;/td&gt;\r\n			&lt;td&gt;Green&lt;/td&gt;\r\n		&lt;/tr&gt;\r\n	&lt;/tbody&gt;\r\n&lt;/table&gt;\r\n\r\n&lt;p&gt;&amp;nbsp;&lt;/p&gt;\r\n','','','PET, Micro container, cap, FTF, XL, big'),(283,2,'FTF žalias PET mikro konteinerio kamštelis, 5L ruošiniui, XL','&lt;p&gt;Šis &lt;strong&gt;FTF &lt;/strong&gt;kamštelis &lt;strong&gt;yra tinkamas dideliems, 5L talpos &lt;/strong&gt;PET konteineriams&lt;strong&gt; .&lt;/strong&gt; Jį atsukus, išgirsite tą malonų garsą &quot;trakšt&quot;,&lt;br /&gt;\r\nkuris turėtų pasigirsti atsukinėjant kokį nors buteliuką pirmą kartą.&lt;/p&gt;\r\n\r\n&lt;table border=&quot;1&quot; cellpadding=&quot;1&quot; cellspacing=&quot;1&quot; style=&quot;width: 300px;&quot;&gt;\r\n	&lt;tbody&gt;\r\n		&lt;tr&gt;\r\n			&lt;td&gt;&lt;strong&gt;Matmenys:&lt;/strong&gt;&lt;/td&gt;\r\n			&lt;td&gt;Ilgis x skersmuo, mm&lt;/td&gt;\r\n		&lt;/tr&gt;\r\n		&lt;tr&gt;\r\n			&lt;td&gt;Išorė(max)&lt;/td&gt;\r\n			&lt;td&gt;\r\n			&lt;table border=&quot;0&quot; cellpadding=&quot;0&quot; cellspacing=&quot;0&quot; width=&quot;141&quot;&gt;\r\n				&lt;colgroup&gt;\r\n					&lt;col width=&quot;141&quot; /&gt;\r\n				&lt;/colgroup&gt;\r\n				&lt;tbody&gt;\r\n					&lt;tr height=&quot;17&quot;&gt;\r\n						&lt;td class=&quot;xl67&quot; height=&quot;17&quot; style=&quot;height:12.75pt;width:106pt&quot; width=&quot;141&quot;&gt;\r\n						&lt;table border=&quot;0&quot; cellpadding=&quot;0&quot; cellspacing=&quot;0&quot; width=&quot;141&quot;&gt;\r\n							&lt;tbody&gt;\r\n								&lt;tr height=&quot;17&quot;&gt;\r\n									&lt;td class=&quot;xl67&quot; height=&quot;17&quot; style=&quot;height:12.75pt;width:106pt&quot; width=&quot;141&quot;&gt;\r\n									&lt;table border=&quot;0&quot; cellpadding=&quot;0&quot; cellspacing=&quot;0&quot; width=&quot;141&quot;&gt;\r\n										&lt;colgroup&gt;\r\n											&lt;col width=&quot;141&quot; /&gt;\r\n										&lt;/colgroup&gt;\r\n										&lt;tbody&gt;\r\n											&lt;tr height=&quot;17&quot;&gt;\r\n												&lt;td class=&quot;xl68&quot; height=&quot;17&quot; style=&quot;height:12.75pt;width:106pt&quot; width=&quot;141&quot;&gt;15 x d40&lt;/td&gt;\r\n											&lt;/tr&gt;\r\n										&lt;/tbody&gt;\r\n									&lt;/table&gt;\r\n									&lt;/td&gt;\r\n								&lt;/tr&gt;\r\n							&lt;/tbody&gt;\r\n						&lt;/table&gt;\r\n						&lt;/td&gt;\r\n					&lt;/tr&gt;\r\n				&lt;/tbody&gt;\r\n			&lt;/table&gt;\r\n			&lt;/td&gt;\r\n		&lt;/tr&gt;\r\n		&lt;tr&gt;\r\n			&lt;td&gt;Išorė&lt;/td&gt;\r\n			&lt;td&gt;\r\n			&lt;table border=&quot;0&quot; cellpadding=&quot;0&quot; cellspacing=&quot;0&quot; width=&quot;141&quot;&gt;\r\n				&lt;colgroup&gt;\r\n					&lt;col width=&quot;141&quot; /&gt;\r\n				&lt;/colgroup&gt;\r\n				&lt;tbody&gt;\r\n					&lt;tr height=&quot;17&quot;&gt;\r\n						&lt;td class=&quot;xl67&quot; height=&quot;17&quot; style=&quot;height:12.75pt;width:106pt&quot; width=&quot;141&quot;&gt;\r\n						&lt;table border=&quot;0&quot; cellpadding=&quot;0&quot; cellspacing=&quot;0&quot; width=&quot;141&quot;&gt;\r\n							&lt;colgroup&gt;\r\n								&lt;col width=&quot;141&quot; /&gt;\r\n							&lt;/colgroup&gt;\r\n							&lt;tbody&gt;\r\n								&lt;tr height=&quot;17&quot;&gt;\r\n									&lt;td class=&quot;xl68&quot; height=&quot;17&quot; style=&quot;height:12.75pt;width:106pt&quot; width=&quot;141&quot;&gt;7 x d40&lt;/td&gt;\r\n								&lt;/tr&gt;\r\n							&lt;/tbody&gt;\r\n						&lt;/table&gt;\r\n						&lt;/td&gt;\r\n					&lt;/tr&gt;\r\n				&lt;/tbody&gt;\r\n			&lt;/table&gt;\r\n			&lt;/td&gt;\r\n		&lt;/tr&gt;\r\n	&lt;/tbody&gt;\r\n&lt;/table&gt;\r\n\r\n&lt;p&gt;&amp;nbsp;&lt;/p&gt;\r\n','','','PET, Mikro konteineris, kamštelis, kamštukas, FTF, XL'),(284,1,'FTF blue micro container cap, for BIG PET, XL','&lt;p&gt;This cap &lt;strong&gt;is suitable for XL&amp;nbsp;PET micro containers. It has a FTF&lt;/strong&gt; ring.&lt;/p&gt;\r\n\r\n&lt;table border=&quot;1&quot; cellpadding=&quot;1&quot; cellspacing=&quot;1&quot; style=&quot;width: 300px;&quot;&gt;\r\n	&lt;tbody&gt;\r\n		&lt;tr&gt;\r\n			&lt;td&gt;&lt;strong&gt;Dimensions:&lt;/strong&gt;&lt;/td&gt;\r\n			&lt;td&gt;Length x diameter, mm&lt;/td&gt;\r\n		&lt;/tr&gt;\r\n		&lt;tr&gt;\r\n			&lt;td&gt;Outer (max)&lt;/td&gt;\r\n			&lt;td&gt;\r\n			&lt;table border=&quot;0&quot; cellpadding=&quot;0&quot; cellspacing=&quot;0&quot; width=&quot;141&quot;&gt;\r\n				&lt;colgroup&gt;\r\n					&lt;col width=&quot;141&quot; /&gt;\r\n				&lt;/colgroup&gt;\r\n				&lt;tbody&gt;\r\n					&lt;tr height=&quot;17&quot;&gt;\r\n						&lt;td class=&quot;xl67&quot; height=&quot;17&quot; style=&quot;height:12.75pt;width:106pt&quot; width=&quot;141&quot;&gt;\r\n						&lt;table border=&quot;0&quot; cellpadding=&quot;0&quot; cellspacing=&quot;0&quot; width=&quot;141&quot;&gt;\r\n							&lt;tbody&gt;\r\n								&lt;tr height=&quot;17&quot;&gt;\r\n									&lt;td class=&quot;xl67&quot; height=&quot;17&quot; style=&quot;height:12.75pt;width:106pt&quot; width=&quot;141&quot;&gt;\r\n									&lt;table border=&quot;0&quot; cellpadding=&quot;0&quot; cellspacing=&quot;0&quot; width=&quot;141&quot;&gt;\r\n										&lt;colgroup&gt;\r\n											&lt;col width=&quot;141&quot; /&gt;\r\n										&lt;/colgroup&gt;\r\n										&lt;tbody&gt;\r\n											&lt;tr height=&quot;17&quot;&gt;\r\n												&lt;td class=&quot;xl68&quot; height=&quot;17&quot; style=&quot;height:12.75pt;width:106pt&quot; width=&quot;141&quot;&gt;15 x d40&lt;/td&gt;\r\n											&lt;/tr&gt;\r\n										&lt;/tbody&gt;\r\n									&lt;/table&gt;\r\n									&lt;/td&gt;\r\n								&lt;/tr&gt;\r\n							&lt;/tbody&gt;\r\n						&lt;/table&gt;\r\n						&lt;/td&gt;\r\n					&lt;/tr&gt;\r\n				&lt;/tbody&gt;\r\n			&lt;/table&gt;\r\n			&lt;/td&gt;\r\n		&lt;/tr&gt;\r\n		&lt;tr&gt;\r\n			&lt;td&gt;Outer&lt;/td&gt;\r\n			&lt;td&gt;\r\n			&lt;table border=&quot;0&quot; cellpadding=&quot;0&quot; cellspacing=&quot;0&quot; width=&quot;141&quot;&gt;\r\n				&lt;colgroup&gt;\r\n					&lt;col width=&quot;141&quot; /&gt;\r\n				&lt;/colgroup&gt;\r\n				&lt;tbody&gt;\r\n					&lt;tr height=&quot;17&quot;&gt;\r\n						&lt;td class=&quot;xl67&quot; height=&quot;17&quot; style=&quot;height:12.75pt;width:106pt&quot; width=&quot;141&quot;&gt;\r\n						&lt;table border=&quot;0&quot; cellpadding=&quot;0&quot; cellspacing=&quot;0&quot; width=&quot;141&quot;&gt;\r\n							&lt;colgroup&gt;\r\n								&lt;col width=&quot;141&quot; /&gt;\r\n							&lt;/colgroup&gt;\r\n							&lt;tbody&gt;\r\n								&lt;tr height=&quot;17&quot;&gt;\r\n									&lt;td class=&quot;xl67&quot; height=&quot;17&quot; style=&quot;height:12.75pt;width:106pt&quot; width=&quot;141&quot;&gt;\r\n									&lt;table border=&quot;0&quot; cellpadding=&quot;0&quot; cellspacing=&quot;0&quot; width=&quot;141&quot;&gt;\r\n										&lt;colgroup&gt;\r\n											&lt;col width=&quot;141&quot; /&gt;\r\n										&lt;/colgroup&gt;\r\n										&lt;tbody&gt;\r\n											&lt;tr height=&quot;17&quot;&gt;\r\n												&lt;td class=&quot;xl68&quot; height=&quot;17&quot; style=&quot;height:12.75pt;width:106pt&quot; width=&quot;141&quot;&gt;7 x d40&lt;/td&gt;\r\n											&lt;/tr&gt;\r\n										&lt;/tbody&gt;\r\n									&lt;/table&gt;\r\n									&lt;/td&gt;\r\n								&lt;/tr&gt;\r\n							&lt;/tbody&gt;\r\n						&lt;/table&gt;\r\n						&lt;/td&gt;\r\n					&lt;/tr&gt;\r\n				&lt;/tbody&gt;\r\n			&lt;/table&gt;\r\n			&lt;/td&gt;\r\n		&lt;/tr&gt;\r\n		&lt;tr&gt;\r\n			&lt;td&gt;Color&lt;/td&gt;\r\n			&lt;td&gt;Blue&lt;/td&gt;\r\n		&lt;/tr&gt;\r\n	&lt;/tbody&gt;\r\n&lt;/table&gt;\r\n\r\n&lt;p&gt;&amp;nbsp;&lt;/p&gt;\r\n','','','PET, Micro container, cap, FTF, XL, big'),(284,2,'FTF mėlynas PET mikro konteinerio kamštelis, 5L ruošiniui, XL','&lt;p&gt;Šis &lt;strong&gt;FTF &lt;/strong&gt;kamštelis &lt;strong&gt;yra tinkamas dideliems, 5L talpos &lt;/strong&gt;PET konteineriams&lt;strong&gt; .&lt;/strong&gt; Jį atsukus, išgirsite tą malonų garsą &quot;trakšt&quot;,&lt;br /&gt;\r\nkuris turėtų pasigirsti atsukinėjant kokį nors buteliuką pirmą kartą.&lt;/p&gt;\r\n\r\n&lt;table border=&quot;1&quot; cellpadding=&quot;1&quot; cellspacing=&quot;1&quot; style=&quot;width: 300px;&quot;&gt;\r\n	&lt;tbody&gt;\r\n		&lt;tr&gt;\r\n			&lt;td&gt;&lt;strong&gt;Matmenys:&lt;/strong&gt;&lt;/td&gt;\r\n			&lt;td&gt;Ilgis x skersmuo, mm&lt;/td&gt;\r\n		&lt;/tr&gt;\r\n		&lt;tr&gt;\r\n			&lt;td&gt;Išorė(max)&lt;/td&gt;\r\n			&lt;td&gt;\r\n			&lt;table border=&quot;0&quot; cellpadding=&quot;0&quot; cellspacing=&quot;0&quot; width=&quot;141&quot;&gt;\r\n				&lt;colgroup&gt;\r\n					&lt;col width=&quot;141&quot; /&gt;\r\n				&lt;/colgroup&gt;\r\n				&lt;tbody&gt;\r\n					&lt;tr height=&quot;17&quot;&gt;\r\n						&lt;td class=&quot;xl67&quot; height=&quot;17&quot; style=&quot;height:12.75pt;width:106pt&quot; width=&quot;141&quot;&gt;\r\n						&lt;table border=&quot;0&quot; cellpadding=&quot;0&quot; cellspacing=&quot;0&quot; width=&quot;141&quot;&gt;\r\n							&lt;tbody&gt;\r\n								&lt;tr height=&quot;17&quot;&gt;\r\n									&lt;td class=&quot;xl67&quot; height=&quot;17&quot; style=&quot;height:12.75pt;width:106pt&quot; width=&quot;141&quot;&gt;\r\n									&lt;table border=&quot;0&quot; cellpadding=&quot;0&quot; cellspacing=&quot;0&quot; width=&quot;141&quot;&gt;\r\n										&lt;colgroup&gt;\r\n											&lt;col width=&quot;141&quot; /&gt;\r\n										&lt;/colgroup&gt;\r\n										&lt;tbody&gt;\r\n											&lt;tr height=&quot;17&quot;&gt;\r\n												&lt;td class=&quot;xl68&quot; height=&quot;17&quot; style=&quot;height:12.75pt;width:106pt&quot; width=&quot;141&quot;&gt;15 x d40&lt;/td&gt;\r\n											&lt;/tr&gt;\r\n										&lt;/tbody&gt;\r\n									&lt;/table&gt;\r\n									&lt;/td&gt;\r\n								&lt;/tr&gt;\r\n							&lt;/tbody&gt;\r\n						&lt;/table&gt;\r\n						&lt;/td&gt;\r\n					&lt;/tr&gt;\r\n				&lt;/tbody&gt;\r\n			&lt;/table&gt;\r\n			&lt;/td&gt;\r\n		&lt;/tr&gt;\r\n		&lt;tr&gt;\r\n			&lt;td&gt;Išorė&lt;/td&gt;\r\n			&lt;td&gt;\r\n			&lt;table border=&quot;0&quot; cellpadding=&quot;0&quot; cellspacing=&quot;0&quot; width=&quot;141&quot;&gt;\r\n				&lt;colgroup&gt;\r\n					&lt;col width=&quot;141&quot; /&gt;\r\n				&lt;/colgroup&gt;\r\n				&lt;tbody&gt;\r\n					&lt;tr height=&quot;17&quot;&gt;\r\n						&lt;td class=&quot;xl67&quot; height=&quot;17&quot; style=&quot;height:12.75pt;width:106pt&quot; width=&quot;141&quot;&gt;\r\n						&lt;table border=&quot;0&quot; cellpadding=&quot;0&quot; cellspacing=&quot;0&quot; width=&quot;141&quot;&gt;\r\n							&lt;colgroup&gt;\r\n								&lt;col width=&quot;141&quot; /&gt;\r\n							&lt;/colgroup&gt;\r\n							&lt;tbody&gt;\r\n								&lt;tr height=&quot;17&quot;&gt;\r\n									&lt;td class=&quot;xl68&quot; height=&quot;17&quot; style=&quot;height:12.75pt;width:106pt&quot; width=&quot;141&quot;&gt;7 x d40&lt;/td&gt;\r\n								&lt;/tr&gt;\r\n							&lt;/tbody&gt;\r\n						&lt;/table&gt;\r\n						&lt;/td&gt;\r\n					&lt;/tr&gt;\r\n				&lt;/tbody&gt;\r\n			&lt;/table&gt;\r\n			&lt;/td&gt;\r\n		&lt;/tr&gt;\r\n	&lt;/tbody&gt;\r\n&lt;/table&gt;\r\n\r\n&lt;p&gt;&amp;nbsp;&lt;/p&gt;\r\n','','','PET, Mikro konteineris, kamštelis, kamštukas, FTF, XL'),(285,2,'Didelis skaidrus PET mikro konteineris su kamšteliu, XL','&lt;p&gt;Tai yra PET butelio ruošinys, iš kurio kaitinant ir pučiant, gaminami 5l plastikiniai buteliai įvairiems skysčiams. Kol iš šio ruošinio niekas nepagamino butelio, jis puikiai tinka slėpti mikro lobiams. Šio tipo konteineris pasižymi ypatingu tvirtumu ir atsparumu drėgmei.&lt;br /&gt;\r\nŠio tipo konteineriukai gali būti kabinami ant medžio šakų, o pritvirtinus magnetą galima tvirtinti prie įvairių metalinių konstrukcijų.&lt;br /&gt;\r\nŠis konteinerio tūris nėra mažas - apie 90 ml. Tad jį netgi galima būtų skirti prie &quot;small&quot;, o ne &quot;micro&quot; tipo konteinerių, nes jame gali nesunkiai tilpti mikro &lt;a href=&quot;http://www.geoshop.lt/index.php?route=product/category&amp;amp;path=18_63&quot; target=&quot;_blank&quot;&gt;geomoneta &lt;/a&gt;ar mažas &lt;a href=&quot;http://www.geoshop.lt/index.php?route=product/category&amp;amp;path=18_46&quot; target=&quot;_blank&quot;&gt;keliauninkas&lt;/a&gt;.&lt;br /&gt;\r\n&lt;br /&gt;\r\nBe to, šis daiktas puikiai tinka kaip&lt;strong&gt; kelioninis indelis&lt;/strong&gt; susipilti šampūnui ar panašiems skysčiams. Jis pasižymi ITIN GERU sandarumu ir tvirtumu, dėl to galite nepergyventi kad Jūsų kelioniniame bagaže ištekėjęs skystis sugadins Jūsų bagažą.&lt;br /&gt;\r\nAtkreipkite dėmesį, kad indelio tūris yra ~90 ml, tad kelionei lėktuvu rankiniame bagaže jis tinkamiausias.&lt;/p&gt;\r\n\r\n&lt;p&gt;Šis konteineris parduodamas &lt;strong&gt;su FTF (žaliu ar geltonu) kamšteliu&lt;/strong&gt;. Parašykite komentarą, jei pageidaujate geltonos spalvos kamštelio. Jei komentaro nerašysite, išsiųsime žalios spalvos kamštelį.&lt;/p&gt;\r\n\r\n&lt;table border=&quot;1&quot; cellpadding=&quot;1&quot; cellspacing=&quot;1&quot; style=&quot;width: 300px;&quot;&gt;\r\n	&lt;tbody&gt;\r\n		&lt;tr&gt;\r\n			&lt;td&gt;&lt;strong&gt;Matmenys:&lt;/strong&gt;&lt;/td&gt;\r\n			&lt;td&gt;Ilgis x skersmuo, mm&lt;/td&gt;\r\n		&lt;/tr&gt;\r\n		&lt;tr&gt;\r\n			&lt;td&gt;Išorė(max)&lt;/td&gt;\r\n			&lt;td&gt;\r\n			&lt;table border=&quot;0&quot; cellpadding=&quot;0&quot; cellspacing=&quot;0&quot; width=&quot;141&quot;&gt;\r\n				&lt;colgroup&gt;\r\n					&lt;col width=&quot;141&quot; /&gt;\r\n				&lt;/colgroup&gt;\r\n				&lt;tbody&gt;\r\n					&lt;tr height=&quot;17&quot;&gt;\r\n						&lt;td class=&quot;xl67&quot; height=&quot;17&quot; style=&quot;height:12.75pt;width:106pt&quot; width=&quot;141&quot;&gt;\r\n						&lt;table border=&quot;0&quot; cellpadding=&quot;0&quot; cellspacing=&quot;0&quot; width=&quot;141&quot;&gt;\r\n							&lt;tbody&gt;\r\n								&lt;tr height=&quot;17&quot;&gt;\r\n									&lt;td class=&quot;xl67&quot; height=&quot;17&quot; style=&quot;height:12.75pt;width:106pt&quot; width=&quot;141&quot;&gt;135 x d43&lt;/td&gt;\r\n								&lt;/tr&gt;\r\n							&lt;/tbody&gt;\r\n						&lt;/table&gt;\r\n						&lt;/td&gt;\r\n					&lt;/tr&gt;\r\n				&lt;/tbody&gt;\r\n			&lt;/table&gt;\r\n			&lt;/td&gt;\r\n		&lt;/tr&gt;\r\n		&lt;tr&gt;\r\n			&lt;td&gt;Išorė&lt;/td&gt;\r\n			&lt;td&gt;\r\n			&lt;table border=&quot;0&quot; cellpadding=&quot;0&quot; cellspacing=&quot;0&quot; width=&quot;141&quot;&gt;\r\n				&lt;colgroup&gt;\r\n					&lt;col width=&quot;141&quot; /&gt;\r\n				&lt;/colgroup&gt;\r\n				&lt;tbody&gt;\r\n					&lt;tr height=&quot;17&quot;&gt;\r\n						&lt;td class=&quot;xl67&quot; height=&quot;17&quot; style=&quot;height:12.75pt;width:106pt&quot; width=&quot;141&quot;&gt;135 x d39&lt;/td&gt;\r\n					&lt;/tr&gt;\r\n				&lt;/tbody&gt;\r\n			&lt;/table&gt;\r\n			&lt;/td&gt;\r\n		&lt;/tr&gt;\r\n		&lt;tr&gt;\r\n			&lt;td&gt;Vidus&lt;/td&gt;\r\n			&lt;td&gt;~123 x d33&lt;/td&gt;\r\n		&lt;/tr&gt;\r\n		&lt;tr&gt;\r\n			&lt;td&gt;Kamštelio spalva&lt;/td&gt;\r\n			&lt;td&gt;žalia arba geltona&lt;/td&gt;\r\n		&lt;/tr&gt;\r\n	&lt;/tbody&gt;\r\n&lt;/table&gt;\r\n\r\n&lt;p&gt;&amp;nbsp;&lt;/p&gt;\r\n','','','PET, Mikro konteineris, didelis, FTF, kelioninis indelis, XL'),(285,1,'BIG Clear PET preform micro container w cap, XL','&lt;p&gt;This is a PET preform container that could be melted and formed into a large 5L water bottle.&amp;nbsp;&lt;br /&gt;\r\nThese micro containers make are completely waterproof and extremely durable. It is one of the best kinds of micro containers to be hidden in wide nature. This one qute big, and could be also called &quot;small&quot;, not &quot;micro&quot;, because a small trackables can fit into ~90 ml capacity inside area.&lt;/p&gt;\r\n\r\n&lt;p&gt;This container cames &lt;strong&gt;with FTF (blue, green or yellow) cap&lt;/strong&gt;. If you would like to get green or yellow cap, please leave a comment, otherwise we will ship you blue cap.&lt;/p&gt;\r\n\r\n&lt;table border=&quot;1&quot; cellpadding=&quot;1&quot; cellspacing=&quot;1&quot; style=&quot;width: 300px;&quot;&gt;\r\n	&lt;tbody&gt;\r\n		&lt;tr&gt;\r\n			&lt;td&gt;&lt;strong&gt;Dimensions:&lt;/strong&gt;&lt;/td&gt;\r\n			&lt;td&gt;Length x diameter, mm&lt;/td&gt;\r\n		&lt;/tr&gt;\r\n		&lt;tr&gt;\r\n			&lt;td&gt;Outside(max)&lt;/td&gt;\r\n			&lt;td&gt;\r\n			&lt;table border=&quot;0&quot; cellpadding=&quot;0&quot; cellspacing=&quot;0&quot; width=&quot;141&quot;&gt;\r\n				&lt;colgroup&gt;\r\n					&lt;col width=&quot;141&quot; /&gt;\r\n				&lt;/colgroup&gt;\r\n				&lt;tbody&gt;\r\n					&lt;tr height=&quot;17&quot;&gt;\r\n						&lt;td class=&quot;xl67&quot; height=&quot;17&quot; style=&quot;height:12.75pt;width:106pt&quot; width=&quot;141&quot;&gt;\r\n						&lt;table border=&quot;0&quot; cellpadding=&quot;0&quot; cellspacing=&quot;0&quot; width=&quot;141&quot;&gt;\r\n							&lt;tbody&gt;\r\n								&lt;tr height=&quot;17&quot;&gt;\r\n									&lt;td class=&quot;xl67&quot; height=&quot;17&quot; style=&quot;height:12.75pt;width:106pt&quot; width=&quot;141&quot;&gt;135 x d43&lt;/td&gt;\r\n								&lt;/tr&gt;\r\n							&lt;/tbody&gt;\r\n						&lt;/table&gt;\r\n						&lt;/td&gt;\r\n					&lt;/tr&gt;\r\n				&lt;/tbody&gt;\r\n			&lt;/table&gt;\r\n			&lt;/td&gt;\r\n		&lt;/tr&gt;\r\n		&lt;tr&gt;\r\n			&lt;td&gt;Outside&lt;/td&gt;\r\n			&lt;td&gt;\r\n			&lt;table border=&quot;0&quot; cellpadding=&quot;0&quot; cellspacing=&quot;0&quot; width=&quot;141&quot;&gt;\r\n				&lt;colgroup&gt;\r\n					&lt;col width=&quot;141&quot; /&gt;\r\n				&lt;/colgroup&gt;\r\n				&lt;tbody&gt;\r\n					&lt;tr height=&quot;17&quot;&gt;\r\n						&lt;td class=&quot;xl67&quot; height=&quot;17&quot; style=&quot;height:12.75pt;width:106pt&quot; width=&quot;141&quot;&gt;\r\n						&lt;table border=&quot;0&quot; cellpadding=&quot;0&quot; cellspacing=&quot;0&quot; width=&quot;141&quot;&gt;\r\n							&lt;colgroup&gt;\r\n								&lt;col width=&quot;141&quot; /&gt;\r\n							&lt;/colgroup&gt;\r\n							&lt;tbody&gt;\r\n								&lt;tr height=&quot;17&quot;&gt;\r\n									&lt;td class=&quot;xl67&quot; height=&quot;17&quot; style=&quot;height:12.75pt;width:106pt&quot; width=&quot;141&quot;&gt;135 x d39&lt;/td&gt;\r\n								&lt;/tr&gt;\r\n							&lt;/tbody&gt;\r\n						&lt;/table&gt;\r\n						&lt;/td&gt;\r\n					&lt;/tr&gt;\r\n				&lt;/tbody&gt;\r\n			&lt;/table&gt;\r\n			&lt;/td&gt;\r\n		&lt;/tr&gt;\r\n		&lt;tr&gt;\r\n			&lt;td&gt;Inside&lt;/td&gt;\r\n			&lt;td&gt;~123 x d33&lt;/td&gt;\r\n		&lt;/tr&gt;\r\n		&lt;tr&gt;\r\n			&lt;td&gt;Cap\'s color&lt;/td&gt;\r\n			&lt;td&gt;Blue, green or yellow&lt;/td&gt;\r\n		&lt;/tr&gt;\r\n	&lt;/tbody&gt;\r\n&lt;/table&gt;\r\n\r\n&lt;p&gt;&amp;nbsp;&lt;/p&gt;\r\n\r\n&lt;p&gt;&amp;nbsp;&lt;/p&gt;\r\n','','','PET, Micro container, FTF, XXL, big'),(286,2,'Nano konteinerių užrašinė Uniquegeocaches','&lt;p&gt;Originalios Uniquegeocaches nano konteinerių užrašinės (&lt;em&gt;logsheets&lt;/em&gt;), pagamintos iš Rite in the Rain popieriaus, kuris nebijo drėgmės. Prie juostelės primontuotas metalinis strypelis, kuris nano konteinerio magneto pagalba palengvina užrašinės išėmimą iš konteinerio.&lt;br /&gt;\r\nSkirtos &lt;a href=&quot;http://www.geoshop.lt/index.php?route=product/product&amp;amp;path=20_60&amp;amp;product_id=58#.VOCgpyxCjxo&quot; target=&quot;_blank&quot;&gt;&quot;didesniems&quot; nano konteineriams.&lt;/a&gt;&lt;/p&gt;\r\n\r\n&lt;p&gt;Šioje užrašinėje telpa 74 įrašai, tuo tarpu standartinėse nano užrašinėse tik 37. Tad lobiuką jums teks prižiūrėti dvigubai rečiau.&lt;/p&gt;\r\n\r\n&lt;table border=&quot;1&quot; cellpadding=&quot;1&quot; cellspacing=&quot;1&quot; height=&quot;101&quot; width=&quot;309&quot;&gt;\r\n	&lt;tbody&gt;\r\n		&lt;tr&gt;\r\n			&lt;td&gt;&lt;strong&gt;Parametrai:&lt;/strong&gt;&lt;/td&gt;\r\n			&lt;td&gt;&amp;nbsp;&lt;/td&gt;\r\n		&lt;/tr&gt;\r\n		&lt;tr&gt;\r\n			&lt;td&gt;Matmenys, mm&lt;/td&gt;\r\n			&lt;td&gt;\r\n			&lt;table border=&quot;0&quot; cellpadding=&quot;0&quot; cellspacing=&quot;0&quot; width=&quot;141&quot;&gt;\r\n				&lt;colgroup&gt;\r\n					&lt;col width=&quot;141&quot; /&gt;\r\n				&lt;/colgroup&gt;\r\n				&lt;tbody&gt;\r\n					&lt;tr height=&quot;17&quot;&gt;\r\n						&lt;td class=&quot;xl67&quot; height=&quot;17&quot; style=&quot;width: 106pt; height: 12.75pt;&quot; width=&quot;141&quot;&gt;\r\n						&lt;table border=&quot;0&quot; cellpadding=&quot;0&quot; cellspacing=&quot;0&quot; width=&quot;141&quot;&gt;\r\n							&lt;tbody&gt;\r\n								&lt;tr height=&quot;17&quot;&gt;\r\n									&lt;td class=&quot;xl67&quot; height=&quot;17&quot; style=&quot;width: 106pt; height: 12.75pt;&quot; width=&quot;141&quot;&gt;297 x 12&lt;/td&gt;\r\n								&lt;/tr&gt;\r\n							&lt;/tbody&gt;\r\n						&lt;/table&gt;\r\n						&lt;/td&gt;\r\n					&lt;/tr&gt;\r\n				&lt;/tbody&gt;\r\n			&lt;/table&gt;\r\n			&lt;/td&gt;\r\n		&lt;/tr&gt;\r\n		&lt;tr&gt;\r\n			&lt;td&gt;Matmenys (suvyniota), mm&lt;/td&gt;\r\n			&lt;td&gt;d7,5 x 12&lt;/td&gt;\r\n		&lt;/tr&gt;\r\n		&lt;tr&gt;\r\n			&lt;td&gt;Vieta vienam įrašui, mm&lt;/td&gt;\r\n			&lt;td&gt;15 x 6&lt;/td&gt;\r\n		&lt;/tr&gt;\r\n	&lt;/tbody&gt;\r\n&lt;/table&gt;\r\n\r\n&lt;p&gt;&amp;nbsp;&lt;/p&gt;\r\n','','','Nano konteineris, užrašinė, Rite in the Rain'),(286,1,'Nano Cache Replacement Logsheet Uniquegeocaches','&lt;p&gt;These Nano log sheets produced by Uniquegeocaches are made with Rite in the Rain paper, a metal bar which makes it easier to remove and pre-rolled. They are used in &lt;a href=&quot;http://www.geoshop.lt/index.php?route=product/product&amp;amp;path=20_60&amp;amp;product_id=58&quot; target=&quot;_blank&quot;&gt;&quot;bigger&quot; nano containers&quot;.&lt;/a&gt;&lt;/p&gt;\r\n\r\n&lt;table border=&quot;1&quot; cellpadding=&quot;1&quot; cellspacing=&quot;1&quot; style=&quot;width: 330px;&quot;&gt;\r\n	&lt;tbody&gt;\r\n		&lt;tr&gt;\r\n			&lt;td&gt;&lt;strong&gt;Parameters:&lt;/strong&gt;&lt;/td&gt;\r\n			&lt;td&gt;&amp;nbsp;&lt;/td&gt;\r\n		&lt;/tr&gt;\r\n		&lt;tr&gt;\r\n			&lt;td&gt;Dimensions, mm&lt;/td&gt;\r\n			&lt;td&gt;\r\n			&lt;table border=&quot;0&quot; cellpadding=&quot;0&quot; cellspacing=&quot;0&quot; width=&quot;141&quot;&gt;\r\n				&lt;tbody&gt;\r\n					&lt;tr height=&quot;17&quot;&gt;\r\n						&lt;td class=&quot;xl67&quot; height=&quot;17&quot; style=&quot;width: 106pt; height: 12.75pt;&quot; width=&quot;141&quot;&gt;\r\n						&lt;table border=&quot;0&quot; cellpadding=&quot;0&quot; cellspacing=&quot;0&quot; width=&quot;141&quot;&gt;\r\n							&lt;tbody&gt;\r\n								&lt;tr height=&quot;17&quot;&gt;\r\n									&lt;td class=&quot;xl67&quot; height=&quot;17&quot; style=&quot;width: 106pt; height: 12.75pt;&quot; width=&quot;141&quot;&gt;297 x 12&lt;/td&gt;\r\n								&lt;/tr&gt;\r\n							&lt;/tbody&gt;\r\n						&lt;/table&gt;\r\n						&lt;/td&gt;\r\n					&lt;/tr&gt;\r\n				&lt;/tbody&gt;\r\n			&lt;/table&gt;\r\n			&lt;/td&gt;\r\n		&lt;/tr&gt;\r\n		&lt;tr&gt;\r\n			&lt;td&gt;Dimensions (pre-rolled), mm&lt;/td&gt;\r\n			&lt;td&gt;d7,5 x 12&lt;/td&gt;\r\n		&lt;/tr&gt;\r\n		&lt;tr&gt;\r\n			&lt;td&gt;1 log space, mm&lt;/td&gt;\r\n			&lt;td&gt;15 x 6&lt;/td&gt;\r\n		&lt;/tr&gt;\r\n	&lt;/tbody&gt;\r\n&lt;/table&gt;\r\n\r\n&lt;p&gt;&amp;nbsp;&lt;/p&gt;\r\n','','','Nano container, logsheet, Rite in the Rain'),(287,1,'Nano container, aluminium, Black with logsheet Uniquegeocaches','&lt;p&gt;This tiny magnetic container usually used to be hidden in urban locality, where to hide micro on bigger cache container is impossible. Please take a note of dimensions of the container: 11 x d8,5 – it is ~4 mm higher than &lt;a href=&quot;http://shop.geocaching.com/default/nano-cache-container.html&quot;&gt;&quot;standard&quot; nano container&lt;/a&gt;, so, its logsheet can be wilder by 4 mm than &quot;standard&quot; - its more comfortable to make a log for finders.&lt;/p&gt;\r\n\r\n&lt;p&gt;This container is with log sheet produced by Uniquegeocaches and is made with Rite in the Rain paper, a metal bar which makes it easier to remove and pre-rolled.&lt;/p&gt;\r\n\r\n&lt;table border=&quot;1&quot; cellpadding=&quot;1&quot; cellspacing=&quot;1&quot; style=&quot;width: 300px;&quot;&gt;\r\n	&lt;tbody&gt;\r\n		&lt;tr&gt;\r\n			&lt;td&gt;&lt;strong&gt;Dimensions container:&lt;/strong&gt;&lt;/td&gt;\r\n			&lt;td&gt;Length x diameter, mm&lt;/td&gt;\r\n		&lt;/tr&gt;\r\n		&lt;tr&gt;\r\n			&lt;td&gt;Outer (max)&lt;/td&gt;\r\n			&lt;td&gt;\r\n			&lt;table border=&quot;0&quot; cellpadding=&quot;0&quot; cellspacing=&quot;0&quot; width=&quot;141&quot;&gt;\r\n				&lt;colgroup&gt;\r\n					&lt;col width=&quot;141&quot; /&gt;\r\n				&lt;/colgroup&gt;\r\n				&lt;tbody&gt;\r\n					&lt;tr height=&quot;17&quot;&gt;\r\n						&lt;td class=&quot;xl67&quot; height=&quot;17&quot; style=&quot;height:12.75pt;width:106pt&quot; width=&quot;141&quot;&gt;\r\n						&lt;table border=&quot;0&quot; cellpadding=&quot;0&quot; cellspacing=&quot;0&quot; width=&quot;141&quot;&gt;\r\n							&lt;tbody&gt;\r\n								&lt;tr height=&quot;17&quot;&gt;\r\n									&lt;td class=&quot;xl67&quot; height=&quot;17&quot; style=&quot;height:12.75pt;width:106pt&quot; width=&quot;141&quot;&gt;18,5 x d12&lt;/td&gt;\r\n								&lt;/tr&gt;\r\n							&lt;/tbody&gt;\r\n						&lt;/table&gt;\r\n						&lt;/td&gt;\r\n					&lt;/tr&gt;\r\n				&lt;/tbody&gt;\r\n			&lt;/table&gt;\r\n			&lt;/td&gt;\r\n		&lt;/tr&gt;\r\n		&lt;tr&gt;\r\n			&lt;td&gt;Outer&lt;/td&gt;\r\n			&lt;td&gt;\r\n			&lt;table border=&quot;0&quot; cellpadding=&quot;0&quot; cellspacing=&quot;0&quot; width=&quot;141&quot;&gt;\r\n				&lt;colgroup&gt;\r\n					&lt;col width=&quot;141&quot; /&gt;\r\n				&lt;/colgroup&gt;\r\n				&lt;tbody&gt;\r\n					&lt;tr height=&quot;17&quot;&gt;\r\n						&lt;td class=&quot;xl67&quot; height=&quot;17&quot; style=&quot;height:12.75pt;width:106pt&quot; width=&quot;141&quot;&gt;18,5 x d12&lt;/td&gt;\r\n					&lt;/tr&gt;\r\n				&lt;/tbody&gt;\r\n			&lt;/table&gt;\r\n			&lt;/td&gt;\r\n		&lt;/tr&gt;\r\n		&lt;tr&gt;\r\n			&lt;td&gt;Inner&lt;/td&gt;\r\n			&lt;td&gt;11 x d8,5&lt;/td&gt;\r\n		&lt;/tr&gt;\r\n	&lt;/tbody&gt;\r\n&lt;/table&gt;\r\n\r\n&lt;p&gt;&amp;nbsp;&lt;/p&gt;\r\n','','','Magnetic,Nano container,Black, logshhet, Rite in the Rain'),(287,2,'Nano konteineris,  aliumininis, juodas su užrašine Uniquegeocaches','&lt;p&gt;Šis magnetinis nano dydžio konteineris paprastai skirtas slėpti urbanizuotose vietovėse, kur paslėpti mikro ar didesnio dydžio konteinerį sudėtinga. Atkreipiame dėmesį į šio konteinerio matmenis: 11 x d8,5 - jis ~4 mm aukštesnis nei &lt;a href=&quot;http://shop.geocaching.com/default/nano-cache-container.html&quot;&gt;&quot;standartiniai&quot; nano konteineriai&lt;/a&gt;, tad jo užrašinė (&lt;em&gt;logsheet&lt;/em&gt;) gali būti 4 mm platesnė nei &quot;standartinė&quot; - dėl to radėjams patogiau užsirašyti.&lt;/p&gt;\r\n\r\n&lt;p&gt;Prie konteinerio pridedama viena užrašinė (logsheet), pagaminta iš Rite in the Rain popieriaus, kuris nebijo drėgmės. Prie juostelės primontuotas metalinis strypelis, kuris nano konteinerio magneto pagalba palengvina užrašinės išėmimą iš konteinerio. Užrašinėje telpa 74 įrašai.&lt;/p&gt;\r\n\r\n&lt;table border=&quot;1&quot; cellpadding=&quot;1&quot; cellspacing=&quot;1&quot; style=&quot;width: 300px;&quot;&gt;\r\n	&lt;tbody&gt;\r\n		&lt;tr&gt;\r\n			&lt;td&gt;&lt;strong&gt;Matmenys konteinerio:&lt;/strong&gt;&lt;/td&gt;\r\n			&lt;td&gt;Ilgis x skersmuo, mm&lt;/td&gt;\r\n		&lt;/tr&gt;\r\n		&lt;tr&gt;\r\n			&lt;td&gt;Išorė(max)&lt;/td&gt;\r\n			&lt;td&gt;\r\n			&lt;table border=&quot;0&quot; cellpadding=&quot;0&quot; cellspacing=&quot;0&quot; width=&quot;141&quot;&gt;\r\n				&lt;colgroup&gt;\r\n					&lt;col width=&quot;141&quot; /&gt;\r\n				&lt;/colgroup&gt;\r\n				&lt;tbody&gt;\r\n					&lt;tr height=&quot;17&quot;&gt;\r\n						&lt;td class=&quot;xl67&quot; height=&quot;17&quot; style=&quot;height:12.75pt;width:106pt&quot; width=&quot;141&quot;&gt;\r\n						&lt;table border=&quot;0&quot; cellpadding=&quot;0&quot; cellspacing=&quot;0&quot; width=&quot;141&quot;&gt;\r\n							&lt;tbody&gt;\r\n								&lt;tr height=&quot;17&quot;&gt;\r\n									&lt;td class=&quot;xl67&quot; height=&quot;17&quot; style=&quot;height:12.75pt;width:106pt&quot; width=&quot;141&quot;&gt;\r\n									&lt;table border=&quot;0&quot; cellpadding=&quot;0&quot; cellspacing=&quot;0&quot; width=&quot;141&quot;&gt;\r\n										&lt;colgroup&gt;\r\n											&lt;col width=&quot;141&quot; /&gt;\r\n										&lt;/colgroup&gt;\r\n										&lt;tbody&gt;\r\n											&lt;tr height=&quot;17&quot;&gt;\r\n												&lt;td class=&quot;xl68&quot; height=&quot;17&quot; style=&quot;height:12.75pt;width:106pt&quot; width=&quot;141&quot;&gt;18,5 x d12&lt;/td&gt;\r\n											&lt;/tr&gt;\r\n										&lt;/tbody&gt;\r\n									&lt;/table&gt;\r\n									&lt;/td&gt;\r\n								&lt;/tr&gt;\r\n							&lt;/tbody&gt;\r\n						&lt;/table&gt;\r\n						&lt;/td&gt;\r\n					&lt;/tr&gt;\r\n				&lt;/tbody&gt;\r\n			&lt;/table&gt;\r\n			&lt;/td&gt;\r\n		&lt;/tr&gt;\r\n		&lt;tr&gt;\r\n			&lt;td&gt;Išorė&lt;/td&gt;\r\n			&lt;td&gt;\r\n			&lt;table border=&quot;0&quot; cellpadding=&quot;0&quot; cellspacing=&quot;0&quot; width=&quot;141&quot;&gt;\r\n				&lt;colgroup&gt;\r\n					&lt;col width=&quot;141&quot; /&gt;\r\n				&lt;/colgroup&gt;\r\n				&lt;tbody&gt;\r\n					&lt;tr height=&quot;17&quot;&gt;\r\n						&lt;td class=&quot;xl67&quot; height=&quot;17&quot; style=&quot;height:12.75pt;width:106pt&quot; width=&quot;141&quot;&gt;18,5 x d12&lt;/td&gt;\r\n					&lt;/tr&gt;\r\n				&lt;/tbody&gt;\r\n			&lt;/table&gt;\r\n			&lt;/td&gt;\r\n		&lt;/tr&gt;\r\n		&lt;tr&gt;\r\n			&lt;td&gt;Vidus&lt;/td&gt;\r\n			&lt;td&gt;11 x d8,5&lt;/td&gt;\r\n		&lt;/tr&gt;\r\n	&lt;/tbody&gt;\r\n&lt;/table&gt;\r\n\r\n&lt;p&gt;&amp;nbsp;&lt;/p&gt;\r\n','','','Magnetinis,Nano konteineris,Aliumininis,Juodas, užrašinė, Rite in The Rain'),(289,1,'Geocaching Trackable Travel Bug Patch, Blue','&lt;p&gt;The perfect way to make your geocaching pack or jacket trackable! This patch includes the official Geocaching Travel Bug® icon with the words \'trackable at geocaching.com\'. Securely attached to the bottom of the patch is an engraved metal strip with a unique tracking number. The back side of the patch will attach to soft Velcro or you can sew it to whatever you choose to make trackable. Each Geocaching Travel Bug Patch comes as a set packaged with a traditional aluminum copy Tag; The patch gets attached to an item and the copy tag lets you keep a permanent record of your individual tracking code.&lt;/p&gt;\r\n\r\n&lt;p&gt;Please note, the color of product displayed in pictures can be slightly different, because of different displays of equipment.&lt;/p&gt;\r\n\r\n&lt;table border=&quot;1&quot; cellpadding=&quot;1&quot; cellspacing=&quot;1&quot; style=&quot;width: 300px;&quot;&gt;\r\n	&lt;tbody&gt;\r\n		&lt;tr&gt;\r\n			&lt;td&gt;&lt;strong&gt;Dimensions:&lt;/strong&gt;&lt;/td&gt;\r\n			&lt;td&gt;Length x &lt;span class=&quot;HW&quot;&gt;height&lt;/span&gt;, mm&lt;/td&gt;\r\n		&lt;/tr&gt;\r\n		&lt;tr&gt;\r\n			&lt;td&gt;&amp;nbsp;&lt;/td&gt;\r\n			&lt;td&gt;\r\n			&lt;table border=&quot;0&quot; cellpadding=&quot;0&quot; cellspacing=&quot;0&quot; width=&quot;141&quot;&gt;\r\n				&lt;colgroup&gt;\r\n					&lt;col width=&quot;141&quot; /&gt;\r\n				&lt;/colgroup&gt;\r\n				&lt;tbody&gt;\r\n					&lt;tr height=&quot;17&quot;&gt;\r\n						&lt;td class=&quot;xl67&quot; height=&quot;17&quot; style=&quot;width: 106pt; height: 12.75pt;&quot; width=&quot;141&quot;&gt;\r\n						&lt;table border=&quot;0&quot; cellpadding=&quot;0&quot; cellspacing=&quot;0&quot; width=&quot;141&quot;&gt;\r\n							&lt;tbody&gt;\r\n								&lt;tr height=&quot;17&quot;&gt;\r\n									&lt;td class=&quot;xl67&quot; height=&quot;17&quot; style=&quot;width: 106pt; height: 12.75pt;&quot; width=&quot;141&quot;&gt;\r\n									&lt;table border=&quot;0&quot; cellpadding=&quot;0&quot; cellspacing=&quot;0&quot; width=&quot;141&quot;&gt;\r\n										&lt;colgroup&gt;\r\n											&lt;col width=&quot;141&quot; /&gt;\r\n										&lt;/colgroup&gt;\r\n										&lt;tbody&gt;\r\n											&lt;tr height=&quot;17&quot;&gt;\r\n												&lt;td class=&quot;xl68&quot; height=&quot;17&quot; style=&quot;width: 106pt; height: 12.75pt;&quot; width=&quot;141&quot;&gt;40 x 80&lt;/td&gt;\r\n											&lt;/tr&gt;\r\n										&lt;/tbody&gt;\r\n									&lt;/table&gt;\r\n									&lt;/td&gt;\r\n								&lt;/tr&gt;\r\n							&lt;/tbody&gt;\r\n						&lt;/table&gt;\r\n						&lt;/td&gt;\r\n					&lt;/tr&gt;\r\n				&lt;/tbody&gt;\r\n			&lt;/table&gt;\r\n			&lt;/td&gt;\r\n		&lt;/tr&gt;\r\n	&lt;/tbody&gt;\r\n&lt;/table&gt;\r\n\r\n&lt;p&gt;&amp;nbsp;&lt;/p&gt;\r\n','','','Trackable, patch, blue'),(289,2,'Antsiuvas - keliauninkas, mėlynas','&lt;p&gt;Šį antsiuvą-keliauninką,&lt;strong&gt; turintį unikalų sekimo numerį&lt;/strong&gt;, galite prisisiūti prie Jūsų mėgstamo drabužio, su kuriuo dažniausiai vykstate lobiauti, ant kuprinės ar kito daikto.&lt;br /&gt;\r\nAntsiuvas prie pagrindo tvirtinasi &quot;lipuko&quot; (kabliukų ir kilpučių, arba Velcro juostelės) pagalba dėl to jį nesunku nuimti/uždėti/perdėti. Komplekte yra papildomas metalinis Travel Bug Copy Tag prisegtukas&lt;/p&gt;\r\n\r\n&lt;p&gt;Atkreipiame dėmesį, prekių spalva dėl skirtingos atvaizdavimo įrangos (kompiuterio ekranų, telefonų, planšetų) gali nežymiai skirtis.&lt;br /&gt;\r\n&amp;nbsp;&lt;/p&gt;\r\n\r\n&lt;table border=&quot;1&quot; cellpadding=&quot;1&quot; cellspacing=&quot;1&quot; style=&quot;width: 300px;&quot;&gt;\r\n	&lt;tbody&gt;\r\n		&lt;tr&gt;\r\n			&lt;td&gt;&lt;strong&gt;Matmenys:&lt;/strong&gt;&lt;/td&gt;\r\n			&lt;td&gt;Aukštis x plotis, mm&lt;/td&gt;\r\n		&lt;/tr&gt;\r\n		&lt;tr&gt;\r\n			&lt;td&gt;&amp;nbsp;&lt;/td&gt;\r\n			&lt;td&gt;\r\n			&lt;table border=&quot;0&quot; cellpadding=&quot;0&quot; cellspacing=&quot;0&quot; width=&quot;141&quot;&gt;\r\n				&lt;colgroup&gt;\r\n					&lt;col width=&quot;141&quot; /&gt;\r\n				&lt;/colgroup&gt;\r\n				&lt;tbody&gt;\r\n					&lt;tr height=&quot;17&quot;&gt;\r\n						&lt;td class=&quot;xl67&quot; height=&quot;17&quot; style=&quot;width: 106pt; height: 12.75pt;&quot; width=&quot;141&quot;&gt;\r\n						&lt;table border=&quot;0&quot; cellpadding=&quot;0&quot; cellspacing=&quot;0&quot; width=&quot;141&quot;&gt;\r\n							&lt;tbody&gt;\r\n								&lt;tr height=&quot;17&quot;&gt;\r\n									&lt;td class=&quot;xl67&quot; height=&quot;17&quot; style=&quot;width: 106pt; height: 12.75pt;&quot; width=&quot;141&quot;&gt;\r\n									&lt;table border=&quot;0&quot; cellpadding=&quot;0&quot; cellspacing=&quot;0&quot; width=&quot;141&quot;&gt;\r\n										&lt;colgroup&gt;\r\n											&lt;col width=&quot;141&quot; /&gt;\r\n										&lt;/colgroup&gt;\r\n										&lt;tbody&gt;\r\n											&lt;tr height=&quot;17&quot;&gt;\r\n												&lt;td class=&quot;xl68&quot; height=&quot;17&quot; style=&quot;width: 106pt; height: 12.75pt;&quot; width=&quot;141&quot;&gt;~80 x ~40&lt;/td&gt;\r\n											&lt;/tr&gt;\r\n										&lt;/tbody&gt;\r\n									&lt;/table&gt;\r\n									&lt;/td&gt;\r\n								&lt;/tr&gt;\r\n							&lt;/tbody&gt;\r\n						&lt;/table&gt;\r\n						&lt;/td&gt;\r\n					&lt;/tr&gt;\r\n				&lt;/tbody&gt;\r\n			&lt;/table&gt;\r\n			&lt;/td&gt;\r\n		&lt;/tr&gt;\r\n	&lt;/tbody&gt;\r\n&lt;/table&gt;\r\n\r\n&lt;p&gt;&amp;nbsp;&lt;/p&gt;\r\n','','','Antsiuvas, keliauninkas, mėlynas'),(288,2,'Antsiuvas Geocaching, rudas','&lt;p&gt;Šį antsiuvą galite prisisiūti prie Jūsų mėgstamo drabužio, su kuriuo dažniausiai vykstate lobiauti, ant kuprinės ar kito daikto.&lt;/p&gt;\r\n\r\n&lt;p&gt;Atkreipiame dėmesį, prekių spalva dėl skirtingos atvaizdavimo įrangos (kompiuterio ekranų, telefonų, planšetų) gali nežymiai skirtis.&lt;/p&gt;\r\n\r\n&lt;table border=&quot;1&quot; cellpadding=&quot;1&quot; cellspacing=&quot;1&quot; style=&quot;width: 300px;&quot;&gt;\r\n	&lt;tbody&gt;\r\n		&lt;tr&gt;\r\n			&lt;td&gt;&lt;strong&gt;Matmenys:&lt;/strong&gt;&lt;/td&gt;\r\n			&lt;td&gt;Aukštis x plotis, mm&lt;/td&gt;\r\n		&lt;/tr&gt;\r\n		&lt;tr&gt;\r\n			&lt;td&gt;&amp;nbsp;&lt;/td&gt;\r\n			&lt;td&gt;\r\n			&lt;table border=&quot;0&quot; cellpadding=&quot;0&quot; cellspacing=&quot;0&quot; width=&quot;141&quot;&gt;\r\n				&lt;colgroup&gt;\r\n					&lt;col width=&quot;141&quot; /&gt;\r\n				&lt;/colgroup&gt;\r\n				&lt;tbody&gt;\r\n					&lt;tr height=&quot;17&quot;&gt;\r\n						&lt;td class=&quot;xl67&quot; height=&quot;17&quot; style=&quot;width: 106pt; height: 12.75pt;&quot; width=&quot;141&quot;&gt;\r\n						&lt;table border=&quot;0&quot; cellpadding=&quot;0&quot; cellspacing=&quot;0&quot; width=&quot;141&quot;&gt;\r\n							&lt;tbody&gt;\r\n								&lt;tr height=&quot;17&quot;&gt;\r\n									&lt;td class=&quot;xl67&quot; height=&quot;17&quot; style=&quot;width: 106pt; height: 12.75pt;&quot; width=&quot;141&quot;&gt;\r\n									&lt;table border=&quot;0&quot; cellpadding=&quot;0&quot; cellspacing=&quot;0&quot; width=&quot;141&quot;&gt;\r\n										&lt;colgroup&gt;\r\n											&lt;col width=&quot;141&quot; /&gt;\r\n										&lt;/colgroup&gt;\r\n										&lt;tbody&gt;\r\n											&lt;tr height=&quot;17&quot;&gt;\r\n												&lt;td class=&quot;xl68&quot; height=&quot;17&quot; style=&quot;width: 106pt; height: 12.75pt;&quot; width=&quot;141&quot;&gt;~75 x ~75&lt;/td&gt;\r\n											&lt;/tr&gt;\r\n										&lt;/tbody&gt;\r\n									&lt;/table&gt;\r\n									&lt;/td&gt;\r\n								&lt;/tr&gt;\r\n							&lt;/tbody&gt;\r\n						&lt;/table&gt;\r\n						&lt;/td&gt;\r\n					&lt;/tr&gt;\r\n				&lt;/tbody&gt;\r\n			&lt;/table&gt;\r\n			&lt;/td&gt;\r\n		&lt;/tr&gt;\r\n	&lt;/tbody&gt;\r\n&lt;/table&gt;\r\n\r\n&lt;p&gt;&amp;nbsp;&lt;/p&gt;\r\n','','','Antsiuvas, rudas'),(288,1,'Geocaching Camo Patch','&lt;p&gt;This camo patch measures 75mm x 75mm and can be sewn on to all your favorite Geocaching gear.&lt;br /&gt;\r\nPlease note, the color of product displayed in pictures can be slightly different, because of different displays of equipment.&lt;/p&gt;\r\n\r\n&lt;table border=&quot;1&quot; cellpadding=&quot;1&quot; cellspacing=&quot;1&quot; style=&quot;width: 300px;&quot;&gt;\r\n	&lt;tbody&gt;\r\n		&lt;tr&gt;\r\n			&lt;td&gt;&lt;strong&gt;Dimensions:&lt;/strong&gt;&lt;/td&gt;\r\n			&lt;td&gt;Length x &lt;span class=&quot;HW&quot;&gt;height&lt;/span&gt;, mm&lt;/td&gt;\r\n		&lt;/tr&gt;\r\n		&lt;tr&gt;\r\n			&lt;td&gt;&amp;nbsp;&lt;/td&gt;\r\n			&lt;td&gt;\r\n			&lt;table border=&quot;0&quot; cellpadding=&quot;0&quot; cellspacing=&quot;0&quot; width=&quot;141&quot;&gt;\r\n				&lt;colgroup&gt;\r\n					&lt;col width=&quot;141&quot; /&gt;\r\n				&lt;/colgroup&gt;\r\n				&lt;tbody&gt;\r\n					&lt;tr height=&quot;17&quot;&gt;\r\n						&lt;td class=&quot;xl67&quot; height=&quot;17&quot; style=&quot;width: 106pt; height: 12.75pt;&quot; width=&quot;141&quot;&gt;\r\n						&lt;table border=&quot;0&quot; cellpadding=&quot;0&quot; cellspacing=&quot;0&quot; width=&quot;141&quot;&gt;\r\n							&lt;tbody&gt;\r\n								&lt;tr height=&quot;17&quot;&gt;\r\n									&lt;td class=&quot;xl67&quot; height=&quot;17&quot; style=&quot;width: 106pt; height: 12.75pt;&quot; width=&quot;141&quot;&gt;\r\n									&lt;table border=&quot;0&quot; cellpadding=&quot;0&quot; cellspacing=&quot;0&quot; width=&quot;141&quot;&gt;\r\n										&lt;colgroup&gt;\r\n											&lt;col width=&quot;141&quot; /&gt;\r\n										&lt;/colgroup&gt;\r\n										&lt;tbody&gt;\r\n											&lt;tr height=&quot;17&quot;&gt;\r\n												&lt;td class=&quot;xl68&quot; height=&quot;17&quot; style=&quot;width: 106pt; height: 12.75pt;&quot; width=&quot;141&quot;&gt;~75 x ~75&lt;/td&gt;\r\n											&lt;/tr&gt;\r\n										&lt;/tbody&gt;\r\n									&lt;/table&gt;\r\n									&lt;/td&gt;\r\n								&lt;/tr&gt;\r\n							&lt;/tbody&gt;\r\n						&lt;/table&gt;\r\n						&lt;/td&gt;\r\n					&lt;/tr&gt;\r\n				&lt;/tbody&gt;\r\n			&lt;/table&gt;\r\n			&lt;/td&gt;\r\n		&lt;/tr&gt;\r\n	&lt;/tbody&gt;\r\n&lt;/table&gt;\r\n\r\n&lt;p&gt;&amp;nbsp;&lt;/p&gt;\r\n','','','Geocaching, Patch, brown, Camo'),(290,2,'Antsiuvas - keliauninkas, pilkas','&lt;p&gt;Šį antsiuvą-keliauninką,&lt;strong&gt; turintį unikalų sekimo numerį&lt;/strong&gt;, galite prisisiūti prie Jūsų mėgstamo drabužio, su kuriuo dažniausiai vykstate lobiauti, ant kuprinės ar kito daikto.&lt;br /&gt;\r\nAntsiuvas prie pagrindo tvirtinasi &quot;lipuko&quot; (kabliukų ir kilpučių, arba Velcro juostelės) pagalba dėl to jį nesunku nuimti/uždėti/perdėti. Komplekte yra papildomas metalinis Travel Bug Copy Tag prisegtukas&lt;/p&gt;\r\n\r\n&lt;p&gt;Atkreipiame dėmesį, prekių spalva dėl skirtingos atvaizdavimo įrangos (kompiuterio ekranų, telefonų, planšetų) gali nežymiai skirtis.&lt;br /&gt;\r\n&amp;nbsp;&lt;/p&gt;\r\n\r\n&lt;table border=&quot;1&quot; cellpadding=&quot;1&quot; cellspacing=&quot;1&quot; style=&quot;width: 300px;&quot;&gt;\r\n	&lt;tbody&gt;\r\n		&lt;tr&gt;\r\n			&lt;td&gt;&lt;strong&gt;Matmenys:&lt;/strong&gt;&lt;/td&gt;\r\n			&lt;td&gt;Aukštis x plotis, mm&lt;/td&gt;\r\n		&lt;/tr&gt;\r\n		&lt;tr&gt;\r\n			&lt;td&gt;&amp;nbsp;&lt;/td&gt;\r\n			&lt;td&gt;\r\n			&lt;table border=&quot;0&quot; cellpadding=&quot;0&quot; cellspacing=&quot;0&quot; width=&quot;141&quot;&gt;\r\n				&lt;colgroup&gt;\r\n					&lt;col width=&quot;141&quot; /&gt;\r\n				&lt;/colgroup&gt;\r\n				&lt;tbody&gt;\r\n					&lt;tr height=&quot;17&quot;&gt;\r\n						&lt;td class=&quot;xl67&quot; height=&quot;17&quot; style=&quot;width: 106pt; height: 12.75pt;&quot; width=&quot;141&quot;&gt;\r\n						&lt;table border=&quot;0&quot; cellpadding=&quot;0&quot; cellspacing=&quot;0&quot; width=&quot;141&quot;&gt;\r\n							&lt;tbody&gt;\r\n								&lt;tr height=&quot;17&quot;&gt;\r\n									&lt;td class=&quot;xl67&quot; height=&quot;17&quot; style=&quot;width: 106pt; height: 12.75pt;&quot; width=&quot;141&quot;&gt;\r\n									&lt;table border=&quot;0&quot; cellpadding=&quot;0&quot; cellspacing=&quot;0&quot; width=&quot;141&quot;&gt;\r\n										&lt;colgroup&gt;\r\n											&lt;col width=&quot;141&quot; /&gt;\r\n										&lt;/colgroup&gt;\r\n										&lt;tbody&gt;\r\n											&lt;tr height=&quot;17&quot;&gt;\r\n												&lt;td class=&quot;xl68&quot; height=&quot;17&quot; style=&quot;width: 106pt; height: 12.75pt;&quot; width=&quot;141&quot;&gt;~80 x ~40&lt;/td&gt;\r\n											&lt;/tr&gt;\r\n										&lt;/tbody&gt;\r\n									&lt;/table&gt;\r\n									&lt;/td&gt;\r\n								&lt;/tr&gt;\r\n							&lt;/tbody&gt;\r\n						&lt;/table&gt;\r\n						&lt;/td&gt;\r\n					&lt;/tr&gt;\r\n				&lt;/tbody&gt;\r\n			&lt;/table&gt;\r\n			&lt;/td&gt;\r\n		&lt;/tr&gt;\r\n	&lt;/tbody&gt;\r\n&lt;/table&gt;\r\n\r\n&lt;p&gt;&amp;nbsp;&lt;/p&gt;\r\n','','','Antsiuvas, keliauninkas, pilkas');
INSERT INTO `oc_product_description` VALUES (291,1,'Geocaching Camo Patch','&lt;p&gt;Show your Geocaching pride with the Geocaching Logo Patch! This patch can be used as an iron on or you can sew on to your favorite gear.&lt;/p&gt;\r\n\r\n&lt;p&gt;Please note, the color of product displayed in pictures can be slightly different, because of different displays of equipment.&lt;/p&gt;\r\n\r\n&lt;table border=&quot;1&quot; cellpadding=&quot;1&quot; cellspacing=&quot;1&quot; style=&quot;width: 300px;&quot;&gt;\r\n	&lt;tbody&gt;\r\n		&lt;tr&gt;\r\n			&lt;td&gt;&lt;strong&gt;Dimensions:&lt;/strong&gt;&lt;/td&gt;\r\n			&lt;td&gt;Length x &lt;span class=&quot;HW&quot;&gt;height&lt;/span&gt;, mm&lt;/td&gt;\r\n		&lt;/tr&gt;\r\n		&lt;tr&gt;\r\n			&lt;td&gt;&amp;nbsp;&lt;/td&gt;\r\n			&lt;td&gt;\r\n			&lt;table border=&quot;0&quot; cellpadding=&quot;0&quot; cellspacing=&quot;0&quot; width=&quot;141&quot;&gt;\r\n				&lt;colgroup&gt;\r\n					&lt;col width=&quot;141&quot; /&gt;\r\n				&lt;/colgroup&gt;\r\n				&lt;tbody&gt;\r\n					&lt;tr height=&quot;17&quot;&gt;\r\n						&lt;td class=&quot;xl67&quot; height=&quot;17&quot; style=&quot;width: 106pt; height: 12.75pt;&quot; width=&quot;141&quot;&gt;\r\n						&lt;table border=&quot;0&quot; cellpadding=&quot;0&quot; cellspacing=&quot;0&quot; width=&quot;141&quot;&gt;\r\n							&lt;tbody&gt;\r\n								&lt;tr height=&quot;17&quot;&gt;\r\n									&lt;td class=&quot;xl67&quot; height=&quot;17&quot; style=&quot;width: 106pt; height: 12.75pt;&quot; width=&quot;141&quot;&gt;\r\n									&lt;table border=&quot;0&quot; cellpadding=&quot;0&quot; cellspacing=&quot;0&quot; width=&quot;141&quot;&gt;\r\n										&lt;colgroup&gt;\r\n											&lt;col width=&quot;141&quot; /&gt;\r\n										&lt;/colgroup&gt;\r\n										&lt;tbody&gt;\r\n											&lt;tr height=&quot;17&quot;&gt;\r\n												&lt;td class=&quot;xl68&quot; height=&quot;17&quot; style=&quot;width: 106pt; height: 12.75pt;&quot; width=&quot;141&quot;&gt;~100 x ~55&lt;/td&gt;\r\n											&lt;/tr&gt;\r\n										&lt;/tbody&gt;\r\n									&lt;/table&gt;\r\n									&lt;/td&gt;\r\n								&lt;/tr&gt;\r\n							&lt;/tbody&gt;\r\n						&lt;/table&gt;\r\n						&lt;/td&gt;\r\n					&lt;/tr&gt;\r\n				&lt;/tbody&gt;\r\n			&lt;/table&gt;\r\n			&lt;/td&gt;\r\n		&lt;/tr&gt;\r\n	&lt;/tbody&gt;\r\n&lt;/table&gt;\r\n\r\n&lt;p&gt;&amp;nbsp;&lt;/p&gt;\r\n','','','Patch, geocaching, logo, green'),(291,2,'Antsiuvas Geocaching logo, žalias','&lt;p&gt;Šį antsiuvą galite prisisiūti prie Jūsų mėgstamo drabužio, su kuriuo dažniausiai vykstate lobiauti, ant kuprinės ar kito daikto.&lt;/p&gt;\r\n\r\n&lt;p&gt;Atkreipiame dėmesį, prekių spalva dėl skirtingos atvaizdavimo įrangos (kompiuterio ekranų, telefonų, planšetų) gali nežymiai skirtis.&lt;/p&gt;\r\n\r\n&lt;table border=&quot;1&quot; cellpadding=&quot;1&quot; cellspacing=&quot;1&quot; style=&quot;width: 300px;&quot;&gt;\r\n	&lt;tbody&gt;\r\n		&lt;tr&gt;\r\n			&lt;td&gt;&lt;strong&gt;Matmenys:&lt;/strong&gt;&lt;/td&gt;\r\n			&lt;td&gt;Plotis x aukštis, mm&lt;/td&gt;\r\n		&lt;/tr&gt;\r\n		&lt;tr&gt;\r\n			&lt;td&gt;&amp;nbsp;&lt;/td&gt;\r\n			&lt;td&gt;\r\n			&lt;table border=&quot;0&quot; cellpadding=&quot;0&quot; cellspacing=&quot;0&quot; width=&quot;141&quot;&gt;\r\n				&lt;colgroup&gt;\r\n					&lt;col width=&quot;141&quot; /&gt;\r\n				&lt;/colgroup&gt;\r\n				&lt;tbody&gt;\r\n					&lt;tr height=&quot;17&quot;&gt;\r\n						&lt;td class=&quot;xl67&quot; height=&quot;17&quot; style=&quot;width: 106pt; height: 12.75pt;&quot; width=&quot;141&quot;&gt;\r\n						&lt;table border=&quot;0&quot; cellpadding=&quot;0&quot; cellspacing=&quot;0&quot; width=&quot;141&quot;&gt;\r\n							&lt;tbody&gt;\r\n								&lt;tr height=&quot;17&quot;&gt;\r\n									&lt;td class=&quot;xl67&quot; height=&quot;17&quot; style=&quot;width: 106pt; height: 12.75pt;&quot; width=&quot;141&quot;&gt;\r\n									&lt;table border=&quot;0&quot; cellpadding=&quot;0&quot; cellspacing=&quot;0&quot; width=&quot;141&quot;&gt;\r\n										&lt;colgroup&gt;\r\n											&lt;col width=&quot;141&quot; /&gt;\r\n										&lt;/colgroup&gt;\r\n										&lt;tbody&gt;\r\n											&lt;tr height=&quot;17&quot;&gt;\r\n												&lt;td class=&quot;xl68&quot; height=&quot;17&quot; style=&quot;width: 106pt; height: 12.75pt;&quot; width=&quot;141&quot;&gt;~100 x ~55&lt;/td&gt;\r\n											&lt;/tr&gt;\r\n										&lt;/tbody&gt;\r\n									&lt;/table&gt;\r\n									&lt;/td&gt;\r\n								&lt;/tr&gt;\r\n							&lt;/tbody&gt;\r\n						&lt;/table&gt;\r\n						&lt;/td&gt;\r\n					&lt;/tr&gt;\r\n				&lt;/tbody&gt;\r\n			&lt;/table&gt;\r\n			&lt;/td&gt;\r\n		&lt;/tr&gt;\r\n	&lt;/tbody&gt;\r\n&lt;/table&gt;\r\n\r\n&lt;p&gt;&amp;nbsp;&lt;/p&gt;\r\n','','','Antsiuvas, logo, žalias'),(290,1,'Geocaching Trackable Travel Bug Patch, Charcoal color','&lt;p&gt;The perfect way to make your geocaching pack or jacket trackable! This patch includes the official Geocaching Travel Bug® icon with the words \'trackable at geocaching.com\'. Securely attached to the bottom of the patch is an engraved metal strip with a unique tracking number. The back side of the patch will attach to soft Velcro or you can sew it to whatever you choose to make trackable. Each Geocaching Travel Bug Patch comes as a set packaged with a traditional aluminum copy Tag; The patch gets attached to an item and the copy tag lets you keep a permanent record of your individual tracking code.&lt;/p&gt;\r\n\r\n&lt;p&gt;Please note, the color of product displayed in pictures can be slightly different, because of different displays of equipment.&lt;/p&gt;\r\n\r\n&lt;table border=&quot;1&quot; cellpadding=&quot;1&quot; cellspacing=&quot;1&quot; style=&quot;width: 300px;&quot;&gt;\r\n	&lt;tbody&gt;\r\n		&lt;tr&gt;\r\n			&lt;td&gt;&lt;strong&gt;Dimensions:&lt;/strong&gt;&lt;/td&gt;\r\n			&lt;td&gt;Length x &lt;span class=&quot;HW&quot;&gt;height&lt;/span&gt;, mm&lt;/td&gt;\r\n		&lt;/tr&gt;\r\n		&lt;tr&gt;\r\n			&lt;td&gt;&amp;nbsp;&lt;/td&gt;\r\n			&lt;td&gt;\r\n			&lt;table border=&quot;0&quot; cellpadding=&quot;0&quot; cellspacing=&quot;0&quot; width=&quot;141&quot;&gt;\r\n				&lt;colgroup&gt;\r\n					&lt;col width=&quot;141&quot; /&gt;\r\n				&lt;/colgroup&gt;\r\n				&lt;tbody&gt;\r\n					&lt;tr height=&quot;17&quot;&gt;\r\n						&lt;td class=&quot;xl67&quot; height=&quot;17&quot; style=&quot;width: 106pt; height: 12.75pt;&quot; width=&quot;141&quot;&gt;\r\n						&lt;table border=&quot;0&quot; cellpadding=&quot;0&quot; cellspacing=&quot;0&quot; width=&quot;141&quot;&gt;\r\n							&lt;tbody&gt;\r\n								&lt;tr height=&quot;17&quot;&gt;\r\n									&lt;td class=&quot;xl67&quot; height=&quot;17&quot; style=&quot;width: 106pt; height: 12.75pt;&quot; width=&quot;141&quot;&gt;\r\n									&lt;table border=&quot;0&quot; cellpadding=&quot;0&quot; cellspacing=&quot;0&quot; width=&quot;141&quot;&gt;\r\n										&lt;colgroup&gt;\r\n											&lt;col width=&quot;141&quot; /&gt;\r\n										&lt;/colgroup&gt;\r\n										&lt;tbody&gt;\r\n											&lt;tr height=&quot;17&quot;&gt;\r\n												&lt;td class=&quot;xl68&quot; height=&quot;17&quot; style=&quot;width: 106pt; height: 12.75pt;&quot; width=&quot;141&quot;&gt;40 x 80&lt;/td&gt;\r\n											&lt;/tr&gt;\r\n										&lt;/tbody&gt;\r\n									&lt;/table&gt;\r\n									&lt;/td&gt;\r\n								&lt;/tr&gt;\r\n							&lt;/tbody&gt;\r\n						&lt;/table&gt;\r\n						&lt;/td&gt;\r\n					&lt;/tr&gt;\r\n				&lt;/tbody&gt;\r\n			&lt;/table&gt;\r\n			&lt;/td&gt;\r\n		&lt;/tr&gt;\r\n	&lt;/tbody&gt;\r\n&lt;/table&gt;\r\n\r\n&lt;p&gt;&amp;nbsp;&lt;/p&gt;\r\n','','','Trackable, patch, Charcoal color'),(292,1,'Bamboo the Panda  Travel Tag','&lt;p&gt;Bamboo can always been found within caches in large overgrowth - especially those close to bamboo trees. Although he can be found munching on bamboo, he also loves to hide in mountainous caches. It is made of aluminum, just like travel bugs, and come with a chain so that it may be attached to another item.&lt;/p&gt;\r\n\r\n&lt;table border=&quot;1&quot; cellpadding=&quot;1&quot; cellspacing=&quot;1&quot; style=&quot;width: 300px;&quot;&gt;\r\n	&lt;tbody&gt;\r\n		&lt;tr&gt;\r\n			&lt;td&gt;&lt;strong&gt;Parameters:&lt;/strong&gt;&lt;/td&gt;\r\n			&lt;td&gt;&amp;nbsp;&lt;/td&gt;\r\n		&lt;/tr&gt;\r\n		&lt;tr&gt;\r\n			&lt;td&gt;Size, mm&lt;/td&gt;\r\n			&lt;td&gt;53 x 35&lt;/td&gt;\r\n		&lt;/tr&gt;\r\n		&lt;tr&gt;\r\n			&lt;td&gt;Thickness, mm&lt;/td&gt;\r\n			&lt;td&gt;1&lt;/td&gt;\r\n		&lt;/tr&gt;\r\n	&lt;/tbody&gt;\r\n&lt;/table&gt;\r\n\r\n&lt;p&gt;&amp;nbsp;&lt;/p&gt;\r\n','','','Trackable, Cache Buddy, Travel Tag, Panda'),(292,2,'Panda - keliaujantis prisegtukas','&lt;p&gt;Tai keliaujantis prisegtukas, turintis unikalų identifikavimo (sekimo) numerį. Žinant sekimo numerį galima nustatyti keliauninko buvimo vietą ir sekti jo kelionės maršrutą. Jį pritvirtinus prie kokio nors nedidelio daikčiuko, galima jam sugalvoti misiją (pvz: aplankyti kuo daugiau šalių, piliakalnių ar pan.), ir paleisti keliauti po pasaulį.&lt;br /&gt;\r\nKeliauninkų kelionės &lt;a href=&quot;http://www.geocaching.com/track/&quot;&gt;maršrutus galima sekti čia&lt;/a&gt;.&lt;/p&gt;\r\n\r\n&lt;table border=&quot;1&quot; cellpadding=&quot;1&quot; cellspacing=&quot;1&quot; style=&quot;width: 300px;&quot;&gt;\r\n	&lt;tbody&gt;\r\n		&lt;tr&gt;\r\n			&lt;td&gt;&lt;strong&gt;Parametrai:&lt;/strong&gt;&lt;/td&gt;\r\n			&lt;td&gt;&amp;nbsp;&lt;/td&gt;\r\n		&lt;/tr&gt;\r\n		&lt;tr&gt;\r\n			&lt;td&gt;Dydis, mm&lt;/td&gt;\r\n			&lt;td&gt;53 x 35&lt;/td&gt;\r\n		&lt;/tr&gt;\r\n		&lt;tr&gt;\r\n			&lt;td&gt;Storis, mm&lt;/td&gt;\r\n			&lt;td&gt;1&lt;/td&gt;\r\n		&lt;/tr&gt;\r\n	&lt;/tbody&gt;\r\n&lt;/table&gt;\r\n\r\n&lt;p&gt;&amp;nbsp;&lt;/p&gt;\r\n','Keliauninkai, Keliaujantis prisegtukas','Keliauninkai, Keliaujantis prisegtukas','Keliauninkai, Keliaujantis prisegtukas, Panda'),(293,1,'Butterfly Cachekinz Travel Tag','&lt;p&gt;With the Cachekinz Butterfly, your trackable with float from cache to cache. It is made of aluminum, just like travel bugs, and come with a chain so that it may be attached to another item.&lt;/p&gt;\r\n\r\n&lt;table border=&quot;1&quot; cellpadding=&quot;1&quot; cellspacing=&quot;1&quot; style=&quot;width: 300px;&quot;&gt;\r\n	&lt;tbody&gt;\r\n		&lt;tr&gt;\r\n			&lt;td&gt;&lt;strong&gt;Parameters:&lt;/strong&gt;&lt;/td&gt;\r\n			&lt;td&gt;&amp;nbsp;&lt;/td&gt;\r\n		&lt;/tr&gt;\r\n		&lt;tr&gt;\r\n			&lt;td&gt;Size, mm&lt;/td&gt;\r\n			&lt;td&gt;52 x 39&lt;/td&gt;\r\n		&lt;/tr&gt;\r\n		&lt;tr&gt;\r\n			&lt;td&gt;Thickness, mm&lt;/td&gt;\r\n			&lt;td&gt;1&lt;/td&gt;\r\n		&lt;/tr&gt;\r\n	&lt;/tbody&gt;\r\n&lt;/table&gt;\r\n\r\n&lt;p&gt;&amp;nbsp;&lt;/p&gt;\r\n','','','Trackable, Cache Buddy, Travel Tag'),(293,2,'Drugelis - keliaujantis prisegtukas','&lt;p&gt;Tai keliaujantis prisegtukas, turintis unikalų identifikavimo (sekimo) numerį. Žinant sekimo numerį galima nustatyti keliauninko buvimo vietą ir sekti jo kelionės maršrutą. Jį pritvirtinus prie kokio nors nedidelio daikčiuko, galima jam sugalvoti misiją (pvz: aplankyti kuo daugiau šalių, piliakalnių ar pan.), ir paleisti keliauti po pasaulį.&lt;br /&gt;\r\nKeliauninkų kelionės &lt;a href=&quot;http://www.geocaching.com/track/&quot;&gt;maršrutus galima sekti čia&lt;/a&gt;.&lt;/p&gt;\r\n\r\n&lt;table border=&quot;1&quot; cellpadding=&quot;1&quot; cellspacing=&quot;1&quot; style=&quot;width: 300px;&quot;&gt;\r\n	&lt;tbody&gt;\r\n		&lt;tr&gt;\r\n			&lt;td&gt;&lt;strong&gt;Parametrai:&lt;/strong&gt;&lt;/td&gt;\r\n			&lt;td&gt;&amp;nbsp;&lt;/td&gt;\r\n		&lt;/tr&gt;\r\n		&lt;tr&gt;\r\n			&lt;td&gt;Dydis, mm&lt;/td&gt;\r\n			&lt;td&gt;52 x 39&lt;/td&gt;\r\n		&lt;/tr&gt;\r\n		&lt;tr&gt;\r\n			&lt;td&gt;Storis, mm&lt;/td&gt;\r\n			&lt;td&gt;1&lt;/td&gt;\r\n		&lt;/tr&gt;\r\n	&lt;/tbody&gt;\r\n&lt;/table&gt;\r\n\r\n&lt;p&gt;&amp;nbsp;&lt;/p&gt;\r\n','Keliauninkai, Keliaujantis prisegtukas','Keliauninkai, Keliaujantis prisegtukas','Keliauninkai, Keliaujantis prisegtukas, drugelis'),(294,2,'Geocaching Logo - keliaujantis prisegtukas - žalias','&lt;p&gt;Tai keliaujantis oficialus Geocaching HQ logo prisegtukas, turintis unikalų identifikavimo (sekimo) numerį. Žinant sekimo numerį galima nustatyti keliauninko buvimo vietą ir sekti jo kelionės maršrutą. Jį pritvirtinus prie kokio nors nedidelio daikčiuko, galima jam sugalvoti misiją (pvz: aplankyti kuo daugiau šalių, piliakalnių ar pan.), ir paleisti keliauti po pasaulį.&lt;/p&gt;\r\n\r\n&lt;p&gt;Keliauninkų kelionės &lt;a href=&quot;http://www.geocaching.com/track/&quot;&gt;maršrutus galima sekti čia&lt;/a&gt;.&lt;/p&gt;\r\n\r\n&lt;p&gt;Prisegtukas kvadratinis, atspindintis šviesą, užapvalintais kampais.&lt;/p&gt;\r\n\r\n&lt;table border=&quot;1&quot; cellpadding=&quot;1&quot; cellspacing=&quot;1&quot; style=&quot;width: 300px;&quot;&gt;\r\n	&lt;tbody&gt;\r\n		&lt;tr&gt;\r\n			&lt;td&gt;&lt;strong&gt;Parametrai:&lt;/strong&gt;&lt;/td&gt;\r\n			&lt;td&gt;&amp;nbsp;&lt;/td&gt;\r\n		&lt;/tr&gt;\r\n		&lt;tr&gt;\r\n			&lt;td&gt;Dydis, mm&lt;/td&gt;\r\n			&lt;td&gt;32 x 32&lt;/td&gt;\r\n		&lt;/tr&gt;\r\n		&lt;tr&gt;\r\n			&lt;td&gt;Storis, mm&lt;/td&gt;\r\n			&lt;td&gt;1&lt;/td&gt;\r\n		&lt;/tr&gt;\r\n	&lt;/tbody&gt;\r\n&lt;/table&gt;\r\n\r\n&lt;p&gt;&amp;nbsp;&lt;/p&gt;\r\n','Keliauninkai, Keliaujantis prisegtukas','Keliauninkai, Keliaujantis prisegtukas','Keliauninkai, Keliaujantis prisegtukas'),(294,1,'Geocaching Logo Travel Tag - Green','&lt;p&gt;This tag features the official Geocaching HQ logo! Send it out on its own, or use the included chain to make it a hitchhiker looking for geocaching adventures.&lt;/p&gt;\r\n\r\n&lt;p&gt;Each trackable has its own page on geocaching.com where you can track its progress as it passes from person to person or cache to cache.&lt;/p&gt;\r\n\r\n&lt;table border=&quot;1&quot; cellpadding=&quot;1&quot; cellspacing=&quot;1&quot; style=&quot;width: 300px;&quot;&gt;\r\n	&lt;tbody&gt;\r\n		&lt;tr&gt;\r\n			&lt;td&gt;&lt;strong&gt;Parameters:&lt;/strong&gt;&lt;/td&gt;\r\n			&lt;td&gt;&amp;nbsp;&lt;/td&gt;\r\n		&lt;/tr&gt;\r\n		&lt;tr&gt;\r\n			&lt;td&gt;Size, mm&lt;/td&gt;\r\n			&lt;td&gt;32 x 32&lt;/td&gt;\r\n		&lt;/tr&gt;\r\n		&lt;tr&gt;\r\n			&lt;td&gt;Thickness, mm&lt;/td&gt;\r\n			&lt;td&gt;1&lt;/td&gt;\r\n		&lt;/tr&gt;\r\n	&lt;/tbody&gt;\r\n&lt;/table&gt;\r\n\r\n&lt;p&gt;&amp;nbsp;&lt;/p&gt;\r\n','','','Trackable, Geocahing Logo, Travel Tag'),(295,1,'Geocaching Logo Travel Tag','&lt;p&gt;This tag features the official Geocaching HQ logo! Send it out on its own, or use the included chain to make it a hitchhiker looking for geocaching adventures.&lt;/p&gt;\r\n\r\n&lt;p&gt;Each trackable has its own page on geocaching.com where you can track its progress as it passes from person to person or cache to cache.&lt;/p&gt;\r\n\r\n&lt;table border=&quot;1&quot; cellpadding=&quot;1&quot; cellspacing=&quot;1&quot; style=&quot;width: 300px;&quot;&gt;\r\n	&lt;tbody&gt;\r\n		&lt;tr&gt;\r\n			&lt;td&gt;&lt;strong&gt;Parameters:&lt;/strong&gt;&lt;/td&gt;\r\n			&lt;td&gt;&amp;nbsp;&lt;/td&gt;\r\n		&lt;/tr&gt;\r\n		&lt;tr&gt;\r\n			&lt;td&gt;Size, mm&lt;/td&gt;\r\n			&lt;td&gt;32 x 32&lt;/td&gt;\r\n		&lt;/tr&gt;\r\n		&lt;tr&gt;\r\n			&lt;td&gt;Thickness, mm&lt;/td&gt;\r\n			&lt;td&gt;1&lt;/td&gt;\r\n		&lt;/tr&gt;\r\n	&lt;/tbody&gt;\r\n&lt;/table&gt;\r\n\r\n&lt;p&gt;&amp;nbsp;&lt;/p&gt;\r\n','','','Trackable, Geocahing Logo, Travel Tag'),(295,2,'Geocaching Logo - keliaujantis prisegtukas - mėlynas','&lt;p&gt;Tai keliaujantis oficialus Geocaching HQ logo prisegtukas, turintis unikalų identifikavimo (sekimo) numerį. Žinant sekimo numerį galima nustatyti keliauninko buvimo vietą ir sekti jo kelionės maršrutą. Jį pritvirtinus prie kokio nors nedidelio daikčiuko, galima jam sugalvoti misiją (pvz: aplankyti kuo daugiau šalių, piliakalnių ar pan.), ir paleisti keliauti po pasaulį.&lt;/p&gt;\r\n\r\n&lt;p&gt;Keliauninkų kelionės &lt;a href=&quot;http://www.geocaching.com/track/&quot;&gt;maršrutus galima sekti čia&lt;/a&gt;.&lt;/p&gt;\r\n\r\n&lt;p&gt;Prisegtukas kvadratinis, atspindintis šviesą, užapvalintais kampais.&lt;/p&gt;\r\n\r\n&lt;table border=&quot;1&quot; cellpadding=&quot;1&quot; cellspacing=&quot;1&quot; style=&quot;width: 300px;&quot;&gt;\r\n	&lt;tbody&gt;\r\n		&lt;tr&gt;\r\n			&lt;td&gt;&lt;strong&gt;Parametrai:&lt;/strong&gt;&lt;/td&gt;\r\n			&lt;td&gt;&amp;nbsp;&lt;/td&gt;\r\n		&lt;/tr&gt;\r\n		&lt;tr&gt;\r\n			&lt;td&gt;Dydis, mm&lt;/td&gt;\r\n			&lt;td&gt;32 x 32&lt;/td&gt;\r\n		&lt;/tr&gt;\r\n		&lt;tr&gt;\r\n			&lt;td&gt;Storis, mm&lt;/td&gt;\r\n			&lt;td&gt;1&lt;/td&gt;\r\n		&lt;/tr&gt;\r\n	&lt;/tbody&gt;\r\n&lt;/table&gt;\r\n\r\n&lt;p&gt;&amp;nbsp;&lt;/p&gt;\r\n','Keliauninkai, Keliaujantis prisegtukas','Keliauninkai, Keliaujantis prisegtukas','Keliauninkai, Keliaujantis prisegtukas, mėlynas'),(296,1,'Geocaching Logo Travel Tag - Atomic Pink','&lt;p&gt;This tag features the official Geocaching HQ logo! Send it out on its own, or use the included chain to make it a hitchhiker looking for geocaching adventures.&lt;/p&gt;\r\n\r\n&lt;p&gt;Each trackable has its own page on geocaching.com where you can track its progress as it passes from person to person or cache to cache.&lt;/p&gt;\r\n\r\n&lt;table border=&quot;1&quot; cellpadding=&quot;1&quot; cellspacing=&quot;1&quot; style=&quot;width: 300px;&quot;&gt;\r\n	&lt;tbody&gt;\r\n		&lt;tr&gt;\r\n			&lt;td&gt;&lt;strong&gt;Parameters:&lt;/strong&gt;&lt;/td&gt;\r\n			&lt;td&gt;&amp;nbsp;&lt;/td&gt;\r\n		&lt;/tr&gt;\r\n		&lt;tr&gt;\r\n			&lt;td&gt;Size, mm&lt;/td&gt;\r\n			&lt;td&gt;32 x 32&lt;/td&gt;\r\n		&lt;/tr&gt;\r\n		&lt;tr&gt;\r\n			&lt;td&gt;Thickness, mm&lt;/td&gt;\r\n			&lt;td&gt;1&lt;/td&gt;\r\n		&lt;/tr&gt;\r\n	&lt;/tbody&gt;\r\n&lt;/table&gt;\r\n\r\n&lt;p&gt;&amp;nbsp;&lt;/p&gt;\r\n','','','Trackable, Geocahing Logo, Travel Tag'),(296,2,'Geocaching Logo - keliaujantis prisegtukas raudonas','&lt;p&gt;Tai keliaujantis oficialus Geocaching HQ logo prisegtukas, turintis unikalų identifikavimo (sekimo) numerį. Žinant sekimo numerį galima nustatyti keliauninko buvimo vietą ir sekti jo kelionės maršrutą. Jį pritvirtinus prie kokio nors nedidelio daikčiuko, galima jam sugalvoti misiją (pvz: aplankyti kuo daugiau šalių, piliakalnių ar pan.), ir paleisti keliauti po pasaulį.&lt;/p&gt;\r\n\r\n&lt;p&gt;Keliauninkų kelionės &lt;a href=&quot;http://www.geocaching.com/track/&quot;&gt;maršrutus galima sekti čia&lt;/a&gt;.&lt;/p&gt;\r\n\r\n&lt;p&gt;Prisegtukas kvadratinis, atspindintis šviesą, užapvalintais kampais.&lt;/p&gt;\r\n\r\n&lt;table border=&quot;1&quot; cellpadding=&quot;1&quot; cellspacing=&quot;1&quot; style=&quot;width: 300px;&quot;&gt;\r\n	&lt;tbody&gt;\r\n		&lt;tr&gt;\r\n			&lt;td&gt;&lt;strong&gt;Parametrai:&lt;/strong&gt;&lt;/td&gt;\r\n			&lt;td&gt;&amp;nbsp;&lt;/td&gt;\r\n		&lt;/tr&gt;\r\n		&lt;tr&gt;\r\n			&lt;td&gt;Dydis, mm&lt;/td&gt;\r\n			&lt;td&gt;32 x 32&lt;/td&gt;\r\n		&lt;/tr&gt;\r\n		&lt;tr&gt;\r\n			&lt;td&gt;Storis, mm&lt;/td&gt;\r\n			&lt;td&gt;1&lt;/td&gt;\r\n		&lt;/tr&gt;\r\n	&lt;/tbody&gt;\r\n&lt;/table&gt;\r\n\r\n&lt;p&gt;&amp;nbsp;&lt;/p&gt;\r\n','Keliauninkai, Keliaujantis prisegtukas','Keliauninkai, Keliaujantis prisegtukas','Keliauninkai, Keliaujantis prisegtukas'),(297,2,'Steampunk Roboto geomoneta','&lt;p&gt;Jis iš ateities - o gal praeities...&lt;/p&gt;\r\n\r\n&lt;p&gt;Šis keliauninkas - Steampunk Robotas turi savo antrininką - tai komplekte esantis keliaujantis prisegtukas, ant kurio išgraviruotas jo sekimo kodas. Tad keliauti galite paleisti prisegtuką, o patį robotuką galite pasilikti savo kolekcijoje. Detalaus dizaino geomoneta su judačiomis rankomis, papuoš bet kurią kolekciją.&lt;/p&gt;\r\n\r\n&lt;table border=&quot;1&quot; cellpadding=&quot;1&quot; cellspacing=&quot;1&quot; style=&quot;width: 300px;&quot;&gt;\r\n	&lt;tbody&gt;\r\n		&lt;tr&gt;\r\n			&lt;td&gt;&lt;strong&gt;Parametrai:&lt;/strong&gt;&lt;/td&gt;\r\n			&lt;td&gt;&amp;nbsp;&lt;/td&gt;\r\n		&lt;/tr&gt;\r\n		&lt;tr&gt;\r\n			&lt;td&gt;Dydis, mm&lt;/td&gt;\r\n			&lt;td&gt;45 x 25&lt;/td&gt;\r\n		&lt;/tr&gt;\r\n		&lt;tr&gt;\r\n			&lt;td&gt;Storis, mm&lt;/td&gt;\r\n			&lt;td&gt;10&lt;/td&gt;\r\n		&lt;/tr&gt;\r\n		&lt;tr&gt;\r\n			&lt;td&gt;Spalva&lt;/td&gt;\r\n			&lt;td&gt;Antikinė bronzinė&lt;/td&gt;\r\n		&lt;/tr&gt;\r\n	&lt;/tbody&gt;\r\n&lt;/table&gt;\r\n\r\n&lt;p&gt;&amp;nbsp;&lt;/p&gt;\r\n','','Geocoin-geomoneta','Keliauninkai, Geomonetos, Keliaujantis prisegtukas'),(297,1,'Steampunk Robot geocoin','&lt;p&gt;He’s from the future—or maybe the past, we’re not sure. Either way, this friendly robot will get your geocaching gears turning!&lt;/p&gt;\r\n\r\n&lt;p&gt;This Steampunk Robot Geocoin includes a matching travel tag (same code) which allows either one to be trackable at Geocaching.com. With a detailed design and pivoting arms, this geocoin is a nice addition to any collection.&lt;/p&gt;\r\n\r\n&lt;p&gt;This series has a unique icon, and each Geocoin gets its own page on geocaching.com where you can track its progress as it passes from person to person or cache to cache. Or make your friends jealous when you let them discover it at events!&lt;/p&gt;\r\n\r\n&lt;table border=&quot;1&quot; cellpadding=&quot;1&quot; cellspacing=&quot;1&quot; style=&quot;width: 300px;&quot;&gt;\r\n	&lt;tbody&gt;\r\n		&lt;tr&gt;\r\n			&lt;td&gt;&lt;strong&gt;Parameters:&lt;/strong&gt;&lt;/td&gt;\r\n			&lt;td&gt;&amp;nbsp;&lt;/td&gt;\r\n		&lt;/tr&gt;\r\n		&lt;tr&gt;\r\n			&lt;td&gt;Size, mm&lt;/td&gt;\r\n			&lt;td&gt;45 x 25&lt;/td&gt;\r\n		&lt;/tr&gt;\r\n		&lt;tr&gt;\r\n			&lt;td&gt;Thickness, mm&lt;/td&gt;\r\n			&lt;td&gt;10&lt;/td&gt;\r\n		&lt;/tr&gt;\r\n		&lt;tr&gt;\r\n			&lt;td&gt;Color&lt;/td&gt;\r\n			&lt;td&gt;Antique Bronze&lt;/td&gt;\r\n		&lt;/tr&gt;\r\n	&lt;/tbody&gt;\r\n&lt;/table&gt;\r\n\r\n&lt;p&gt;&amp;nbsp;&lt;/p&gt;\r\n\r\n&lt;p&gt;&amp;nbsp;&lt;/p&gt;\r\n','','Geocoin','Trackable, Geocoin, Cache Buddy, Travel Tag'),(298,2,'Steampunk Šuns geomoneta','&lt;p&gt;Šie Steampunk šuniukai laukia savo šeimininkų! Ši geoonetų serija turi unikalias ikonėles. Kiekviena Geomoneta turi savo puslapį Geocaching.com svetainėje, kur galima nustatyti šuniuko buvimo vietą ir sekti jo kelionės maršrutą. Jei nuspręsite jį pasilikti savo kolekcijoje, nepamirškite atsinešti monetos į susitikimus su kitais lobiautojais!&lt;br /&gt;\r\n&amp;nbsp;&lt;/p&gt;\r\n\r\n&lt;table border=&quot;1&quot; cellpadding=&quot;1&quot; cellspacing=&quot;1&quot; style=&quot;width: 300px;&quot;&gt;\r\n	&lt;tbody&gt;\r\n		&lt;tr&gt;\r\n			&lt;td&gt;&lt;strong&gt;Parametrai:&lt;/strong&gt;&lt;/td&gt;\r\n			&lt;td&gt;&amp;nbsp;&lt;/td&gt;\r\n		&lt;/tr&gt;\r\n		&lt;tr&gt;\r\n			&lt;td&gt;Dydis, mm&lt;/td&gt;\r\n			&lt;td&gt;34 x 39 x 20&lt;/td&gt;\r\n		&lt;/tr&gt;\r\n		&lt;tr&gt;\r\n			&lt;td&gt;Spalva&lt;/td&gt;\r\n			&lt;td&gt;Antikinė bronzinė&lt;/td&gt;\r\n		&lt;/tr&gt;\r\n	&lt;/tbody&gt;\r\n&lt;/table&gt;\r\n\r\n&lt;p&gt;&amp;nbsp;&lt;/p&gt;\r\n','','Geocoin-geomoneta','Keliauninkai, Geomonetos, Keliaujantis prisegtukas'),(298,1,'Steampunk Dog geocoin','&lt;p&gt;These Steampunk Dogs are ready to be adopted and sent on geocaching adventures! These super cool pups are fully trackable at geocaching.com, and have their own unique icon.&lt;/p&gt;\r\n\r\n&lt;table border=&quot;1&quot; cellpadding=&quot;1&quot; cellspacing=&quot;1&quot; style=&quot;width: 300px;&quot;&gt;\r\n	&lt;tbody&gt;\r\n		&lt;tr&gt;\r\n			&lt;td&gt;&lt;strong&gt;Parameters:&lt;/strong&gt;&lt;/td&gt;\r\n			&lt;td&gt;&amp;nbsp;&lt;/td&gt;\r\n		&lt;/tr&gt;\r\n		&lt;tr&gt;\r\n			&lt;td&gt;Size, mm&lt;/td&gt;\r\n			&lt;td&gt;34 x 39 x 20&lt;/td&gt;\r\n		&lt;/tr&gt;\r\n		&lt;tr&gt;\r\n			&lt;td&gt;Color&lt;/td&gt;\r\n			&lt;td&gt;Antique Bronze&lt;/td&gt;\r\n		&lt;/tr&gt;\r\n	&lt;/tbody&gt;\r\n&lt;/table&gt;\r\n\r\n&lt;p&gt;&amp;nbsp;&lt;/p&gt;\r\n\r\n&lt;p&gt;&amp;nbsp;&lt;/p&gt;\r\n','','Geocoin','Trackable, Geocoin, Cache Buddy, Travel Tag'),(300,1,'Butterfly Hinge Geocoin','&lt;p&gt;Beautiful and graceful, varied and enchanting, small but approachable, butterflies lead you to the sunny side of life. And everyone deserves a little sunshine.&lt;br /&gt;\r\n~Jeffrey Glassberg&lt;/p&gt;\r\n\r\n&lt;p&gt;This new beautifully designed geocoin is shaped like a butterfly and hinged in the middle to move like one. The coin measures 70 mm when open.&lt;/p&gt;\r\n\r\n&lt;p&gt;This Geocoin has a unique icon. Track its flight on Geocaching.com&lt;/p&gt;\r\n\r\n&lt;table border=&quot;1&quot; cellpadding=&quot;1&quot; cellspacing=&quot;1&quot; style=&quot;width: 200px;&quot;&gt;\r\n	&lt;tbody&gt;\r\n		&lt;tr&gt;\r\n			&lt;td&gt;&lt;strong&gt;Parameters:&lt;/strong&gt;&lt;/td&gt;\r\n			&lt;td&gt;&amp;nbsp;&lt;/td&gt;\r\n		&lt;/tr&gt;\r\n		&lt;tr&gt;\r\n			&lt;td&gt;Size, mm&lt;/td&gt;\r\n			&lt;td&gt;70 x 60&lt;/td&gt;\r\n		&lt;/tr&gt;\r\n		&lt;tr&gt;\r\n			&lt;td&gt;Thickness, mm&lt;/td&gt;\r\n			&lt;td&gt;4&lt;/td&gt;\r\n		&lt;/tr&gt;\r\n	&lt;/tbody&gt;\r\n&lt;/table&gt;\r\n\r\n&lt;p&gt;&amp;nbsp;&lt;/p&gt;\r\n','','','Trackables, Geocoins'),(299,2,'Plasniojančio drugelio Geomoneta - auksinė','&lt;p&gt;Gražūs ir grakštūs, įvairūs ir žavūs, maži, bet draugiški, drugeliai palydės jus į saulėtą gyvenimo pusę. Juk kiekvienas iš mūsų nusipelnėme truputį saulės.(Jeffrey Glassberg)&lt;/p&gt;\r\n\r\n&lt;p&gt;Šios ypatingos geomonetos atrodo kaip tikras plasnojantis drugelis.&lt;/p&gt;\r\n\r\n&lt;p&gt;Šio drugelio kelionės &lt;a href=&quot;http://www.geocaching.com/track/&quot;&gt;maršrutus galima sekti čia&lt;/a&gt;.&lt;/p&gt;\r\n\r\n&lt;table border=&quot;1&quot; cellpadding=&quot;1&quot; cellspacing=&quot;1&quot; style=&quot;width: 200px;&quot;&gt;\r\n	&lt;tbody&gt;\r\n		&lt;tr&gt;\r\n			&lt;td&gt;&lt;strong&gt;Parametrai:&lt;/strong&gt;&lt;/td&gt;\r\n			&lt;td&gt;&amp;nbsp;&lt;/td&gt;\r\n		&lt;/tr&gt;\r\n		&lt;tr&gt;\r\n			&lt;td&gt;Dydis, mm&lt;/td&gt;\r\n			&lt;td&gt;70 x 60&lt;/td&gt;\r\n		&lt;/tr&gt;\r\n		&lt;tr&gt;\r\n			&lt;td&gt;Storis, mm&lt;/td&gt;\r\n			&lt;td&gt;4&lt;/td&gt;\r\n		&lt;/tr&gt;\r\n	&lt;/tbody&gt;\r\n&lt;/table&gt;\r\n\r\n&lt;p&gt;&amp;nbsp;&lt;/p&gt;\r\n','','','Keliauninkai, Geomonetos, Drugelis'),(299,1,'Butterfly Hinge Geocoin - Lavender/Gold','&lt;p&gt;Beautiful and graceful, varied and enchanting, small but approachable, butterflies lead you to the sunny side of life. And everyone deserves a little sunshine.&lt;br /&gt;\r\n~Jeffrey Glassberg&lt;/p&gt;\r\n\r\n&lt;p&gt;This new beautifully designed geocoin is shaped like a butterfly and hinged in the middle to move like one. The coin measures 70 mm when open.&lt;/p&gt;\r\n\r\n&lt;p&gt;This Geocoin has a unique icon. Track its flight on Geocaching.com&lt;/p&gt;\r\n\r\n&lt;table border=&quot;1&quot; cellpadding=&quot;1&quot; cellspacing=&quot;1&quot; style=&quot;width: 200px;&quot;&gt;\r\n	&lt;tbody&gt;\r\n		&lt;tr&gt;\r\n			&lt;td&gt;&lt;strong&gt;Parameters:&lt;/strong&gt;&lt;/td&gt;\r\n			&lt;td&gt;&amp;nbsp;&lt;/td&gt;\r\n		&lt;/tr&gt;\r\n		&lt;tr&gt;\r\n			&lt;td&gt;Size, mm&lt;/td&gt;\r\n			&lt;td&gt;70 x 60&lt;/td&gt;\r\n		&lt;/tr&gt;\r\n		&lt;tr&gt;\r\n			&lt;td&gt;Thickness, mm&lt;/td&gt;\r\n			&lt;td&gt;4&lt;/td&gt;\r\n		&lt;/tr&gt;\r\n	&lt;/tbody&gt;\r\n&lt;/table&gt;\r\n\r\n&lt;p&gt;&amp;nbsp;&lt;/p&gt;\r\n','','','Trackables, Geocoins'),(300,2,'Plasniojančio drugelio Geomoneta - Juoda','&lt;p&gt;Gražūs ir grakštūs, įvairūs ir žavūs, maži, bet draugiški, drugeliai palydės jus į saulėtą gyvenimo pusę. Juk kiekvienas iš mūsų nusipelnėme truputį saulės.(Jeffrey Glassberg)&lt;/p&gt;\r\n\r\n&lt;p&gt;Šios ypatingos geomonetos atrodo kaip tikras plasnojantis drugelis.&lt;/p&gt;\r\n\r\n&lt;p&gt;Šio drugelio kelionės &lt;a href=&quot;http://www.geocaching.com/track/&quot;&gt;maršrutus galima sekti čia&lt;/a&gt;.&lt;/p&gt;\r\n\r\n&lt;table border=&quot;1&quot; cellpadding=&quot;1&quot; cellspacing=&quot;1&quot; style=&quot;width: 200px;&quot;&gt;\r\n	&lt;tbody&gt;\r\n		&lt;tr&gt;\r\n			&lt;td&gt;&lt;strong&gt;Parametrai:&lt;/strong&gt;&lt;/td&gt;\r\n			&lt;td&gt;&amp;nbsp;&lt;/td&gt;\r\n		&lt;/tr&gt;\r\n		&lt;tr&gt;\r\n			&lt;td&gt;Dydis, mm&lt;/td&gt;\r\n			&lt;td&gt;70 x 60&lt;/td&gt;\r\n		&lt;/tr&gt;\r\n		&lt;tr&gt;\r\n			&lt;td&gt;Storis, mm&lt;/td&gt;\r\n			&lt;td&gt;4&lt;/td&gt;\r\n		&lt;/tr&gt;\r\n	&lt;/tbody&gt;\r\n&lt;/table&gt;\r\n\r\n&lt;p&gt;&amp;nbsp;&lt;/p&gt;\r\n','','','Keliauninkai, Geomonetos, Drugelis'),(301,2,'CITO Geomoneta','&lt;p&gt;CITO geomoneta simbolizuoja lobiautojų bendruomenės įsipareigojimą tvarkyti ir prižiūrėti parkus bei lobiavietėms draugiškas vietas visame pasaulyje.&lt;/p&gt;\r\n\r\n&lt;p&gt;Keliauninkų (taip pat ir Geomonetų) kelionės &lt;a href=&quot;http://www.geocaching.com/track/&quot;&gt;maršrutus galima sekti čia&lt;/a&gt;.&lt;/p&gt;\r\n\r\n&lt;table border=&quot;1&quot; cellpadding=&quot;1&quot; cellspacing=&quot;1&quot; style=&quot;width: 200px;&quot;&gt;\r\n	&lt;tbody&gt;\r\n		&lt;tr&gt;\r\n			&lt;td&gt;&lt;strong&gt;Parametrai:&lt;/strong&gt;&lt;/td&gt;\r\n			&lt;td&gt;&amp;nbsp;&lt;/td&gt;\r\n		&lt;/tr&gt;\r\n		&lt;tr&gt;\r\n			&lt;td&gt;Skersmuo, mm&lt;/td&gt;\r\n			&lt;td&gt;44&lt;/td&gt;\r\n		&lt;/tr&gt;\r\n		&lt;tr&gt;\r\n			&lt;td&gt;Storis, mm&lt;/td&gt;\r\n			&lt;td&gt;3&lt;/td&gt;\r\n		&lt;/tr&gt;\r\n	&lt;/tbody&gt;\r\n&lt;/table&gt;\r\n\r\n&lt;p&gt;&amp;nbsp;&lt;/p&gt;\r\n','','','Keliauninkai, Geomonetos, geomoneta, CITO'),(301,1,'CITO Geocoin - Gold ','&lt;p&gt;The Cache In Trash Out ® (CITO) Geocoin symbolizes the ongoing commitment of the geocaching community to clean up parks and cache-friendly places around the world.&lt;/p&gt;\r\n\r\n&lt;p&gt;This Geocoin is &lt;strong&gt;trackable&lt;/strong&gt; at &lt;a href=&quot;http://www.geocaching.com/track/&quot;&gt;Geocaching.com&lt;/a&gt;.&lt;/p&gt;\r\n\r\n&lt;table border=&quot;1&quot; cellpadding=&quot;1&quot; cellspacing=&quot;1&quot; style=&quot;width: 200px;&quot;&gt;\r\n	&lt;tbody&gt;\r\n		&lt;tr&gt;\r\n			&lt;td&gt;&lt;strong&gt;Parameters:&lt;/strong&gt;&lt;/td&gt;\r\n			&lt;td&gt;&amp;nbsp;&lt;/td&gt;\r\n		&lt;/tr&gt;\r\n		&lt;tr&gt;\r\n			&lt;td&gt;Diameter, mm&lt;/td&gt;\r\n			&lt;td&gt;44&lt;/td&gt;\r\n		&lt;/tr&gt;\r\n		&lt;tr&gt;\r\n			&lt;td&gt;Thickness, mm&lt;/td&gt;\r\n			&lt;td&gt;3&lt;/td&gt;\r\n		&lt;/tr&gt;\r\n	&lt;/tbody&gt;\r\n&lt;/table&gt;\r\n\r\n&lt;p&gt;&amp;nbsp;&lt;/p&gt;\r\n','','','Trackables, Geocoins, CITO'),(302,2,'Geomoneta - Rot13 dešifratorius','&lt;p&gt;Ar jūs kalbate lobiautojų kalba? Ar radę lobį, sušunkate &quot;atėjau, pamačiau, nugalėjau&quot;? Manome, kad atsakytumėte TAIP.&lt;/p&gt;\r\n\r\n&lt;p&gt;Lobiautojai mėgsta spręsti dėliones, iššifruoti kodus, ieškoti paslėptų daiktų ir kitus iššūkius. Juk tai ir yra lobiavimas. Julijus Cezaris sukūrė ROT13 dešifratorių 1 a. pr.m.e.. Ir eina gandas, kad jam patiko lobiavimas :-) Tai paprasta raidžių keitimo sistema raidėmis, esančiomis už 13 raidžių nuo keičiamosios raidės. Ar kada nors nagrinėjotės, kokiu būdu yra užkoduota lobio užuomina? Žinoma, kad yra naudojamas ROT13!!!&lt;/p&gt;\r\n\r\n&lt;p&gt;Šią monetą galima panaudoti lobio užuominos iššifravimui&lt;/p&gt;\r\n\r\n&lt;p&gt;Keliauninkų (taip pat ir Geomonetų) kelionės &lt;a href=&quot;http://www.geocaching.com/track/&quot;&gt;maršrutus galima sekti čia&lt;/a&gt;.&lt;/p&gt;\r\n\r\n&lt;table border=&quot;1&quot; cellpadding=&quot;1&quot; cellspacing=&quot;1&quot; style=&quot;width: 200px;&quot;&gt;\r\n	&lt;tbody&gt;\r\n		&lt;tr&gt;\r\n			&lt;td&gt;&lt;strong&gt;Parametrai:&lt;/strong&gt;&lt;/td&gt;\r\n			&lt;td&gt;&amp;nbsp;&lt;/td&gt;\r\n		&lt;/tr&gt;\r\n		&lt;tr&gt;\r\n			&lt;td&gt;Skersmuo, mm&lt;/td&gt;\r\n			&lt;td&gt;44&lt;/td&gt;\r\n		&lt;/tr&gt;\r\n		&lt;tr&gt;\r\n			&lt;td&gt;Storis, mm&lt;/td&gt;\r\n			&lt;td&gt;3&lt;/td&gt;\r\n		&lt;/tr&gt;\r\n		&lt;tr&gt;\r\n			&lt;td&gt;Spalva&lt;/td&gt;\r\n			&lt;td&gt;Antikinė sidabrinė&lt;/td&gt;\r\n		&lt;/tr&gt;\r\n	&lt;/tbody&gt;\r\n&lt;/table&gt;\r\n\r\n&lt;p&gt;&amp;nbsp;&lt;/p&gt;\r\n','','','Keliauninkai, Geomonetos'),(302,1,'Rot13 Decoder Geocoin- Antique Silver','&lt;p&gt;Do you speak the language of geocaching? When you find a geocache do you triumphantly declare &quot;I came, I saw, I conquered&quot;? We think you do.&lt;/p&gt;\r\n\r\n&lt;p&gt;Geocachers tend to like puzzles, codes, finding hidden things and all kinds of challenges. It\'s what makes us geocachers! Rot13 was actually developed by Julius Caesar (or maybe someone he knew) in the 1st century BC, and rumor has it he loved geocaching. It is a simple letter substitution that replaces a letter of the alphabet with the letter that is 13 letters after it. Have you ever wondered how the messages are coded on geocache hints? It\'s Rot13 of course.&lt;/p&gt;\r\n\r\n&lt;p&gt;For this version of the Rot13 Geocoin, we asked designer Christian Mackey to work on a design for us. The result is a geocoin that not only has amazing detail, but also works as a Rot13 decoder, a key chain, and is trackable at geocaching.com! &amp;nbsp;With all that going for it, we think Caesar would have loved it.&lt;/p&gt;\r\n\r\n&lt;p&gt;This Geocoin is &lt;strong&gt;trackable&lt;/strong&gt; at &lt;a href=&quot;http://www.geocaching.com/track/&quot;&gt;Geocaching.com&lt;/a&gt;.&lt;/p&gt;\r\n\r\n&lt;table border=&quot;1&quot; cellpadding=&quot;1&quot; cellspacing=&quot;1&quot; style=&quot;width: 200px;&quot;&gt;\r\n	&lt;tbody&gt;\r\n		&lt;tr&gt;\r\n			&lt;td&gt;&lt;strong&gt;Parameters:&lt;/strong&gt;&lt;/td&gt;\r\n			&lt;td&gt;&amp;nbsp;&lt;/td&gt;\r\n		&lt;/tr&gt;\r\n		&lt;tr&gt;\r\n			&lt;td&gt;Diameter, mm&lt;/td&gt;\r\n			&lt;td&gt;44&lt;/td&gt;\r\n		&lt;/tr&gt;\r\n		&lt;tr&gt;\r\n			&lt;td&gt;Thickness, mm&lt;/td&gt;\r\n			&lt;td&gt;3&lt;/td&gt;\r\n		&lt;/tr&gt;\r\n		&lt;tr&gt;\r\n			&lt;td&gt;Color&lt;/td&gt;\r\n			&lt;td&gt;Antique Silver&lt;/td&gt;\r\n		&lt;/tr&gt;\r\n	&lt;/tbody&gt;\r\n&lt;/table&gt;\r\n\r\n&lt;p&gt;&amp;nbsp;&lt;/p&gt;\r\n','','','Trackables, Geocoins'),(304,1,'CITO Trackable Tag','&lt;p&gt;This tag features the official Cache In Trash Out ® logo. It symbolizes the ongoing commitment of the geocaching community to clean up parks and cache-friendly places around the world.&lt;br /&gt;\r\nTo learn more about Cache In Trash Out ®, visit the &lt;a href=&quot;http://www.geocaching.com/cito/&quot;&gt; CITO website.&lt;/a&gt;&lt;/p&gt;\r\n\r\n&lt;table border=&quot;1&quot; cellpadding=&quot;1&quot; cellspacing=&quot;1&quot; style=&quot;width: 300px;&quot;&gt;\r\n	&lt;tbody&gt;\r\n		&lt;tr&gt;\r\n			&lt;td&gt;&lt;strong&gt;Parameters:&lt;/strong&gt;&lt;/td&gt;\r\n			&lt;td&gt;&amp;nbsp;&lt;/td&gt;\r\n		&lt;/tr&gt;\r\n		&lt;tr&gt;\r\n			&lt;td&gt;Size, mm&lt;/td&gt;\r\n			&lt;td&gt;38 x 38&lt;/td&gt;\r\n		&lt;/tr&gt;\r\n		&lt;tr&gt;\r\n			&lt;td&gt;Thickness, mm&lt;/td&gt;\r\n			&lt;td&gt;1&lt;/td&gt;\r\n		&lt;/tr&gt;\r\n	&lt;/tbody&gt;\r\n&lt;/table&gt;\r\n\r\n&lt;p&gt;&amp;nbsp;&lt;/p&gt;\r\n','','','Trackable, Geocahing Logo, Travel Tag, CITO'),(303,2,'CITO mikro geomoneta','&lt;p&gt;Tai CITO mikro geomoneta&lt;br /&gt;\r\n&amp;nbsp;&lt;/p&gt;\r\n\r\n&lt;table border=&quot;1&quot; cellpadding=&quot;1&quot; cellspacing=&quot;1&quot; style=&quot;width: 300px;&quot;&gt;\r\n	&lt;tbody&gt;\r\n		&lt;tr&gt;\r\n			&lt;td&gt;&lt;strong&gt;Parametrai:&lt;/strong&gt;&lt;/td&gt;\r\n			&lt;td&gt;&amp;nbsp;&lt;/td&gt;\r\n		&lt;/tr&gt;\r\n		&lt;tr&gt;\r\n			&lt;td&gt;Skersmuo, mm&lt;/td&gt;\r\n			&lt;td&gt;25&lt;/td&gt;\r\n		&lt;/tr&gt;\r\n		&lt;tr&gt;\r\n			&lt;td&gt;Storis, mm&lt;/td&gt;\r\n			&lt;td&gt;3&lt;/td&gt;\r\n		&lt;/tr&gt;\r\n	&lt;/tbody&gt;\r\n&lt;/table&gt;\r\n\r\n&lt;p&gt;&amp;nbsp;&lt;/p&gt;\r\n','','Geocoin-geomoneta','Keliauninkai, Geomonetos, geomoneta, CITO'),(303,1,'CITO Micro geocoin','&lt;p&gt;This micro geocoin features the official Cache In Trash Out ® logo. It symbolizes the ongoing commitment of the geocaching community to clean up parks and cache-friendly places around the world.&lt;br /&gt;\r\nTo learn more about Cache In Trash Out ®, visit the &lt;a href=&quot;http://www.geocaching.com/cito/&quot;&gt; CITO website.&lt;/a&gt;&lt;/p&gt;\r\n\r\n&lt;table border=&quot;1&quot; cellpadding=&quot;1&quot; cellspacing=&quot;1&quot; style=&quot;width: 300px;&quot;&gt;\r\n	&lt;tbody&gt;\r\n		&lt;tr&gt;\r\n			&lt;td&gt;&lt;strong&gt;Parameters:&lt;/strong&gt;&lt;/td&gt;\r\n			&lt;td&gt;&amp;nbsp;&lt;/td&gt;\r\n		&lt;/tr&gt;\r\n		&lt;tr&gt;\r\n			&lt;td&gt;Diameter, mm&lt;/td&gt;\r\n			&lt;td&gt;25&lt;/td&gt;\r\n		&lt;/tr&gt;\r\n		&lt;tr&gt;\r\n			&lt;td&gt;Thickness, mm&lt;/td&gt;\r\n			&lt;td&gt;3&lt;/td&gt;\r\n		&lt;/tr&gt;\r\n	&lt;/tbody&gt;\r\n&lt;/table&gt;\r\n\r\n&lt;p&gt;&amp;nbsp;&lt;/p&gt;\r\n\r\n&lt;p&gt;&amp;nbsp;&lt;/p&gt;\r\n','','Geocoin','Trackable, Geocoin, Micro, CITO'),(304,2,'CITO keliaujantis prisegtukas','&lt;p&gt;Tai keliaujantis CITO (Cache In Trash Out) logo prisegtukas, turintis unikalų identifikavimo (sekimo) numerį. Žinant sekimo numerį galima nustatyti keliauninko buvimo vietą ir sekti jo kelionės maršrutą. Jį pritvirtinus prie kokio nors nedidelio daikčiuko, galima jam sugalvoti misiją (pvz: aplankyti kuo daugiau šalių, piliakalnių ar pan.), ir paleisti keliauti po pasaulį.&lt;/p&gt;\r\n\r\n&lt;p&gt;Keliauninkų kelionės &lt;a href=&quot;http://www.geocaching.com/track/&quot;&gt;maršrutus galima sekti čia&lt;/a&gt;.&lt;/p&gt;\r\n\r\n&lt;p&gt;Prisegtukas kvadratinis, atspindintis šviesą, užapvalintais kampais.&lt;/p&gt;\r\n\r\n&lt;table border=&quot;1&quot; cellpadding=&quot;1&quot; cellspacing=&quot;1&quot; style=&quot;width: 300px;&quot;&gt;\r\n	&lt;tbody&gt;\r\n		&lt;tr&gt;\r\n			&lt;td&gt;&lt;strong&gt;Parametrai:&lt;/strong&gt;&lt;/td&gt;\r\n			&lt;td&gt;&amp;nbsp;&lt;/td&gt;\r\n		&lt;/tr&gt;\r\n		&lt;tr&gt;\r\n			&lt;td&gt;Dydis, mm&lt;/td&gt;\r\n			&lt;td&gt;38 x 38&lt;/td&gt;\r\n		&lt;/tr&gt;\r\n		&lt;tr&gt;\r\n			&lt;td&gt;Storis, mm&lt;/td&gt;\r\n			&lt;td&gt;1&lt;/td&gt;\r\n		&lt;/tr&gt;\r\n	&lt;/tbody&gt;\r\n&lt;/table&gt;\r\n\r\n&lt;p&gt;&amp;nbsp;&lt;/p&gt;\r\n','Keliauninkai, Keliaujantis prisegtukas','Keliauninkai, Keliaujantis prisegtukas','Keliauninkai, Keliaujantis prisegtukas, CITO'),(305,2,'Maskuojančio (Camo Nr.1) maišelio ir PET konteinerio rinkinys','&lt;p&gt;Maskuojančių spalvų medžiaginis maišelis, skirtas &lt;a href=&quot;http://www.geoshop.lt/index.php?route=product/product&amp;amp;path=20_26&amp;amp;product_id=115#.UxN6S85KYp8&quot; target=&quot;_blank&quot;&gt;PET&lt;/a&gt; tipo konteineriui slėpti gamtoje, miškingoje vietovėje. &lt;a href=&quot;http://www.geoshop.lt/image/data/Containers/Extras/Camo_No1_bag_PET/Bag_for_PET_container_Camo1_Lng_Pririsimas.jpg&quot; target=&quot;_blank&quot;&gt;&lt;img alt=&quot;&quot; height=&quot;139&quot; src=&quot;http://www.geoshop.lt/image/data/Containers/Extras/Camo_No1_bag_PET/Bag_for_PET_container_Camo1_Lng_Pririsimas.jpg&quot; style=&quot;float: right;&quot; width=&quot;128&quot; /&gt;&lt;/a&gt;&lt;br /&gt;\r\nJis paprasčiausiai pririšamas prie tinkamos šakos. Maišeliui pasiūti naudojama speciali, drėgmę atstumianti medžiaga.&lt;br /&gt;\r\nKomplektą sudaro: maišelis su virvute, skaidrus PET ruošinys su FTF kamšteliu ir karabinas su virvute.&lt;br /&gt;\r\nPasiūta su meile, Lietuvoje.&lt;/p&gt;\r\n\r\n&lt;table border=&quot;1&quot; cellpadding=&quot;1&quot; cellspacing=&quot;1&quot; style=&quot;width: 300px;&quot;&gt;\r\n	&lt;tbody&gt;\r\n		&lt;tr&gt;\r\n			&lt;td&gt;&lt;strong&gt;Parametrai:&lt;/strong&gt;&lt;/td&gt;\r\n			&lt;td&gt;&amp;nbsp;&lt;/td&gt;\r\n		&lt;/tr&gt;\r\n		&lt;tr&gt;\r\n			&lt;td&gt;Spalva&lt;/td&gt;\r\n			&lt;td&gt;Maskuojanti Nr.1&lt;/td&gt;\r\n		&lt;/tr&gt;\r\n		&lt;tr&gt;\r\n			&lt;td&gt;Matmenys (išoriniai), mm&lt;/td&gt;\r\n			&lt;td&gt;175 x 60&lt;/td&gt;\r\n		&lt;/tr&gt;\r\n		&lt;tr&gt;\r\n			&lt;td&gt;Maišelio virvutės ilgis, m&lt;/td&gt;\r\n			&lt;td&gt;1&lt;/td&gt;\r\n		&lt;/tr&gt;\r\n		&lt;tr&gt;\r\n			&lt;td&gt;Karabino virvutės ilgis, m&lt;/td&gt;\r\n			&lt;td&gt;0,5&lt;/td&gt;\r\n		&lt;/tr&gt;\r\n	&lt;/tbody&gt;\r\n&lt;/table&gt;\r\n\r\n&lt;p&gt;&amp;nbsp;&lt;/p&gt;\r\n\r\n&lt;table border=&quot;0&quot; cellpadding=&quot;1&quot; cellspacing=&quot;1&quot; style=&quot;width: 500px;&quot;&gt;\r\n	&lt;tbody&gt;\r\n		&lt;tr&gt;\r\n			&lt;td&gt;&lt;a href=&quot;http://www.geoshop.lt/image/data/Containers/Extras/Camo_No1_bag_PET/Bag_for_PET_container_Camo1_Lng_Miske3.jpg&quot; target=&quot;_blank&quot;&gt;&lt;img alt=&quot;&quot; src=&quot;http://www.geoshop.lt/image/data/Containers/Extras/Camo_No1_bag_PET/Bag_for_PET_container_Camo1_Lng_Miske3.jpg&quot; style=&quot;width: 300px; height: 453px; margin: 3px;&quot; /&gt;&lt;/a&gt;&lt;/td&gt;\r\n			&lt;td&gt;&lt;a href=&quot;http://www.geoshop.lt/image/data/Containers/Extras/Camo_No1_bag_PET/Bag_for_PET_container_Camo1_Lng_Pririsimas2.jpg&quot; target=&quot;_blank&quot;&gt;&lt;img alt=&quot;&quot; src=&quot;http://www.geoshop.lt/image/data/Containers/Extras/Camo_No1_bag_PET/Bag_for_PET_container_Camo1_Lng_Pririsimas2.jpg&quot; style=&quot;width: 300px; height: 453px; margin: 3px;&quot; /&gt;&lt;/a&gt;&lt;/td&gt;\r\n		&lt;/tr&gt;\r\n		&lt;tr&gt;\r\n			&lt;td&gt;&lt;a href=&quot;http://www.geoshop.lt/image/data/Containers/Extras/Camo_No1_bag_PET/Bag_for_PET_container_Camo1_Lng_Miske2.jpg&quot; target=&quot;_blank&quot;&gt;&lt;img alt=&quot;&quot; src=&quot;http://www.geoshop.lt/image/data/Containers/Extras/Camo_No1_bag_PET/Bag_for_PET_container_Camo1_Lng_Miske2.jpg&quot; style=&quot;width: 300px; height: 453px; margin: 3px;&quot; /&gt;&lt;/a&gt;&lt;/td&gt;\r\n			&lt;td&gt;&lt;a href=&quot;http://www.geoshop.lt/image/data/Containers/Extras/Camo_No1_bag_PET/Bag_for_PET_container_Camo1_Lng_Miske1.jpg&quot; target=&quot;_blank&quot;&gt;&lt;img alt=&quot;&quot; src=&quot;http://www.geoshop.lt/image/data/Containers/Extras/Camo_No1_bag_PET/Bag_for_PET_container_Camo1_Lng_Miske1.jpg&quot; style=&quot;width: 300px; height: 453px; margin: 3px;&quot; /&gt;&lt;/a&gt;&lt;/td&gt;\r\n		&lt;/tr&gt;\r\n	&lt;/tbody&gt;\r\n&lt;/table&gt;\r\n\r\n&lt;p&gt;&lt;a href=&quot;http://www.geoshop.lt/image/data/Containers/Extras/Camo_No1_bag_PET/Bag_for_PET_container_Camo1_Variations.jpg&quot; target=&quot;_blank&quot;&gt;&lt;img alt=&quot;&quot; src=&quot;http://www.geoshop.lt/image/data/Containers/Extras/Camo_No1_bag_PET/Bag_for_PET_container_Camo1_Variations.jpg&quot; style=&quot;width: 650px; height: 431px;&quot; /&gt;&lt;/a&gt;&lt;/p&gt;\r\n','','','Maišelis konteineriui, PET konteineris'),(305,1,'Set of Camo No.1 bag, PET container and carabiner, with rope','&lt;p&gt;This camo-color bag is used to hide a&amp;nbsp;&lt;a href=&quot;http://www.geoshop.lt/index.php?route=product/product&amp;amp;path=20_26&amp;amp;product_id=115#.UxN6S85KYp8&quot; target=&quot;_blank&quot;&gt;PET&lt;/a&gt; type micro container in forested area.&lt;a href=&quot;http://www.geoshop.lt/image/data/Containers/Extras/Camo_No1_bag_PET/Bag_for_PET_container_Camo1_Lng_Pririsimas.jpg&quot; target=&quot;_blank&quot;&gt;&lt;img alt=&quot;&quot; height=&quot;139&quot; src=&quot;http://www.geoshop.lt/image/data/Containers/Extras/Camo_No1_bag_PET/Bag_for_PET_container_Camo1_Lng_Pririsimas.jpg&quot; style=&quot;float: right;&quot; width=&quot;128&quot; /&gt;&lt;/a&gt;&lt;br /&gt;\r\nIt can be simply tied to a wood branch. The bag is produced from a special water-repellent fabric..&lt;br /&gt;\r\nThis item consit: one bag, PET container with FTF cap, carabiner and rope.&lt;br /&gt;\r\nHandmade with love, in Lithuania.&lt;/p&gt;\r\n\r\n&lt;table border=&quot;1&quot; cellpadding=&quot;1&quot; cellspacing=&quot;1&quot; style=&quot;width: 320px;&quot;&gt;\r\n	&lt;tbody&gt;\r\n		&lt;tr&gt;\r\n			&lt;td&gt;&lt;strong&gt;Parameters:&lt;/strong&gt;&lt;/td&gt;\r\n			&lt;td&gt;&amp;nbsp;&lt;/td&gt;\r\n		&lt;/tr&gt;\r\n		&lt;tr&gt;\r\n			&lt;td&gt;Color&lt;/td&gt;\r\n			&lt;td&gt;Camo No.1&lt;/td&gt;\r\n		&lt;/tr&gt;\r\n		&lt;tr&gt;\r\n			&lt;td&gt;Dimensions (external), mm&lt;/td&gt;\r\n			&lt;td&gt;175 x 60&lt;/td&gt;\r\n		&lt;/tr&gt;\r\n		&lt;tr&gt;\r\n			&lt;td&gt;Bag\'s rope length, m&lt;/td&gt;\r\n			&lt;td&gt;\r\n			&lt;table border=&quot;0&quot; cellpadding=&quot;0&quot; cellspacing=&quot;0&quot; width=&quot;141&quot;&gt;\r\n				&lt;colgroup&gt;\r\n					&lt;col width=&quot;141&quot; /&gt;\r\n				&lt;/colgroup&gt;\r\n				&lt;tbody&gt;\r\n					&lt;tr height=&quot;17&quot;&gt;\r\n						&lt;td class=&quot;xl67&quot; height=&quot;17&quot; style=&quot;height:12.75pt;width:106pt&quot; width=&quot;141&quot;&gt;\r\n						&lt;table border=&quot;0&quot; cellpadding=&quot;0&quot; cellspacing=&quot;0&quot; width=&quot;141&quot;&gt;\r\n							&lt;tbody&gt;\r\n								&lt;tr height=&quot;17&quot;&gt;\r\n									&lt;td class=&quot;xl67&quot; height=&quot;17&quot; style=&quot;height:12.75pt;width:106pt&quot; width=&quot;141&quot;&gt;1&lt;/td&gt;\r\n								&lt;/tr&gt;\r\n							&lt;/tbody&gt;\r\n						&lt;/table&gt;\r\n						&lt;/td&gt;\r\n					&lt;/tr&gt;\r\n				&lt;/tbody&gt;\r\n			&lt;/table&gt;\r\n			&lt;/td&gt;\r\n		&lt;/tr&gt;\r\n		&lt;tr&gt;\r\n			&lt;td&gt;Carabiner\'s rope length, m&lt;/td&gt;\r\n			&lt;td&gt;0,5&lt;/td&gt;\r\n		&lt;/tr&gt;\r\n	&lt;/tbody&gt;\r\n&lt;/table&gt;\r\n\r\n&lt;p&gt;Conversion: 1mm = 0.0393 inch, or 1 inch = 25.4mm&lt;/p&gt;\r\n\r\n&lt;table border=&quot;0&quot; cellpadding=&quot;1&quot; cellspacing=&quot;1&quot; style=&quot;width: 500px;&quot;&gt;\r\n	&lt;tbody&gt;\r\n		&lt;tr&gt;\r\n			&lt;td&gt;&lt;a href=&quot;http://www.geoshop.lt/image/data/Containers/Extras/Camo_No1_bag_PET/Bag_for_PET_container_Camo1_Lng_Miske3.jpg&quot; target=&quot;_blank&quot;&gt;&lt;img alt=&quot;&quot; src=&quot;http://www.geoshop.lt/image/data/Containers/Extras/Camo_No1_bag_PET/Bag_for_PET_container_Camo1_Lng_Miske3.jpg&quot; style=&quot;width: 300px; height: 453px; margin: 3px;&quot; /&gt;&lt;/a&gt;&lt;/td&gt;\r\n			&lt;td&gt;&lt;a href=&quot;http://www.geoshop.lt/image/data/Containers/Extras/Camo_No1_bag_PET/Bag_for_PET_container_Camo1_Lng_Pririsimas2.jpg&quot; target=&quot;_blank&quot;&gt;&lt;img alt=&quot;&quot; src=&quot;http://www.geoshop.lt/image/data/Containers/Extras/Camo_No1_bag_PET/Bag_for_PET_container_Camo1_Lng_Pririsimas2.jpg&quot; style=&quot;width: 300px; height: 453px; margin: 3px;&quot; /&gt;&lt;/a&gt;&lt;/td&gt;\r\n		&lt;/tr&gt;\r\n		&lt;tr&gt;\r\n			&lt;td&gt;&lt;a href=&quot;http://www.geoshop.lt/image/data/Containers/Extras/Camo_No1_bag_PET/Bag_for_PET_container_Camo1_Lng_Miske2.jpg&quot; target=&quot;_blank&quot;&gt;&lt;img alt=&quot;&quot; src=&quot;http://www.geoshop.lt/image/data/Containers/Extras/Camo_No1_bag_PET/Bag_for_PET_container_Camo1_Lng_Miske2.jpg&quot; style=&quot;width: 300px; height: 453px; margin: 3px;&quot; /&gt;&lt;/a&gt;&lt;/td&gt;\r\n			&lt;td&gt;&lt;a href=&quot;http://www.geoshop.lt/image/data/Containers/Extras/Camo_No1_bag_PET/Bag_for_PET_container_Camo1_Lng_Miske1.jpg&quot; target=&quot;_blank&quot;&gt;&lt;img alt=&quot;&quot; src=&quot;http://www.geoshop.lt/image/data/Containers/Extras/Camo_No1_bag_PET/Bag_for_PET_container_Camo1_Lng_Miske1.jpg&quot; style=&quot;width: 300px; height: 453px; margin: 3px;&quot; /&gt;&lt;/a&gt;&lt;/td&gt;\r\n		&lt;/tr&gt;\r\n	&lt;/tbody&gt;\r\n&lt;/table&gt;\r\n\r\n&lt;p&gt;&lt;a href=&quot;http://www.geoshop.lt/image/data/Containers/Extras/Camo_No1_bag_PET/Bag_for_PET_container_Camo1_Variations.jpg&quot; target=&quot;_blank&quot;&gt;&lt;img alt=&quot;&quot; src=&quot;http://www.geoshop.lt/image/data/Containers/Extras/Camo_No1_bag_PET/Bag_for_PET_container_Camo1_Variations.jpg&quot; style=&quot;width: 650px; height: 431px;&quot; /&gt;&lt;/a&gt;&lt;/p&gt;\r\n','','','Camo bag, PET container'),(307,2,'Maskuojančio (Camo Nr.2) maišelio ir PET konteinerio rinkinys','&lt;p&gt;Maskuojančių spalvų medžiaginis maišelis, skirtas &lt;a href=&quot;http://www.geoshop.lt/index.php?route=product/product&amp;amp;path=20_26&amp;amp;product_id=115#.UxN6S85KYp8&quot; target=&quot;_blank&quot;&gt;PET&lt;/a&gt; tipo konteineriui slėpti gamtoje, miškingoje vietovėje. &lt;a href=&quot;http://www.geoshop.lt/image/data/Containers/Extras/Camo_No2_bag_PET/Bag_for_PET_container_Camo2_Lng_Pririsimas.jpg&quot; target=&quot;_blank&quot;&gt;&lt;img alt=&quot;&quot; src=&quot;http://www.geoshop.lt/image/data/Containers/Extras/Camo_No2_bag_PET/Bag_for_PET_container_Camo2_Lng_Pririsimas.jpg&quot; style=&quot;float: right; width: 128px; height: 139px;&quot; /&gt;&lt;/a&gt;&lt;br /&gt;\r\n&lt;strong&gt;Šio maišelio maskuojantis piešinys itin gerai dera&lt;/strong&gt; tiek prie lapuočių, tiek prie spygliuočių kamienų. Dėl to &lt;strong&gt;jį labai sunku pastebėti.&lt;/strong&gt;&lt;br /&gt;\r\nJis paprasčiausiai pririšamas prie tinkamos šakos. Maišeliui pasiūti naudojama speciali, drėgmę atstumianti medžiaga.&lt;br /&gt;\r\nKomplektą sudaro: maišelis su virvute, skaidrus PET ruošinys su FTF kamšteliu ir karabinas su virvute.&lt;br /&gt;\r\nPasiūta su meile, Lietuvoje.&lt;/p&gt;\r\n\r\n&lt;table border=&quot;1&quot; cellpadding=&quot;1&quot; cellspacing=&quot;1&quot; style=&quot;width: 300px;&quot;&gt;\r\n	&lt;tbody&gt;\r\n		&lt;tr&gt;\r\n			&lt;td&gt;&lt;strong&gt;Parametrai:&lt;/strong&gt;&lt;/td&gt;\r\n			&lt;td&gt;&amp;nbsp;&lt;/td&gt;\r\n		&lt;/tr&gt;\r\n		&lt;tr&gt;\r\n			&lt;td&gt;Spalva&lt;/td&gt;\r\n			&lt;td&gt;Maskuojanti Nr.2&lt;/td&gt;\r\n		&lt;/tr&gt;\r\n		&lt;tr&gt;\r\n			&lt;td&gt;Matmenys (išoriniai), mm&lt;/td&gt;\r\n			&lt;td&gt;175 x 60&lt;/td&gt;\r\n		&lt;/tr&gt;\r\n		&lt;tr&gt;\r\n			&lt;td&gt;Maišelio virvutės ilgis, m&lt;/td&gt;\r\n			&lt;td&gt;&amp;nbsp;1&lt;/td&gt;\r\n		&lt;/tr&gt;\r\n		&lt;tr&gt;\r\n			&lt;td&gt;Karabino virvutės ilgis, m&lt;/td&gt;\r\n			&lt;td&gt;0,5&lt;/td&gt;\r\n		&lt;/tr&gt;\r\n	&lt;/tbody&gt;\r\n&lt;/table&gt;\r\n\r\n&lt;p&gt;&amp;nbsp;&lt;/p&gt;\r\n\r\n&lt;table border=&quot;0&quot; cellpadding=&quot;1&quot; cellspacing=&quot;1&quot; style=&quot;width: 500px;&quot;&gt;\r\n	&lt;tbody&gt;\r\n		&lt;tr&gt;\r\n			&lt;td&gt;&lt;a href=&quot;http://www.geoshop.lt/image/data/Containers/Extras/Camo_No2_bag_PET/Bag_for_PET_container_Camo2_Lng_Miske.jpg&quot; target=&quot;_blank&quot;&gt;&lt;img alt=&quot;&quot; src=&quot;http://www.geoshop.lt/image/data/Containers/Extras/Camo_No2_bag_PET/Bag_for_PET_container_Camo2_Lng_Miske.jpg&quot; style=&quot;width: 300px; height: 453px; margin: 3px;&quot; /&gt;&lt;/a&gt;&lt;/td&gt;\r\n			&lt;td&gt;&lt;a href=&quot;http://www.geoshop.lt/image/data/Containers/Extras/Camo_No2_bag_PET/Bag_for_PET_container_Camo2_Shrt_Miske2.jpg&quot; target=&quot;_blank&quot;&gt;&lt;img alt=&quot;&quot; src=&quot;http://www.geoshop.lt/image/data/Containers/Extras/Camo_No2_bag_PET/Bag_for_PET_container_Camo2_Shrt_Miske2.jpg&quot; style=&quot;width: 355px; height: 453px; margin: 3px;&quot; /&gt;&lt;/a&gt;&lt;/td&gt;\r\n		&lt;/tr&gt;\r\n		&lt;tr&gt;\r\n			&lt;td&gt;&lt;a href=&quot;http://www.geoshop.lt/image/data/Containers/Extras/Camo_No2_bag_PET/Bag_for_PET_container_Camo2_Lng_Miske2.jpg&quot; target=&quot;_blank&quot;&gt;&lt;img alt=&quot;&quot; src=&quot;http://www.geoshop.lt/image/data/Containers/Extras/Camo_No2_bag_PET/Bag_for_PET_container_Camo2_Lng_Miske2.jpg&quot; style=&quot;width: 300px; height: 453px; margin: 3px;&quot; /&gt;&lt;/a&gt;&lt;/td&gt;\r\n			&lt;td&gt;&lt;a href=&quot;http://www.geoshop.lt/image/data/Containers/Extras/Camo_No2_bag_PET/Bag_for_PET_container_Camo2_Lng_Miske3.jpg&quot; target=&quot;_blank&quot;&gt;&lt;img alt=&quot;&quot; src=&quot;http://www.geoshop.lt/image/data/Containers/Extras/Camo_No2_bag_PET/Bag_for_PET_container_Camo2_Lng_Miske3.jpg&quot; style=&quot;width: 355px; height: 202px; margin: 3px;&quot; /&gt;&lt;/a&gt;&lt;/td&gt;\r\n		&lt;/tr&gt;\r\n	&lt;/tbody&gt;\r\n&lt;/table&gt;\r\n\r\n&lt;p&gt;&lt;a href=&quot;http://www.geoshop.lt/image/data/Containers/Extras/Camo_No2_bag_PET/Bag_for_PET_container_Camo2_Variations.jpg&quot; target=&quot;_blank&quot;&gt;&lt;img alt=&quot;&quot; src=&quot;http://www.geoshop.lt/image/data/Containers/Extras/Camo_No2_bag_PET/Bag_for_PET_container_Camo2_Variations.jpg&quot; style=&quot;width: 675px; height: 444px;&quot; /&gt;&lt;/a&gt;&lt;/p&gt;\r\n','','','Maišelis konteineriui, PET konteineris'),(307,1,'Set of Camo No.2 bag, PET container and carabiner, with rope','&lt;p&gt;This camo-color bag is used to hide a&amp;nbsp;&lt;a href=&quot;http://www.geoshop.lt/index.php?route=product/product&amp;amp;path=20_26&amp;amp;product_id=115#.UxN6S85KYp8&quot; target=&quot;_blank&quot;&gt;PET&lt;/a&gt; type micro container in forested area.&lt;a href=&quot;http://www.geoshop.lt/image/data/Containers/Extras/Camo_No2_bag_PET/Bag_for_PET_container_Camo2_Lng_Pririsimas.jpg&quot; target=&quot;_blank&quot;&gt;&lt;img alt=&quot;&quot; src=&quot;http://www.geoshop.lt/image/data/Containers/Extras/Camo_No2_bag_PET/Bag_for_PET_container_Camo2_Lng_Pririsimas.jpg&quot; style=&quot;float: right; width: 128px; height: 139px;&quot; /&gt;&lt;/a&gt;&lt;br /&gt;\r\nIt can be simply tied to a wood branch. The bag is produced from a special water-repellent fabric..&lt;br /&gt;\r\n&lt;strong&gt;The camo-color of this bag extremely matches colors of leafy and &lt;span class=&quot;HW&quot;&gt;coniferous&lt;/span&gt; forest&lt;/strong&gt;. So, it is not very simple to notice the container.&lt;br /&gt;\r\nThis item consit: one bag, PET container with FTF cap, carabiner and rope.&lt;br /&gt;\r\nHandmade with love, in Lithuania.&lt;/p&gt;\r\n\r\n&lt;table border=&quot;1&quot; cellpadding=&quot;1&quot; cellspacing=&quot;1&quot; style=&quot;width: 320px;&quot;&gt;\r\n	&lt;tbody&gt;\r\n		&lt;tr&gt;\r\n			&lt;td&gt;&lt;strong&gt;Parameters:&lt;/strong&gt;&lt;/td&gt;\r\n			&lt;td&gt;&amp;nbsp;&lt;/td&gt;\r\n		&lt;/tr&gt;\r\n		&lt;tr&gt;\r\n			&lt;td&gt;Color&lt;/td&gt;\r\n			&lt;td&gt;Camo No.2&lt;/td&gt;\r\n		&lt;/tr&gt;\r\n		&lt;tr&gt;\r\n			&lt;td&gt;Dimensions (external), mm&lt;/td&gt;\r\n			&lt;td&gt;175 x 60&lt;/td&gt;\r\n		&lt;/tr&gt;\r\n		&lt;tr&gt;\r\n			&lt;td&gt;Bag\'s rope length, m&lt;/td&gt;\r\n			&lt;td&gt;\r\n			&lt;table border=&quot;0&quot; cellpadding=&quot;0&quot; cellspacing=&quot;0&quot; width=&quot;141&quot;&gt;\r\n				&lt;colgroup&gt;\r\n					&lt;col width=&quot;141&quot; /&gt;\r\n				&lt;/colgroup&gt;\r\n				&lt;tbody&gt;\r\n					&lt;tr height=&quot;17&quot;&gt;\r\n						&lt;td class=&quot;xl67&quot; height=&quot;17&quot; style=&quot;height:12.75pt;width:106pt&quot; width=&quot;141&quot;&gt;\r\n						&lt;table border=&quot;0&quot; cellpadding=&quot;0&quot; cellspacing=&quot;0&quot; width=&quot;141&quot;&gt;\r\n							&lt;tbody&gt;\r\n								&lt;tr height=&quot;17&quot;&gt;\r\n									&lt;td class=&quot;xl67&quot; height=&quot;17&quot; style=&quot;height:12.75pt;width:106pt&quot; width=&quot;141&quot;&gt;1&lt;/td&gt;\r\n								&lt;/tr&gt;\r\n							&lt;/tbody&gt;\r\n						&lt;/table&gt;\r\n						&lt;/td&gt;\r\n					&lt;/tr&gt;\r\n				&lt;/tbody&gt;\r\n			&lt;/table&gt;\r\n			&lt;/td&gt;\r\n		&lt;/tr&gt;\r\n		&lt;tr&gt;\r\n			&lt;td&gt;Carabiner\'s rope length, m&lt;/td&gt;\r\n			&lt;td&gt;0,5&lt;/td&gt;\r\n		&lt;/tr&gt;\r\n	&lt;/tbody&gt;\r\n&lt;/table&gt;\r\n\r\n&lt;p&gt;Conversion: 1mm = 0.0393 inch, or 1 inch = 25.4mm&lt;/p&gt;\r\n\r\n&lt;p&gt;&amp;nbsp;&lt;/p&gt;\r\n\r\n&lt;table border=&quot;0&quot; cellpadding=&quot;1&quot; cellspacing=&quot;1&quot; style=&quot;width: 500px;&quot;&gt;\r\n	&lt;tbody&gt;\r\n		&lt;tr&gt;\r\n			&lt;td&gt;&lt;a href=&quot;http://www.geoshop.lt/image/data/Containers/Extras/Camo_No2_bag_PET/Bag_for_PET_container_Camo2_Lng_Miske.jpg&quot; target=&quot;_blank&quot;&gt;&lt;img alt=&quot;&quot; src=&quot;http://www.geoshop.lt/image/data/Containers/Extras/Camo_No2_bag_PET/Bag_for_PET_container_Camo2_Lng_Miske.jpg&quot; style=&quot;width: 300px; height: 453px; margin: 3px;&quot; /&gt;&lt;/a&gt;&lt;/td&gt;\r\n			&lt;td&gt;&lt;a href=&quot;http://www.geoshop.lt/image/data/Containers/Extras/Camo_No2_bag_PET/Bag_for_PET_container_Camo2_Shrt_Miske2.jpg&quot; target=&quot;_blank&quot;&gt;&lt;img alt=&quot;&quot; src=&quot;http://www.geoshop.lt/image/data/Containers/Extras/Camo_No2_bag_PET/Bag_for_PET_container_Camo2_Shrt_Miske2.jpg&quot; style=&quot;width: 355px; height: 453px; margin: 3px;&quot; /&gt;&lt;/a&gt;&lt;/td&gt;\r\n		&lt;/tr&gt;\r\n		&lt;tr&gt;\r\n			&lt;td&gt;&lt;a href=&quot;http://www.geoshop.lt/image/data/Containers/Extras/Camo_No2_bag_PET/Bag_for_PET_container_Camo2_Lng_Miske2.jpg&quot; target=&quot;_blank&quot;&gt;&lt;img alt=&quot;&quot; src=&quot;http://www.geoshop.lt/image/data/Containers/Extras/Camo_No2_bag_PET/Bag_for_PET_container_Camo2_Lng_Miske2.jpg&quot; style=&quot;width: 300px; height: 453px; margin: 3px;&quot; /&gt;&lt;/a&gt;&lt;/td&gt;\r\n			&lt;td&gt;&lt;a href=&quot;http://www.geoshop.lt/image/data/Containers/Extras/Camo_No2_bag_PET/Bag_for_PET_container_Camo2_Lng_Miske3.jpg&quot; target=&quot;_blank&quot;&gt;&lt;img alt=&quot;&quot; src=&quot;http://www.geoshop.lt/image/data/Containers/Extras/Camo_No2_bag_PET/Bag_for_PET_container_Camo2_Lng_Miske3.jpg&quot; style=&quot;width: 355px; height: 202px; margin: 3px;&quot; /&gt;&lt;/a&gt;&lt;/td&gt;\r\n		&lt;/tr&gt;\r\n	&lt;/tbody&gt;\r\n&lt;/table&gt;\r\n\r\n&lt;p&gt;&lt;a href=&quot;http://www.geoshop.lt/image/data/Containers/Extras/Camo_No2_bag_PET/Bag_for_PET_container_Camo2_Variations.jpg&quot; target=&quot;_blank&quot;&gt;&lt;img alt=&quot;&quot; src=&quot;http://www.geoshop.lt/image/data/Containers/Extras/Camo_No2_bag_PET/Bag_for_PET_container_Camo2_Variations.jpg&quot; style=&quot;width: 675px; height: 444px;&quot; /&gt;&lt;/a&gt;&lt;/p&gt;\r\n','','','Camo bag, PET container'),(308,2,'Maskuojančio (Camo Nr.1) maišelio ir XL PET konteinerio rinkinys','&lt;p&gt;Maskuojančių spalvų medžiaginis maišelis, skirtas &lt;a href=&quot;http://www.geoshop.lt/index.php?route=product/product&amp;amp;path=20_26&amp;amp;product_id=115#.UxN6S85KYp8&quot; target=&quot;_blank&quot;&gt;PET&lt;/a&gt; tipo konteineriui slėpti gamtoje, miškingoje vietovėje. &lt;a href=&quot;http://www.geoshop.lt/image/data/Containers/Extras/Camo_No1_bag_PET/Bag_for_PET_container_Camo1_Lng_Pririsimas.jpg&quot; target=&quot;_blank&quot;&gt;&lt;img alt=&quot;&quot; height=&quot;139&quot; src=&quot;http://www.geoshop.lt/image/data/Containers/Extras/Camo_No1_bag_PET/Bag_for_PET_container_Camo1_Lng_Pririsimas.jpg&quot; style=&quot;float: right;&quot; width=&quot;128&quot; /&gt;&lt;/a&gt;&lt;br /&gt;\r\nJis paprasčiausiai pririšamas prie tinkamos šakos. Maišeliui pasiūti naudojama speciali, drėgmę atstumianti medžiaga.&lt;br /&gt;\r\nKomplektą sudaro: maišelis su virvute, skaidrus XL PET ruošinys su FTF kamšteliu ir karabinas su virvute.&lt;br /&gt;\r\nPasiūta su meile, Lietuvoje.&lt;/p&gt;\r\n\r\n&lt;table border=&quot;1&quot; cellpadding=&quot;1&quot; cellspacing=&quot;1&quot; style=&quot;width: 300px;&quot;&gt;\r\n	&lt;tbody&gt;\r\n		&lt;tr&gt;\r\n			&lt;td&gt;&lt;strong&gt;Parametrai:&lt;/strong&gt;&lt;/td&gt;\r\n			&lt;td&gt;&amp;nbsp;&lt;/td&gt;\r\n		&lt;/tr&gt;\r\n		&lt;tr&gt;\r\n			&lt;td&gt;Spalva&lt;/td&gt;\r\n			&lt;td&gt;Maskuojanti Nr.1&lt;/td&gt;\r\n		&lt;/tr&gt;\r\n		&lt;tr&gt;\r\n			&lt;td&gt;Matmenys (išoriniai), mm&lt;/td&gt;\r\n			&lt;td&gt;195 x 85&lt;/td&gt;\r\n		&lt;/tr&gt;\r\n		&lt;tr&gt;\r\n			&lt;td&gt;Maišelio virvutės ilgis, m&lt;/td&gt;\r\n			&lt;td&gt;1&lt;/td&gt;\r\n		&lt;/tr&gt;\r\n		&lt;tr&gt;\r\n			&lt;td&gt;Karabino virvutės ilgis, m&lt;/td&gt;\r\n			&lt;td&gt;0,5&lt;/td&gt;\r\n		&lt;/tr&gt;\r\n	&lt;/tbody&gt;\r\n&lt;/table&gt;\r\n\r\n&lt;p&gt;&amp;nbsp;&lt;/p&gt;\r\n\r\n&lt;table border=&quot;0&quot; cellpadding=&quot;1&quot; cellspacing=&quot;1&quot; style=&quot;width: 500px;&quot;&gt;\r\n	&lt;tbody&gt;\r\n		&lt;tr&gt;\r\n			&lt;td&gt;&lt;a href=&quot;http://www.geoshop.lt/image/data/Containers/Extras/Camo_No1_bag_PET/Bag_for_PET_container_Camo1_Lng_Miske3.jpg&quot; target=&quot;_blank&quot;&gt;&lt;img alt=&quot;&quot; src=&quot;http://www.geoshop.lt/image/data/Containers/Extras/Camo_No1_bag_PET/Bag_for_PET_container_Camo1_Lng_Miske3.jpg&quot; style=&quot;width: 300px; height: 453px; margin: 3px;&quot; /&gt;&lt;/a&gt;&lt;/td&gt;\r\n			&lt;td&gt;&lt;a href=&quot;http://www.geoshop.lt/image/data/Containers/Extras/Camo_No1_bag_PET/Bag_for_PET_container_Camo1_Lng_Pririsimas2.jpg&quot; target=&quot;_blank&quot;&gt;&lt;img alt=&quot;&quot; src=&quot;http://www.geoshop.lt/image/data/Containers/Extras/Camo_No1_bag_PET/Bag_for_PET_container_Camo1_Lng_Pririsimas2.jpg&quot; style=&quot;width: 300px; height: 453px; margin: 3px;&quot; /&gt;&lt;/a&gt;&lt;/td&gt;\r\n		&lt;/tr&gt;\r\n		&lt;tr&gt;\r\n			&lt;td&gt;&lt;a href=&quot;http://www.geoshop.lt/image/data/Containers/Extras/Camo_No1_bag_PET/Bag_for_PET_container_Camo1_Lng_Miske2.jpg&quot; target=&quot;_blank&quot;&gt;&lt;img alt=&quot;&quot; src=&quot;http://www.geoshop.lt/image/data/Containers/Extras/Camo_No1_bag_PET/Bag_for_PET_container_Camo1_Lng_Miske2.jpg&quot; style=&quot;width: 300px; height: 453px; margin: 3px;&quot; /&gt;&lt;/a&gt;&lt;/td&gt;\r\n			&lt;td&gt;&lt;a href=&quot;http://www.geoshop.lt/image/data/Containers/Extras/Camo_No1_bag_PET/Bag_for_PET_container_Camo1_Lng_Miske1.jpg&quot; target=&quot;_blank&quot;&gt;&lt;img alt=&quot;&quot; src=&quot;http://www.geoshop.lt/image/data/Containers/Extras/Camo_No1_bag_PET/Bag_for_PET_container_Camo1_Lng_Miske1.jpg&quot; style=&quot;width: 300px; height: 453px; margin: 3px;&quot; /&gt;&lt;/a&gt;&lt;/td&gt;\r\n		&lt;/tr&gt;\r\n	&lt;/tbody&gt;\r\n&lt;/table&gt;\r\n\r\n&lt;p&gt;&lt;a href=&quot;http://www.geoshop.lt/image/data/Containers/Extras/Camo_No1_bag_PET/Bag_for_PET_container_Camo1_Variations.jpg&quot; target=&quot;_blank&quot;&gt;&lt;img alt=&quot;&quot; src=&quot;http://www.geoshop.lt/image/data/Containers/Extras/Camo_No1_bag_PET/Bag_for_PET_container_Camo1_Variations.jpg&quot; style=&quot;width: 650px; height: 431px;&quot; /&gt;&lt;/a&gt;&lt;/p&gt;\r\n','','','Maišelis konteineriui, PET konteineris'),(308,1,'Set of Camo No.1 bag, XL PET container and carabiner, with rope','&lt;p&gt;This camo-color bag is used to hide a&amp;nbsp;&lt;a href=&quot;http://www.geoshop.lt/index.php?route=product/product&amp;amp;path=20_26&amp;amp;product_id=115#.UxN6S85KYp8&quot; target=&quot;_blank&quot;&gt;PET&lt;/a&gt; type micro container in forested area.&lt;a href=&quot;http://www.geoshop.lt/image/data/Containers/Extras/Camo_No1_bag_PET/Bag_for_PET_container_Camo1_Lng_Pririsimas.jpg&quot; target=&quot;_blank&quot;&gt;&lt;img alt=&quot;&quot; height=&quot;139&quot; src=&quot;http://www.geoshop.lt/image/data/Containers/Extras/Camo_No1_bag_PET/Bag_for_PET_container_Camo1_Lng_Pririsimas.jpg&quot; style=&quot;float: right;&quot; width=&quot;128&quot; /&gt;&lt;/a&gt;&lt;br /&gt;\r\nIt can be simply tied to a wood branch. The bag is produced from a special water-repellent fabric..&lt;br /&gt;\r\nThis item consit: one bag, XL PET container with FTF cap, carabiner and rope.&lt;br /&gt;\r\nHandmade with love, in Lithuania.&lt;/p&gt;\r\n\r\n&lt;table border=&quot;1&quot; cellpadding=&quot;1&quot; cellspacing=&quot;1&quot; style=&quot;width: 320px;&quot;&gt;\r\n	&lt;tbody&gt;\r\n		&lt;tr&gt;\r\n			&lt;td&gt;&lt;strong&gt;Parameters:&lt;/strong&gt;&lt;/td&gt;\r\n			&lt;td&gt;&amp;nbsp;&lt;/td&gt;\r\n		&lt;/tr&gt;\r\n		&lt;tr&gt;\r\n			&lt;td&gt;Color&lt;/td&gt;\r\n			&lt;td&gt;Camo No.1&lt;/td&gt;\r\n		&lt;/tr&gt;\r\n		&lt;tr&gt;\r\n			&lt;td&gt;Dimensions (external), mm&lt;/td&gt;\r\n			&lt;td&gt;195 x 85&lt;/td&gt;\r\n		&lt;/tr&gt;\r\n		&lt;tr&gt;\r\n			&lt;td&gt;Bag\'s rope length, m&lt;/td&gt;\r\n			&lt;td&gt;\r\n			&lt;table border=&quot;0&quot; cellpadding=&quot;0&quot; cellspacing=&quot;0&quot; width=&quot;141&quot;&gt;\r\n				&lt;colgroup&gt;\r\n					&lt;col width=&quot;141&quot; /&gt;\r\n				&lt;/colgroup&gt;\r\n				&lt;tbody&gt;\r\n					&lt;tr height=&quot;17&quot;&gt;\r\n						&lt;td class=&quot;xl67&quot; height=&quot;17&quot; style=&quot;height:12.75pt;width:106pt&quot; width=&quot;141&quot;&gt;\r\n						&lt;table border=&quot;0&quot; cellpadding=&quot;0&quot; cellspacing=&quot;0&quot; width=&quot;141&quot;&gt;\r\n							&lt;tbody&gt;\r\n								&lt;tr height=&quot;17&quot;&gt;\r\n									&lt;td class=&quot;xl67&quot; height=&quot;17&quot; style=&quot;height:12.75pt;width:106pt&quot; width=&quot;141&quot;&gt;1&lt;/td&gt;\r\n								&lt;/tr&gt;\r\n							&lt;/tbody&gt;\r\n						&lt;/table&gt;\r\n						&lt;/td&gt;\r\n					&lt;/tr&gt;\r\n				&lt;/tbody&gt;\r\n			&lt;/table&gt;\r\n			&lt;/td&gt;\r\n		&lt;/tr&gt;\r\n		&lt;tr&gt;\r\n			&lt;td&gt;Carabiner\'s rope length, m&lt;/td&gt;\r\n			&lt;td&gt;0,5&lt;/td&gt;\r\n		&lt;/tr&gt;\r\n	&lt;/tbody&gt;\r\n&lt;/table&gt;\r\n\r\n&lt;p&gt;Conversion: 1mm = 0.0393 inch, or 1 inch = 25.4mm&lt;/p&gt;\r\n\r\n&lt;table border=&quot;0&quot; cellpadding=&quot;1&quot; cellspacing=&quot;1&quot; style=&quot;width: 500px;&quot;&gt;\r\n	&lt;tbody&gt;\r\n		&lt;tr&gt;\r\n			&lt;td&gt;&lt;a href=&quot;http://www.geoshop.lt/image/data/Containers/Extras/Camo_No1_bag_PET/Bag_for_PET_container_Camo1_Lng_Miske3.jpg&quot; target=&quot;_blank&quot;&gt;&lt;img alt=&quot;&quot; src=&quot;http://www.geoshop.lt/image/data/Containers/Extras/Camo_No1_bag_PET/Bag_for_PET_container_Camo1_Lng_Miske3.jpg&quot; style=&quot;width: 300px; height: 453px; margin: 3px;&quot; /&gt;&lt;/a&gt;&lt;/td&gt;\r\n			&lt;td&gt;&lt;a href=&quot;http://www.geoshop.lt/image/data/Containers/Extras/Camo_No1_bag_PET/Bag_for_PET_container_Camo1_Lng_Pririsimas2.jpg&quot; target=&quot;_blank&quot;&gt;&lt;img alt=&quot;&quot; src=&quot;http://www.geoshop.lt/image/data/Containers/Extras/Camo_No1_bag_PET/Bag_for_PET_container_Camo1_Lng_Pririsimas2.jpg&quot; style=&quot;width: 300px; height: 453px; margin: 3px;&quot; /&gt;&lt;/a&gt;&lt;/td&gt;\r\n		&lt;/tr&gt;\r\n		&lt;tr&gt;\r\n			&lt;td&gt;&lt;a href=&quot;http://www.geoshop.lt/image/data/Containers/Extras/Camo_No1_bag_PET/Bag_for_PET_container_Camo1_Lng_Miske2.jpg&quot; target=&quot;_blank&quot;&gt;&lt;img alt=&quot;&quot; src=&quot;http://www.geoshop.lt/image/data/Containers/Extras/Camo_No1_bag_PET/Bag_for_PET_container_Camo1_Lng_Miske2.jpg&quot; style=&quot;width: 300px; height: 453px; margin: 3px;&quot; /&gt;&lt;/a&gt;&lt;/td&gt;\r\n			&lt;td&gt;&lt;a href=&quot;http://www.geoshop.lt/image/data/Containers/Extras/Camo_No1_bag_PET/Bag_for_PET_container_Camo1_Lng_Miske1.jpg&quot; target=&quot;_blank&quot;&gt;&lt;img alt=&quot;&quot; src=&quot;http://www.geoshop.lt/image/data/Containers/Extras/Camo_No1_bag_PET/Bag_for_PET_container_Camo1_Lng_Miske1.jpg&quot; style=&quot;width: 300px; height: 453px; margin: 3px;&quot; /&gt;&lt;/a&gt;&lt;/td&gt;\r\n		&lt;/tr&gt;\r\n	&lt;/tbody&gt;\r\n&lt;/table&gt;\r\n\r\n&lt;p&gt;&lt;a href=&quot;http://www.geoshop.lt/image/data/Containers/Extras/Camo_No1_bag_PET/Bag_for_PET_container_Camo1_Variations.jpg&quot; target=&quot;_blank&quot;&gt;&lt;img alt=&quot;&quot; src=&quot;http://www.geoshop.lt/image/data/Containers/Extras/Camo_No1_bag_PET/Bag_for_PET_container_Camo1_Variations.jpg&quot; style=&quot;width: 650px; height: 431px;&quot; /&gt;&lt;/a&gt;&lt;/p&gt;\r\n','','','Camo bag, PET container');
INSERT INTO `oc_product_description` VALUES (309,2,'Maskuojančio (Camo Nr.2) maišelio ir XL PET konteinerio rinkinys','&lt;p&gt;Maskuojančių spalvų medžiaginis maišelis, skirtas &lt;a href=&quot;http://www.geoshop.lt/index.php?route=product/product&amp;amp;path=20_26&amp;amp;product_id=115#.UxN6S85KYp8&quot; target=&quot;_blank&quot;&gt;PET&lt;/a&gt; tipo konteineriui slėpti gamtoje, miškingoje vietovėje. &lt;a href=&quot;http://www.geoshop.lt/image/data/Containers/Extras/Camo_No2_bag_PET/Bag_for_PET_container_Camo2_Lng_Pririsimas.jpg&quot; target=&quot;_blank&quot;&gt;&lt;img alt=&quot;&quot; src=&quot;http://www.geoshop.lt/image/data/Containers/Extras/Camo_No2_bag_PET/Bag_for_PET_container_Camo2_Lng_Pririsimas.jpg&quot; style=&quot;float: right; width: 128px; height: 139px;&quot; /&gt;&lt;/a&gt;&lt;br /&gt;\r\n&lt;strong&gt;Šio maišelio maskuojantis piešinys itin gerai dera&lt;/strong&gt; tiek prie lapuočių, tiek prie spygliuočių kamienų. Dėl to &lt;strong&gt;jį labai sunku pastebėti.&lt;/strong&gt;&lt;br /&gt;\r\nJis paprasčiausiai pririšamas prie tinkamos šakos. Maišeliui pasiūti naudojama speciali, drėgmę atstumianti medžiaga.&lt;br /&gt;\r\nKomplektą sudaro: maišelis su virvute, skaidrus XL PET ruošinys su FTF kamšteliu ir karabinas su virvute.&lt;br /&gt;\r\nPasiūta su meile, Lietuvoje.&lt;/p&gt;\r\n\r\n&lt;table border=&quot;1&quot; cellpadding=&quot;1&quot; cellspacing=&quot;1&quot; style=&quot;width: 300px;&quot;&gt;\r\n	&lt;tbody&gt;\r\n		&lt;tr&gt;\r\n			&lt;td&gt;&lt;strong&gt;Parametrai:&lt;/strong&gt;&lt;/td&gt;\r\n			&lt;td&gt;&amp;nbsp;&lt;/td&gt;\r\n		&lt;/tr&gt;\r\n		&lt;tr&gt;\r\n			&lt;td&gt;Spalva&lt;/td&gt;\r\n			&lt;td&gt;Maskuojanti Nr.2&lt;/td&gt;\r\n		&lt;/tr&gt;\r\n		&lt;tr&gt;\r\n			&lt;td&gt;Matmenys (išoriniai), mm&lt;/td&gt;\r\n			&lt;td&gt;195 x 85&lt;/td&gt;\r\n		&lt;/tr&gt;\r\n		&lt;tr&gt;\r\n			&lt;td&gt;Maišelio virvutės ilgis, m&lt;/td&gt;\r\n			&lt;td&gt;&amp;nbsp;1&lt;/td&gt;\r\n		&lt;/tr&gt;\r\n		&lt;tr&gt;\r\n			&lt;td&gt;Karabino virvutės ilgis, m&lt;/td&gt;\r\n			&lt;td&gt;0,5&lt;/td&gt;\r\n		&lt;/tr&gt;\r\n	&lt;/tbody&gt;\r\n&lt;/table&gt;\r\n\r\n&lt;p&gt;&amp;nbsp;&lt;/p&gt;\r\n\r\n&lt;table border=&quot;0&quot; cellpadding=&quot;1&quot; cellspacing=&quot;1&quot; style=&quot;width: 500px;&quot;&gt;\r\n	&lt;tbody&gt;\r\n		&lt;tr&gt;\r\n			&lt;td&gt;&lt;a href=&quot;http://www.geoshop.lt/image/data/Containers/Extras/Camo_No2_bag_PET/Bag_for_PET_container_Camo2_Lng_Miske.jpg&quot; target=&quot;_blank&quot;&gt;&lt;img alt=&quot;&quot; src=&quot;http://www.geoshop.lt/image/data/Containers/Extras/Camo_No2_bag_PET/Bag_for_PET_container_Camo2_Lng_Miske.jpg&quot; style=&quot;width: 300px; height: 453px; margin: 3px;&quot; /&gt;&lt;/a&gt;&lt;/td&gt;\r\n			&lt;td&gt;&lt;a href=&quot;http://www.geoshop.lt/image/data/Containers/Extras/Camo_No2_bag_PET/Bag_for_PET_container_Camo2_Shrt_Miske2.jpg&quot; target=&quot;_blank&quot;&gt;&lt;img alt=&quot;&quot; src=&quot;http://www.geoshop.lt/image/data/Containers/Extras/Camo_No2_bag_PET/Bag_for_PET_container_Camo2_Shrt_Miske2.jpg&quot; style=&quot;width: 355px; height: 453px; margin: 3px;&quot; /&gt;&lt;/a&gt;&lt;/td&gt;\r\n		&lt;/tr&gt;\r\n		&lt;tr&gt;\r\n			&lt;td&gt;&lt;a href=&quot;http://www.geoshop.lt/image/data/Containers/Extras/Camo_No2_bag_PET/Bag_for_PET_container_Camo2_Lng_Miske2.jpg&quot; target=&quot;_blank&quot;&gt;&lt;img alt=&quot;&quot; src=&quot;http://www.geoshop.lt/image/data/Containers/Extras/Camo_No2_bag_PET/Bag_for_PET_container_Camo2_Lng_Miske2.jpg&quot; style=&quot;width: 300px; height: 453px; margin: 3px;&quot; /&gt;&lt;/a&gt;&lt;/td&gt;\r\n			&lt;td&gt;&lt;a href=&quot;http://www.geoshop.lt/image/data/Containers/Extras/Camo_No2_bag_PET/Bag_for_PET_container_Camo2_Lng_Miske3.jpg&quot; target=&quot;_blank&quot;&gt;&lt;img alt=&quot;&quot; src=&quot;http://www.geoshop.lt/image/data/Containers/Extras/Camo_No2_bag_PET/Bag_for_PET_container_Camo2_Lng_Miske3.jpg&quot; style=&quot;width: 355px; height: 202px; margin: 3px;&quot; /&gt;&lt;/a&gt;&lt;/td&gt;\r\n		&lt;/tr&gt;\r\n	&lt;/tbody&gt;\r\n&lt;/table&gt;\r\n\r\n&lt;p&gt;&lt;a href=&quot;http://www.geoshop.lt/image/data/Containers/Extras/Camo_No2_bag_PET/Bag_for_PET_container_Camo2_Variations.jpg&quot; target=&quot;_blank&quot;&gt;&lt;img alt=&quot;&quot; src=&quot;http://www.geoshop.lt/image/data/Containers/Extras/Camo_No2_bag_PET/Bag_for_PET_container_Camo2_Variations.jpg&quot; style=&quot;width: 675px; height: 444px;&quot; /&gt;&lt;/a&gt;&lt;/p&gt;\r\n','','','Maišelis konteineriui, PET konteineris'),(309,1,'Set of Camo No.2 bag, XL PET container and carabiner, with rope','&lt;p&gt;This camo-color bag is used to hide a&amp;nbsp;&lt;a href=&quot;http://www.geoshop.lt/index.php?route=product/product&amp;amp;path=20_26&amp;amp;product_id=115#.UxN6S85KYp8&quot; target=&quot;_blank&quot;&gt;PET&lt;/a&gt; type micro container in forested area.&lt;a href=&quot;http://www.geoshop.lt/image/data/Containers/Extras/Camo_No2_bag_PET/Bag_for_PET_container_Camo2_Lng_Pririsimas.jpg&quot; target=&quot;_blank&quot;&gt;&lt;img alt=&quot;&quot; src=&quot;http://www.geoshop.lt/image/data/Containers/Extras/Camo_No2_bag_PET/Bag_for_PET_container_Camo2_Lng_Pririsimas.jpg&quot; style=&quot;float: right; width: 128px; height: 139px;&quot; /&gt;&lt;/a&gt;&lt;br /&gt;\r\nIt can be simply tied to a wood branch. The bag is produced from a special water-repellent fabric..&lt;br /&gt;\r\n&lt;strong&gt;The camo-color of this bag extremely matches colors of leafy and &lt;span class=&quot;HW&quot;&gt;coniferous&lt;/span&gt; forest&lt;/strong&gt;. So, it is not very simple to notice the container.&lt;br /&gt;\r\nThis item consit: one bag, XL PET container with FTF cap, carabiner and rope.&lt;br /&gt;\r\nHandmade with love, in Lithuania.&lt;/p&gt;\r\n\r\n&lt;table border=&quot;1&quot; cellpadding=&quot;1&quot; cellspacing=&quot;1&quot; style=&quot;width: 320px;&quot;&gt;\r\n	&lt;tbody&gt;\r\n		&lt;tr&gt;\r\n			&lt;td&gt;&lt;strong&gt;Parameters:&lt;/strong&gt;&lt;/td&gt;\r\n			&lt;td&gt;&amp;nbsp;&lt;/td&gt;\r\n		&lt;/tr&gt;\r\n		&lt;tr&gt;\r\n			&lt;td&gt;Color&lt;/td&gt;\r\n			&lt;td&gt;Camo No.2&lt;/td&gt;\r\n		&lt;/tr&gt;\r\n		&lt;tr&gt;\r\n			&lt;td&gt;Dimensions (external), mm&lt;/td&gt;\r\n			&lt;td&gt;195 x 85&lt;/td&gt;\r\n		&lt;/tr&gt;\r\n		&lt;tr&gt;\r\n			&lt;td&gt;Bag\'s rope length, m&lt;/td&gt;\r\n			&lt;td&gt;\r\n			&lt;table border=&quot;0&quot; cellpadding=&quot;0&quot; cellspacing=&quot;0&quot; width=&quot;141&quot;&gt;\r\n				&lt;colgroup&gt;\r\n					&lt;col width=&quot;141&quot; /&gt;\r\n				&lt;/colgroup&gt;\r\n				&lt;tbody&gt;\r\n					&lt;tr height=&quot;17&quot;&gt;\r\n						&lt;td class=&quot;xl67&quot; height=&quot;17&quot; style=&quot;height:12.75pt;width:106pt&quot; width=&quot;141&quot;&gt;\r\n						&lt;table border=&quot;0&quot; cellpadding=&quot;0&quot; cellspacing=&quot;0&quot; width=&quot;141&quot;&gt;\r\n							&lt;tbody&gt;\r\n								&lt;tr height=&quot;17&quot;&gt;\r\n									&lt;td class=&quot;xl67&quot; height=&quot;17&quot; style=&quot;height:12.75pt;width:106pt&quot; width=&quot;141&quot;&gt;1&lt;/td&gt;\r\n								&lt;/tr&gt;\r\n							&lt;/tbody&gt;\r\n						&lt;/table&gt;\r\n						&lt;/td&gt;\r\n					&lt;/tr&gt;\r\n				&lt;/tbody&gt;\r\n			&lt;/table&gt;\r\n			&lt;/td&gt;\r\n		&lt;/tr&gt;\r\n		&lt;tr&gt;\r\n			&lt;td&gt;Carabiner\'s rope length, m&lt;/td&gt;\r\n			&lt;td&gt;0,5&lt;/td&gt;\r\n		&lt;/tr&gt;\r\n	&lt;/tbody&gt;\r\n&lt;/table&gt;\r\n\r\n&lt;p&gt;Conversion: 1mm = 0.0393 inch, or 1 inch = 25.4mm&lt;/p&gt;\r\n\r\n&lt;p&gt;&amp;nbsp;&lt;/p&gt;\r\n\r\n&lt;table border=&quot;0&quot; cellpadding=&quot;1&quot; cellspacing=&quot;1&quot; style=&quot;width: 500px;&quot;&gt;\r\n	&lt;tbody&gt;\r\n		&lt;tr&gt;\r\n			&lt;td&gt;&lt;a href=&quot;http://www.geoshop.lt/image/data/Containers/Extras/Camo_No2_bag_PET/Bag_for_PET_container_Camo2_Lng_Miske.jpg&quot; target=&quot;_blank&quot;&gt;&lt;img alt=&quot;&quot; src=&quot;http://www.geoshop.lt/image/data/Containers/Extras/Camo_No2_bag_PET/Bag_for_PET_container_Camo2_Lng_Miske.jpg&quot; style=&quot;width: 300px; height: 453px; margin: 3px;&quot; /&gt;&lt;/a&gt;&lt;/td&gt;\r\n			&lt;td&gt;&lt;a href=&quot;http://www.geoshop.lt/image/data/Containers/Extras/Camo_No2_bag_PET/Bag_for_PET_container_Camo2_Shrt_Miske2.jpg&quot; target=&quot;_blank&quot;&gt;&lt;img alt=&quot;&quot; src=&quot;http://www.geoshop.lt/image/data/Containers/Extras/Camo_No2_bag_PET/Bag_for_PET_container_Camo2_Shrt_Miske2.jpg&quot; style=&quot;width: 355px; height: 453px; margin: 3px;&quot; /&gt;&lt;/a&gt;&lt;/td&gt;\r\n		&lt;/tr&gt;\r\n		&lt;tr&gt;\r\n			&lt;td&gt;&lt;a href=&quot;http://www.geoshop.lt/image/data/Containers/Extras/Camo_No2_bag_PET/Bag_for_PET_container_Camo2_Lng_Miske2.jpg&quot; target=&quot;_blank&quot;&gt;&lt;img alt=&quot;&quot; src=&quot;http://www.geoshop.lt/image/data/Containers/Extras/Camo_No2_bag_PET/Bag_for_PET_container_Camo2_Lng_Miske2.jpg&quot; style=&quot;width: 300px; height: 453px; margin: 3px;&quot; /&gt;&lt;/a&gt;&lt;/td&gt;\r\n			&lt;td&gt;&lt;a href=&quot;http://www.geoshop.lt/image/data/Containers/Extras/Camo_No2_bag_PET/Bag_for_PET_container_Camo2_Lng_Miske3.jpg&quot; target=&quot;_blank&quot;&gt;&lt;img alt=&quot;&quot; src=&quot;http://www.geoshop.lt/image/data/Containers/Extras/Camo_No2_bag_PET/Bag_for_PET_container_Camo2_Lng_Miske3.jpg&quot; style=&quot;width: 355px; height: 202px; margin: 3px;&quot; /&gt;&lt;/a&gt;&lt;/td&gt;\r\n		&lt;/tr&gt;\r\n	&lt;/tbody&gt;\r\n&lt;/table&gt;\r\n\r\n&lt;p&gt;&lt;a href=&quot;http://www.geoshop.lt/image/data/Containers/Extras/Camo_No2_bag_PET/Bag_for_PET_container_Camo2_Variations.jpg&quot; target=&quot;_blank&quot;&gt;&lt;img alt=&quot;&quot; src=&quot;http://www.geoshop.lt/image/data/Containers/Extras/Camo_No2_bag_PET/Bag_for_PET_container_Camo2_Variations.jpg&quot; style=&quot;width: 675px; height: 444px;&quot; /&gt;&lt;/a&gt;&lt;/p&gt;\r\n','','','Camo bag, PET container'),(310,2,'Maskuojančio (Camo Nr.1) maišelio ir XXL PET konteinerio rinkinys','&lt;p&gt;Maskuojančių spalvų medžiaginis maišelis, skirtas &lt;a href=&quot;http://www.geoshop.lt/index.php?route=product/product&amp;amp;path=20_26&amp;amp;product_id=115#.UxN6S85KYp8&quot; target=&quot;_blank&quot;&gt;PET&lt;/a&gt; tipo konteineriui slėpti gamtoje, miškingoje vietovėje. &lt;a href=&quot;http://www.geoshop.lt/image/data/Containers/Extras/Camo_No1_bag_PET/Bag_for_PET_container_Camo1_Lng_Pririsimas.jpg&quot; target=&quot;_blank&quot;&gt;&lt;img alt=&quot;&quot; height=&quot;139&quot; src=&quot;http://www.geoshop.lt/image/data/Containers/Extras/Camo_No1_bag_PET/Bag_for_PET_container_Camo1_Lng_Pririsimas.jpg&quot; style=&quot;float: right;&quot; width=&quot;128&quot; /&gt;&lt;/a&gt;&lt;br /&gt;\r\nJis paprasčiausiai pririšamas prie tinkamos šakos. Maišeliui pasiūti naudojama speciali, drėgmę atstumianti medžiaga.&lt;br /&gt;\r\nKomplektą sudaro: maišelis su virvute, skaidrus XXL PET ruošinys su FTF kamšteliu ir karabinas su virvute.&lt;br /&gt;\r\nPasiūta su meile, Lietuvoje.&lt;/p&gt;\r\n\r\n&lt;table border=&quot;1&quot; cellpadding=&quot;1&quot; cellspacing=&quot;1&quot; style=&quot;width: 300px;&quot;&gt;\r\n	&lt;tbody&gt;\r\n		&lt;tr&gt;\r\n			&lt;td&gt;&lt;strong&gt;Parametrai:&lt;/strong&gt;&lt;/td&gt;\r\n			&lt;td&gt;&amp;nbsp;&lt;/td&gt;\r\n		&lt;/tr&gt;\r\n		&lt;tr&gt;\r\n			&lt;td&gt;Spalva&lt;/td&gt;\r\n			&lt;td&gt;Maskuojanti Nr.1&lt;/td&gt;\r\n		&lt;/tr&gt;\r\n		&lt;tr&gt;\r\n			&lt;td&gt;Matmenys (išoriniai), mm&lt;/td&gt;\r\n			&lt;td&gt;225 x 105&lt;/td&gt;\r\n		&lt;/tr&gt;\r\n		&lt;tr&gt;\r\n			&lt;td&gt;Maišelio virvutės ilgis, m&lt;/td&gt;\r\n			&lt;td&gt;1&lt;/td&gt;\r\n		&lt;/tr&gt;\r\n		&lt;tr&gt;\r\n			&lt;td&gt;Karabino virvutės ilgis, m&lt;/td&gt;\r\n			&lt;td&gt;0,5&lt;/td&gt;\r\n		&lt;/tr&gt;\r\n	&lt;/tbody&gt;\r\n&lt;/table&gt;\r\n\r\n&lt;p&gt;&amp;nbsp;&lt;/p&gt;\r\n\r\n&lt;table border=&quot;0&quot; cellpadding=&quot;1&quot; cellspacing=&quot;1&quot; style=&quot;width: 500px;&quot;&gt;\r\n	&lt;tbody&gt;\r\n		&lt;tr&gt;\r\n			&lt;td&gt;&lt;a href=&quot;http://www.geoshop.lt/image/data/Containers/Extras/Camo_No1_bag_PET/Bag_for_PET_container_Camo1_Lng_Miske3.jpg&quot; target=&quot;_blank&quot;&gt;&lt;img alt=&quot;&quot; src=&quot;http://www.geoshop.lt/image/data/Containers/Extras/Camo_No1_bag_PET/Bag_for_PET_container_Camo1_Lng_Miske3.jpg&quot; style=&quot;width: 300px; height: 453px; margin: 3px;&quot; /&gt;&lt;/a&gt;&lt;/td&gt;\r\n			&lt;td&gt;&lt;a href=&quot;http://www.geoshop.lt/image/data/Containers/Extras/Camo_No1_bag_PET/Bag_for_PET_container_Camo1_Lng_Pririsimas2.jpg&quot; target=&quot;_blank&quot;&gt;&lt;img alt=&quot;&quot; src=&quot;http://www.geoshop.lt/image/data/Containers/Extras/Camo_No1_bag_PET/Bag_for_PET_container_Camo1_Lng_Pririsimas2.jpg&quot; style=&quot;width: 300px; height: 453px; margin: 3px;&quot; /&gt;&lt;/a&gt;&lt;/td&gt;\r\n		&lt;/tr&gt;\r\n		&lt;tr&gt;\r\n			&lt;td&gt;&lt;a href=&quot;http://www.geoshop.lt/image/data/Containers/Extras/Camo_No1_bag_PET/Bag_for_PET_container_Camo1_Lng_Miske2.jpg&quot; target=&quot;_blank&quot;&gt;&lt;img alt=&quot;&quot; src=&quot;http://www.geoshop.lt/image/data/Containers/Extras/Camo_No1_bag_PET/Bag_for_PET_container_Camo1_Lng_Miske2.jpg&quot; style=&quot;width: 300px; height: 453px; margin: 3px;&quot; /&gt;&lt;/a&gt;&lt;/td&gt;\r\n			&lt;td&gt;&lt;a href=&quot;http://www.geoshop.lt/image/data/Containers/Extras/Camo_No1_bag_PET/Bag_for_PET_container_Camo1_Lng_Miske1.jpg&quot; target=&quot;_blank&quot;&gt;&lt;img alt=&quot;&quot; src=&quot;http://www.geoshop.lt/image/data/Containers/Extras/Camo_No1_bag_PET/Bag_for_PET_container_Camo1_Lng_Miske1.jpg&quot; style=&quot;width: 300px; height: 453px; margin: 3px;&quot; /&gt;&lt;/a&gt;&lt;/td&gt;\r\n		&lt;/tr&gt;\r\n	&lt;/tbody&gt;\r\n&lt;/table&gt;\r\n\r\n&lt;p&gt;&lt;a href=&quot;http://www.geoshop.lt/image/data/Containers/Extras/Camo_No1_bag_PET/Bag_for_PET_container_Camo1_Variations.jpg&quot; target=&quot;_blank&quot;&gt;&lt;img alt=&quot;&quot; src=&quot;http://www.geoshop.lt/image/data/Containers/Extras/Camo_No1_bag_PET/Bag_for_PET_container_Camo1_Variations.jpg&quot; style=&quot;width: 650px; height: 431px;&quot; /&gt;&lt;/a&gt;&lt;/p&gt;\r\n','','','Maišelis konteineriui, PET konteineris'),(310,1,'Set of Camo No.1 bag, XXL PET container and carabiner, with rope','&lt;p&gt;This camo-color bag is used to hide a&amp;nbsp;&lt;a href=&quot;http://www.geoshop.lt/index.php?route=product/product&amp;amp;path=20_26&amp;amp;product_id=115#.UxN6S85KYp8&quot; target=&quot;_blank&quot;&gt;PET&lt;/a&gt; type micro container in forested area.&lt;a href=&quot;http://www.geoshop.lt/image/data/Containers/Extras/Camo_No1_bag_PET/Bag_for_PET_container_Camo1_Lng_Pririsimas.jpg&quot; target=&quot;_blank&quot;&gt;&lt;img alt=&quot;&quot; height=&quot;139&quot; src=&quot;http://www.geoshop.lt/image/data/Containers/Extras/Camo_No1_bag_PET/Bag_for_PET_container_Camo1_Lng_Pririsimas.jpg&quot; style=&quot;float: right;&quot; width=&quot;128&quot; /&gt;&lt;/a&gt;&lt;br /&gt;\r\nIt can be simply tied to a wood branch. The bag is produced from a special water-repellent fabric..&lt;br /&gt;\r\nThis item consit: one bag, XXL PET container with FTF cap, carabiner and rope.&lt;br /&gt;\r\nHandmade with love, in Lithuania.&lt;/p&gt;\r\n\r\n&lt;table border=&quot;1&quot; cellpadding=&quot;1&quot; cellspacing=&quot;1&quot; style=&quot;width: 320px;&quot;&gt;\r\n	&lt;tbody&gt;\r\n		&lt;tr&gt;\r\n			&lt;td&gt;&lt;strong&gt;Parameters:&lt;/strong&gt;&lt;/td&gt;\r\n			&lt;td&gt;&amp;nbsp;&lt;/td&gt;\r\n		&lt;/tr&gt;\r\n		&lt;tr&gt;\r\n			&lt;td&gt;Color&lt;/td&gt;\r\n			&lt;td&gt;Camo No.1&lt;/td&gt;\r\n		&lt;/tr&gt;\r\n		&lt;tr&gt;\r\n			&lt;td&gt;Dimensions (external), mm&lt;/td&gt;\r\n			&lt;td&gt;225 x 105&lt;/td&gt;\r\n		&lt;/tr&gt;\r\n		&lt;tr&gt;\r\n			&lt;td&gt;Bag\'s rope length, m&lt;/td&gt;\r\n			&lt;td&gt;\r\n			&lt;table border=&quot;0&quot; cellpadding=&quot;0&quot; cellspacing=&quot;0&quot; width=&quot;141&quot;&gt;\r\n				&lt;colgroup&gt;\r\n					&lt;col width=&quot;141&quot; /&gt;\r\n				&lt;/colgroup&gt;\r\n				&lt;tbody&gt;\r\n					&lt;tr height=&quot;17&quot;&gt;\r\n						&lt;td class=&quot;xl67&quot; height=&quot;17&quot; style=&quot;height:12.75pt;width:106pt&quot; width=&quot;141&quot;&gt;\r\n						&lt;table border=&quot;0&quot; cellpadding=&quot;0&quot; cellspacing=&quot;0&quot; width=&quot;141&quot;&gt;\r\n							&lt;tbody&gt;\r\n								&lt;tr height=&quot;17&quot;&gt;\r\n									&lt;td class=&quot;xl67&quot; height=&quot;17&quot; style=&quot;height:12.75pt;width:106pt&quot; width=&quot;141&quot;&gt;1&lt;/td&gt;\r\n								&lt;/tr&gt;\r\n							&lt;/tbody&gt;\r\n						&lt;/table&gt;\r\n						&lt;/td&gt;\r\n					&lt;/tr&gt;\r\n				&lt;/tbody&gt;\r\n			&lt;/table&gt;\r\n			&lt;/td&gt;\r\n		&lt;/tr&gt;\r\n		&lt;tr&gt;\r\n			&lt;td&gt;Carabiner\'s rope length, m&lt;/td&gt;\r\n			&lt;td&gt;0,5&lt;/td&gt;\r\n		&lt;/tr&gt;\r\n	&lt;/tbody&gt;\r\n&lt;/table&gt;\r\n\r\n&lt;p&gt;Conversion: 1mm = 0.0393 inch, or 1 inch = 25.4mm&lt;/p&gt;\r\n\r\n&lt;table border=&quot;0&quot; cellpadding=&quot;1&quot; cellspacing=&quot;1&quot; style=&quot;width: 500px;&quot;&gt;\r\n	&lt;tbody&gt;\r\n		&lt;tr&gt;\r\n			&lt;td&gt;&lt;a href=&quot;http://www.geoshop.lt/image/data/Containers/Extras/Camo_No1_bag_PET/Bag_for_PET_container_Camo1_Lng_Miske3.jpg&quot; target=&quot;_blank&quot;&gt;&lt;img alt=&quot;&quot; src=&quot;http://www.geoshop.lt/image/data/Containers/Extras/Camo_No1_bag_PET/Bag_for_PET_container_Camo1_Lng_Miske3.jpg&quot; style=&quot;width: 300px; height: 453px; margin: 3px;&quot; /&gt;&lt;/a&gt;&lt;/td&gt;\r\n			&lt;td&gt;&lt;a href=&quot;http://www.geoshop.lt/image/data/Containers/Extras/Camo_No1_bag_PET/Bag_for_PET_container_Camo1_Lng_Pririsimas2.jpg&quot; target=&quot;_blank&quot;&gt;&lt;img alt=&quot;&quot; src=&quot;http://www.geoshop.lt/image/data/Containers/Extras/Camo_No1_bag_PET/Bag_for_PET_container_Camo1_Lng_Pririsimas2.jpg&quot; style=&quot;width: 300px; height: 453px; margin: 3px;&quot; /&gt;&lt;/a&gt;&lt;/td&gt;\r\n		&lt;/tr&gt;\r\n		&lt;tr&gt;\r\n			&lt;td&gt;&lt;a href=&quot;http://www.geoshop.lt/image/data/Containers/Extras/Camo_No1_bag_PET/Bag_for_PET_container_Camo1_Lng_Miske2.jpg&quot; target=&quot;_blank&quot;&gt;&lt;img alt=&quot;&quot; src=&quot;http://www.geoshop.lt/image/data/Containers/Extras/Camo_No1_bag_PET/Bag_for_PET_container_Camo1_Lng_Miske2.jpg&quot; style=&quot;width: 300px; height: 453px; margin: 3px;&quot; /&gt;&lt;/a&gt;&lt;/td&gt;\r\n			&lt;td&gt;&lt;a href=&quot;http://www.geoshop.lt/image/data/Containers/Extras/Camo_No1_bag_PET/Bag_for_PET_container_Camo1_Lng_Miske1.jpg&quot; target=&quot;_blank&quot;&gt;&lt;img alt=&quot;&quot; src=&quot;http://www.geoshop.lt/image/data/Containers/Extras/Camo_No1_bag_PET/Bag_for_PET_container_Camo1_Lng_Miske1.jpg&quot; style=&quot;width: 300px; height: 453px; margin: 3px;&quot; /&gt;&lt;/a&gt;&lt;/td&gt;\r\n		&lt;/tr&gt;\r\n	&lt;/tbody&gt;\r\n&lt;/table&gt;\r\n\r\n&lt;p&gt;&lt;a href=&quot;http://www.geoshop.lt/image/data/Containers/Extras/Camo_No1_bag_PET/Bag_for_PET_container_Camo1_Variations.jpg&quot; target=&quot;_blank&quot;&gt;&lt;img alt=&quot;&quot; src=&quot;http://www.geoshop.lt/image/data/Containers/Extras/Camo_No1_bag_PET/Bag_for_PET_container_Camo1_Variations.jpg&quot; style=&quot;width: 650px; height: 431px;&quot; /&gt;&lt;/a&gt;&lt;/p&gt;\r\n','','','Camo bag, PET container'),(311,2,'Maskuojančio (Camo Nr.2) maišelio ir XXL PET konteinerio rinkinys','&lt;p&gt;Maskuojančių spalvų medžiaginis maišelis, skirtas &lt;a href=&quot;http://www.geoshop.lt/index.php?route=product/product&amp;amp;path=20_26&amp;amp;product_id=115#.UxN6S85KYp8&quot; target=&quot;_blank&quot;&gt;PET&lt;/a&gt; tipo konteineriui slėpti gamtoje, miškingoje vietovėje. &lt;a href=&quot;http://www.geoshop.lt/image/data/Containers/Extras/Camo_No2_bag_PET/Bag_for_PET_container_Camo2_Lng_Pririsimas.jpg&quot; target=&quot;_blank&quot;&gt;&lt;img alt=&quot;&quot; src=&quot;http://www.geoshop.lt/image/data/Containers/Extras/Camo_No2_bag_PET/Bag_for_PET_container_Camo2_Lng_Pririsimas.jpg&quot; style=&quot;float: right; width: 128px; height: 139px;&quot; /&gt;&lt;/a&gt;&lt;br /&gt;\r\n&lt;strong&gt;Šio maišelio maskuojantis piešinys itin gerai dera&lt;/strong&gt; tiek prie lapuočių, tiek prie spygliuočių kamienų. Dėl to &lt;strong&gt;jį labai sunku pastebėti.&lt;/strong&gt;&lt;br /&gt;\r\nJis paprasčiausiai pririšamas prie tinkamos šakos. Maišeliui pasiūti naudojama speciali, drėgmę atstumianti medžiaga.&lt;br /&gt;\r\nKomplektą sudaro: maišelis su virvute, skaidrus XXL PET ruošinys su FTF kamšteliu ir karabinas su virvute.&lt;br /&gt;\r\nPasiūta su meile, Lietuvoje.&lt;/p&gt;\r\n\r\n&lt;table border=&quot;1&quot; cellpadding=&quot;1&quot; cellspacing=&quot;1&quot; style=&quot;width: 300px;&quot;&gt;\r\n	&lt;tbody&gt;\r\n		&lt;tr&gt;\r\n			&lt;td&gt;&lt;strong&gt;Parametrai:&lt;/strong&gt;&lt;/td&gt;\r\n			&lt;td&gt;&amp;nbsp;&lt;/td&gt;\r\n		&lt;/tr&gt;\r\n		&lt;tr&gt;\r\n			&lt;td&gt;Spalva&lt;/td&gt;\r\n			&lt;td&gt;Maskuojanti Nr.2&lt;/td&gt;\r\n		&lt;/tr&gt;\r\n		&lt;tr&gt;\r\n			&lt;td&gt;Matmenys (išoriniai), mm&lt;/td&gt;\r\n			&lt;td&gt;225 x 105&lt;/td&gt;\r\n		&lt;/tr&gt;\r\n		&lt;tr&gt;\r\n			&lt;td&gt;Maišelio virvutės ilgis, m&lt;/td&gt;\r\n			&lt;td&gt;&amp;nbsp;1&lt;/td&gt;\r\n		&lt;/tr&gt;\r\n		&lt;tr&gt;\r\n			&lt;td&gt;Karabino virvutės ilgis, m&lt;/td&gt;\r\n			&lt;td&gt;0,5&lt;/td&gt;\r\n		&lt;/tr&gt;\r\n	&lt;/tbody&gt;\r\n&lt;/table&gt;\r\n\r\n&lt;p&gt;&amp;nbsp;&lt;/p&gt;\r\n\r\n&lt;table border=&quot;0&quot; cellpadding=&quot;1&quot; cellspacing=&quot;1&quot; style=&quot;width: 500px;&quot;&gt;\r\n	&lt;tbody&gt;\r\n		&lt;tr&gt;\r\n			&lt;td&gt;&lt;a href=&quot;http://www.geoshop.lt/image/data/Containers/Extras/Camo_No2_bag_PET/Bag_for_PET_container_Camo2_Lng_Miske.jpg&quot; target=&quot;_blank&quot;&gt;&lt;img alt=&quot;&quot; src=&quot;http://www.geoshop.lt/image/data/Containers/Extras/Camo_No2_bag_PET/Bag_for_PET_container_Camo2_Lng_Miske.jpg&quot; style=&quot;width: 300px; height: 453px; margin: 3px;&quot; /&gt;&lt;/a&gt;&lt;/td&gt;\r\n			&lt;td&gt;&lt;a href=&quot;http://www.geoshop.lt/image/data/Containers/Extras/Camo_No2_bag_PET/Bag_for_PET_container_Camo2_Shrt_Miske2.jpg&quot; target=&quot;_blank&quot;&gt;&lt;img alt=&quot;&quot; src=&quot;http://www.geoshop.lt/image/data/Containers/Extras/Camo_No2_bag_PET/Bag_for_PET_container_Camo2_Shrt_Miske2.jpg&quot; style=&quot;width: 355px; height: 453px; margin: 3px;&quot; /&gt;&lt;/a&gt;&lt;/td&gt;\r\n		&lt;/tr&gt;\r\n		&lt;tr&gt;\r\n			&lt;td&gt;&lt;a href=&quot;http://www.geoshop.lt/image/data/Containers/Extras/Camo_No2_bag_PET/Bag_for_PET_container_Camo2_Lng_Miske2.jpg&quot; target=&quot;_blank&quot;&gt;&lt;img alt=&quot;&quot; src=&quot;http://www.geoshop.lt/image/data/Containers/Extras/Camo_No2_bag_PET/Bag_for_PET_container_Camo2_Lng_Miske2.jpg&quot; style=&quot;width: 300px; height: 453px; margin: 3px;&quot; /&gt;&lt;/a&gt;&lt;/td&gt;\r\n			&lt;td&gt;&lt;a href=&quot;http://www.geoshop.lt/image/data/Containers/Extras/Camo_No2_bag_PET/Bag_for_PET_container_Camo2_Lng_Miske3.jpg&quot; target=&quot;_blank&quot;&gt;&lt;img alt=&quot;&quot; src=&quot;http://www.geoshop.lt/image/data/Containers/Extras/Camo_No2_bag_PET/Bag_for_PET_container_Camo2_Lng_Miske3.jpg&quot; style=&quot;width: 355px; height: 202px; margin: 3px;&quot; /&gt;&lt;/a&gt;&lt;/td&gt;\r\n		&lt;/tr&gt;\r\n	&lt;/tbody&gt;\r\n&lt;/table&gt;\r\n\r\n&lt;p&gt;&lt;a href=&quot;http://www.geoshop.lt/image/data/Containers/Extras/Camo_No2_bag_PET/Bag_for_PET_container_Camo2_Variations.jpg&quot; target=&quot;_blank&quot;&gt;&lt;img alt=&quot;&quot; src=&quot;http://www.geoshop.lt/image/data/Containers/Extras/Camo_No2_bag_PET/Bag_for_PET_container_Camo2_Variations.jpg&quot; style=&quot;width: 675px; height: 444px;&quot; /&gt;&lt;/a&gt;&lt;/p&gt;\r\n','','','Maišelis konteineriui, PET konteineris'),(311,1,'Set of Camo No.2 bag, XXL PET container and carabiner, with rope','&lt;p&gt;This camo-color bag is used to hide a&amp;nbsp;&lt;a href=&quot;http://www.geoshop.lt/index.php?route=product/product&amp;amp;path=20_26&amp;amp;product_id=115#.UxN6S85KYp8&quot; target=&quot;_blank&quot;&gt;PET&lt;/a&gt; type micro container in forested area.&lt;a href=&quot;http://www.geoshop.lt/image/data/Containers/Extras/Camo_No2_bag_PET/Bag_for_PET_container_Camo2_Lng_Pririsimas.jpg&quot; target=&quot;_blank&quot;&gt;&lt;img alt=&quot;&quot; src=&quot;http://www.geoshop.lt/image/data/Containers/Extras/Camo_No2_bag_PET/Bag_for_PET_container_Camo2_Lng_Pririsimas.jpg&quot; style=&quot;float: right; width: 128px; height: 139px;&quot; /&gt;&lt;/a&gt;&lt;br /&gt;\r\nIt can be simply tied to a wood branch. The bag is produced from a special water-repellent fabric..&lt;br /&gt;\r\n&lt;strong&gt;The camo-color of this bag extremely matches colors of leafy and &lt;span class=&quot;HW&quot;&gt;coniferous&lt;/span&gt; forest&lt;/strong&gt;. So, it is not very simple to notice the container.&lt;br /&gt;\r\nThis item consit: one bag, XXL PET container with FTF cap, carabiner and rope.&lt;br /&gt;\r\nHandmade with love, in Lithuania.&lt;/p&gt;\r\n\r\n&lt;table border=&quot;1&quot; cellpadding=&quot;1&quot; cellspacing=&quot;1&quot; style=&quot;width: 320px;&quot;&gt;\r\n	&lt;tbody&gt;\r\n		&lt;tr&gt;\r\n			&lt;td&gt;&lt;strong&gt;Parameters:&lt;/strong&gt;&lt;/td&gt;\r\n			&lt;td&gt;&amp;nbsp;&lt;/td&gt;\r\n		&lt;/tr&gt;\r\n		&lt;tr&gt;\r\n			&lt;td&gt;Color&lt;/td&gt;\r\n			&lt;td&gt;Camo No.2&lt;/td&gt;\r\n		&lt;/tr&gt;\r\n		&lt;tr&gt;\r\n			&lt;td&gt;Dimensions (external), mm&lt;/td&gt;\r\n			&lt;td&gt;225 x 105&lt;/td&gt;\r\n		&lt;/tr&gt;\r\n		&lt;tr&gt;\r\n			&lt;td&gt;Bag\'s rope length, m&lt;/td&gt;\r\n			&lt;td&gt;\r\n			&lt;table border=&quot;0&quot; cellpadding=&quot;0&quot; cellspacing=&quot;0&quot; width=&quot;141&quot;&gt;\r\n				&lt;colgroup&gt;\r\n					&lt;col width=&quot;141&quot; /&gt;\r\n				&lt;/colgroup&gt;\r\n				&lt;tbody&gt;\r\n					&lt;tr height=&quot;17&quot;&gt;\r\n						&lt;td class=&quot;xl67&quot; height=&quot;17&quot; style=&quot;height:12.75pt;width:106pt&quot; width=&quot;141&quot;&gt;\r\n						&lt;table border=&quot;0&quot; cellpadding=&quot;0&quot; cellspacing=&quot;0&quot; width=&quot;141&quot;&gt;\r\n							&lt;tbody&gt;\r\n								&lt;tr height=&quot;17&quot;&gt;\r\n									&lt;td class=&quot;xl67&quot; height=&quot;17&quot; style=&quot;height:12.75pt;width:106pt&quot; width=&quot;141&quot;&gt;1&lt;/td&gt;\r\n								&lt;/tr&gt;\r\n							&lt;/tbody&gt;\r\n						&lt;/table&gt;\r\n						&lt;/td&gt;\r\n					&lt;/tr&gt;\r\n				&lt;/tbody&gt;\r\n			&lt;/table&gt;\r\n			&lt;/td&gt;\r\n		&lt;/tr&gt;\r\n		&lt;tr&gt;\r\n			&lt;td&gt;Carabiner\'s rope length, m&lt;/td&gt;\r\n			&lt;td&gt;0,5&lt;/td&gt;\r\n		&lt;/tr&gt;\r\n	&lt;/tbody&gt;\r\n&lt;/table&gt;\r\n\r\n&lt;p&gt;Conversion: 1mm = 0.0393 inch, or 1 inch = 25.4mm&lt;/p&gt;\r\n\r\n&lt;p&gt;&amp;nbsp;&lt;/p&gt;\r\n\r\n&lt;table border=&quot;0&quot; cellpadding=&quot;1&quot; cellspacing=&quot;1&quot; style=&quot;width: 500px;&quot;&gt;\r\n	&lt;tbody&gt;\r\n		&lt;tr&gt;\r\n			&lt;td&gt;&lt;a href=&quot;http://www.geoshop.lt/image/data/Containers/Extras/Camo_No2_bag_PET/Bag_for_PET_container_Camo2_Lng_Miske.jpg&quot; target=&quot;_blank&quot;&gt;&lt;img alt=&quot;&quot; src=&quot;http://www.geoshop.lt/image/data/Containers/Extras/Camo_No2_bag_PET/Bag_for_PET_container_Camo2_Lng_Miske.jpg&quot; style=&quot;width: 300px; height: 453px; margin: 3px;&quot; /&gt;&lt;/a&gt;&lt;/td&gt;\r\n			&lt;td&gt;&lt;a href=&quot;http://www.geoshop.lt/image/data/Containers/Extras/Camo_No2_bag_PET/Bag_for_PET_container_Camo2_Shrt_Miske2.jpg&quot; target=&quot;_blank&quot;&gt;&lt;img alt=&quot;&quot; src=&quot;http://www.geoshop.lt/image/data/Containers/Extras/Camo_No2_bag_PET/Bag_for_PET_container_Camo2_Shrt_Miske2.jpg&quot; style=&quot;width: 355px; height: 453px; margin: 3px;&quot; /&gt;&lt;/a&gt;&lt;/td&gt;\r\n		&lt;/tr&gt;\r\n		&lt;tr&gt;\r\n			&lt;td&gt;&lt;a href=&quot;http://www.geoshop.lt/image/data/Containers/Extras/Camo_No2_bag_PET/Bag_for_PET_container_Camo2_Lng_Miske2.jpg&quot; target=&quot;_blank&quot;&gt;&lt;img alt=&quot;&quot; src=&quot;http://www.geoshop.lt/image/data/Containers/Extras/Camo_No2_bag_PET/Bag_for_PET_container_Camo2_Lng_Miske2.jpg&quot; style=&quot;width: 300px; height: 453px; margin: 3px;&quot; /&gt;&lt;/a&gt;&lt;/td&gt;\r\n			&lt;td&gt;&lt;a href=&quot;http://www.geoshop.lt/image/data/Containers/Extras/Camo_No2_bag_PET/Bag_for_PET_container_Camo2_Lng_Miske3.jpg&quot; target=&quot;_blank&quot;&gt;&lt;img alt=&quot;&quot; src=&quot;http://www.geoshop.lt/image/data/Containers/Extras/Camo_No2_bag_PET/Bag_for_PET_container_Camo2_Lng_Miske3.jpg&quot; style=&quot;width: 355px; height: 202px; margin: 3px;&quot; /&gt;&lt;/a&gt;&lt;/td&gt;\r\n		&lt;/tr&gt;\r\n	&lt;/tbody&gt;\r\n&lt;/table&gt;\r\n\r\n&lt;p&gt;&lt;a href=&quot;http://www.geoshop.lt/image/data/Containers/Extras/Camo_No2_bag_PET/Bag_for_PET_container_Camo2_Variations.jpg&quot; target=&quot;_blank&quot;&gt;&lt;img alt=&quot;&quot; src=&quot;http://www.geoshop.lt/image/data/Containers/Extras/Camo_No2_bag_PET/Bag_for_PET_container_Camo2_Variations.jpg&quot; style=&quot;width: 675px; height: 444px;&quot; /&gt;&lt;/a&gt;&lt;/p&gt;\r\n','','','Camo bag, PET container'),(312,1,'Smart gloves red-brown Color No.4','&lt;p&gt;Conductive material interwoven into fingertips allows wearer to use touchscreen devices.&lt;br /&gt;\r\nCompatible with capacitive touchscreen devices, including the iPad and iPhone.&lt;br /&gt;\r\n&lt;strong&gt;Attention! &lt;/strong&gt;The color of gloves displayed in pictures, can be slightly different, because of difference of various displays of equipment, used to browse a website.&lt;/p&gt;\r\n\r\n&lt;table border=&quot;1&quot; cellpadding=&quot;1&quot; cellspacing=&quot;1&quot; style=&quot;width: 300px;&quot;&gt;\r\n	&lt;tbody&gt;\r\n		&lt;tr&gt;\r\n			&lt;td&gt;&lt;strong&gt;Parameters:&lt;/strong&gt;&lt;/td&gt;\r\n			&lt;td&gt;&amp;nbsp;&lt;/td&gt;\r\n		&lt;/tr&gt;\r\n		&lt;tr&gt;\r\n			&lt;td&gt;Color&lt;/td&gt;\r\n			&lt;td&gt;red-brown&lt;/td&gt;\r\n		&lt;/tr&gt;\r\n		&lt;tr&gt;\r\n			&lt;td&gt;Size&lt;/td&gt;\r\n			&lt;td&gt;Universal&lt;/td&gt;\r\n		&lt;/tr&gt;\r\n		&lt;tr&gt;\r\n			&lt;td&gt;Active fingers&lt;/td&gt;\r\n			&lt;td&gt;\r\n			&lt;table border=&quot;0&quot; cellpadding=&quot;0&quot; cellspacing=&quot;0&quot; width=&quot;141&quot;&gt;\r\n				&lt;colgroup&gt;\r\n					&lt;col width=&quot;141&quot; /&gt;\r\n				&lt;/colgroup&gt;\r\n				&lt;tbody&gt;\r\n					&lt;tr height=&quot;17&quot;&gt;\r\n						&lt;td class=&quot;xl67&quot; height=&quot;17&quot; style=&quot;height:12.75pt;width:106pt&quot; width=&quot;141&quot;&gt;\r\n						&lt;table border=&quot;0&quot; cellpadding=&quot;0&quot; cellspacing=&quot;0&quot; width=&quot;141&quot;&gt;\r\n							&lt;tbody&gt;\r\n								&lt;tr height=&quot;17&quot;&gt;\r\n									&lt;td class=&quot;xl67&quot; height=&quot;17&quot; style=&quot;height:12.75pt;width:106pt&quot; width=&quot;141&quot;&gt;3&lt;/td&gt;\r\n								&lt;/tr&gt;\r\n							&lt;/tbody&gt;\r\n						&lt;/table&gt;\r\n						&lt;/td&gt;\r\n					&lt;/tr&gt;\r\n				&lt;/tbody&gt;\r\n			&lt;/table&gt;\r\n			&lt;/td&gt;\r\n		&lt;/tr&gt;\r\n	&lt;/tbody&gt;\r\n&lt;/table&gt;\r\n\r\n&lt;p&gt;&amp;nbsp;&lt;/p&gt;\r\n','','','Smart gloves, capacitive'),(312,2,'Išmaniosios pirštinės rausvai-rudos Nr. 4','&lt;p&gt;Tai specialios pirštinės išmaniesiems įrenginiams. Jums nereikės nusiimti pirštinių norint naudotis Jūsų išmaniąja įranga - trys šių pirštinių pirštų galiukai yra numegzti iš specialių siūlų, kurie įgalina valdyti įrenginius su talpinio (capacitive) veikimo principo ekranais. Dėvint paprastas pirštines valdyti išmanaus įrenginio nepavyks.&lt;br /&gt;\r\n&lt;strong&gt;Dėmesio!&lt;/strong&gt; Pirštinių spalva, priklausomai nuo svetainės naršymui naudojamo įrenginio monitoriaus/ekrano savybių, gali nežymiai skirtis.&lt;/p&gt;\r\n\r\n&lt;table border=&quot;1&quot; cellpadding=&quot;1&quot; cellspacing=&quot;1&quot; style=&quot;width: 300px;&quot;&gt;\r\n	&lt;tbody&gt;\r\n		&lt;tr&gt;\r\n			&lt;td&gt;&lt;strong&gt;Parametrai:&lt;/strong&gt;&lt;/td&gt;\r\n			&lt;td&gt;&amp;nbsp;&lt;/td&gt;\r\n		&lt;/tr&gt;\r\n		&lt;tr&gt;\r\n			&lt;td&gt;Spalva&lt;/td&gt;\r\n			&lt;td&gt;rausvai-rudos&lt;/td&gt;\r\n		&lt;/tr&gt;\r\n		&lt;tr&gt;\r\n			&lt;td&gt;Dydis&lt;/td&gt;\r\n			&lt;td&gt;universalus&lt;/td&gt;\r\n		&lt;/tr&gt;\r\n		&lt;tr&gt;\r\n			&lt;td&gt;Aktyvūs pirštai&lt;/td&gt;\r\n			&lt;td&gt;\r\n			&lt;table border=&quot;0&quot; cellpadding=&quot;0&quot; cellspacing=&quot;0&quot; width=&quot;141&quot;&gt;\r\n				&lt;colgroup&gt;\r\n					&lt;col width=&quot;141&quot; /&gt;\r\n				&lt;/colgroup&gt;\r\n				&lt;tbody&gt;\r\n					&lt;tr height=&quot;17&quot;&gt;\r\n						&lt;td class=&quot;xl67&quot; height=&quot;17&quot; style=&quot;height:12.75pt;width:106pt&quot; width=&quot;141&quot;&gt;\r\n						&lt;table border=&quot;0&quot; cellpadding=&quot;0&quot; cellspacing=&quot;0&quot; width=&quot;141&quot;&gt;\r\n							&lt;tbody&gt;\r\n								&lt;tr height=&quot;17&quot;&gt;\r\n									&lt;td class=&quot;xl67&quot; height=&quot;17&quot; style=&quot;height:12.75pt;width:106pt&quot; width=&quot;141&quot;&gt;3&lt;/td&gt;\r\n								&lt;/tr&gt;\r\n							&lt;/tbody&gt;\r\n						&lt;/table&gt;\r\n						&lt;/td&gt;\r\n					&lt;/tr&gt;\r\n				&lt;/tbody&gt;\r\n			&lt;/table&gt;\r\n			&lt;/td&gt;\r\n		&lt;/tr&gt;\r\n	&lt;/tbody&gt;\r\n&lt;/table&gt;\r\n\r\n&lt;p&gt;&amp;nbsp;&lt;/p&gt;\r\n','','Pirštinės išmaniesiems įrenginiams','Išmaniosios pirštinės, capacitive'),(313,2,'Ištraukiamas teleskopinis magnetas','&lt;p&gt;Ištraukiamas magnetas, puikiai tika pasiekti &quot;BYOM (bring your own magnet) tipo konteineriams ištraukti, ar šiaip pasiekti smulkius užkritusius metalinius daiktus&lt;/p&gt;\r\n\r\n&lt;table border=&quot;1&quot; cellpadding=&quot;1&quot; cellspacing=&quot;1&quot; style=&quot;width: 300px;&quot;&gt;\r\n	&lt;tbody&gt;\r\n		&lt;tr&gt;\r\n			&lt;td&gt;&lt;strong&gt;Parametrai:&lt;/strong&gt;&amp;nbsp;&amp;nbsp;&amp;nbsp;&amp;nbsp;&amp;nbsp;&amp;nbsp;&amp;nbsp;&amp;nbsp;&amp;nbsp;&amp;nbsp;&amp;nbsp;&amp;nbsp;&amp;nbsp;&amp;nbsp;&amp;nbsp;&amp;nbsp;&amp;nbsp;&amp;nbsp;&amp;nbsp;&amp;nbsp;&lt;/td&gt;\r\n			&lt;td&gt;&amp;nbsp;&lt;/td&gt;\r\n		&lt;/tr&gt;\r\n		&lt;tr&gt;\r\n			&lt;td&gt;Magneto skermuo, mm&lt;/td&gt;\r\n			&lt;td&gt;11 (13 - kartu su magneto korpusu )&lt;/td&gt;\r\n		&lt;/tr&gt;\r\n		&lt;tr&gt;\r\n			&lt;td&gt;Ilgis (min-max), cm&lt;/td&gt;\r\n			&lt;td&gt;13,5 - 59,5 cm&lt;/td&gt;\r\n		&lt;/tr&gt;\r\n	&lt;/tbody&gt;\r\n&lt;/table&gt;\r\n\r\n&lt;p&gt;&amp;nbsp;&lt;/p&gt;\r\n','','','Lobiautojo įrankiai, ištraukiamas teleskopinis magnetas'),(313,1,'Retractable telescopic magnet','&lt;p&gt;Telescopic magnetic pick-up tool with strong neodymium magnet is used to retrieve &quot; BYOM Bring your own magnet&quot; style urban geocache, and also for maintaining geocaches. Soft rubber handle is comfortable to hold the tool in hand. Its Orange color of tool prevents it from loosing in nature.&lt;/p&gt;\r\n\r\n&lt;table border=&quot;1&quot; cellpadding=&quot;1&quot; cellspacing=&quot;1&quot; height=&quot;78&quot; width=&quot;300&quot;&gt;\r\n	&lt;tbody&gt;\r\n		&lt;tr&gt;\r\n			&lt;td&gt;&lt;strong&gt;Parameters:&lt;/strong&gt;&lt;/td&gt;\r\n			&lt;td&gt;&amp;nbsp;&lt;/td&gt;\r\n		&lt;/tr&gt;\r\n		&lt;tr&gt;\r\n			&lt;td&gt;Magnet diameter, mm&lt;/td&gt;\r\n			&lt;td&gt;11 (13mm with magnet housing)&lt;/td&gt;\r\n		&lt;/tr&gt;\r\n		&lt;tr&gt;\r\n			&lt;td&gt;Lenghth (min-max), cm&lt;/td&gt;\r\n			&lt;td&gt;\r\n			&lt;table border=&quot;0&quot; cellpadding=&quot;0&quot; cellspacing=&quot;0&quot; width=&quot;141&quot;&gt;\r\n				&lt;colgroup&gt;\r\n					&lt;col width=&quot;141&quot; /&gt;\r\n				&lt;/colgroup&gt;\r\n				&lt;tbody&gt;\r\n					&lt;tr height=&quot;17&quot;&gt;\r\n						&lt;td class=&quot;xl67&quot; height=&quot;17&quot; style=&quot;height:12.75pt;width:106pt&quot; width=&quot;141&quot;&gt;\r\n						&lt;table border=&quot;0&quot; cellpadding=&quot;0&quot; cellspacing=&quot;0&quot; width=&quot;141&quot;&gt;\r\n							&lt;tbody&gt;\r\n								&lt;tr height=&quot;17&quot;&gt;\r\n									&lt;td class=&quot;xl67&quot; height=&quot;17&quot; style=&quot;height:12.75pt;width:106pt&quot; width=&quot;141&quot;&gt;13,5 - 59,5&lt;/td&gt;\r\n								&lt;/tr&gt;\r\n							&lt;/tbody&gt;\r\n						&lt;/table&gt;\r\n						&lt;/td&gt;\r\n					&lt;/tr&gt;\r\n				&lt;/tbody&gt;\r\n			&lt;/table&gt;\r\n			&lt;/td&gt;\r\n		&lt;/tr&gt;\r\n	&lt;/tbody&gt;\r\n&lt;/table&gt;\r\n\r\n&lt;p&gt;&amp;nbsp;&lt;/p&gt;\r\n','','','Geocachers tools, retractable telescopic magnet'),(314,2,'Nano ir mikro užrašinių susukimo įrankis','&lt;p&gt;Šis nedidelis įrankis palengvina nano ir mikro užrašinių susukimo procesą. Ar pamenate tą jausmą, kai ta maža naniuko juostelė nuolat susipainioja ir bandai ją ištiesinti ir suvynuoti? O jei tai žiema? Šis įrankis žymiai palegvintų suvyniojimą!&lt;/p&gt;\r\n\r\n&lt;table border=&quot;1&quot; cellpadding=&quot;1&quot; cellspacing=&quot;1&quot; style=&quot;width: 300px;&quot;&gt;\r\n	&lt;tbody&gt;\r\n		&lt;tr&gt;\r\n			&lt;td&gt;&lt;strong&gt;Parametrai:&lt;/strong&gt;&amp;nbsp;&amp;nbsp;&amp;nbsp;&amp;nbsp;&amp;nbsp;&amp;nbsp;&amp;nbsp;&amp;nbsp;&amp;nbsp;&amp;nbsp;&amp;nbsp;&amp;nbsp;&amp;nbsp;&amp;nbsp;&amp;nbsp;&amp;nbsp;&amp;nbsp;&amp;nbsp;&amp;nbsp;&amp;nbsp;&lt;/td&gt;\r\n			&lt;td&gt;&amp;nbsp;&lt;/td&gt;\r\n		&lt;/tr&gt;\r\n		&lt;tr&gt;\r\n			&lt;td&gt;Adatos ilgis, cm&lt;/td&gt;\r\n			&lt;td&gt;2,5&lt;/td&gt;\r\n		&lt;/tr&gt;\r\n		&lt;tr&gt;\r\n			&lt;td&gt;Ilgis, cm&lt;/td&gt;\r\n			&lt;td&gt;7&lt;/td&gt;\r\n		&lt;/tr&gt;\r\n	&lt;/tbody&gt;\r\n&lt;/table&gt;\r\n\r\n&lt;p&gt;&amp;nbsp;&lt;/p&gt;\r\n','','','Lobiautojo įrankiai, Veidrodėlis'),(314,1,'Nano and micro losheet log roller tool','&lt;p&gt;This HANDMADE must-have tool for every geocacher - nano and micro log roller for geocaching,&lt;br /&gt;\r\nA handle of tool is produced of beech wood. It is a pleasure to hold such tool in your hands.&lt;br /&gt;\r\nA nib has a special precise and sharp cut to hold an edge of logsheet reliably. It is produced of Brass metal - it will never get rusty, as steel ones!&lt;br /&gt;\r\nThe total length of the tool is 7&amp;nbsp; cm - it is more complicated to loose such tool, than small ones, and the rolling process is MORE comfortable with this medium-sized tool than with tiny and small one\'s.&lt;/p&gt;\r\n\r\n&lt;p&gt;High quality materials used to produce this tool were imported from Germany. As a tool is HANDMADE, all the items are very similar, but NOT THE SAME. They are individual and UNIQUE, one\'s and made with love in EU.&lt;/p&gt;\r\n\r\n&lt;table border=&quot;1&quot; cellpadding=&quot;1&quot; cellspacing=&quot;1&quot; height=&quot;78&quot; width=&quot;300&quot;&gt;\r\n	&lt;tbody&gt;\r\n		&lt;tr&gt;\r\n			&lt;td&gt;&lt;strong&gt;Parameters:&lt;/strong&gt;&lt;/td&gt;\r\n			&lt;td&gt;&amp;nbsp;&lt;/td&gt;\r\n		&lt;/tr&gt;\r\n		&lt;tr&gt;\r\n			&lt;td&gt;Needle length, cm&lt;/td&gt;\r\n			&lt;td&gt;2,5&lt;/td&gt;\r\n		&lt;/tr&gt;\r\n		&lt;tr&gt;\r\n			&lt;td&gt;Lenghth, cm&lt;/td&gt;\r\n			&lt;td&gt;\r\n			&lt;table border=&quot;0&quot; cellpadding=&quot;0&quot; cellspacing=&quot;0&quot; width=&quot;141&quot;&gt;\r\n				&lt;colgroup&gt;\r\n					&lt;col width=&quot;141&quot; /&gt;\r\n				&lt;/colgroup&gt;\r\n				&lt;tbody&gt;\r\n					&lt;tr height=&quot;17&quot;&gt;\r\n						&lt;td class=&quot;xl67&quot; height=&quot;17&quot; style=&quot;height:12.75pt;width:106pt&quot; width=&quot;141&quot;&gt;\r\n						&lt;table border=&quot;0&quot; cellpadding=&quot;0&quot; cellspacing=&quot;0&quot; width=&quot;141&quot;&gt;\r\n							&lt;tbody&gt;\r\n								&lt;tr height=&quot;17&quot;&gt;\r\n									&lt;td class=&quot;xl67&quot; height=&quot;17&quot; style=&quot;height:12.75pt;width:106pt&quot; width=&quot;141&quot;&gt;17&lt;/td&gt;\r\n								&lt;/tr&gt;\r\n							&lt;/tbody&gt;\r\n						&lt;/table&gt;\r\n						&lt;/td&gt;\r\n					&lt;/tr&gt;\r\n				&lt;/tbody&gt;\r\n			&lt;/table&gt;\r\n			&lt;/td&gt;\r\n		&lt;/tr&gt;\r\n	&lt;/tbody&gt;\r\n&lt;/table&gt;\r\n\r\n&lt;p&gt;&amp;nbsp;&lt;/p&gt;\r\n','','','Geocachers tools, Mirror'),(315,1,'Hops the Frog Travel Tag','&lt;p&gt;Connie the Crab likes to hang out at the bottom of the ocean where she can find the most hidden geocaches in the world! She can move quickly to cache by cache by walking or running in a sideways motion. Whether Connie is feeling crabby or not, she’s always in the mood to geocache with her Underwater Adventure friends!&lt;/p&gt;\r\n\r\n&lt;table border=&quot;1&quot; cellpadding=&quot;1&quot; cellspacing=&quot;1&quot; style=&quot;width: 300px;&quot;&gt;\r\n	&lt;tbody&gt;\r\n		&lt;tr&gt;\r\n			&lt;td&gt;&lt;strong&gt;Parameters:&lt;/strong&gt;&lt;/td&gt;\r\n			&lt;td&gt;&amp;nbsp;&lt;/td&gt;\r\n		&lt;/tr&gt;\r\n		&lt;tr&gt;\r\n			&lt;td&gt;Size, mm&lt;/td&gt;\r\n			&lt;td&gt;39 x 30&lt;/td&gt;\r\n		&lt;/tr&gt;\r\n		&lt;tr&gt;\r\n			&lt;td&gt;Thickness, mm&lt;/td&gt;\r\n			&lt;td&gt;1&lt;/td&gt;\r\n		&lt;/tr&gt;\r\n	&lt;/tbody&gt;\r\n&lt;/table&gt;\r\n\r\n&lt;p&gt;&amp;nbsp;&lt;/p&gt;\r\n','','','Trackable, Cache Buddy, Travel Tag, Connie the Crab Travel Tag '),(315,2,'Krabas - keliaujantis prisegtukas','&lt;p&gt;Tai keliaujantis prisegtukas, turintis unikalų identifikavimo (sekimo) numerį. Žinant sekimo numerį galima nustatyti keliauninko buvimo vietą ir sekti jo kelionės maršrutą. Jį pritvirtinus prie kokio nors nedidelio daikčiuko, galima jam sugalvoti misiją (pvz: aplankyti kuo daugiau šalių, piliakalnių ar pan.), ir paleisti keliauti po pasaulį.&lt;br /&gt;\r\nKeliauninkų kelionės &lt;a href=&quot;http://www.geocaching.com/track/&quot;&gt;maršrutus galima sekti čia&lt;/a&gt;.&lt;/p&gt;\r\n\r\n&lt;table border=&quot;1&quot; cellpadding=&quot;1&quot; cellspacing=&quot;1&quot; style=&quot;width: 300px;&quot;&gt;\r\n	&lt;tbody&gt;\r\n		&lt;tr&gt;\r\n			&lt;td&gt;&lt;strong&gt;Parametrai:&lt;/strong&gt;&lt;/td&gt;\r\n			&lt;td&gt;&amp;nbsp;&lt;/td&gt;\r\n		&lt;/tr&gt;\r\n		&lt;tr&gt;\r\n			&lt;td&gt;Dydis, mm&lt;/td&gt;\r\n			&lt;td&gt;39 x 30&lt;/td&gt;\r\n		&lt;/tr&gt;\r\n		&lt;tr&gt;\r\n			&lt;td&gt;Storis, mm&lt;/td&gt;\r\n			&lt;td&gt;1&lt;/td&gt;\r\n		&lt;/tr&gt;\r\n	&lt;/tbody&gt;\r\n&lt;/table&gt;\r\n\r\n&lt;p&gt;&amp;nbsp;&lt;/p&gt;\r\n','Keliauninkai, Keliaujantis prisegtukas','Keliauninkai, Keliaujantis prisegtukas','Keliauninkai, Keliaujantis prisegtukas, krabas'),(316,2,'Estiška geomoneta &quot;Caching and Culture: Estonia&quot;, bronzos spalvos','&lt;p&gt;Ta viena pirmųjų Estiškų geomonetų, pavadinta &quot;&lt;em&gt;Caching and Culture: Estonia&lt;/em&gt;&quot; t.y. Lobiavimas ir kultūra: Estija&lt;/p&gt;\r\n\r\n&lt;p&gt;Geomonetų (taip pat ir Keliauninkų) kelionių &lt;a href=&quot;http://www.geocaching.com/track/&quot; target=&quot;_blank&quot;&gt;maršrutus galima sekti čia&lt;/a&gt;.&lt;/p&gt;\r\n\r\n&lt;table border=&quot;1&quot; cellpadding=&quot;1&quot; cellspacing=&quot;1&quot; height=&quot;80&quot; width=&quot;213&quot;&gt;\r\n	&lt;tbody&gt;\r\n		&lt;tr&gt;\r\n			&lt;td&gt;&lt;strong&gt;Parametrai:&lt;/strong&gt;&lt;/td&gt;\r\n			&lt;td&gt;&amp;nbsp;&lt;/td&gt;\r\n		&lt;/tr&gt;\r\n		&lt;tr&gt;\r\n			&lt;td&gt;Matmenys, mm&lt;/td&gt;\r\n			&lt;td&gt;d45&lt;/td&gt;\r\n		&lt;/tr&gt;\r\n		&lt;tr&gt;\r\n			&lt;td&gt;Storis, mm&lt;/td&gt;\r\n			&lt;td&gt;4&lt;/td&gt;\r\n		&lt;/tr&gt;\r\n	&lt;/tbody&gt;\r\n&lt;/table&gt;\r\n\r\n&lt;p&gt;&amp;nbsp;&lt;/p&gt;\r\n','','','Keliauninkai, Geomonetos, Estija, Estiška, Caching and Culture: Estonia'),(316,1,'Estonian Geocoin: Caching and Culture, Antique Gold color','&lt;p&gt;This is one the first Estonian geocoins, called Geocoin Caching and Culture: Estonia, Antique Gold color&lt;/p&gt;\r\n\r\n&lt;p&gt;To learn more about Geocoins visit the &lt;a href=&quot;http://www.geocaching.com/track/&quot; target=&quot;_blank&quot;&gt;trackable items website&lt;/a&gt;.&lt;/p&gt;\r\n\r\n&lt;table border=&quot;1&quot; cellpadding=&quot;1&quot; cellspacing=&quot;1&quot; height=&quot;80&quot; width=&quot;213&quot;&gt;\r\n	&lt;tbody&gt;\r\n		&lt;tr&gt;\r\n			&lt;td&gt;&lt;strong&gt;Parameters: &lt;/strong&gt;&lt;/td&gt;\r\n			&lt;td&gt;&amp;nbsp;&lt;/td&gt;\r\n		&lt;/tr&gt;\r\n		&lt;tr&gt;\r\n			&lt;td&gt;Dimensions, mm&lt;/td&gt;\r\n			&lt;td&gt;d45&lt;/td&gt;\r\n		&lt;/tr&gt;\r\n		&lt;tr&gt;\r\n			&lt;td&gt;Thickness, mm&lt;/td&gt;\r\n			&lt;td&gt;4&lt;/td&gt;\r\n		&lt;/tr&gt;\r\n	&lt;/tbody&gt;\r\n&lt;/table&gt;\r\n\r\n&lt;p&gt;Conversion: 1 mm = 0.0393 inch, or 1 inch = 25.4 mm&lt;/p&gt;\r\n','','','Trackables, Geocoins, Geocoin, Estonia, Estonian Caching and Culture: Estonia'),(317,2,'Actekų piratų geomoneta, sidabro spalvos','&lt;p&gt;Legendos pasakoja apie piratų lobį, kuris buvo pagrobtas iš Ispanijos užkariautojų, ir kuris dingo didžiulės audros metu. Šios brangenybės daugybė šimtmečių gulėjo neliečiamos senovės actekų šventykloje. Dabar, praėjus amžiams, šio lobio gabaliukai grįžta į krantą, kad toliau tęstų savo keliones...&lt;/p&gt;\r\n\r\n&lt;p&gt;Geomonetų (taip pat ir Keliauninkų) kelionių &lt;a href=&quot;http://www.geocaching.com/track/&quot; target=&quot;_blank&quot;&gt;maršrutus galima sekti čia&lt;/a&gt;.&lt;/p&gt;\r\n\r\n&lt;p&gt;Moneta yra iškili.&lt;/p&gt;\r\n\r\n&lt;table border=&quot;1&quot; cellpadding=&quot;1&quot; cellspacing=&quot;1&quot; height=&quot;80&quot; width=&quot;213&quot;&gt;\r\n	&lt;tbody&gt;\r\n		&lt;tr&gt;\r\n			&lt;td&gt;&lt;strong&gt;Parametrai:&lt;/strong&gt;&lt;/td&gt;\r\n			&lt;td&gt;&amp;nbsp;&lt;/td&gt;\r\n		&lt;/tr&gt;\r\n		&lt;tr&gt;\r\n			&lt;td&gt;Matmenys, mm&lt;/td&gt;\r\n			&lt;td&gt;d45&lt;/td&gt;\r\n		&lt;/tr&gt;\r\n		&lt;tr&gt;\r\n			&lt;td&gt;Storis, mm&lt;/td&gt;\r\n			&lt;td&gt;4&lt;/td&gt;\r\n		&lt;/tr&gt;\r\n	&lt;/tbody&gt;\r\n&lt;/table&gt;\r\n\r\n&lt;p&gt;&amp;nbsp;&lt;/p&gt;\r\n','','','Keliauninkai, Geomonetos, Pirates'),(317,1,'Aztec Pirate Geocoin, Antique silver color','&lt;p&gt;Legends tell of a vast hoard of pirate gold stolen from the Spanish conquerors and lost at sea in a terrible storm that came upon crew without warning. This mighty treasure lay untouched for centuries in the depths of an ancient Aztec temple despite local inhabitants knowing it as common knowledge. This tribute to Huitzilopochtli, the Aztec God of War, remained intact until exploring invaders seized it for their own. Now centuries later, these pieces find their way to shore to travel endlessly lost upon time as they were lost upon the ocean...&lt;/p&gt;\r\n\r\n&lt;p&gt;To learn more about Geocoins visit the &lt;a href=&quot;http://www.geocaching.com/track/&quot; target=&quot;_blank&quot;&gt;trackable items website&lt;/a&gt;.&lt;/p&gt;\r\n\r\n&lt;table border=&quot;1&quot; cellpadding=&quot;1&quot; cellspacing=&quot;1&quot; height=&quot;80&quot; width=&quot;213&quot;&gt;\r\n	&lt;tbody&gt;\r\n		&lt;tr&gt;\r\n			&lt;td&gt;&lt;strong&gt;Parameters: &lt;/strong&gt;&lt;/td&gt;\r\n			&lt;td&gt;&amp;nbsp;&lt;/td&gt;\r\n		&lt;/tr&gt;\r\n		&lt;tr&gt;\r\n			&lt;td&gt;Dimensions, mm&lt;/td&gt;\r\n			&lt;td&gt;d45&lt;/td&gt;\r\n		&lt;/tr&gt;\r\n		&lt;tr&gt;\r\n			&lt;td&gt;Thickness, mm&lt;/td&gt;\r\n			&lt;td&gt;4&lt;/td&gt;\r\n		&lt;/tr&gt;\r\n	&lt;/tbody&gt;\r\n&lt;/table&gt;\r\n\r\n&lt;p&gt;Conversion: 1 mm = 0.0393 inch, or 1 inch = 25.4 mm&lt;/p&gt;\r\n','','','Trackables, Geocoins, Pirates'),(318,2,'Estiška geomoneta &quot;Estonian Landscape&quot;, sidabro spalvos','&lt;p&gt;Tai Estiška geomoneta, pavadinta &quot;&lt;em&gt;Estonian Landscape&lt;/em&gt;&quot; t.y. Estijos kraštovaizdis. Ji skirta Estijos dainų ir šokių festivaliui. Bronzos spalvos&lt;/p&gt;\r\n\r\n&lt;p&gt;Geomonetų (taip pat ir Keliauninkų) kelionių &lt;a href=&quot;http://www.geocaching.com/track/&quot; target=&quot;_blank&quot;&gt;maršrutus galima sekti čia&lt;/a&gt;.&lt;/p&gt;\r\n\r\n&lt;table border=&quot;1&quot; cellpadding=&quot;1&quot; cellspacing=&quot;1&quot; height=&quot;80&quot; width=&quot;213&quot;&gt;\r\n	&lt;tbody&gt;\r\n		&lt;tr&gt;\r\n			&lt;td&gt;&lt;strong&gt;Parametrai:&lt;/strong&gt;&lt;/td&gt;\r\n			&lt;td&gt;&amp;nbsp;&lt;/td&gt;\r\n		&lt;/tr&gt;\r\n		&lt;tr&gt;\r\n			&lt;td&gt;Matmenys, mm&lt;/td&gt;\r\n			&lt;td&gt;50x27&lt;/td&gt;\r\n		&lt;/tr&gt;\r\n		&lt;tr&gt;\r\n			&lt;td&gt;Storis, mm&lt;/td&gt;\r\n			&lt;td&gt;4&lt;/td&gt;\r\n		&lt;/tr&gt;\r\n	&lt;/tbody&gt;\r\n&lt;/table&gt;\r\n\r\n&lt;p&gt;&amp;nbsp;&lt;/p&gt;\r\n','','','Keliauninkai, Geomonetos, Estija, Estiška, Caching and Culture: Estonia'),(318,1,'Estonian Geocoin: Estonian Landscape, Antique Silver color','&lt;p&gt;This is Estonian geocoin, called Estonian Landscape. This coin is dedicated to Estonian song and dance festival. Antique Silver color&lt;/p&gt;\r\n\r\n&lt;p&gt;To learn more about Geocoins visit the &lt;a href=&quot;http://www.geocaching.com/track/&quot; target=&quot;_blank&quot;&gt;trackable items website&lt;/a&gt;.&lt;/p&gt;\r\n\r\n&lt;table border=&quot;1&quot; cellpadding=&quot;1&quot; cellspacing=&quot;1&quot; height=&quot;80&quot; width=&quot;213&quot;&gt;\r\n	&lt;tbody&gt;\r\n		&lt;tr&gt;\r\n			&lt;td&gt;&lt;strong&gt;Parameters: &lt;/strong&gt;&lt;/td&gt;\r\n			&lt;td&gt;&amp;nbsp;&lt;/td&gt;\r\n		&lt;/tr&gt;\r\n		&lt;tr&gt;\r\n			&lt;td&gt;Dimensions, mm&lt;/td&gt;\r\n			&lt;td&gt;50x27&lt;/td&gt;\r\n		&lt;/tr&gt;\r\n		&lt;tr&gt;\r\n			&lt;td&gt;Thickness, mm&lt;/td&gt;\r\n			&lt;td&gt;4&lt;/td&gt;\r\n		&lt;/tr&gt;\r\n	&lt;/tbody&gt;\r\n&lt;/table&gt;\r\n\r\n&lt;p&gt;Conversion: 1 mm = 0.0393 inch, or 1 inch = 25.4 mm&lt;/p&gt;\r\n','','','Trackables, Geocoins, Geocoin, Estonia, Estonian Caching and Culture: Estonia'),(319,2,'Estiška geomoneta &quot;Estonian Landscape&quot;, vario spalvos','&lt;p&gt;Tai Estiška geomoneta, pavadinta &quot;&lt;em&gt;Estonian Landscape&lt;/em&gt;&quot; t.y. Estijos kraštovaizdis. Ji skirta Estijos dainų ir šokių festivaliui. Vario spalvos&lt;/p&gt;\r\n\r\n&lt;p&gt;Geomonetų (taip pat ir Keliauninkų) kelionių &lt;a href=&quot;http://www.geocaching.com/track/&quot; target=&quot;_blank&quot;&gt;maršrutus galima sekti čia&lt;/a&gt;.&lt;/p&gt;\r\n\r\n&lt;table border=&quot;1&quot; cellpadding=&quot;1&quot; cellspacing=&quot;1&quot; height=&quot;80&quot; width=&quot;213&quot;&gt;\r\n	&lt;tbody&gt;\r\n		&lt;tr&gt;\r\n			&lt;td&gt;&lt;strong&gt;Parametrai:&lt;/strong&gt;&lt;/td&gt;\r\n			&lt;td&gt;&amp;nbsp;&lt;/td&gt;\r\n		&lt;/tr&gt;\r\n		&lt;tr&gt;\r\n			&lt;td&gt;Matmenys, mm&lt;/td&gt;\r\n			&lt;td&gt;50x27&lt;/td&gt;\r\n		&lt;/tr&gt;\r\n		&lt;tr&gt;\r\n			&lt;td&gt;Storis, mm&lt;/td&gt;\r\n			&lt;td&gt;4&lt;/td&gt;\r\n		&lt;/tr&gt;\r\n	&lt;/tbody&gt;\r\n&lt;/table&gt;\r\n\r\n&lt;p&gt;&amp;nbsp;&lt;/p&gt;\r\n','','','Keliauninkai, Geomonetos, Estija, Estiška, Caching and Culture: Estonia'),(320,1,'Estonian Geocoin: Estonian Landscape, Antique Gold color','&lt;p&gt;This is Estonian geocoin, called Estonian Landscape. This coin is dedicated to Estonian song and dance festival. Antique Gold color&lt;/p&gt;\r\n\r\n&lt;p&gt;To learn more about Geocoins visit the &lt;a href=&quot;http://www.geocaching.com/track/&quot; target=&quot;_blank&quot;&gt;trackable items website&lt;/a&gt;.&lt;/p&gt;\r\n\r\n&lt;table border=&quot;1&quot; cellpadding=&quot;1&quot; cellspacing=&quot;1&quot; height=&quot;80&quot; width=&quot;213&quot;&gt;\r\n	&lt;tbody&gt;\r\n		&lt;tr&gt;\r\n			&lt;td&gt;&lt;strong&gt;Parameters: &lt;/strong&gt;&lt;/td&gt;\r\n			&lt;td&gt;&amp;nbsp;&lt;/td&gt;\r\n		&lt;/tr&gt;\r\n		&lt;tr&gt;\r\n			&lt;td&gt;Dimensions, mm&lt;/td&gt;\r\n			&lt;td&gt;50x27&lt;/td&gt;\r\n		&lt;/tr&gt;\r\n		&lt;tr&gt;\r\n			&lt;td&gt;Thickness, mm&lt;/td&gt;\r\n			&lt;td&gt;4&lt;/td&gt;\r\n		&lt;/tr&gt;\r\n	&lt;/tbody&gt;\r\n&lt;/table&gt;\r\n\r\n&lt;p&gt;Conversion: 1 mm = 0.0393 inch, or 1 inch = 25.4 mm&lt;/p&gt;\r\n','','','Trackables, Geocoins, Geocoin, Estonia, Estonian Caching and Culture: Estonia'),(320,2,'Estiška geomoneta &quot;Estonian Landscape&quot;, bronzos spalvos','&lt;p&gt;Tai Estiška geomoneta, pavadinta &quot;&lt;em&gt;Estonian Landscape&lt;/em&gt;&quot; t.y. Estijos kraštovaizdis. Ji skirta Estijos dainų ir šokių festivaliui. Bronzos spalvos&lt;/p&gt;\r\n\r\n&lt;p&gt;Geomonetų (taip pat ir Keliauninkų) kelionių &lt;a href=&quot;http://www.geocaching.com/track/&quot; target=&quot;_blank&quot;&gt;maršrutus galima sekti čia&lt;/a&gt;.&lt;/p&gt;\r\n\r\n&lt;table border=&quot;1&quot; cellpadding=&quot;1&quot; cellspacing=&quot;1&quot; height=&quot;80&quot; width=&quot;213&quot;&gt;\r\n	&lt;tbody&gt;\r\n		&lt;tr&gt;\r\n			&lt;td&gt;&lt;strong&gt;Parametrai:&lt;/strong&gt;&lt;/td&gt;\r\n			&lt;td&gt;&amp;nbsp;&lt;/td&gt;\r\n		&lt;/tr&gt;\r\n		&lt;tr&gt;\r\n			&lt;td&gt;Matmenys, mm&lt;/td&gt;\r\n			&lt;td&gt;50x27&lt;/td&gt;\r\n		&lt;/tr&gt;\r\n		&lt;tr&gt;\r\n			&lt;td&gt;Storis, mm&lt;/td&gt;\r\n			&lt;td&gt;4&lt;/td&gt;\r\n		&lt;/tr&gt;\r\n	&lt;/tbody&gt;\r\n&lt;/table&gt;\r\n\r\n&lt;p&gt;&amp;nbsp;&lt;/p&gt;\r\n','','','Keliauninkai, Geomonetos, Estija, Estiška, Caching and Culture: Estonia'),(319,1,'Estonian Geocoin: Estonian Landscape, Antique Copper color','&lt;p&gt;This is Estonian geocoin, called Estonian Landscape. This coin is dedicated to Estonian song and dance festival. Antique Copper color&lt;/p&gt;\r\n\r\n&lt;p&gt;To learn more about Geocoins visit the &lt;a href=&quot;http://www.geocaching.com/track/&quot; target=&quot;_blank&quot;&gt;trackable items website&lt;/a&gt;.&lt;/p&gt;\r\n\r\n&lt;table border=&quot;1&quot; cellpadding=&quot;1&quot; cellspacing=&quot;1&quot; height=&quot;80&quot; width=&quot;213&quot;&gt;\r\n	&lt;tbody&gt;\r\n		&lt;tr&gt;\r\n			&lt;td&gt;&lt;strong&gt;Parameters: &lt;/strong&gt;&lt;/td&gt;\r\n			&lt;td&gt;&amp;nbsp;&lt;/td&gt;\r\n		&lt;/tr&gt;\r\n		&lt;tr&gt;\r\n			&lt;td&gt;Dimensions, mm&lt;/td&gt;\r\n			&lt;td&gt;50x27&lt;/td&gt;\r\n		&lt;/tr&gt;\r\n		&lt;tr&gt;\r\n			&lt;td&gt;Thickness, mm&lt;/td&gt;\r\n			&lt;td&gt;4&lt;/td&gt;\r\n		&lt;/tr&gt;\r\n	&lt;/tbody&gt;\r\n&lt;/table&gt;\r\n\r\n&lt;p&gt;Conversion: 1 mm = 0.0393 inch, or 1 inch = 25.4 mm&lt;/p&gt;\r\n','','','Trackables, Geocoins, Geocoin, Estonia, Estonian Caching and Culture: Estonia'),(321,1,'Estonian Geocoin: Caching and Culture, Shiny Silver color','&lt;p&gt;This is one the first Estonian geocoins, called Geocoin Caching and Culture: Estonia, Shiny Silver color&lt;/p&gt;\r\n\r\n&lt;p&gt;To learn more about Geocoins visit the &lt;a href=&quot;http://www.geocaching.com/track/&quot; target=&quot;_blank&quot;&gt;trackable items website&lt;/a&gt;.&lt;/p&gt;\r\n\r\n&lt;table border=&quot;1&quot; cellpadding=&quot;1&quot; cellspacing=&quot;1&quot; height=&quot;80&quot; width=&quot;213&quot;&gt;\r\n	&lt;tbody&gt;\r\n		&lt;tr&gt;\r\n			&lt;td&gt;&lt;strong&gt;Parameters: &lt;/strong&gt;&lt;/td&gt;\r\n			&lt;td&gt;&amp;nbsp;&lt;/td&gt;\r\n		&lt;/tr&gt;\r\n		&lt;tr&gt;\r\n			&lt;td&gt;Dimensions, mm&lt;/td&gt;\r\n			&lt;td&gt;d45&lt;/td&gt;\r\n		&lt;/tr&gt;\r\n		&lt;tr&gt;\r\n			&lt;td&gt;Thickness, mm&lt;/td&gt;\r\n			&lt;td&gt;4&lt;/td&gt;\r\n		&lt;/tr&gt;\r\n	&lt;/tbody&gt;\r\n&lt;/table&gt;\r\n\r\n&lt;p&gt;Conversion: 1 mm = 0.0393 inch, or 1 inch = 25.4 mm&lt;/p&gt;\r\n','','','Trackables, Geocoins, Geocoin, Estonia, Estonian Caching and Culture: Estonia'),(321,2,'Estiška geomoneta &quot;Caching and Culture: Estonia&quot;, sidabro spalvos','&lt;p&gt;Ta viena pirmųjų Estiškų geomonetų, pavadinta &quot;&lt;em&gt;Caching and Culture: Estonia&lt;/em&gt;&quot; t.y. Lobiavimas ir kultūra: Estija&lt;/p&gt;\r\n\r\n&lt;p&gt;Geomonetų (taip pat ir Keliauninkų) kelionių &lt;a href=&quot;http://www.geocaching.com/track/&quot; target=&quot;_blank&quot;&gt;maršrutus galima sekti čia&lt;/a&gt;.&lt;/p&gt;\r\n\r\n&lt;table border=&quot;1&quot; cellpadding=&quot;1&quot; cellspacing=&quot;1&quot; height=&quot;80&quot; width=&quot;213&quot;&gt;\r\n	&lt;tbody&gt;\r\n		&lt;tr&gt;\r\n			&lt;td&gt;&lt;strong&gt;Parametrai:&lt;/strong&gt;&lt;/td&gt;\r\n			&lt;td&gt;&amp;nbsp;&lt;/td&gt;\r\n		&lt;/tr&gt;\r\n		&lt;tr&gt;\r\n			&lt;td&gt;Matmenys, mm&lt;/td&gt;\r\n			&lt;td&gt;d45&lt;/td&gt;\r\n		&lt;/tr&gt;\r\n		&lt;tr&gt;\r\n			&lt;td&gt;Storis, mm&lt;/td&gt;\r\n			&lt;td&gt;4&lt;/td&gt;\r\n		&lt;/tr&gt;\r\n	&lt;/tbody&gt;\r\n&lt;/table&gt;\r\n\r\n&lt;p&gt;&amp;nbsp;&lt;/p&gt;\r\n','','','Keliauninkai, Geomonetos, Estija, Estiška, Caching and Culture: Estonia'),(322,2,'Užgavėnių kaukės geomoneta, aukso spalvos','&lt;p&gt;Ar ieškote monetos, kuri žino, kaip linksmintis?&lt;/p&gt;\r\n\r\n&lt;p&gt;Ši moneta yra skirta Užgavėnių linksmybėms. Pereinančių spalvų monetą puošia 6 žalios akutės.&lt;/p&gt;\r\n\r\n&lt;p&gt;Geomonetų (taip pat ir Keliauninkų) kelionių &lt;a href=&quot;http://www.geocaching.com/track/&quot; target=&quot;_blank&quot;&gt;maršrutus galima sekti čia&lt;/a&gt;.&lt;/p&gt;\r\n\r\n&lt;table border=&quot;1&quot; cellpadding=&quot;1&quot; cellspacing=&quot;1&quot; height=&quot;80&quot; width=&quot;213&quot;&gt;\r\n	&lt;tbody&gt;\r\n		&lt;tr&gt;\r\n			&lt;td&gt;&lt;strong&gt;Parametrai:&lt;/strong&gt;&lt;/td&gt;\r\n			&lt;td&gt;&amp;nbsp;&lt;/td&gt;\r\n		&lt;/tr&gt;\r\n		&lt;tr&gt;\r\n			&lt;td&gt;Matmenys, mm&lt;/td&gt;\r\n			&lt;td&gt;50x32&lt;/td&gt;\r\n		&lt;/tr&gt;\r\n		&lt;tr&gt;\r\n			&lt;td&gt;Storis, mm&lt;/td&gt;\r\n			&lt;td&gt;4&lt;/td&gt;\r\n		&lt;/tr&gt;\r\n	&lt;/tbody&gt;\r\n&lt;/table&gt;\r\n\r\n&lt;p&gt;&amp;nbsp;&lt;/p&gt;\r\n','','','Keliauninkai, Geomonetos, Mardi Gras, Užgavėnės'),(322,1,'Mardi Gras Geocoin, Gold color','&lt;p&gt;Are you looking for a geocoin that knows how to party?&lt;/p&gt;\r\n\r\n&lt;p&gt;This coin is fun enough to take Fat Tuesday around the world. These coins are trackable at geocaching.com and feature a unique icon, so get them out in a geocaching parade today!&lt;/p&gt;\r\n\r\n&lt;p&gt;&lt;span style=&quot;font-size: small;&quot;&gt;This nice transparent color geocoin has 6 green glass crystals&lt;/span&gt;&lt;/p&gt;\r\n\r\n&lt;p&gt;To learn more about Geocoins visit the &lt;a href=&quot;http://www.geocaching.com/track/&quot; target=&quot;_blank&quot;&gt;trackable items website&lt;/a&gt;.&lt;/p&gt;\r\n\r\n&lt;table border=&quot;1&quot; cellpadding=&quot;1&quot; cellspacing=&quot;1&quot; height=&quot;80&quot; width=&quot;213&quot;&gt;\r\n	&lt;tbody&gt;\r\n		&lt;tr&gt;\r\n			&lt;td&gt;&lt;strong&gt;Parameters: &lt;/strong&gt;&lt;/td&gt;\r\n			&lt;td&gt;&amp;nbsp;&lt;/td&gt;\r\n		&lt;/tr&gt;\r\n		&lt;tr&gt;\r\n			&lt;td&gt;Dimensions, mm&lt;/td&gt;\r\n			&lt;td&gt;50x32&lt;/td&gt;\r\n		&lt;/tr&gt;\r\n		&lt;tr&gt;\r\n			&lt;td&gt;Thickness, mm&lt;/td&gt;\r\n			&lt;td&gt;4&lt;/td&gt;\r\n		&lt;/tr&gt;\r\n	&lt;/tbody&gt;\r\n&lt;/table&gt;\r\n\r\n&lt;p&gt;Conversion: 1 mm = 0.0393 inch, or 1 inch = 25.4 mm&lt;/p&gt;\r\n','','','Trackables, Geocoins, Geocoin, Mardi Gras'),(323,1,'Signal geocoin, Evening in Ulm','&lt;p&gt;This special designed coin for the Geocoinfest Ulm Mega in 2014.&lt;/p&gt;\r\n\r\n&lt;p&gt;To learn more about Geocoins visit the &lt;a href=&quot;http://www.geocaching.com/track/&quot; target=&quot;_blank&quot;&gt;trackable items website&lt;/a&gt;.&lt;br /&gt;\r\n&amp;nbsp;&lt;/p&gt;\r\n\r\n&lt;table border=&quot;1&quot; cellpadding=&quot;1&quot; cellspacing=&quot;1&quot; style=&quot;width: 300px;&quot;&gt;\r\n	&lt;tbody&gt;\r\n		&lt;tr&gt;\r\n			&lt;td&gt;&lt;strong&gt;Parameters:&lt;/strong&gt;&lt;/td&gt;\r\n			&lt;td&gt;&amp;nbsp;&lt;/td&gt;\r\n		&lt;/tr&gt;\r\n		&lt;tr&gt;\r\n			&lt;td&gt;Diameter, mm&lt;/td&gt;\r\n			&lt;td&gt;30&lt;/td&gt;\r\n		&lt;/tr&gt;\r\n		&lt;tr&gt;\r\n			&lt;td&gt;Thickness, mm&lt;/td&gt;\r\n			&lt;td&gt;3&lt;/td&gt;\r\n		&lt;/tr&gt;\r\n	&lt;/tbody&gt;\r\n&lt;/table&gt;\r\n\r\n&lt;p&gt;&amp;nbsp;&lt;/p&gt;\r\n\r\n&lt;p&gt;&amp;nbsp;&lt;/p&gt;\r\n','','Geocoin','Trackable, Geocoin, Micro, Signal'),(323,2,'Signal geomoneta, Evening in Ulm','&lt;p&gt;Ši montea sukurta Mega Geomonetų festivaliui Ulm\'e 2014 metais.&lt;/p&gt;\r\n\r\n&lt;p&gt;Geomonetų (taip pat ir Keliauninkų) kelionių &lt;a href=&quot;http://www.geocaching.com/track/&quot; target=&quot;_blank&quot;&gt;maršrutus galima sekti čia&lt;/a&gt;.&lt;br /&gt;\r\n&amp;nbsp;&lt;/p&gt;\r\n\r\n&lt;table border=&quot;1&quot; cellpadding=&quot;1&quot; cellspacing=&quot;1&quot; style=&quot;width: 300px;&quot;&gt;\r\n	&lt;tbody&gt;\r\n		&lt;tr&gt;\r\n			&lt;td&gt;&lt;strong&gt;Parametrai:&lt;/strong&gt;&lt;/td&gt;\r\n			&lt;td&gt;&amp;nbsp;&lt;/td&gt;\r\n		&lt;/tr&gt;\r\n		&lt;tr&gt;\r\n			&lt;td&gt;Skersmuo, mm&lt;/td&gt;\r\n			&lt;td&gt;30&lt;/td&gt;\r\n		&lt;/tr&gt;\r\n		&lt;tr&gt;\r\n			&lt;td&gt;Storis, mm&lt;/td&gt;\r\n			&lt;td&gt;3&lt;/td&gt;\r\n		&lt;/tr&gt;\r\n	&lt;/tbody&gt;\r\n&lt;/table&gt;\r\n\r\n&lt;p&gt;&amp;nbsp;&lt;/p&gt;\r\n','','Geocoin-geomoneta','Keliauninkai, Geomonetos, geomoneta,  Signal,'),(324,2,'Signal geomoneta, Sunset over Ulm','&lt;p&gt;Ši moneta sukurta Mega Geomonetų festivaliui Ulm\'e 2014 metais.&lt;/p&gt;\r\n\r\n&lt;p&gt;Geomonetų (taip pat ir Keliauninkų) kelionių &lt;a href=&quot;http://www.geocaching.com/track/&quot; target=&quot;_blank&quot;&gt;maršrutus galima sekti čia&lt;/a&gt;.&lt;br /&gt;\r\n&amp;nbsp;&lt;/p&gt;\r\n\r\n&lt;table border=&quot;1&quot; cellpadding=&quot;1&quot; cellspacing=&quot;1&quot; style=&quot;width: 300px;&quot;&gt;\r\n	&lt;tbody&gt;\r\n		&lt;tr&gt;\r\n			&lt;td&gt;&lt;strong&gt;Parametrai:&lt;/strong&gt;&lt;/td&gt;\r\n			&lt;td&gt;&amp;nbsp;&lt;/td&gt;\r\n		&lt;/tr&gt;\r\n		&lt;tr&gt;\r\n			&lt;td&gt;Skersmuo, mm&lt;/td&gt;\r\n			&lt;td&gt;30&lt;/td&gt;\r\n		&lt;/tr&gt;\r\n		&lt;tr&gt;\r\n			&lt;td&gt;Storis, mm&lt;/td&gt;\r\n			&lt;td&gt;3&lt;/td&gt;\r\n		&lt;/tr&gt;\r\n	&lt;/tbody&gt;\r\n&lt;/table&gt;\r\n\r\n&lt;p&gt;&amp;nbsp;&lt;/p&gt;\r\n','','Geocoin-geomoneta','Keliauninkai, Geomonetos, geomoneta,  Signal,'),(324,1,'Signal geocoin, Sunset over Ulm','&lt;p&gt;This special designed coin for the Geocoinfest Ulm Mega in 2014.&lt;/p&gt;\r\n\r\n&lt;p&gt;To learn more about Geocoins visit the &lt;a href=&quot;http://www.geocaching.com/track/&quot; target=&quot;_blank&quot;&gt;trackable items website&lt;/a&gt;.&lt;br /&gt;\r\n&amp;nbsp;&lt;/p&gt;\r\n\r\n&lt;table border=&quot;1&quot; cellpadding=&quot;1&quot; cellspacing=&quot;1&quot; style=&quot;width: 300px;&quot;&gt;\r\n	&lt;tbody&gt;\r\n		&lt;tr&gt;\r\n			&lt;td&gt;&lt;strong&gt;Parameters:&lt;/strong&gt;&lt;/td&gt;\r\n			&lt;td&gt;&amp;nbsp;&lt;/td&gt;\r\n		&lt;/tr&gt;\r\n		&lt;tr&gt;\r\n			&lt;td&gt;Diameter, mm&lt;/td&gt;\r\n			&lt;td&gt;d30&lt;/td&gt;\r\n		&lt;/tr&gt;\r\n		&lt;tr&gt;\r\n			&lt;td&gt;Thickness, mm&lt;/td&gt;\r\n			&lt;td&gt;3&lt;/td&gt;\r\n		&lt;/tr&gt;\r\n	&lt;/tbody&gt;\r\n&lt;/table&gt;\r\n\r\n&lt;p&gt;&amp;nbsp;&lt;/p&gt;\r\n\r\n&lt;p&gt;&amp;nbsp;&lt;/p&gt;\r\n','','Geocoin','Trackable, Geocoin, Micro, Signal');
CREATE TABLE `oc_product_discount` (
  `product_discount_id` int(11) NOT NULL AUTO_INCREMENT,
  `product_id` int(11) NOT NULL,
  `customer_group_id` int(11) NOT NULL,
  `quantity` int(4) NOT NULL DEFAULT '0',
  `priority` int(5) NOT NULL DEFAULT '1',
  `price` decimal(15,4) NOT NULL DEFAULT '0.0000',
  `date_start` date NOT NULL DEFAULT '0000-00-00',
  `date_end` date NOT NULL DEFAULT '0000-00-00',
  PRIMARY KEY (`product_discount_id`),
  KEY `product_id` (`product_id`)
) ENGINE=MyISAM AUTO_INCREMENT=1926 DEFAULT CHARSET=utf8;
INSERT INTO `oc_product_discount` VALUES (502,42,1,30,1,66.0000,'0000-00-00','0000-00-00'),(501,42,1,20,1,77.0000,'0000-00-00','0000-00-00'),(500,42,1,10,1,88.0000,'0000-00-00','0000-00-00'),(1836,164,1,10,0,0.0450,'0000-00-00','0000-00-00'),(1855,57,1,4,1,0.6000,'0000-00-00','0000-00-00'),(1837,163,1,5,0,0.1300,'0000-00-00','0000-00-00'),(1898,238,1,10,0,0.3500,'0000-00-00','0000-00-00'),(1852,58,1,5,0,2.0000,'0000-00-00','0000-00-00'),(1804,59,1,4,1,2.7500,'0000-00-00','0000-00-00'),(1846,67,1,5,0,1.4000,'0000-00-00','0000-00-00'),(1847,66,1,5,0,1.4000,'0000-00-00','0000-00-00'),(1777,68,1,5,0,1.9900,'0000-00-00','0000-00-00'),(1861,72,1,10,0,0.3800,'0000-00-00','0000-00-00'),(1780,71,1,10,0,0.2400,'0000-00-00','0000-00-00'),(1859,73,1,10,0,0.3500,'0000-00-00','0000-00-00'),(1867,74,1,10,0,0.4400,'0000-00-00','0000-00-00'),(1864,214,1,10,0,0.2400,'0000-00-00','0000-00-00'),(1868,76,1,10,0,0.3500,'0000-00-00','0000-00-00'),(1863,77,1,20,0,1.2900,'0000-00-00','0000-00-00'),(1862,77,1,10,0,0.3300,'0000-00-00','0000-00-00'),(1799,98,1,3,0,2.0000,'0000-00-00','0000-00-00'),(1800,99,1,3,0,2.0000,'0000-00-00','0000-00-00'),(1803,100,1,10,0,0.1500,'0000-00-00','0000-00-00'),(1802,100,1,5,0,0.1600,'0000-00-00','0000-00-00'),(1858,105,1,10,2,0.2000,'0000-00-00','0000-00-00'),(1857,105,1,5,1,0.2700,'0000-00-00','0000-00-00'),(1849,106,1,10,2,0.4500,'0000-00-00','0000-00-00'),(1848,106,1,5,1,0.5000,'0000-00-00','0000-00-00'),(1851,107,1,10,0,0.4100,'0000-00-00','0000-00-00'),(1850,107,1,5,0,0.4500,'0000-00-00','0000-00-00'),(1923,148,1,10,0,0.0400,'0000-00-00','0000-00-00'),(1920,176,1,10,0,0.1800,'0000-00-00','0000-00-00'),(1906,53,1,5,0,5.2500,'0000-00-00','0000-00-00'),(1756,146,1,5,0,0.2000,'0000-00-00','0000-00-00'),(1882,118,1,10,0,0.0300,'0000-00-00','0000-00-00'),(1881,118,1,5,0,0.0400,'0000-00-00','0000-00-00'),(1916,122,1,10,0,0.7000,'0000-00-00','0000-00-00'),(1755,119,1,5,0,1.9000,'0000-00-00','0000-00-00'),(1915,122,1,5,0,0.7500,'0000-00-00','0000-00-00'),(1918,123,1,10,0,0.6500,'0000-00-00','0000-00-00'),(1917,123,1,5,0,0.6800,'0000-00-00','0000-00-00'),(1845,124,1,10,0,0.1300,'0000-00-00','0000-00-00'),(1844,124,1,5,0,0.1500,'0000-00-00','0000-00-00'),(1835,164,1,5,0,0.0500,'0000-00-00','0000-00-00'),(1914,125,1,5,0,0.9000,'0000-00-00','0000-00-00'),(1754,149,1,10,0,1.0000,'0000-00-00','0000-00-00'),(972,126,1,5,0,8.0000,'0000-00-00','0000-00-00'),(1753,149,1,5,0,1.1000,'0000-00-00','0000-00-00'),(1910,61,1,5,0,0.8000,'0000-00-00','0000-00-00'),(1909,61,1,3,0,0.8500,'0000-00-00','0000-00-00'),(1885,155,1,5,0,0.2500,'0000-00-00','0000-00-00'),(1886,156,1,5,0,0.1700,'0000-00-00','0000-00-00'),(1889,265,1,0,0,0.0000,'0000-00-00','0000-00-00'),(1843,158,1,5,0,0.2400,'0000-00-00','0000-00-00'),(1888,159,1,5,0,0.1700,'0000-00-00','0000-00-00'),(1842,160,1,5,0,0.1800,'0000-00-00','0000-00-00'),(1896,166,1,10,0,0.0300,'0000-00-00','0000-00-00'),(1887,165,1,5,0,0.1200,'0000-00-00','0000-00-00'),(1895,166,1,5,0,0.0400,'0000-00-00','0000-00-00'),(1815,167,1,5,0,0.2000,'0000-00-00','0000-00-00'),(1925,168,1,10,0,0.1600,'0000-00-00','0000-00-00'),(1924,168,1,5,0,0.1700,'0000-00-00','0000-00-00'),(1770,170,1,10,0,0.1500,'0000-00-00','0000-00-00'),(1899,169,1,5,0,0.1200,'0000-00-00','0000-00-00'),(1769,170,1,5,0,0.1700,'0000-00-00','0000-00-00'),(1807,171,1,5,0,0.2500,'0000-00-00','0000-00-00'),(1819,172,1,10,0,0.8000,'0000-00-00','0000-00-00'),(1818,172,1,5,0,0.9000,'0000-00-00','0000-00-00'),(1771,173,1,5,0,0.4000,'0000-00-00','0000-00-00'),(1821,174,1,10,0,0.1600,'0000-00-00','0000-00-00'),(1820,174,1,5,0,0.1700,'0000-00-00','0000-00-00'),(1812,175,1,5,0,0.2500,'0000-00-00','0000-00-00'),(1919,176,1,5,0,0.1900,'0000-00-00','0000-00-00'),(1814,177,1,10,0,0.1600,'0000-00-00','0000-00-00'),(1813,177,1,5,0,0.1700,'0000-00-00','0000-00-00'),(1912,178,1,10,0,0.1500,'0000-00-00','0000-00-00'),(1911,178,1,5,0,0.1600,'0000-00-00','0000-00-00'),(1816,179,1,5,0,0.4500,'0000-00-00','0000-00-00'),(1891,180,1,10,0,0.1200,'0000-00-00','0000-00-00'),(1890,180,1,5,0,0.1300,'0000-00-00','0000-00-00'),(1876,181,1,10,0,0.1000,'0000-00-00','0000-00-00'),(1875,181,1,5,0,0.1100,'0000-00-00','0000-00-00'),(1871,184,1,10,0,0.0800,'0000-00-00','0000-00-00'),(1817,182,1,5,0,0.2100,'0000-00-00','0000-00-00'),(1801,183,1,5,0,0.1600,'0000-00-00','0000-00-00'),(1870,184,1,5,0,0.0900,'0000-00-00','0000-00-00'),(1872,185,1,5,0,0.5100,'0000-00-00','0000-00-00'),(1892,224,1,0,0,0.0000,'0000-00-00','0000-00-00'),(1860,212,1,10,0,0.2500,'0000-00-00','0000-00-00'),(1866,213,1,10,0,0.2000,'0000-00-00','0000-00-00'),(1865,215,1,10,0,0.8500,'0000-00-00','0000-00-00'),(1869,216,1,10,0,1.0400,'0000-00-00','0000-00-00'),(1897,238,1,5,0,0.4000,'0000-00-00','0000-00-00'),(1841,239,1,10,0,0.3000,'2015-02-15','2015-02-15'),(1840,239,1,5,0,0.3500,'2015-02-15','2015-02-15'),(1796,240,1,10,0,0.0300,'0000-00-00','0000-00-00'),(1795,240,1,5,0,0.0400,'0000-00-00','0000-00-00'),(1775,242,1,10,0,0.7000,'0000-00-00','0000-00-00'),(1774,242,1,5,0,0.7500,'0000-00-00','0000-00-00'),(1792,243,1,10,0,0.0600,'0000-00-00','0000-00-00'),(1791,243,1,5,0,0.0700,'0000-00-00','0000-00-00'),(1874,252,1,10,0,0.4200,'0000-00-00','0000-00-00'),(1873,252,1,5,0,0.4500,'0000-00-00','0000-00-00'),(1832,249,1,100,0,0.3700,'0000-00-00','0000-00-00'),(1831,249,1,75,0,0.4000,'0000-00-00','0000-00-00'),(1830,249,1,50,0,0.5000,'0000-00-00','0000-00-00'),(1829,249,1,25,0,0.6300,'0000-00-00','0000-00-00'),(1828,249,1,10,0,0.8500,'0000-00-00','0000-00-00'),(1762,258,1,100,0,0.5000,'0000-00-00','0000-00-00'),(1761,258,1,50,0,0.7000,'0000-00-00','0000-00-00'),(1878,253,1,10,0,0.8500,'0000-00-00','0000-00-00'),(1877,253,1,5,0,0.9200,'0000-00-00','0000-00-00'),(1779,200,1,1,0,1.9000,'0000-00-00','0000-00-00'),(1760,258,1,25,0,0.8000,'0000-00-00','0000-00-00'),(1759,258,1,10,0,0.8500,'0000-00-00','0000-00-00'),(1758,258,1,5,0,0.9000,'0000-00-00','0000-00-00'),(1757,258,1,1,0,0.9500,'0000-00-00','0000-00-00'),(1786,275,1,10,0,0.0300,'0000-00-00','0000-00-00'),(1785,275,1,5,0,0.0400,'0000-00-00','0000-00-00'),(1790,276,1,10,0,0.0600,'0000-00-00','0000-00-00'),(1789,276,1,5,0,0.0700,'0000-00-00','0000-00-00'),(1884,277,1,10,0,0.0300,'0000-00-00','0000-00-00'),(1883,277,1,5,0,0.0400,'0000-00-00','0000-00-00'),(1905,278,1,10,0,0.3500,'0000-00-00','0000-00-00'),(1904,278,1,5,0,0.4000,'0000-00-00','0000-00-00'),(1922,279,1,10,0,0.3500,'0000-00-00','0000-00-00'),(1921,279,1,5,0,0.4000,'0000-00-00','0000-00-00'),(1901,280,1,10,0,0.3500,'2015-02-15','2015-02-15'),(1900,280,1,5,0,0.3000,'2015-02-15','2015-02-15'),(1839,281,1,10,0,1.3000,'2015-02-15','2015-02-15'),(1838,281,1,5,0,0.3500,'2015-02-15','2015-02-15'),(1788,282,1,10,0,0.0600,'0000-00-00','0000-00-00'),(1787,282,1,5,0,0.0700,'0000-00-00','0000-00-00'),(1798,283,1,10,0,0.0600,'0000-00-00','0000-00-00'),(1797,283,1,5,0,0.0700,'0000-00-00','0000-00-00'),(1794,284,1,10,0,0.0600,'0000-00-00','0000-00-00'),(1793,284,1,5,0,0.0700,'0000-00-00','0000-00-00'),(1773,285,1,10,0,0.5500,'0000-00-00','0000-00-00'),(1772,285,1,5,0,0.6000,'0000-00-00','0000-00-00'),(1856,286,1,4,1,0.4500,'0000-00-00','0000-00-00'),(1854,287,1,5,0,2.1500,'0000-00-00','0000-00-00'),(1822,114,1,0,0,0.0000,'0000-00-00','0000-00-00'),(1764,291,1,0,0,13.2650,'2015-06-01','2015-06-09');
CREATE TABLE `oc_product_filter` (
  `product_id` int(11) NOT NULL,
  `filter_id` int(11) NOT NULL,
  PRIMARY KEY (`product_id`,`filter_id`)
) ENGINE=MyISAM DEFAULT CHARSET=utf8;
CREATE TABLE `oc_product_image` (
  `product_image_id` int(11) NOT NULL AUTO_INCREMENT,
  `product_id` int(11) NOT NULL,
  `image` varchar(255) DEFAULT NULL,
  `sort_order` int(3) NOT NULL DEFAULT '0',
  PRIMARY KEY (`product_image_id`)
) ENGINE=MyISAM AUTO_INCREMENT=6086 DEFAULT CHARSET=utf8;
INSERT INTO `oc_product_image` VALUES (2609,30,'data/demo/canon_eos_5d_2.jpg',0),(2785,47,'data/demo/hp_2.jpg',0),(2787,28,'data/demo/htc_touch_hd_2.jpg',0),(2552,41,'data/demo/imac_3.jpg',0),(2792,40,'data/demo/iphone_6.jpg',0),(2799,36,'data/demo/ipod_nano_5.jpg',0),(2798,36,'data/demo/ipod_nano_4.jpg',0),(2803,34,'data/demo/ipod_shuffle_3.jpg',0),(2802,34,'data/demo/ipod_shuffle_2.jpg',0),(2809,32,'data/demo/ipod_touch_4.jpg',0),(2808,32,'data/demo/ipod_touch_3.jpg',0),(2807,32,'data/demo/ipod_touch_2.jpg',0),(2813,43,'data/demo/macbook_3.jpg',0),(2812,43,'data/demo/macbook_2.jpg',0),(2819,44,'data/demo/macbook_air_4.jpg',0),(2818,44,'data/demo/macbook_air_2.jpg',0),(2816,45,'data/demo/macbook_pro_2.jpg',0),(2815,45,'data/demo/macbook_pro_3.jpg',0),(2823,31,'data/demo/nikon_d300_3.jpg',0),(2822,31,'data/demo/nikon_d300_2.jpg',0),(3367,29,'data/demo/palm_treo_pro_3.jpg',0),(2795,48,'data/demo/ipod_classic_2.jpg',0),(2794,48,'data/demo/ipod_classic_3.jpg',0),(2791,40,'data/demo/iphone_2.jpg',0),(2790,40,'data/demo/iphone_5.jpg',0),(2608,30,'data/demo/canon_eos_5d_3.jpg',0),(2784,47,'data/demo/hp_3.jpg',0),(2786,28,'data/demo/htc_touch_hd_3.jpg',0),(2551,41,'data/demo/imac_2.jpg',0),(2789,40,'data/demo/iphone_3.jpg',0),(2788,40,'data/demo/iphone_4.jpg',0),(2793,48,'data/demo/ipod_classic_4.jpg',0),(2797,36,'data/demo/ipod_nano_2.jpg',0),(2796,36,'data/demo/ipod_nano_3.jpg',0),(2801,34,'data/demo/ipod_shuffle_4.jpg',0),(2800,34,'data/demo/ipod_shuffle_5.jpg',0),(2806,32,'data/demo/ipod_touch_5.jpg',0),(2805,32,'data/demo/ipod_touch_6.jpg',0),(2804,32,'data/demo/ipod_touch_7.jpg',0),(2811,43,'data/demo/macbook_4.jpg',0),(2810,43,'data/demo/macbook_5.jpg',0),(2817,44,'data/demo/macbook_air_3.jpg',0),(2814,45,'data/demo/macbook_pro_4.jpg',0),(2821,31,'data/demo/nikon_d300_4.jpg',0),(2820,31,'data/demo/nikon_d300_5.jpg',0),(3366,29,'data/demo/palm_treo_pro_2.jpg',0),(2607,42,'data/Logbooks_logsheets/Logbooks_logsheets.jpg',0),(2606,42,'no_image.jpg',0),(2605,42,'data/cart.png',0),(2604,42,'data/logo.png',0),(2603,42,'data/demo/canon_eos_5d_2.jpg',0),(2602,42,'data/demo/canon_logo.jpg',0),(2601,42,'data/demo/hp_1.jpg',0),(2599,42,'data/demo/compaq_presario.jpg',0),(5821,74,'data/Medziagos/Magnetai/Magnet_N35_D8x5_2.jpg',0),(5815,73,'data/Medziagos/Magnetai/Magnet_N35_10x4x4_2.jpg',0),(5807,58,'data/Containers/Nano/Nano_Containers_box.jpg',1),(2600,42,'data/demo/canon_eos_5d_1.jpg',0),(5904,53,'data/Trackables/Travel_Bugs/Travel Bug_2.jpg',0),(5812,57,'data/Logbooks_logsheets/Logsheets/Nano/Nano logsheet Cachemark1.jpg',0),(5806,58,'data/Containers/Nano/Nano_Containers.jpg',2),(5750,60,'data/Irankiai/Zibintuveliai/Zibintuvelis_LED_Police_3W_2.jpg',1),(5749,60,'data/Irankiai/Zibintuveliai/Zibintuvelis_LED_Police_3W_3.jpg',2),(5906,61,'data/Swag/Ball_pen_2.jpg',0),(5640,63,'data/Priedai_aparaturai/Pakrovejai/Charger_12V_1x_Black_1.jpg',0),(5639,64,'data/Priedai_aparaturai/Pakrovejai/Charger_12V_1x_White_1.jpg',0),(5677,65,'data/Priedai_aparaturai/Pakrovejai/Charger_12V_1x_Black_DUAL_2.jpg',0),(5797,66,'data/Containers/Micro/Bison_tubes/Micro_Container_Silver_3.jpg',0),(5796,66,'data/Containers/Micro/Bison_tubes/Micro_Container_Silver_0.jpg',0),(5670,68,'data/Containers/Micro/Bison_tubes/Micro_Container_Camo2.jpg',0),(5795,67,'data/Containers/Micro/Bison_tubes/Micro_Container_Black2.jpg',0),(5669,68,'data/Containers/Micro/Bison_tubes/Micro_Container_Camo3.jpg',0),(5776,70,'data/Logbooks_logsheets/Logbooks/Lgbk_RITR_88x51_2.jpg',0),(5683,71,'data/Medziagos/Magnetai/Ferrite_magnet_D25x5_2.jpg',0),(5682,71,'data/Medziagos/Magnetai/Ferrite_magnet_D25x5_3.jpg',0),(5816,72,'data/Medziagos/Magnetai/Magnet_N35_10x5x4_2.jpg',0),(5820,74,'data/Medziagos/Magnetai/Magnet_N35_D8x5_3.jpg',0),(5822,76,'data/Medziagos/Magnetai/Magnet_N38_D8x3_2.jpg',0),(5817,77,'data/Medziagos/Magnetai/Magnet_N35_12x4x4_1.jpg',0),(5748,78,'data/Irankiai/Zibintuveliai/Zib_0,5W_2.jpg',2),(5747,78,'data/Irankiai/Zibintuveliai/Zib_0,5W_4.jpg',0),(5883,85,'data/Trackables/Geocoins_regular/GC_Summer_Solstice-Gold_3.jpg',0),(5865,82,'data/Trackables/Geocoins_micro/GCm_Poppy2.jpg',0),(5709,79,'data/Irankiai/Gloves/Smart_Gloves_Margos_orange2.jpg',0),(5605,93,'data/Irankiai/Special/Veidrodelis2.jpg',0),(5882,85,'data/Trackables/Geocoins_regular/GC_Summer_Solstice-Gold_2.jpg',0),(5920,95,'data/Trackables/Geocoins_regular/GC_Tessellation_Turtle_green_3.jpg',1),(5599,96,'data/Trackables/Geocoins_regular/1000 Finds Geo-Achievement Award Set4.jpg',0),(5836,155,'data/Logbooks_logsheets/Stationery/Pencil_Faber-Castell3.jpg',0),(5919,95,'data/Trackables/Geocoins_regular/GC_Tessellation_Turtle_green_2.jpg',2),(5786,55,'data/Trackables/Geocoins_micro/GCm_4el_Fire1.jpg',2),(5785,55,'data/Trackables/Geocoins_micro/GCm_4el_Fire_geocoin_2.jpg',1),(5692,98,'data/Priedai_aparaturai/Pleveles/Ultra clear screen protector 1.1.jpg',0),(5691,98,'data/Priedai_aparaturai/Pleveles/Ultra clear screen protector 1.2.jpg',1),(5690,98,'data/Priedai_aparaturai/Pleveles/Dakota film_scan.jpg',0),(5697,100,'data/Swag/Small/Gelytes2.jpg',0),(5694,99,'data/Priedai_aparaturai/Pleveles/Ultra clear screen protector 1.1.jpg',0),(5693,99,'data/Priedai_aparaturai/Pleveles/Ultra clear screen protector 1.2.jpg',1),(5814,105,'data/Logbooks_logsheets/Logsheets/Nano/Nano_RIR_logsheet_APK2.jpg',0),(5798,106,'data/Logbooks_logsheets/Logsheets/Micro/Micro_RIR_logsheet_APK2.jpg',0),(5800,107,'data/Medziagos/Other/Karabinas mini3.jpg',0),(5799,107,'data/Medziagos/Other/Karabinas mini2.jpg',0),(3763,108,'data/Medziagos/Glue/Moment_6ml_2.jpg',0),(5791,111,'data/Trackables/Geocoins_micro/GCm_4_elements.jpg',2),(5789,110,'data/Trackables/Geocoins_micro/GCm_4el_Fire1.jpg',1),(5588,69,'data/Containers/Regular/Kibireliai/1L_3.jpg',3),(5788,110,'data/Trackables/Geocoins_micro/GCm_4_elements.jpg',2),(5790,111,'data/Trackables/Geocoins_micro/GCm_4el_Wind_geocoin_2.jpg',1),(5793,112,'data/Trackables/Geocoins_micro/GCm_4el_Fire1.jpg',1),(5792,112,'data/Trackables/Geocoins_micro/GCm_4_elements.jpg',2),(5784,113,'data/Trackables/Trackable_Tags/Bernadette the Bear Travel Tag2.jpg',0),(5745,114,'data/Trackables/Trackable_Tags/Blaze the Campfire Travel Tag2.jpg',0),(5834,118,'data/Containers/Micro/PET/Cont_m_PET_cap2.jpg',0),(5886,115,'data/Containers/Micro/PET/PET_clear2.jpg',0),(5607,119,'data/Containers/Micro/Cont_m_35mm_film_Wh_2.jpg',0),(5944,120,'data/Containers/Regular/Cont_sm_600ml_2.jpg',0),(5631,121,'data/Containers/Micro/Cont_m_100ml_2.jpg',0),(5914,122,'data/Containers/Micro/Cont_m_15ml_2.jpg',0),(5915,123,'data/Containers/Micro/Cont_m_4ml_2.jpg',0),(5794,124,'data/Containers/Micro/Cont_m_1,5ml_2.jpg',0),(5913,125,'data/Containers/Micro/Cont_m_10ml_2.jpg',0),(3824,126,'data/Containers/Micro/Cont_m_4ml_magn2.jpg',0),(5587,69,'data/Containers/Regular/Kibireliai/1L_2.jpg',2),(5604,127,'data/Containers/Regular/Kibireliai/2,8L_3.jpg',0),(5603,127,'data/Containers/Regular/Kibireliai/2,8L_2.jpg',0),(5601,128,'data/Containers/Regular/Kibireliai/2L_2.jpg',0),(5600,128,'data/Containers/Regular/Kibireliai/2L_4.jpg',0),(5581,129,'data/Containers/Regular/Kibireliai/0,5L_3.jpg',0),(5580,129,'data/Containers/Regular/Kibireliai/0,5L_2.jpg',0),(5585,130,'data/Containers/Regular/Kibireliai/0,77L_3.jpg',0),(5584,130,'data/Containers/Regular/Kibireliai/0,77L_2.jpg',0),(5570,131,'data/Containers/Regular/Seal_lock/0,24L_Lock_Lock_2.jpg',0),(5578,132,'data/Containers/Regular/Seal_lock/0,3L_Lock_Lock_2.jpg',0),(5586,133,'data/Containers/Regular/Seal_lock/0,8L_Lock_Lock_2.jpg',0),(5590,134,'data/Containers/Regular/Seal_lock/1,6L_Lock_Lock_2.jpg',0),(5645,136,'data/Trackables/Trackable_Tags/Alberta the Moose Travel Tag2.jpg',0),(5900,137,'data/Trackables/Trackable_Tags/Misty the Maine Coon Cat Travel Tag2.jpg',0),(5899,139,'data/Trackables/Trackable_Tags/Wookiee the Puppy Travel Tag2.jpg',0),(5848,142,'data/Swag/Soldiers_Swag_1.jpg',0),(5847,142,'data/Swag/Soldiers_Swag_2.jpg',0),(5746,78,'data/Irankiai/Zibintuveliai/Zib_0,5W_3.jpg',1),(5752,141,'data/Irankiai/Zibintuveliai/Zibint_Camo_9_Led_3.jpg',0),(5751,141,'data/Irankiai/Zibintuveliai/Zibint_Camo_9_Led_2.jpg',0),(5618,146,'data/Medziagos/Other/Chain_2,4mm_9cm_2.jpg',0),(5606,147,'data/Medziagos/Other/Chain_2,4mm_33cm_2.jpg',0),(5942,148,'data/Medziagos/Other/Rings_12mm_2.jpg',0),(5591,149,'data/Medziagos/Other/Dirzeliai_10_cm_blk_2.jpg',0),(5609,150,'data/Priedai_aparaturai/Baterijos/Eneloop_1900mAh_4xAA_2.jpg',0),(5608,151,'data/Priedai_aparaturai/Baterijos/Eneloop_2450mAh_4xAA_2.jpg',0),(5610,152,'data/Priedai_aparaturai/Baterijos/Eneloop_750mAh_4xAAA_2.jpg',0),(5598,96,'data/Trackables/Geocoins_regular/1000 Finds Geo-Achievement Award Set3.jpg',0),(5597,96,'data/Trackables/Geocoins_regular/1000 Finds Geo-Achievement Award Set1.jpg',0),(5596,96,'data/Trackables/Geocoins_regular/1000 Finds Geo-Achievement Award Set2.jpg',0),(5614,154,'data/Trackables/Geocoins_regular/1000 Finds Geo-Achievement Award Set4.jpg',0),(5613,154,'data/Trackables/Geocoins_regular/500 Finds Geo-Achievement Award Set4.jpg',0),(5612,154,'data/Trackables/Geocoins_regular/500 Finds Geo-Achievement Award Set2.jpg',0),(5611,154,'data/Trackables/Geocoins_regular/500 Finds Geo-Achievement Award Set1.jpg',0),(5835,155,'data/Logbooks_logsheets/Stationery/Pencil_Faber-Castell2.jpg',0),(5775,70,'data/Logbooks_logsheets/Logbooks/Lgbk_RITR_88x51_3.jpg',0),(5837,156,'data/Logbooks_logsheets/Stationery/Pencil_Xpoint_Bl_2.jpg',0),(5783,157,'data/Logbooks_logsheets/Stationery/Ball_Pen_Schneider_Blue2.jpg',0),(5911,161,'data/Logbooks_logsheets/Logbooks/Lgbk_100x75_spir_2.1jpg.jpg',0),(5908,162,'data/Logbooks_logsheets/Logbooks/Logbk_105x74_Clip_2Smlt.jpg',0),(5779,163,'data/Swag/Butterfly_17_mm_bronz2.jpg',0),(5778,163,'data/Swag/Butterfly_17_mm_bronz3.jpg',0),(5777,163,'data/Swag/Butterfly_17_mm_bronz4.jpg',0),(5862,165,'data/Swag/Antique_twist_2.jpg',0),(5861,165,'data/Swag/Antique_twist_3.jpg',0),(5774,164,'data/Swag/Flowers_10x4_mix2.jpg',0),(5736,167,'data/Swag/Filigree_Flower_47mm_Aq_bronz3.jpg',0),(5735,167,'data/Swag/Filigree_Flower_47mm_Aq_bronz_2.jpg',0),(5888,166,'data/Swag/Snowflakes_15mm_mix_col2.jpg',0),(5943,168,'data/Swag/Giraffe_wood_mix_2.jpg',0),(5901,169,'data/Swag/Peace_17mm_Mix_2.jpg',0),(5643,170,'data/Swag/Ladybug_wood_mix_3.jpg',0),(5742,172,'data/Swag/Dice_7mm_2.jpg',0),(5724,171,'data/Swag/Crescent_Moon_aq_cop_2.jpg',0),(5657,173,'data/Swag/Filigree_Butterfly_66mm_Bronz_3.jpg',0),(5656,173,'data/Swag/Filigree_Butterfly_66mm_Bronz_2.jpg',0),(5744,174,'data/Swag/Swallows_Aq_Bronze3.jpg',0),(5743,174,'data/Swag/Swallows_Aq_Bronze1.jpg',0),(5732,175,'data/Swag/Filigree_Flower_50mm_Copp_2.jpg',0),(5731,175,'data/Swag/Filigree_Flower_50mm_Copp_3.jpg',0),(5918,176,'data/Swag/Filigree_distaff_Bronz_3.jpg',0),(5917,176,'data/Swag/Filigree_distaff_Bronz_2.jpg',0),(5734,177,'data/Swag/Filigree_Flower_35mm_Copp_2.jpg',0),(5733,177,'data/Swag/Filigree_Flower_35mm_Copp_3.jpg',0),(5907,178,'data/Swag/Smile_wood_mix_2.jpg',0),(5879,180,'data/Swag/Rhombus_19mm_2.jpg',0),(5739,179,'data/Swag/Skull_aq_br_2.jpg',0),(5738,179,'data/Swag/Skull_aq_br_3.jpg',0),(5878,180,'data/Swag/Rhombus_19mm_1.jpg',0),(5830,181,'data/Swag/Hand_paint_Bead_12mm_2.jpg',0),(5741,182,'data/Swag/Skull_mix_col_2.jpg',0),(5740,182,'data/Swag/Skull_mix_col_3.jpg',0),(5696,183,'data/Swag/Flowers_28x7_mix2.jpg',0),(5824,184,'data/Swag/Orange_Bead_10mm_2.jpg',0),(5825,185,'data/Swag/Round_aq_silver2.jpg',0),(5860,186,'data/Premium_Membership/Premium_membership_2.jpg',0),(5863,188,'data/Trackables/Trackable_Tags/Technology_tag_1.jpg',0),(5722,189,'data/Trackables/Travel_Bugs/Travel_Bug_Black2.jpg',0),(5781,190,'data/Trackables/Travel_Bugs/Travel_Bug_sticker_SMALL_2.jpg',0),(5666,191,'data/Trackables/Travel_Bugs/Travel_Bug_sticker_BIG_1.jpg',0),(5575,197,'data/Containers/Regular/Seal_Lock_Round/0,11L_LL_Round_2.jpg',0),(5772,195,'data/Containers/Extras/Camo_No1_bag_PET/Bag_for_PET_container_Camo1_Lng_2.jpg',0),(5771,195,'data/Containers/Extras/Camo_No1_bag_PET/Bag_for_PET_container_Camo1_Lng_Pririsimas.jpg',0),(5773,196,'data/Containers/Extras/Camo_No2_bag_PET/Bag_for_PET_container_Camo2_Lng_Miske3.jpg',0),(5674,200,'data/Containers/Micro/Bison_tubes/Bison_micro_Camo_3.jpg',0),(5673,200,'data/Containers/Micro/Bison_tubes/Bison_micro_Camo_2.jpg',0),(5577,203,'data/Containers/Regular/Seal_Lock_Round/0,295L_LL_Round_2.jpg',0),(5583,204,'data/Containers/Regular/Seal_Lock_Round/0,590L_LL_Round_3.jpg',0),(5582,204,'data/Containers/Regular/Seal_Lock_Round/0,590L_LL_Round_2.jpg',0),(5576,203,'data/Containers/Regular/Seal_Lock_Round/0,295L_LL_Round_3.jpg',0),(5573,207,'data/Containers/Regular/Rositel/0,3L_Rositel_2.jpg',0),(5589,205,'data/Containers/Regular/Seal_Lock_Round/1,04L_LL_Round_2.jpg',0),(5579,206,'data/Containers/Regular/Rositel/0,5L_Rositel_2.jpg',0),(5819,213,'no_image.jpg',0),(5823,216,'data/Medziagos/Magnetai/Magnet_N50_D20x3_Hole_5_2.jpg',0),(5818,215,'no_image.jpg',0),(5757,217,'data/Trackables/Geocoins_micro/LT_micro_Geocoin_3.jpg',0),(5756,217,'data/Trackables/Geocoins_micro/LT_micro_Geocoin_4.jpg',1),(5755,217,'data/Trackables/Geocoins_micro/LT_micro_Geocoin_5.jpg',0),(5602,218,'data/Containers/Regular/Seal_Lock_Round/2,660L_LL_Round_2.jpg',0),(5647,219,'data/Medziagos/Wire/Wire_Green_D3,1-3,8mm_1m._2.jpg',1),(5646,219,'data/Medziagos/Wire/Wire_Green_D3,1-3,8mm_1m._3.jpg',2),(5880,223,'data/Trackables/Geocoins_regular/Morse_BronzeGeocoin_2.jpg',0),(5782,236,'data/Trackables/Travel_Bugs/QR_Travel_Bug.jpg',0),(5916,221,'data/Trackables/Trackable_Tags/Help_Signal _Hop2.jpg',0),(5838,220,'data/Trackables/Geocoins_regular/Lituanica_geocoin_2.jpg',0),(5881,224,'data/Trackables/Geocoins_regular/Morse_Silver_Geocoin2.jpg',0),(5892,225,'data/Trackables/Geocoins_regular/Spyga_Taukuota_Silver1.jpg',0),(5891,226,'data/Trackables/Geocoins_regular/Spyga_Taukuota_Bronze_1.jpg',0),(5858,227,'data/Logbooks_logsheets/Stationery/All-weather_pens/All_weather_pen_227_blue_2.jpg',0),(5850,233,'data/Logbooks_logsheets/Stationery/All-weather_pens/All_weather_pen_200_Black_1.jpg',0),(5857,227,'data/Logbooks_logsheets/Stationery/All-weather_pens/All_weather_pen_227_blue_3.jpg',0),(5849,228,'data/Logbooks_logsheets/Stationery/All-weather_pens/All_weather_pen_200_Black_1.jpg',0),(5859,229,'data/Logbooks_logsheets/Stationery/All-weather_pens/All_weather_pen_220_blue_2.jpg',0),(5707,230,'data/Logbooks_logsheets/Stationery/All-weather_pens/Fast_dry_217_1.jpg',0),(5852,234,'data/Logbooks_logsheets/Stationery/All-weather_pens/All_weather_pen_220_blue_2.jpg',0),(5856,235,'data/Logbooks_logsheets/Stationery/All-weather_pens/All_weather_pen_227_blue_2.jpg',0),(5855,235,'data/Logbooks_logsheets/Stationery/All-weather_pens/All_weather_pen_227_blue_3.jpg',0),(5864,237,'data/Trackables/Travel_Bugs/QR_Travel_Bug.jpg',0),(5890,238,'data/Containers/Micro/PET/Medium_micro_PET_container_geocaching_color3.jpg',0),(5889,238,'data/Containers/Micro/PET/Medium_micro_PET_container_geocaching_color2.jpg',0),(5689,240,'data/Containers/Micro/PET/PET_cap_Green_FTF_2.jpg',0),(5780,239,'data/Containers/Micro/PET/small_PET_GEOCACHING_MICRO_container2.jpg',0),(5664,242,'data/Containers/Micro/PET/big_PET_GEOCACHING_MICRO_container_example1.jpg',0),(5688,243,'data/Containers/Micro/PET/BIG_PET_cap_Blue_FTF_2.jpg',0),(5885,244,'data/Containers/Micro/PET/Magnetic/PET_Black_w_magnet5.jpg',0),(5884,244,'data/Containers/Micro/PET/Magnetic/PET_Black_w_magnet4.jpg',0),(5720,245,'data/Containers/Micro/PET/Magnetic/PET_Black_w_magnet2.jpg',1),(5719,245,'data/Containers/Micro/PET/Magnetic/PET_Black_w_magnet5.jpg',2),(5829,252,'data/Containers/Extras/PET_holder/PET_geocaching_container_holder4.jpg',0),(5828,252,'data/Containers/Extras/PET_holder/PET_geocaching_container_holder3.jpg',0),(5638,246,'data/Stamps/Mini_Dater_PET-300_2.jpg',1),(5637,246,'data/Stamps/Mini_Dater_PET-300_3.jpg',2),(5635,247,'data/Stamps/Mini_Dater_PET-300_3.jpg',2),(5634,247,'data/Stamps/Mini_Dater_S-300_box.jpg',1),(5703,248,'data/Swag/Geocaching_Swag_set_big2.jpg',1),(5754,249,'data/Wood_geocoin/Wood_geocoin.jpg',0),(5827,252,'data/Containers/Extras/PET_holder/PET_geocaching_container_holder2.jpg',0),(5832,253,'data/Containers/Extras/PET_holder/PET_geocaching_container_holder3.jpg',1),(5717,254,'data/Irankiai/Pirstines/iGlove_2.jpg',0),(5716,254,'data/Irankiai/Pirstines/iGlove_3.jpg',0),(5708,79,'data/Irankiai/Gloves/Smart_Gloves_Margos_orange1.jpg',0),(5711,255,'data/Irankiai/Gloves/Smart_Gloves_Margos_Blue_grey3.jpg',0),(5710,255,'data/Irankiai/Gloves/Smart_Gloves_Margos_Blue_grey2.jpg',0),(5715,256,'data/Irankiai/Gloves/Smart_Gloves_Margos_Blue_grey_Violet_2.jpg',0),(5714,256,'data/Irankiai/Gloves/Smart_Gloves_Margos_Blue_grey_Violet_1.jpg',0),(5941,257,'data/Trackables/Travel_Bugs/QR_Travel_Bug.jpg',0),(5621,258,'data/Rite_In_The_Rain/Paper/RIT_25_1_1085dpi2.jpg',2),(5620,258,'data/Rite_In_The_Rain/Paper/RIT jb (Large).jpg',3),(5679,259,'data/Irankiai/EUR_Coin_holder/EUR_Coin_Holder_Blue_2.jpg',0),(5678,259,'data/Irankiai/EUR_Coin_holder/EUR_Coin_Holder_Blue_1.jpg',0),(5681,260,'data/Irankiai/EUR_Coin_holder/EUR_Coin_Holder_Pink_1.jpg',0),(5680,260,'data/Irankiai/EUR_Coin_holder/EUR_Coin_Holder_Pink_2.jpg',0),(5926,261,'data/Rite_In_The_Rain/Logbooks/Logbk_RITR_N134_Y_2.jpg',0),(5925,261,'data/Rite_In_The_Rain/Logbooks/Logbk_RITR_N134_Y_4.jpg',0),(5924,261,'data/Rite_In_The_Rain/Logbooks/Logbk_RITR_N134_Y_3.jpg',0),(5935,262,'data/Rite_In_The_Rain/Logbooks/Logbk_RITR_N935_G_2.jpg',0),(5934,262,'data/Rite_In_The_Rain/Logbooks/Logbk_RITR_N935_G_3.jpg',0),(5933,262,'data/Rite_In_The_Rain/Logbooks/Logbk_RITR_N935_G_4.jpg',0),(5619,258,'data/Rite_In_The_Rain/Paper/RIT_25_1_1085dpi1.jpg',1),(5929,263,'data/Rite_In_The_Rain/Logbooks/Logbk_RITR_No393-M_Y_3.jpg',0),(5928,263,'data/Rite_In_The_Rain/Logbooks/Logbk_RITR_No393-M_Y_4.jpg',0),(5927,263,'data/Rite_In_The_Rain/Logbooks/Logbk_RITR_No393-M_Y_2.jpg',0),(5867,264,'data/Rite_In_The_Rain/Pens/PEN_RITR_No47_blue_2.jpg',0),(5866,264,'data/Rite_In_The_Rain/Pens/PEN_RITR_No47_blue_1.jpg',0),(5870,265,'data/Rite_In_The_Rain/Pens/PEN_Refill_RITR_No47R_blue_2.jpg',0),(5869,265,'data/Rite_In_The_Rain/Pens/PEN_Refill_RITR_No47R_blue_1.jpg',0),(5868,266,'data/Rite_In_The_Rain/Pens/PEN+Refill_RITR_Blue.jpg',0),(5877,267,'data/Rite_In_The_Rain/Logbooks/946_RITR_Notebook_GRN_gs2.jpg',0),(5876,267,'data/Rite_In_The_Rain/Logbooks/946_RITR_Notebook_GRN_gs4.jpg',0),(5875,267,'data/Rite_In_The_Rain/Logbooks/946_RITR_Notebook_GRN_gs6.jpg',0),(5874,267,'data/Rite_In_The_Rain/Logbooks/946_RITR_Notebook_GRN_gs3.jpg',0),(5873,268,'data/Rite_In_The_Rain/Logbooks/146_RITR_Notebook_Y_gs2.jpg',0),(5872,268,'data/Rite_In_The_Rain/Logbooks/146_RITR_Notebook_Y_gs3.jpg',0),(5871,268,'data/Rite_In_The_Rain/Logbooks/146_RITR_Notebook_Y_gs4.jpg',0),(5932,269,'data/Rite_In_The_Rain/Logbooks/735_RITR_Notebook_BLK_gs3.jpg',0),(5931,269,'data/Rite_In_The_Rain/Logbooks/735_RITR_Notebook_BLK_gs2.jpg',0),(5930,269,'data/Rite_In_The_Rain/Logbooks/735_RITR_Notebook_BLK_gs4.jpg',0),(5939,270,'data/Rite_In_The_Rain/Logbooks/935T_RITR_Notebook_T_gs5.jpg',0),(5938,270,'data/Rite_In_The_Rain/Logbooks/935T_RITR_Notebook_T_gs3.jpg',0),(5937,270,'data/Rite_In_The_Rain/Logbooks/935T_RITR_Notebook_T_gs2.jpg',0),(5936,270,'data/Rite_In_The_Rain/Logbooks/935T_RITR_Notebook_T_gs4.jpg',0),(5923,271,'data/Logbooks_logsheets/Logbooks/Groundspeak_RITR-24_Logbook_2.jpg',0),(5922,271,'data/Logbooks_logsheets/Logbooks/Groundspeak_RITR-24_Logbook_3.jpg',0),(5921,271,'data/Logbooks_logsheets/Logbooks/Groundspeak_RITR-24_Logbook_4.jpg',0),(5655,272,'data/Trackables/Extras/PVC_Coin_Holder_3.jpg',0),(5654,272,'data/Trackables/Extras/PVC_Coin_Holder_1.jpg',1),(5617,274,'data/Irankiai/Special/Observation_mirror_50mm_2.jpg',0),(5686,275,'no_image.jpg',0),(5687,276,'no_image.jpg',0),(5903,278,'data/Containers/Micro/PET/Cont_m_PET_big_2.jpg',0),(5940,279,'data/Containers/Micro/PET/L_PET_Green_2.jpg',0),(5660,285,'data/Containers/Micro/PET/big_PET_GEOCACHING_MICRO_container_example1.jpg',0),(5831,253,'data/Containers/Extras/PET_holder/PET_geocaching_container_holder2.jpg',2),(5813,286,'data/Logbooks_logsheets/Logsheets/Nano/Nano_logsheets_10PCS_UQ_GS.jpg',0),(5810,287,'data/Containers/Nano/Nano_Containers_box.jpg',1),(5811,287,'data/Logbooks_logsheets/Logsheets/Nano/Nano_logsheet1_5PCS_UQ_GS.jpg',0),(5659,285,'data/Containers/Micro/PET/XL_PET_5L_3.jpg',0),(5628,288,'data/Patches/Camo Patch_2GS.jpg',0),(5969,289,'data/Patches/Geocaching Trackable Travel Bug Patch_Blue_GS2.jpg',0),(5968,289,'data/Patches/Geocaching Trackable Travel Bug Patch_Blue_GS4.jpg',0),(5970,290,'data/Patches/Geocaching Trackable Travel Bug Patch_Charcoal GS.jpg',0),(5971,290,'data/Patches/Geocaching Trackable Travel Bug Patch_Charcoal 3GS.jpg',0),(5630,291,'data/Patches/Geocaching Logo Patch_GS2.jpg',0),(5826,292,'data/Trackables/Trackable_Tags/Tr_Tg_Panda2.jpg',0),(5676,293,'data/Trackables/Trackable_Tags/Tr_Tg_Butterfly_Purple2.jpg',0),(5701,294,'data/Trackables/Trackable_Tags/TR_GC_Logo_BACK_Side.jpg',0),(5698,295,'data/Trackables/Trackable_Tags/TR_GC_Logo_BACK_Side.jpg',0),(5700,296,'data/Trackables/Trackable_Tags/TR_GC_Logo_BACK_Side.jpg',0),(5895,297,'data/Trackables/Geocoins_regular/GC_R_Steampunk_Robot4.jpg',0),(5894,297,'data/Trackables/Geocoins_regular/GC_R_Steampunk_Robot2.jpg',0),(5893,297,'data/Trackables/Geocoins_regular/GC_R_Steampunk_Robot3.jpg',0),(5897,298,'data/Trackables/Geocoins_regular/GC_R_Steampunk_Dog3.jpg',0),(5896,298,'data/Trackables/Geocoins_regular/GC_R_Steampunk_Dog2.jpg',0),(5846,299,'data/Trackables/Geocoins_regular/GC_R_Butterfly-Lavender-Gold3.jpg',0),(5843,300,'data/Trackables/Geocoins_regular/GC_R_Butterfly-Blue-Black3.jpg',0),(5842,300,'data/Trackables/Geocoins_regular/GC_R_Butterfly-Blue-Black2.jpg',0),(5845,299,'data/Trackables/Geocoins_regular/GC_R_Butterfly-Lavender-Gold4.jpg',0),(5844,299,'data/Trackables/Geocoins_regular/GC_R_Butterfly-Lavender-Gold2.jpg',0),(5651,301,'data/Trackables/Geocoins_regular/CGR_CITO5.jpg',0),(5650,301,'data/Trackables/Geocoins_regular/CGR_CITO4.jpg',0),(5649,301,'data/Trackables/Geocoins_regular/CGR_CITO2.jpg',0),(5648,301,'data/Trackables/Geocoins_regular/CGR_CITO3.jpg',0),(5706,302,'data/Trackables/Geocoins_regular/GC_R_Decoder_Antique_Silver4.jpg',0),(5705,302,'data/Trackables/Geocoins_regular/GC_R_Decoder_Antique_Silver1.jpg',0),(5704,302,'data/Trackables/Geocoins_regular/GC_R_Decoder_Antique_Silver3.jpg',0),(5663,242,'data/Containers/Micro/PET/big_PET_GEOCACHING_MICRO_container3.jpg',0),(5653,304,'data/Trackables/Trackable_Tags/Tr_Tg_CITO_2.jpg',0),(5972,303,'data/Trackables/Geocoins_micro/GCm_CITO_geocoin_2.jpg',0),(5718,245,'data/Containers/Micro/PET/Magnetic/PET_Black_w_magnet4.jpg',3),(5662,242,'data/Containers/Micro/PET/big_PET_GEOCACHING_MICRO_container1.jpg',0),(5658,285,'data/Containers/Micro/PET/XL_PET_5L_+TB.jpg',0),(5760,305,'data/Containers/Extras/Camo_No1_bag_PET/Bag_for_PET_container_Camo1_Lng_Pririsimas.jpg',0),(5766,307,'data/Containers/Extras/Camo_No2_bag_PET/Bag_for_PET_container_Camo2_Lng_Miske3.jpg',0),(5762,308,'data/Containers/Extras/Camo_No1_bag_PET/Maiseliu dydziai Geoshop_LT.jpg',0),(5765,307,'data/Containers/Extras/Camo_No1_bag_PET/Maiseliu dydziai Geoshop_LT.jpg',0),(5761,308,'data/Containers/Extras/Camo_No1_bag_PET/Bag_for_PET_container_Camo1_Lng_Pririsimas.jpg',0),(5768,309,'data/Containers/Extras/Camo_No1_bag_PET/Maiseliu dydziai Geoshop_LT.jpg',0),(5764,310,'data/Containers/Extras/Camo_No1_bag_PET/Bag_for_PET_container_Camo1_Lng_Pririsimas.jpg',0),(5770,311,'data/Containers/Extras/Camo_No1_bag_PET/Maiseliu dydziai Geoshop_LT.jpg',0),(5763,310,'data/Containers/Extras/Camo_No1_bag_PET/Maiseliu dydziai Geoshop_LT.jpg',0),(5759,305,'data/Containers/Extras/Camo_No1_bag_PET/Maiseliu dydziai Geoshop_LT.jpg',0),(5767,309,'data/Containers/Extras/Camo_No2_bag_PET/Bag_for_PET_container_Camo2_Lng_Miske3.jpg',0),(5769,311,'data/Containers/Extras/Camo_No2_bag_PET/Bag_for_PET_container_Camo2_Lng_Miske3.jpg',0),(5805,314,'data/Irankiai/Special/Log_roller_short_UniqueGeocaches6.jpg',0),(5804,314,'data/Irankiai/Special/Log_roller_short_UniqueGeocaches5.jpg',0),(5803,314,'data/Irankiai/Special/Log_roller_short_UniqueGeocaches4.jpg',0),(5802,314,'data/Irankiai/Special/Log_roller_short_UniqueGeocaches2.jpg',0),(5801,314,'data/Irankiai/Special/Log_roller_short_UniqueGeocaches3.jpg',0),(6059,317,'data/Trackables/Geocoins_regular/Pirate/Aztec_Pirate_Geocoin_Antique_Silver_GS3.jpg',0),(5661,285,'data/Containers/Micro/PET/XL_PET_5L.jpg',0),(5665,242,'data/Containers/Micro/PET/Caps/Cap_PET_5L_BIG_Yellow.jpg',0),(5695,99,'data/Priedai_aparaturai/Pleveles/Oregon film_scan.jpg',0),(5721,245,'data/Containers/Micro/PET/Magnetic/PET_Black_w_magnet3.jpg',0),(5787,55,'data/Trackables/Geocoins_micro/GCm_4_elements.jpg',3),(5833,253,'data/Containers/Extras/PET_holder/PET_geocaching_container_holder4.jpg',0),(5912,161,'data/Logbooks_logsheets/Logbooks/Lgbk_100x75_spir_1.jpg',0),(5945,315,'data/Trackables/Trackable_Tags/Connie_the_Crab_Travel_Tag_2.jpg',0),(5987,316,'data/Trackables/Geocoins_regular/Estonian_Geocoins/Estonian_Geocoin_Caching_and_Culute_Estonia_Antique_Gold2_GS.jpg',0),(5986,316,'data/Trackables/Geocoins_regular/Estonian_Geocoins/Estonian_Geocoin_Caching_and_Culute_Estonia_Antique_Gold3_GS.jpg',0),(5985,316,'data/Trackables/Geocoins_regular/Estonian_Geocoins/Estonian_Geocoin_Caching_and_Culute_Estonia_Antique_Gold4_GS.jpg',0),(6058,317,'data/Trackables/Geocoins_regular/Pirate/Aztec_Pirate_Geocoin_Antique_Silver_GS4.jpg',0),(6057,317,'data/Trackables/Geocoins_regular/Pirate/Aztec_Pirate_Geocoin_Antique_Silver_GS2.jpg',0),(6064,320,'data/Trackables/Geocoins_regular/Estonian_Geocoins/Estonian_Landscape_Geocoin_Song_and_dance_Festival_AQ_Gold_GS4.jpg',0),(6018,318,'data/Trackables/Geocoins_regular/Estonian_Geocoins/Estonian_Landscape_Geocoin_Song_and_dance_Festival_AQ_Silver_GS5.jpg',0),(6017,318,'data/Trackables/Geocoins_regular/Estonian_Geocoins/Estonian_Landscape_Geocoin_Song_and_dance_Festival_AQ_Silver_GS4.jpg',0),(6015,318,'data/Trackables/Geocoins_regular/Estonian_Geocoins/Estonian_Landscape_Geocoin_Song_and_dance_Festival_AQ_Silver_GS2.jpg',0),(6016,318,'data/Trackables/Geocoins_regular/Estonian_Geocoins/Estonian_Landscape_Geocoin_Song_and_dance_Festival_AQ_Silver_GS3.jpg',0),(6075,319,'data/Trackables/Geocoins_regular/Estonian_Geocoins/Estonian_Landscape_Geocoin_Song_and_dance_Festival_AQ_Copper_GS5.jpg',0),(6074,319,'data/Trackables/Geocoins_regular/Estonian_Geocoins/Estonian_Landscape_Geocoin_Song_and_dance_Festival_AQ_Copper_GS2.jpg',0),(6073,319,'data/Trackables/Geocoins_regular/Estonian_Geocoins/Estonian_Landscape_Geocoin_Song_and_dance_Festival_AQ_Copper_GS3.jpg',0),(6063,320,'data/Trackables/Geocoins_regular/Estonian_Geocoins/Estonian_Landscape_Geocoin_Song_and_dance_Festival_AQ_Gold_GS3.jpg',0),(6062,320,'data/Trackables/Geocoins_regular/Estonian_Geocoins/Estonian_Landscape_Geocoin_Song_and_dance_Festival_AQ_Gold_GS2.jpg',0),(6072,319,'data/Trackables/Geocoins_regular/Estonian_Geocoins/Estonian_Landscape_Geocoin_Song_and_dance_Festival_AQ_Copper_GS4.jpg',0),(6078,321,'data/Trackables/Geocoins_regular/Estonian_Geocoins/Estonian_Geocoin_Caching_and_Culute_Estonia_Shiny_Silver_GS2.jpg',0),(6077,321,'data/Trackables/Geocoins_regular/Estonian_Geocoins/Estonian_Geocoin_Caching_and_Culute_Estonia_Shiny_Silver_GS3.jpg',0),(6076,321,'data/Trackables/Geocoins_regular/Estonian_Geocoins/Estonian_Geocoin_Caching_and_Culute_Estonia_Shiny_Silver_GS4.jpg',0),(6085,322,'data/Trackables/Geocoins_regular/Venetian_Mask/GCR_Venetian_mask_Geocoin_GS4.jpg',0),(6084,322,'data/Trackables/Geocoins_regular/Venetian_Mask/GCR_Venetian_mask_Geocoin_GS3.jpg',0),(6083,322,'data/Trackables/Geocoins_regular/Venetian_Mask/GCR_Venetian_mask_Geocoin_GS2.jpg',0),(6060,323,'data/Trackables/Geocoins_micro/Signal_in_Ulm_Evening_in_Ulm_micro_geocoin_GS3.jpg',0),(6079,324,'data/Trackables/Geocoins_micro/Signal_in_Ulm_Evening_in_Ulm_micro_geocoin_GS3.jpg',0);
CREATE TABLE `oc_product_option` (
  `product_option_id` int(11) NOT NULL AUTO_INCREMENT,
  `product_id` int(11) NOT NULL,
  `option_id` int(11) NOT NULL,
  `option_value` text NOT NULL,
  `required` tinyint(1) NOT NULL,
  PRIMARY KEY (`product_option_id`)
) ENGINE=MyISAM AUTO_INCREMENT=233 DEFAULT CHARSET=utf8;
INSERT INTO `oc_product_option` VALUES (224,35,11,'',1),(225,47,12,'2011-04-22',1),(221,42,9,'22:25',1),(220,42,10,'2011-02-20 22:25',1),(223,42,2,'',1),(209,42,6,'',1),(217,42,5,'',1),(226,30,5,'',1),(218,42,1,'',1),(208,42,4,'test',1),(219,42,8,'2011-02-20',1),(222,42,7,'',1),(228,96,2,'',1),(229,154,2,'',1);
CREATE TABLE `oc_product_option_value` (
  `product_option_value_id` int(11) NOT NULL AUTO_INCREMENT,
  `product_option_id` int(11) NOT NULL,
  `product_id` int(11) NOT NULL,
  `option_id` int(11) NOT NULL,
  `option_value_id` int(11) NOT NULL,
  `quantity` int(3) NOT NULL,
  `subtract` tinyint(1) NOT NULL,
  `price` decimal(15,4) NOT NULL,
  `price_prefix` varchar(1) NOT NULL,
  `points` int(8) NOT NULL,
  `points_prefix` varchar(1) NOT NULL,
  `weight` decimal(15,8) NOT NULL,
  `weight_prefix` varchar(1) NOT NULL,
  PRIMARY KEY (`product_option_value_id`)
) ENGINE=MyISAM AUTO_INCREMENT=23 DEFAULT CHARSET=utf8;
INSERT INTO `oc_product_option_value` VALUES (18,228,96,2,24,1,0,5.7500,'+',0,'+',0.00000000,'+'),(3,217,42,5,40,300,0,3.0000,'+',0,'+',3.00000000,'+'),(2,217,42,5,42,200,1,2.0000,'+',0,'+',2.00000000,'+'),(10,223,42,2,44,2696,1,30.0000,'+',0,'+',30.00000000,'+'),(11,223,42,2,45,3998,1,40.0000,'+',0,'+',40.00000000,'+'),(9,223,42,2,24,194,1,20.0000,'+',0,'+',20.00000000,'+'),(4,217,42,5,39,92,1,4.0000,'+',0,'+',4.00000000,'+'),(14,224,35,11,48,15,1,15.0000,'+',0,'+',0.00000000,'+'),(13,224,35,11,47,10,1,10.0000,'+',0,'+',0.00000000,'+'),(12,224,35,11,46,0,1,5.0000,'+',0,'+',0.00000000,'+'),(16,226,30,5,40,5,1,0.0000,'+',0,'+',0.00000000,'+'),(15,226,30,5,39,2,1,0.0000,'+',0,'+',0.00000000,'+'),(8,223,42,2,23,48,1,10.0000,'+',0,'+',10.00000000,'+'),(5,218,42,1,32,96,1,10.0000,'+',1,'+',10.00000000,'+'),(6,218,42,1,31,146,1,20.0000,'+',2,'-',20.00000000,'+'),(1,217,42,5,41,100,0,1.0000,'+',0,'+',1.00000000,'+'),(7,218,42,1,43,300,1,30.0000,'+',3,'+',30.00000000,'+'),(19,229,154,2,24,0,0,5.7500,'+',0,'+',0.00000000,'+');
CREATE TABLE `oc_product_related` (
  `product_id` int(11) NOT NULL,
  `related_id` int(11) NOT NULL,
  PRIMARY KEY (`product_id`,`related_id`)
) ENGINE=MyISAM DEFAULT CHARSET=utf8;
INSERT INTO `oc_product_related` VALUES (40,42),(41,42),(42,40),(42,41),(53,54),(53,56),(53,88),(53,89),(53,90),(53,188),(53,189),(53,190),(53,191),(53,221),(53,236),(53,237),(53,257),(53,289),(53,290),(53,292),(53,293),(53,294),(53,295),(53,296),(53,304),(53,315),(54,53),(54,56),(54,83),(54,87),(54,88),(54,89),(54,90),(54,221),(54,292),(54,293),(54,294),(54,295),(54,296),(54,304),(54,315),(55,56),(55,82),(55,85),(55,95),(55,96),(55,154),(55,217),(55,220),(55,293),(55,296),(55,303),(55,304),(55,315),(55,323),(55,324),(56,53),(56,54),(56,55),(56,83),(56,87),(56,88),(56,89),(56,90),(56,110),(56,111),(56,112),(56,221),(57,105),(57,106),(58,66),(58,67),(58,68),(58,105),(58,106),(58,115),(58,119),(58,121),(58,122),(58,124),(58,125),(58,126),(58,200),(58,239),(58,278),(58,280),(58,286),(59,150),(59,151),(59,152),(59,153),(60,78),(60,141),(62,63),(62,64),(62,65),(62,98),(62,99),(63,62),(63,64),(63,65),(63,98),(63,99),(64,62),(64,63),(64,65),(64,98),(64,99),(65,62),(65,63),(65,64),(66,58),(66,67),(66,68),(66,115),(66,119),(66,121),(66,122),(66,124),(66,125),(66,126),(66,200),(66,239),(66,278),(66,280),(66,287),(67,58),(67,66),(67,68),(67,115),(67,119),(67,121),(67,122),(67,124),(67,125),(67,126),(67,200),(67,239),(67,278),(67,280),(67,287),(68,58),(68,66),(68,67),(68,200),(68,287),(69,120),(69,127),(69,128),(69,129),(69,130),(69,131),(69,132),(69,133),(69,135),(69,197),(69,203),(69,204),(69,205),(70,261),(70,262),(70,263),(70,267),(70,268),(70,269),(70,270),(72,73),(72,74),(72,76),(72,77),(72,212),(72,213),(72,214),(72,215),(72,216),(73,72),(73,74),(73,76),(73,77),(73,213),(73,215),(73,216),(74,72),(74,73),(74,76),(74,77),(74,212),(74,213),(74,214),(76,72),(76,73),(76,74),(76,77),(76,212),(76,214),(76,215),(76,216),(77,72),(77,73),(77,74),(77,76),(77,212),(77,213),(77,214),(77,215),(77,216),(78,60),(79,254),(79,255),(79,256),(79,312),(82,55),(82,85),(82,95),(82,96),(82,110),(82,111),(82,112),(82,154),(82,217),(82,220),(82,297),(82,303),(82,323),(82,324),(83,54),(83,56),(83,87),(83,88),(83,89),(83,90),(83,221),(83,292),(83,293),(83,294),(83,295),(83,296),(83,304),(83,315),(85,55),(85,82),(85,95),(85,110),(85,111),(85,112),(85,217),(85,220),(85,223),(85,224),(85,225),(85,226),(85,297),(85,298),(85,299),(85,300),(85,301),(85,302),(85,316),(85,317),(85,318),(85,319),(85,320),(85,321),(85,322),(87,54),(87,56),(87,83),(87,88),(87,89),(87,90),(87,221),(87,292),(87,293),(87,294),(87,295),(87,296),(87,304),(87,315),(88,53),(88,54),(88,56),(88,83),(88,87),(88,139),(88,221),(88,292),(88,293),(88,294),(88,295),(88,296),(88,304),(88,315),(89,53),(89,54),(89,56),(89,83),(89,87),(89,89),(89,90),(89,221),(89,292),(89,293),(89,294),(89,295),(89,296),(89,304),(89,315),(90,53),(90,54),(90,56),(90,83),(90,87),(90,89),(90,221),(90,292),(90,293),(90,294),(90,295),(90,296),(90,304),(90,315),(93,274),(93,313),(93,314),(95,55),(95,82),(95,85),(95,110),(95,111),(95,112),(95,220),(95,223),(95,224),(95,225),(95,226),(95,299),(95,300),(95,301),(95,302),(95,316),(95,317),(95,318),(95,319),(95,320),(95,321),(95,322),(96,55),(96,82),(96,110),(96,111),(96,112),(96,154),(96,217),(96,220),(96,223),(96,224),(96,225),(96,226),(96,297),(96,298),(96,299),(96,300),(96,301),(96,302),(96,316),(96,317),(96,318),(96,319),(96,320),(96,321),(96,322),(98,62),(98,63),(98,64),(99,62),(99,63),(99,64),(100,163),(100,164),(100,165),(100,166),(100,167),(100,168),(100,169),(100,170),(100,171),(100,173),(100,174),(100,175),(100,176),(100,177),(100,185),(100,248),(104,199),(104,219),(104,242),(104,285),(105,57),(105,58),(105,286),(105,287),(106,57),(106,58),(106,286),(106,287),(107,143),(107,144),(107,145),(107,195),(107,196),(107,208),(107,209),(107,210),(107,211),(107,305),(107,307),(107,308),(107,309),(107,310),(107,311),(110,56),(110,82),(110,85),(110,95),(110,96),(110,154),(110,217),(110,220),(110,293),(110,296),(110,303),(110,315),(110,323),(110,324),(111,56),(111,82),(111,85),(111,95),(111,96),(111,154),(111,217),(111,220),(111,293),(111,296),(111,303),(111,315),(111,323),(111,324),(112,56),(112,82),(112,85),(112,95),(112,96),(112,154),(112,217),(112,220),(112,293),(112,296),(112,303),(112,315),(112,323),(112,324),(113,221),(113,295),(114,221),(114,295),(115,58),(115,66),(115,67),(115,119),(115,195),(115,196),(115,219),(115,240),(115,242),(115,244),(115,245),(115,252),(115,253),(115,275),(115,281),(115,287),(115,305),(115,307),(115,308),(115,309),(115,310),(115,311),(118,277),(118,279),(119,58),(119,66),(119,67),(119,115),(119,121),(119,122),(119,124),(119,125),(119,126),(119,239),(119,278),(119,280),(119,287),(120,69),(120,127),(120,128),(120,129),(120,130),(121,58),(121,66),(121,67),(121,119),(121,287),(122,58),(122,66),(122,67),(122,119),(122,287),(124,58),(124,66),(124,67),(124,119),(124,287),(125,58),(125,66),(125,67),(125,119),(125,287),(126,58),(126,66),(126,67),(126,119),(126,287),(127,69),(127,120),(127,128),(127,130),(128,69),(128,120),(128,127),(128,129),(128,130),(129,69),(129,120),(129,128),(129,130),(129,131),(129,132),(129,133),(129,134),(129,135),(129,197),(129,203),(129,204),(129,205),(130,69),(130,120),(130,127),(130,128),(130,129),(131,69),(131,129),(131,132),(131,133),(131,134),(131,135),(131,197),(131,203),(131,204),(131,205),(131,206),(131,207),(131,218),(132,69),(132,129),(132,131),(132,133),(132,134),(132,135),(132,197),(132,203),(132,204),(132,205),(132,206),(132,207),(132,218),(133,69),(133,129),(133,131),(133,132),(133,197),(133,203),(133,204),(133,205),(133,206),(133,207),(133,218),(134,129),(134,131),(134,132),(134,134),(134,197),(134,203),(134,204),(134,205),(134,206),(134,207),(134,218),(135,69),(135,129),(135,131),(135,132),(135,197),(135,203),(135,204),(135,205),(135,206),(135,207),(135,218),(136,221),(137,221),(137,295),(139,88),(139,221),(141,60),(141,141),(142,164),(142,165),(142,166),(142,168),(142,169),(142,170),(142,178),(142,181),(142,182),(142,183),(142,184),(142,248),(143,107),(143,195),(143,196),(143,305),(143,307),(143,308),(143,309),(143,310),(143,311),(144,107),(144,195),(144,196),(144,305),(144,307),(144,308),(144,309),(144,310),(144,311),(145,107),(145,195),(145,196),(145,305),(145,307),(145,308),(145,309),(145,310),(145,311),(150,59),(150,151),(150,152),(150,153),(151,59),(151,150),(151,152),(151,153),(152,59),(152,150),(152,151),(152,153),(153,59),(153,150),(153,151),(153,152),(154,55),(154,82),(154,96),(154,110),(154,111),(154,112),(154,217),(154,220),(154,223),(154,224),(154,225),(154,226),(154,297),(154,298),(154,299),(154,300),(154,301),(154,302),(154,316),(154,317),(154,318),(154,319),(154,320),(154,321),(154,322),(157,158),(157,159),(157,160),(157,233),(157,234),(158,157),(158,159),(158,160),(158,227),(158,228),(158,229),(158,230),(158,233),(158,234),(158,235),(159,157),(159,158),(159,227),(159,228),(159,229),(159,233),(159,234),(159,235),(160,157),(160,158),(160,227),(160,228),(160,229),(160,233),(160,234),(160,235),(160,264),(160,265),(160,266),(163,100),(163,165),(163,167),(163,171),(163,173),(163,174),(163,175),(163,176),(163,177),(163,185),(164,100),(164,142),(164,166),(164,169),(164,172),(164,179),(164,180),(164,181),(164,182),(164,183),(164,184),(165,100),(165,142),(165,163),(165,167),(165,171),(165,173),(165,174),(165,175),(165,176),(165,177),(165,185),(166,100),(166,142),(166,164),(166,168),(166,169),(166,170),(166,172),(166,178),(166,179),(166,180),(166,181),(166,182),(166,183),(166,184),(166,248),(167,100),(167,163),(167,165),(167,171),(167,173),(167,174),(167,176),(167,177),(167,185),(168,100),(168,142),(168,166),(168,169),(168,172),(168,178),(169,100),(169,142),(169,164),(169,166),(169,168),(169,170),(169,178),(169,179),(169,180),(169,181),(169,182),(169,183),(169,184),(169,248),(170,100),(170,142),(170,166),(170,169),(170,172),(171,100),(171,163),(171,165),(171,167),(171,173),(171,174),(171,175),(171,176),(171,177),(171,185),(172,164),(172,166),(172,168),(172,170),(172,178),(172,179),(172,180),(172,181),(172,182),(172,183),(172,184),(172,248),(173,100),(173,163),(173,165),(173,167),(173,171),(173,174),(173,175),(173,176),(173,177),(173,185),(174,100),(174,163),(174,165),(174,167),(174,171),(174,173),(174,175),(174,176),(174,177),(174,185),(175,100),(175,163),(175,165),(175,171),(175,173),(175,174),(175,176),(175,177),(175,185),(176,100),(176,163),(176,165),(176,167),(176,171),(176,173),(176,174),(176,175),(176,177),(177,100),(177,163),(177,165),(177,167),(177,171),(177,173),(177,174),(177,175),(177,176),(177,177),(177,185),(178,142),(178,166),(178,168),(178,169),(178,172),(179,164),(179,166),(179,169),(179,172),(179,180),(179,181),(179,182),(179,183),(179,184),(180,164),(180,166),(180,169),(180,172),(180,179),(180,181),(180,182),(180,183),(180,184),(181,142),(181,164),(181,166),(181,169),(181,172),(181,179),(181,180),(181,182),(181,183),(182,142),(182,164),(182,166),(182,169),(182,172),(182,179),(182,180),(182,181),(182,183),(182,184),(183,142),(183,164),(183,166),(183,169),(183,172),(183,179),(183,180),(183,181),(183,182),(183,184),(184,142),(184,164),(184,166),(184,169),(184,172),(184,179),(184,180),(184,182),(184,183),(185,100),(185,163),(185,165),(185,167),(185,171),(185,173),(185,174),(185,175),(185,177),(188,53),(188,189),(188,221),(188,236),(188,237),(189,53),(189,188),(189,190),(189,191),(189,236),(189,237),(189,257),(190,53),(190,189),(190,191),(190,236),(190,237),(190,257),(191,53),(191,189),(191,190),(191,236),(191,237),(195,107),(195,115),(195,143),(195,144),(195,145),(195,196),(195,238),(195,244),(195,245),(195,278),(195,279),(195,280),(195,307),(195,309),(195,311),(196,107),(196,115),(196,143),(196,144),(196,145),(196,195),(196,238),(196,244),(196,245),(196,278),(196,279),(196,280),(196,305),(196,308),(196,310),(197,69),(197,129),(197,131),(197,132),(197,133),(197,134),(197,135),(198,201),(198,202),(199,104),(200,58),(200,66),(200,67),(200,68),(200,287),(201,198),(201,202),(202,198),(202,201),(203,69),(203,129),(203,131),(203,132),(203,133),(203,134),(203,135),(204,69),(204,129),(204,131),(204,132),(204,133),(204,134),(204,135),(205,69),(205,129),(205,131),(205,132),(205,133),(205,134),(205,135),(206,131),(206,132),(206,133),(206,134),(206,135),(206,207),(207,131),(207,132),(207,133),(207,134),(207,135),(207,206),(208,107),(208,209),(208,210),(208,219),(209,107),(209,208),(209,210),(209,211),(209,219),(210,107),(210,208),(210,209),(210,210),(210,211),(210,219),(211,107),(211,209),(211,210),(211,219),(212,72),(212,74),(212,76),(212,77),(212,213),(212,215),(212,216),(213,72),(213,73),(213,74),(213,77),(213,212),(213,214),(213,215),(213,216),(214,72),(214,74),(214,76),(214,77),(214,213),(214,215),(214,216),(215,72),(215,73),(215,76),(215,77),(215,212),(215,213),(215,214),(215,216),(216,72),(216,73),(216,76),(216,77),(216,212),(216,213),(216,214),(216,215),(217,55),(217,82),(217,85),(217,96),(217,110),(217,111),(217,112),(217,154),(217,220),(217,223),(217,224),(217,225),(217,226),(217,299),(217,300),(217,302),(218,131),(218,132),(218,133),(218,134),(218,135),(219,104),(219,115),(219,208),(219,209),(219,210),(219,211),(219,238),(219,239),(219,242),(219,278),(219,279),(219,280),(219,281),(219,285),(220,55),(220,82),(220,85),(220,95),(220,96),(220,110),(220,111),(220,112),(220,154),(220,217),(220,223),(220,224),(220,225),(220,226),(220,297),(220,298),(220,299),(220,300),(220,301),(220,302),(220,316),(220,317),(220,318),(220,319),(220,320),(220,321),(220,322),(221,53),(221,54),(221,56),(221,83),(221,87),(221,88),(221,89),(221,90),(221,113),(221,114),(221,136),(221,137),(221,139),(221,188),(221,292),(221,293),(221,294),(221,295),(221,296),(221,304),(221,315),(223,85),(223,95),(223,96),(223,154),(223,217),(223,220),(223,297),(223,298),(223,299),(223,300),(223,301),(223,302),(224,85),(224,95),(224,96),(224,154),(224,217),(224,220),(224,225),(224,226),(224,297),(224,298),(224,299),(224,300),(224,301),(224,302),(224,316),(224,317),(224,318),(224,319),(224,320),(224,321),(224,322),(225,85),(225,95),(225,96),(225,154),(225,217),(225,220),(225,224),(225,225),(225,226),(225,297),(225,298),(225,299),(225,300),(225,301),(225,302),(225,316),(225,317),(225,318),(225,319),(225,320),(225,321),(225,322),(226,85),(226,95),(226,96),(226,154),(226,217),(226,220),(226,224),(226,225),(226,297),(226,298),(226,299),(226,300),(226,301),(226,302),(227,158),(227,159),(227,160),(227,228),(227,229),(227,230),(227,232),(227,233),(227,234),(227,264),(227,265),(227,266),(228,158),(228,159),(228,160),(228,227),(228,229),(228,230),(228,231),(228,234),(228,235),(229,158),(229,159),(229,160),(229,227),(229,228),(229,230),(229,232),(229,233),(229,235),(229,264),(229,265),(229,266),(230,158),(230,227),(230,228),(230,229),(230,230),(230,233),(230,234),(230,235),(231,228),(231,232),(231,233),(232,227),(232,229),(232,231),(232,234),(232,235),(233,157),(233,158),(233,159),(233,160),(233,227),(233,229),(233,230),(233,231),(233,234),(233,235),(234,157),(234,158),(234,159),(234,160),(234,227),(234,228),(234,230),(234,232),(234,233),(234,235),(234,264),(234,265),(234,266),(235,158),(235,159),(235,160),(235,228),(235,229),(235,230),(235,232),(235,233),(235,234),(235,264),(235,265),(235,266),(236,53),(236,188),(236,189),(236,190),(236,191),(236,237),(236,257),(237,53),(237,188),(237,189),(237,190),(237,191),(237,236),(237,257),(238,195),(238,196),(238,219),(238,240),(238,242),(238,244),(238,245),(238,252),(238,253),(238,275),(238,281),(238,305),(238,307),(238,308),(238,309),(238,310),(238,311),(239,58),(239,66),(239,67),(239,119),(239,219),(239,240),(239,242),(239,244),(239,245),(239,275),(239,281),(239,287),(240,115),(240,238),(240,239),(240,244),(240,245),(240,275),(240,278),(240,280),(240,281),(242,104),(242,115),(242,219),(242,238),(242,239),(242,243),(242,244),(242,245),(242,276),(242,278),(242,280),(242,281),(243,242),(243,276),(244,115),(244,195),(244,196),(244,238),(244,239),(244,240),(244,242),(244,245),(244,278),(244,280),(244,285),(244,305),(244,307),(244,308),(244,309),(244,310),(244,311),(245,115),(245,195),(245,196),(245,238),(245,239),(245,240),(245,242),(245,244),(245,275),(245,278),(245,280),(245,281),(245,285),(245,305),(245,307),(245,308),(245,309),(245,310),(245,311),(246,247),(247,246),(248,100),(248,142),(248,166),(248,169),(248,172),(249,250),(250,249),(252,115),(252,238),(252,278),(252,279),(252,280),(253,115),(253,238),(253,253),(253,278),(253,280),(254,79),(254,255),(254,256),(254,312),(255,79),(255,254),(255,255),(255,256),(255,312),(256,79),(256,254),(256,255),(256,256),(256,312),(257,53),(257,189),(257,190),(257,236),(257,237),(259,260),(260,259),(261,70),(261,262),(261,263),(261,267),(261,268),(261,269),(261,270),(261,271),(262,70),(262,261),(262,263),(262,267),(262,268),(262,269),(262,270),(262,271),(263,70),(263,261),(263,262),(263,267),(263,268),(263,269),(263,270),(263,271),(264,160),(264,227),(264,229),(264,234),(264,235),(264,265),(264,266),(265,160),(265,227),(265,229),(265,234),(265,235),(265,264),(265,266),(266,160),(266,227),(266,229),(266,234),(266,235),(266,264),(266,265),(267,70),(267,261),(267,262),(267,263),(267,269),(267,270),(267,271),(268,70),(268,261),(268,262),(268,263),(268,269),(268,270),(268,271),(269,70),(269,261),(269,262),(269,263),(269,267),(269,268),(269,270),(269,271),(270,70),(270,261),(270,262),(270,263),(270,267),(270,268),(270,269),(270,271),(271,261),(271,262),(271,263),(271,267),(271,268),(271,269),(271,270),(274,93),(274,313),(274,314),(275,115),(275,238),(275,239),(275,240),(275,245),(275,278),(275,280),(275,281),(276,242),(276,243),(277,118),(277,279),(278,58),(278,66),(278,67),(278,119),(278,195),(278,196),(278,219),(278,240),(278,242),(278,244),(278,245),(278,252),(278,253),(278,275),(278,287),(278,305),(278,307),(278,308),(278,309),(278,310),(278,311),(279,118),(279,195),(279,196),(279,219),(279,252),(279,277),(279,281),(279,305),(279,307),(279,308),(279,309),(279,310),(279,311),(280,58),(280,66),(280,67),(280,119),(280,195),(280,196),(280,219),(280,240),(280,242),(280,244),(280,245),(280,252),(280,253),(280,275),(280,287),(280,305),(280,307),(280,308),(280,309),(280,310),(280,311),(281,115),(281,219),(281,238),(281,239),(281,240),(281,242),(281,245),(281,275),(281,279),(281,281),(282,283),(282,284),(282,285),(283,282),(283,284),(283,285),(284,282),(284,283),(284,285),(285,104),(285,219),(285,244),(285,245),(285,282),(285,283),(285,284),(286,58),(286,105),(286,106),(286,287),(287,66),(287,67),(287,68),(287,105),(287,106),(287,115),(287,119),(287,121),(287,122),(287,124),(287,125),(287,126),(287,200),(287,239),(287,278),(287,280),(287,286),(288,288),(288,289),(288,290),(288,291),(289,53),(289,288),(289,289),(289,290),(289,291),(290,53),(290,288),(290,289),(290,291),(291,288),(291,289),(291,290),(292,53),(292,54),(292,83),(292,87),(292,88),(292,89),(292,90),(292,221),(293,53),(293,54),(293,55),(293,83),(293,87),(293,88),(293,89),(293,90),(293,110),(293,111),(293,112),(293,221),(294,53),(294,54),(294,83),(294,87),(294,88),(294,89),(294,90),(294,221),(294,295),(295,53),(295,54),(295,83),(295,87),(295,88),(295,89),(295,90),(295,113),(295,114),(295,137),(295,221),(295,294),(295,296),(295,304),(296,53),(296,54),(296,55),(296,83),(296,87),(296,88),(296,89),(296,90),(296,110),(296,111),(296,112),(296,221),(296,295),(297,82),(297,85),(297,96),(297,154),(297,220),(297,223),(297,224),(297,225),(297,226),(297,298),(297,299),(297,300),(297,301),(297,302),(297,316),(297,317),(297,318),(297,319),(297,320),(297,321),(297,322),(298,85),(298,96),(298,154),(298,220),(298,223),(298,224),(298,225),(298,226),(298,297),(298,299),(298,300),(298,301),(298,302),(298,316),(298,317),(298,318),(298,319),(298,320),(298,321),(298,322),(299,85),(299,95),(299,96),(299,154),(299,217),(299,220),(299,223),(299,224),(299,225),(299,226),(299,297),(299,298),(299,301),(299,316),(299,317),(299,318),(299,319),(299,320),(299,321),(299,322),(300,85),(300,95),(300,96),(300,154),(300,217),(300,220),(300,223),(300,224),(300,225),(300,226),(300,297),(300,298),(300,301),(300,316),(300,317),(300,318),(300,319),(300,320),(300,321),(300,322),(301,85),(301,95),(301,96),(301,154),(301,220),(301,223),(301,224),(301,225),(301,226),(301,297),(301,298),(301,299),(301,300),(301,303),(301,304),(301,316),(301,317),(301,318),(301,319),(301,320),(301,321),(301,322),(302,85),(302,95),(302,96),(302,154),(302,217),(302,220),(302,223),(302,224),(302,225),(302,226),(302,297),(302,298),(302,316),(302,317),(302,318),(302,319),(302,320),(302,321),(302,322),(303,55),(303,82),(303,110),(303,111),(303,112),(303,301),(303,304),(304,53),(304,54),(304,55),(304,83),(304,87),(304,88),(304,89),(304,90),(304,221),(304,295),(304,301),(304,303),(305,107),(305,115),(305,143),(305,144),(305,145),(305,196),(305,238),(305,244),(305,245),(305,278),(305,279),(305,280),(305,307),(305,309),(305,311),(307,107),(307,115),(307,143),(307,144),(307,145),(307,195),(307,238),(307,244),(307,245),(307,278),(307,279),(307,280),(307,305),(307,308),(307,310),(308,107),(308,115),(308,143),(308,144),(308,145),(308,196),(308,238),(308,244),(308,245),(308,278),(308,279),(308,280),(308,307),(308,309),(308,311),(309,107),(309,115),(309,143),(309,144),(309,145),(309,195),(309,238),(309,244),(309,245),(309,278),(309,279),(309,280),(309,305),(309,308),(309,310),(310,107),(310,115),(310,143),(310,144),(310,145),(310,196),(310,238),(310,244),(310,245),(310,278),(310,279),(310,280),(310,307),(310,309),(310,311),(311,107),(311,115),(311,143),(311,144),(311,145),(311,195),(311,238),(311,244),(311,245),(311,278),(311,279),(311,280),(311,305),(311,308),(311,310),(312,79),(312,254),(312,255),(312,256),(313,93),(313,274),(313,314),(314,93),(314,274),(314,313),(315,53),(315,54),(315,55),(315,83),(315,87),(315,88),(315,89),(315,90),(315,110),(315,111),(315,112),(315,221),(316,85),(316,95),(316,96),(316,154),(316,220),(316,224),(316,225),(316,297),(316,298),(316,299),(316,300),(316,301),(316,302),(316,316),(316,317),(316,318),(316,319),(316,320),(316,321),(316,322),(316,323),(316,324),(317,85),(317,95),(317,96),(317,154),(317,220),(317,224),(317,225),(317,297),(317,298),(317,299),(317,300),(317,301),(317,302),(317,316),(317,318),(317,319),(317,320),(317,321),(317,322),(318,85),(318,95),(318,96),(318,154),(318,220),(318,224),(318,225),(318,297),(318,298),(318,299),(318,300),(318,301),(318,302),(318,316),(318,317),(318,318),(318,319),(318,320),(318,321),(318,322),(319,85),(319,95),(319,96),(319,154),(319,220),(319,224),(319,225),(319,297),(319,298),(319,299),(319,300),(319,301),(319,302),(319,316),(319,317),(319,318),(319,319),(319,321),(319,322),(320,85),(320,95),(320,96),(320,154),(320,220),(320,224),(320,225),(320,297),(320,298),(320,299),(320,300),(320,301),(320,302),(320,316),(320,317),(320,318),(320,321),(320,322),(320,324),(321,85),(321,95),(321,96),(321,154),(321,220),(321,224),(321,225),(321,297),(321,298),(321,299),(321,300),(321,301),(321,302),(321,316),(321,317),(321,318),(321,319),(321,320),(321,322),(321,323),(321,324),(322,85),(322,95),(322,96),(322,154),(322,220),(322,224),(322,225),(322,297),(322,298),(322,299),(322,300),(322,301),(322,302),(322,316),(322,317),(322,318),(322,319),(322,320),(322,321),(323,55),(323,82),(323,110),(323,111),(323,112),(323,316),(323,321),(323,324),(324,55),(324,82),(324,110),(324,111),(324,112),(324,316),(324,320),(324,321),(324,323);
CREATE TABLE `oc_product_reward` (
  `product_reward_id` int(11) NOT NULL AUTO_INCREMENT,
  `product_id` int(11) NOT NULL DEFAULT '0',
  `customer_group_id` int(11) NOT NULL DEFAULT '0',
  `points` int(8) NOT NULL DEFAULT '0',
  PRIMARY KEY (`product_reward_id`)
) ENGINE=MyISAM AUTO_INCREMENT=7052 DEFAULT CHARSET=utf8;
INSERT INTO `oc_product_reward` VALUES (640,42,1,100),(812,47,1,300),(813,28,1,400),(819,43,1,600),(1229,29,1,0),(815,48,1,0),(814,40,1,0),(641,30,1,200),(821,44,1,700),(820,45,1,800),(822,31,1,0),(591,35,1,0),(824,33,1,0),(6135,245,4,0),(612,41,1,0),(816,36,1,0),(817,34,1,0),(818,32,1,0),(6406,73,2,0),(5911,54,4,0),(6342,55,2,0),(6715,53,4,0),(6755,56,4,0),(6395,57,4,0),(6382,58,2,0),(6102,59,2,0),(6230,60,2,0),(6723,61,4,0),(6338,62,2,0),(5891,63,4,0),(5886,64,2,0),(5998,65,2,0),(6367,66,4,0),(6363,67,4,0),(5979,68,4,0),(5762,69,2,0),(6299,70,4,0),(6010,71,2,0),(6414,72,2,0),(6434,74,2,0),(6423,214,4,0),(6438,76,2,0),(6419,77,4,0),(6226,78,2,0),(6107,79,4,0),(6283,80,4,0),(832,84,1,0),(6590,82,2,0),(6206,83,2,0),(6630,85,2,0),(5954,87,2,0),(6218,88,2,0),(6159,89,4,0),(6823,90,4,0),(6058,92,2,0),(5799,93,4,0),(834,94,1,0),(6766,95,2,0),(5783,96,4,0),(6050,98,2,0),(6054,99,2,0),(6067,100,4,0),(872,101,1,0),(6794,102,2,0),(6618,103,2,0),(6139,104,4,0),(6402,105,2,0),(6370,106,2,0),(6374,107,2,0),(1932,108,2,0),(6518,109,2,0),(6346,110,2,0),(6351,111,4,0),(6355,112,4,0),(6335,113,4,0),(6223,114,4,0),(6655,115,4,0),(6510,143,2,0),(6507,142,4,0),(6475,118,4,0),(5806,119,2,0),(6826,120,2,0),(5866,121,2,0),(6746,122,2,0),(6750,123,2,0),(6358,124,2,0),(6742,125,2,0),(2062,126,1,0),(5794,127,2,0),(5786,128,2,0),(5746,129,2,0),(5754,130,2,0),(5711,131,4,0),(5739,132,4,0),(5759,133,4,0),(5771,134,4,0),(5726,135,2,0),(5915,136,4,0),(6695,137,4,0),(6691,139,4,0),(6514,144,2,0),(6235,141,4,0),(6522,145,2,0),(5838,146,2,0),(5802,147,2,0),(6806,148,2,0),(5774,149,2,0),(5815,150,4,0),(5810,151,2,0),(5818,152,2,0),(6214,153,2,0),(5822,154,2,0),(6482,155,2,0),(6486,156,2,0),(6326,157,2,0),(6331,158,4,0),(6586,159,2,0),(6322,160,2,0),(6739,161,4,0),(6730,162,2,0),(6303,163,4,0),(6294,164,2,0),(6574,165,2,0),(6663,166,4,0),(6186,167,2,0),(6811,168,4,0),(6699,169,4,0),(5903,170,4,0),(6163,171,4,0),(6202,172,2,0),(5958,173,2,0),(6210,174,2,0),(6179,175,4,0),(6762,176,2,0),(6183,177,4,0),(6727,178,4,0),(6194,179,2,0),(6615,180,4,0),(6463,181,4,0),(6199,182,4,0),(6063,183,4,0),(6447,184,4,0),(6450,185,2,0),(6571,186,4,0),(6579,188,4,0),(6143,189,4,0),(6314,190,2,0),(5970,191,2,0),(6287,195,4,0),(6291,196,4,0),(5731,197,4,0),(6642,198,2,0),(6647,199,4,0),(5987,200,4,0),(6634,201,2,0),(6638,202,2,0),(5735,203,4,0),(5751,204,4,0),(5766,205,2,0),(5743,206,4,0),(5718,207,2,0),(5918,208,2,0),(5926,209,2,0),(5930,210,2,0),(5922,211,2,0),(6410,212,2,0),(6431,213,4,0),(6426,215,2,0),(6443,216,4,0),(6251,217,4,0),(5791,218,4,0),(5935,219,4,0),(5934,219,2,0),(5933,219,3,0),(6381,58,3,0),(6380,58,1,0),(5986,200,2,0),(5985,200,3,0),(6578,188,2,0),(6577,188,3,0),(6205,83,3,0),(6204,83,1,0),(6142,189,2,0),(6141,189,3,0),(5770,134,2,0),(5769,134,3,0),(6654,115,2,0),(6653,115,3,0),(5745,129,3,0),(5744,129,1,0),(5793,127,3,0),(5792,127,1,0),(5730,197,2,0),(5729,197,3,0),(6714,53,2,0),(6713,53,3,0),(6629,85,3,0),(6628,85,1,0),(6765,95,3,0),(6764,95,1,0),(6490,220,2,0),(6489,220,3,0),(6488,220,1,0),(6759,221,4,0),(6758,221,2,0),(6757,221,3,0),(6754,56,2,0),(6753,56,3,0),(6319,236,4,0),(6318,236,2,0),(6317,236,3,0),(6298,70,2,0),(6297,70,3,0),(6622,223,2,0),(6621,223,3,0),(6620,223,1,0),(6250,217,2,0),(6249,217,3,0),(6626,224,2,0),(6625,224,3,0),(6624,224,1,0),(6674,225,2,0),(6673,225,3,0),(6672,225,1,0),(6671,226,4,0),(6670,226,2,0),(6669,226,3,0),(6555,227,4,0),(6554,227,2,0),(6553,227,3,0),(6526,228,2,0),(6525,228,3,0),(6524,228,1,0),(6559,229,4,0),(6558,229,2,0),(6557,229,3,0),(6098,230,2,0),(6097,230,3,0),(6096,230,1,0),(6567,231,4,0),(6566,231,2,0),(6565,231,3,0),(6550,232,2,0),(6549,232,3,0),(6548,232,1,0),(6530,233,2,0),(6529,233,3,0),(6528,233,1,0),(6538,234,2,0),(6537,234,3,0),(6536,234,1,0),(6546,235,2,0),(6545,235,3,0),(6544,235,1,0),(6366,66,2,0),(6365,66,3,0),(6362,67,2,0),(6361,67,3,0),(5969,191,3,0),(5968,191,1,0),(5710,131,2,0),(5709,131,3,0),(5734,203,2,0),(5733,203,3,0),(5717,207,3,0),(5716,207,1,0),(5738,132,2,0),(5737,132,3,0),(5725,135,3,0),(5724,135,1,0),(5750,204,2,0),(5749,204,3,0),(5742,206,2,0),(5741,206,3,0),(5753,130,3,0),(5752,130,1,0),(5758,133,2,0),(5757,133,3,0),(5765,205,3,0),(5764,205,1,0),(5773,149,3,0),(5772,149,1,0),(5782,96,2,0),(5781,96,3,0),(5761,69,3,0),(5760,69,1,0),(5790,218,2,0),(5789,218,3,0),(5785,128,3,0),(5784,128,1,0),(5801,147,3,0),(5800,147,1,0),(5805,119,3,0),(5804,119,1,0),(5814,150,2,0),(5813,150,3,0),(5809,151,3,0),(5808,151,1,0),(5817,152,3,0),(5816,152,1,0),(5821,154,3,0),(5820,154,1,0),(6825,120,3,0),(6824,120,1,0),(5837,146,3,0),(5836,146,1,0),(6282,80,2,0),(6281,80,3,0),(5914,136,2,0),(5913,136,3,0),(6822,90,2,0),(6821,90,3,0),(6334,113,2,0),(6333,113,3,0),(5957,173,3,0),(5956,173,1,0),(5978,68,2,0),(5977,68,3,0),(6138,104,2,0),(6137,104,3,0),(6330,158,2,0),(6329,158,3,0),(6222,114,2,0),(6221,114,3,0),(6325,157,3,0),(6324,157,1,0),(6321,160,3,0),(6320,160,1,0),(6617,103,3,0),(6616,103,1,0),(5917,208,3,0),(5916,208,1,0),(5921,211,3,0),(5920,211,1,0),(6286,195,2,0),(6285,195,3,0),(6290,196,2,0),(6289,196,3,0),(6162,171,2,0),(6161,171,3,0),(5953,87,3,0),(5952,87,1,0),(6761,176,3,0),(6760,176,1,0),(5997,65,3,0),(5996,65,1,0),(1931,108,3,0),(1930,108,1,0),(6009,71,3,0),(6008,71,1,0),(6178,175,2,0),(6177,175,3,0),(6182,177,2,0),(6181,177,3,0),(6185,167,3,0),(6184,167,1,0),(6062,183,2,0),(6061,183,3,0),(6066,100,2,0),(6065,100,3,0),(6354,112,2,0),(6353,112,3,0),(6341,55,3,0),(6340,55,1,0),(6345,110,3,0),(6344,110,1,0),(6350,111,2,0),(6349,111,3,0),(6201,172,3,0),(6200,172,1,0),(6049,98,3,0),(6048,98,1,0),(6053,99,3,0),(6052,99,1,0),(6589,82,3,0),(6588,82,1,0),(6810,168,2,0),(6809,168,3,0),(6485,156,3,0),(6484,156,1,0),(6793,102,3,0),(6792,102,1,0),(5925,209,3,0),(5924,209,1,0),(5929,210,3,0),(5928,210,1,0),(6462,181,2,0),(6461,181,3,0),(5902,170,2,0),(5901,170,3,0),(6225,78,3,0),(6224,78,1,0),(6229,60,3,0),(6228,60,1,0),(6234,141,2,0),(6233,141,3,0),(6729,162,3,0),(6728,162,1,0),(6738,161,2,0),(6737,161,3,0),(5910,54,2,0),(5909,54,3,0),(6369,106,3,0),(6368,106,1,0),(6357,124,3,0),(6356,124,1,0),(6741,125,3,0),(6740,125,1,0),(5865,121,3,0),(5864,121,1,0),(6745,122,3,0),(6744,122,1,0),(6749,123,3,0),(6748,123,1,0),(2063,126,3,0),(2064,126,2,0),(6337,62,3,0),(6336,62,1,0),(6373,107,3,0),(6372,107,1,0),(6694,137,2,0),(6693,137,3,0),(6394,57,2,0),(6393,57,3,0),(6401,105,3,0),(6400,105,1,0),(6633,201,3,0),(6632,201,1,0),(6637,202,3,0),(6636,202,1,0),(6641,198,3,0),(6640,198,1,0),(6405,73,3,0),(6404,73,1,0),(6409,212,3,0),(6408,212,1,0),(6413,72,3,0),(6412,72,1,0),(6418,77,2,0),(6417,77,3,0),(6422,214,2,0),(6421,214,3,0),(6425,215,3,0),(6424,215,1,0),(6430,213,2,0),(6429,213,3,0),(6433,74,3,0),(6432,74,1,0),(6437,76,3,0),(6436,76,1,0),(6442,216,2,0),(6441,216,3,0),(5798,93,2,0),(5797,93,3,0),(6446,184,2,0),(6445,184,3,0),(6698,169,2,0),(6697,169,3,0),(6481,155,3,0),(6480,155,1,0),(6474,118,2,0),(6473,118,3,0),(6506,142,2,0),(6505,142,3,0),(6509,143,3,0),(6508,143,1,0),(6517,109,3,0),(6516,109,1,0),(6513,144,3,0),(6512,144,1,0),(6521,145,3,0),(6520,145,1,0),(6570,186,2,0),(6569,186,3,0),(6101,59,3,0),(6100,59,1,0),(6585,159,3,0),(6584,159,1,0),(6722,61,2,0),(6721,61,3,0),(6614,180,2,0),(6613,180,3,0),(6805,148,3,0),(6804,148,1,0),(6213,153,3,0),(6212,153,1,0),(6646,199,2,0),(6645,199,3,0),(6193,179,3,0),(6192,179,1,0),(6198,182,2,0),(6197,182,3,0),(6302,163,2,0),(6301,163,3,0),(6293,164,3,0),(6292,164,1,0),(6313,190,3,0),(6312,190,1,0),(6106,79,2,0),(6105,79,3,0),(6726,178,2,0),(6725,178,3,0),(6209,174,3,0),(6208,174,1,0),(6217,88,3,0),(6216,88,1,0),(6449,185,3,0),(6448,185,1,0),(6573,165,3,0),(6572,165,1,0),(5890,63,2,0),(5889,63,3,0),(5885,64,3,0),(5884,64,1,0),(6158,89,2,0),(6157,89,3,0),(6690,139,2,0),(6689,139,3,0),(6057,92,3,0),(6056,92,1,0),(6662,166,2,0),(6661,166,3,0),(6583,237,4,0),(6582,237,2,0),(6581,237,3,0),(6667,238,4,0),(6666,238,2,0),(6665,238,3,0),(6311,239,4,0),(6310,239,2,0),(6309,239,3,0),(6043,240,4,0),(6042,240,2,0),(6041,240,3,0),(5967,242,4,0),(5966,242,2,0),(5965,242,3,0),(6035,243,4,0),(6034,243,2,0),(6033,243,3,0),(6650,244,2,0),(6649,244,3,0),(6648,244,1,0),(6134,245,2,0),(6133,245,3,0),(6132,245,1,0),(5883,246,4,0),(5882,246,2,0),(5881,246,3,0),(5874,247,2,0),(5873,247,3,0),(5872,247,1,0),(6091,248,4,0),(6090,248,2,0),(6089,248,3,0),(6243,249,4,0),(6242,249,2,0),(6241,249,3,0),(6247,250,4,0),(6246,250,2,0),(6245,250,3,0),(5923,211,4,0),(5919,208,4,0),(5912,136,1,0),(6458,252,2,0),(6457,252,3,0),(6456,252,1,0),(6467,253,4,0),(6466,253,2,0),(6465,253,3,0),(6123,254,4,0),(6122,254,2,0),(6121,254,3,0),(6111,255,4,0),(6110,255,2,0),(6109,255,3,0),(6119,256,4,0),(6118,256,2,0),(6117,256,3,0),(6803,257,4,0),(6802,257,2,0),(6801,257,3,0),(5842,258,2,0),(5841,258,3,0),(5840,258,1,0),(6003,259,4,0),(6002,259,2,0),(6001,259,3,0),(6007,260,4,0),(6006,260,2,0),(6005,260,3,0),(6775,261,4,0),(6774,261,2,0),(6773,261,3,0),(6787,262,4,0),(6786,262,2,0),(6785,262,3,0),(6779,263,4,0),(6778,263,2,0),(6777,263,3,0),(6595,264,4,0),(6594,264,2,0),(6593,264,3,0),(6603,265,4,0),(6602,265,2,0),(6601,265,3,0),(6599,266,4,0),(6598,266,2,0),(6597,266,3,0),(6611,267,4,0),(6610,267,2,0),(6609,267,3,0),(6607,268,4,0),(6606,268,2,0),(6605,268,3,0),(6783,269,4,0),(6782,269,2,0),(6781,269,3,0),(6791,270,4,0),(6790,270,2,0),(6789,270,3,0),(6771,271,4,0),(6770,271,2,0),(6769,271,3,0),(5951,272,4,0),(5950,272,2,0),(5949,272,3,0),(6000,259,1,0),(6004,260,1,0),(5984,200,1,0),(5976,68,1,0),(6712,53,1,0),(5835,274,4,0),(5834,274,2,0),(5833,274,3,0),(5796,93,1,0),(5832,274,1,0),(6104,79,1,0),(6108,255,1,0),(6116,256,1,0),(6604,268,1,0),(6608,267,1,0),(6768,271,1,0),(6772,261,1,0),(6776,263,1,0),(6780,269,1,0),(6784,262,1,0),(6788,270,1,0),(6248,217,1,0),(6032,243,1,0),(6023,275,4,0),(6022,275,2,0),(6021,275,3,0),(6020,275,1,0),(6040,240,1,0),(6031,276,4,0),(6030,276,2,0),(6029,276,3,0),(6028,276,1,0),(6479,277,4,0),(6478,277,2,0),(6477,277,3,0),(6476,277,1,0),(6472,118,1,0),(6711,278,4,0),(6710,278,2,0),(6709,278,3,0),(6664,238,1,0),(6708,278,1,0),(6799,279,4,0),(6798,279,2,0),(6797,279,3,0),(6796,279,1,0),(6703,280,4,0),(6702,280,2,0),(6701,280,3,0),(6700,280,1,0),(6307,281,4,0),(6306,281,2,0),(6305,281,3,0),(6304,281,1,0),(6027,282,4,0),(6026,282,2,0),(6025,282,3,0),(6024,282,1,0),(6308,239,1,0),(5964,242,1,0),(6047,283,4,0),(6046,283,2,0),(6045,283,3,0),(6044,283,1,0),(6039,284,4,0),(6038,284,2,0),(6037,284,3,0),(6036,284,1,0),(5963,285,4,0),(5962,285,2,0),(5961,285,3,0),(5960,285,1,0),(6464,253,1,0),(6399,286,4,0),(6398,286,2,0),(6397,286,3,0),(6396,286,1,0),(6391,287,4,0),(6390,287,2,0),(6389,287,3,0),(6388,287,1,0),(6800,257,1,0),(6140,189,1,0),(6652,115,1,0),(6644,199,1,0),(6196,182,1,0),(6460,181,1,0),(6444,184,1,0),(6696,169,1,0),(6364,66,1,0),(6296,70,1,0),(6156,89,1,0),(6580,237,1,0),(6316,236,1,0),(5855,288,4,0),(5854,288,2,0),(5853,288,3,0),(5852,288,1,0),(6871,289,4,0),(6870,289,2,0),(6869,289,3,0),(6868,289,1,0),(6875,290,4,0),(6874,290,2,0),(6873,290,3,0),(6872,290,1,0),(5863,291,4,0),(5862,291,2,0),(5861,291,3,0),(5860,291,1,0),(6455,292,4,0),(6454,292,2,0),(6453,292,3,0),(6452,292,1,0),(5995,293,4,0),(5994,293,2,0),(5993,293,3,0),(5992,293,1,0),(6083,294,4,0),(6082,294,2,0),(6081,294,3,0),(6080,294,1,0),(6088,248,1,0),(6071,295,4,0),(6070,295,2,0),(6069,295,3,0),(6068,295,1,0),(6079,296,4,0),(6078,296,2,0),(6077,296,3,0),(6076,296,1,0),(6679,297,4,0),(6678,297,2,0),(6677,297,3,0),(6676,297,1,0),(6683,298,4,0),(6682,298,2,0),(6681,298,3,0),(6680,298,1,0),(6503,299,4,0),(6502,299,2,0),(6501,299,3,0),(6500,299,1,0),(6499,300,4,0),(6498,300,2,0),(6497,300,3,0),(6496,300,1,0),(5939,301,4,0),(5938,301,2,0),(5937,301,3,0),(5936,301,1,0),(6095,302,4,0),(6094,302,2,0),(6093,302,3,0),(6092,302,1,0),(6360,67,1,0),(6752,56,1,0),(6668,226,1,0),(6416,77,1,0),(6220,114,1,0),(5748,204,1,0),(6420,214,1,0),(6879,303,4,0),(6878,303,2,0),(6877,303,3,0),(6876,303,1,0),(5947,304,4,0),(5946,304,2,0),(5945,304,3,0),(5944,304,1,0),(5780,96,1,0),(6720,61,1,0),(5948,272,1,0),(5932,219,1,0),(6232,141,1,0),(6568,186,1,0),(5740,206,1,0),(5788,218,1,0),(6348,111,1,0),(6352,112,1,0),(6756,221,1,0),(5880,246,1,0),(5812,150,1,0),(6060,183,1,0),(6064,100,1,0),(6300,163,1,0),(6612,180,1,0),(6660,166,1,0),(6724,178,1,0),(6808,168,1,0),(6240,249,1,0),(6244,250,1,0),(6428,213,1,0),(6600,265,1,0),(6596,266,1,0),(5708,131,1,0),(5736,132,1,0),(5756,133,1,0),(5728,197,1,0),(5768,134,1,0),(6392,57,1,0),(6280,80,1,0),(6284,195,1,0),(6288,196,1,0),(6259,305,4,0),(6258,305,2,0),(6257,305,3,0),(6256,305,1,0),(6271,307,4,0),(6270,307,2,0),(6269,307,3,0),(6268,307,1,0),(6263,308,4,0),(6262,308,2,0),(6261,308,3,0),(6260,308,1,0),(6275,309,4,0),(6274,309,2,0),(6273,309,3,0),(6272,309,1,0),(6267,310,4,0),(6266,310,2,0),(6265,310,3,0),(6264,310,1,0),(6279,311,4,0),(6278,311,2,0),(6277,311,3,0),(6276,311,1,0),(6504,142,1,0),(5732,203,1,0),(6440,216,1,0),(6819,312,4,0),(6818,312,2,0),(6817,312,3,0),(6816,312,1,0),(6120,254,1,0),(6127,313,4,0),(6126,313,2,0),(6125,313,3,0),(6124,313,1,0),(6379,314,4,0),(6378,314,2,0),(6377,314,3,0),(6376,314,1,0),(5908,54,1,0),(6332,113,1,0),(6576,188,1,0),(6592,264,1,0),(5719,207,4,0),(5727,135,4,0),(5747,129,4,0),(5755,130,4,0),(5763,69,4,0),(5767,205,4,0),(5775,149,4,0),(5787,128,4,0),(5795,127,4,0),(5803,147,4,0),(5807,119,4,0),(5811,151,4,0),(5819,152,4,0),(5823,154,4,0),(5839,146,4,0),(5843,258,4,0),(5867,121,4,0),(5875,247,4,0),(5888,63,1,0),(5887,64,4,0),(5900,170,1,0),(5927,209,4,0),(5931,210,4,0),(5955,87,4,0),(5959,173,4,0),(5971,191,4,0),(5999,65,4,0),(6011,71,4,0),(6051,98,4,0),(6055,99,4,0),(6059,92,4,0),(6099,230,4,0),(6103,59,4,0),(6136,104,1,0),(6328,158,1,0),(6160,171,1,0),(6176,175,1,0),(6180,177,1,0),(6187,167,4,0),(6692,137,1,0),(6195,179,4,0),(6203,172,4,0),(6207,83,4,0),(6211,174,4,0),(6215,153,4,0),(6219,88,4,0),(6227,78,4,0),(6231,60,4,0),(6295,164,4,0),(6315,190,4,0),(6323,160,4,0),(6327,157,4,0),(6339,62,4,0),(6343,55,4,0),(6347,110,4,0),(6359,124,4,0),(6371,106,4,0),(6375,107,4,0),(6383,58,4,0),(6403,105,4,0),(6407,73,4,0),(6411,212,4,0),(6415,72,4,0),(6427,215,4,0),(6435,74,4,0),(6439,76,4,0),(6451,185,4,0),(6459,252,4,0),(6483,155,4,0),(6487,156,4,0),(6491,220,4,0),(6511,143,4,0),(6515,144,4,0),(6519,109,4,0),(6523,145,4,0),(6527,228,4,0),(6531,233,4,0),(6556,229,1,0),(6539,234,4,0),(6552,227,1,0),(6547,235,4,0),(6551,232,4,0),(6564,231,1,0),(6575,165,4,0),(6587,159,4,0),(6591,82,4,0),(6619,103,4,0),(6623,223,4,0),(6627,224,4,0),(6631,85,4,0),(6635,201,4,0),(6639,202,4,0),(6643,198,4,0),(6651,244,4,0),(6675,225,4,0),(6688,139,1,0),(6731,162,4,0),(6736,161,1,0),(6743,125,4,0),(6747,122,4,0),(6751,123,4,0),(6763,176,4,0),(6767,95,4,0),(6795,102,4,0),(6807,148,4,0),(6820,90,1,0),(6827,120,4,0),(6835,315,4,0),(6834,315,2,0),(6833,315,3,0),(6832,315,1,0),(6899,316,4,0),(6898,316,2,0),(6897,316,3,0),(6896,316,1,0),(7007,317,4,0),(7006,317,2,0),(7005,317,3,0),(7004,317,1,0),(6935,318,4,0),(6934,318,2,0),(6933,318,3,0),(6932,318,1,0),(7035,319,4,0),(7034,319,2,0),(7033,319,3,0),(7032,319,1,0),(7019,320,4,0),(7018,320,2,0),(7017,320,3,0),(7016,320,1,0),(7039,321,4,0),(7038,321,2,0),(7037,321,3,0),(7036,321,1,0),(7051,322,4,0),(7050,322,2,0),(7049,322,3,0),(7048,322,1,0),(7011,323,4,0),(7010,323,2,0),(7009,323,3,0),(7008,323,1,0),(7043,324,4,0),(7042,324,2,0),(7041,324,3,0),(7040,324,1,0);
CREATE TABLE `oc_product_special` (
  `product_special_id` int(11) NOT NULL AUTO_INCREMENT,
  `product_id` int(11) NOT NULL,
  `customer_group_id` int(11) NOT NULL,
  `priority` int(5) NOT NULL DEFAULT '1',
  `price` decimal(15,4) NOT NULL DEFAULT '0.0000',
  `date_start` date NOT NULL DEFAULT '0000-00-00',
  `date_end` date NOT NULL DEFAULT '0000-00-00',
  PRIMARY KEY (`product_special_id`),
  KEY `product_id` (`product_id`)
) ENGINE=MyISAM AUTO_INCREMENT=675 DEFAULT CHARSET=utf8;
INSERT INTO `oc_product_special` VALUES (453,42,1,1,90.0000,'0000-00-00','0000-00-00'),(455,30,1,2,90.0000,'0000-00-00','0000-00-00'),(454,30,1,1,80.0000,'0000-00-00','0000-00-00'),(650,229,1,0,2.7500,'2015-01-07','2016-01-10'),(646,234,1,0,13.3650,'2015-01-07','2015-01-11'),(649,227,1,0,8.7570,'2015-01-07','2015-01-19'),(648,235,1,0,12.8520,'2015-01-07','2015-01-11'),(656,61,1,0,0.7000,'2015-12-21','2015-12-31'),(633,259,1,10,2.4500,'2015-01-12','0000-00-00'),(634,260,1,9,2.2800,'2015-01-12','0000-00-00'),(674,324,1,0,18.1100,'2015-04-20','2015-04-26'),(653,297,1,0,16.7500,'2015-12-25','2016-01-03'),(642,217,1,0,5.5000,'2015-07-05','2015-12-31'),(636,79,1,0,6.0000,'2015-12-19','2016-01-04'),(637,255,1,0,6.0000,'2015-12-19','2016-01-04'),(639,256,1,0,6.2500,'2015-12-19','2016-01-04'),(671,323,1,0,18.1100,'2015-04-20','2015-04-26'),(628,242,1,0,0.9900,'2015-04-16','2015-05-01'),(632,200,1,0,5.7300,'2015-04-16','2015-04-30'),(630,68,1,0,5.7500,'2015-04-20','2015-05-29'),(643,281,1,0,0.9800,'2015-04-20','2015-05-31'),(659,279,1,0,0.9900,'2015-04-20','2015-05-10'),(657,56,1,0,19.9900,'2015-04-20','2015-04-26'),(658,261,1,0,11.9900,'2015-04-20','2015-04-26'),(652,226,1,0,41.7100,'2015-04-20','2015-04-27'),(644,77,1,0,0.9900,'2015-04-20','2015-04-26'),(640,114,1,1,19.9900,'2015-04-20','2015-04-26'),(663,303,1,0,18.1100,'2015-04-20','2015-04-26'),(625,304,1,0,17.1400,'2015-04-20','2015-05-04'),(623,301,1,0,39.8700,'2015-04-20','2015-04-27'),(618,96,1,0,43.0000,'2015-04-27','2015-05-04'),(661,315,1,0,19.9900,'2015-04-20','2015-04-26'),(620,288,1,0,12.4500,'2015-04-26','2015-05-04'),(626,272,1,0,2.9500,'2015-04-26','2015-05-04'),(635,296,1,0,19.2500,'2015-04-29','2015-05-04'),(641,141,1,0,7.6500,'2015-04-28','2015-05-04'),(627,242,1,0,0.9900,'2015-05-04','2015-05-11'),(622,246,1,0,12.3500,'2015-06-01','2015-06-14'),(619,150,1,0,45.8500,'2015-06-01','2015-06-08');
CREATE TABLE `oc_product_to_category` (
  `product_id` int(11) NOT NULL,
  `category_id` int(11) NOT NULL,
  PRIMARY KEY (`product_id`,`category_id`)
) ENGINE=MyISAM DEFAULT CHARSET=utf8;
INSERT INTO `oc_product_to_category` VALUES (28,59),(30,59),(32,34),(33,59),(34,34),(40,59),(41,59),(42,59),(47,59),(48,59),(53,46),(54,45),(55,63),(56,45),(57,62),(58,60),(59,69),(60,30),(61,24),(61,78),(62,70),(63,70),(64,70),(65,70),(66,26),(67,26),(68,26),(69,27),(70,62),(70,87),(71,66),(72,66),(73,66),(74,66),(76,66),(77,66),(78,30),(79,29),(79,75),(80,67),(82,63),(83,45),(85,64),(87,45),(88,45),(89,45),(90,45),(92,67),(93,29),(95,64),(96,64),(98,71),(99,71),(100,24),(101,67),(102,67),(103,67),(104,67),(105,62),(106,62),(107,76),(108,68),(109,76),(110,63),(111,63),(112,63),(113,45),(114,45),(115,26),(118,26),(119,26),(120,27),(121,26),(122,26),(123,26),(124,26),(125,26),(126,26),(127,27),(128,27),(129,27),(130,27),(131,27),(131,74),(132,27),(132,74),(133,27),(134,27),(135,27),(135,74),(136,45),(137,45),(139,45),(141,30),(142,24),(143,76),(144,76),(145,76),(146,76),(146,77),(147,76),(147,77),(148,76),(149,76),(150,69),(151,69),(152,69),(153,69),(153,70),(154,64),(155,78),(156,78),(157,78),(158,78),(159,78),(160,78),(161,62),(162,62),(163,24),(164,24),(165,24),(166,24),(167,24),(168,24),(169,24),(170,24),(171,24),(172,24),(173,24),(174,24),(175,24),(176,24),(177,24),(178,24),(179,24),(180,24),(181,24),(182,24),(183,24),(184,24),(185,24),(186,79),(188,45),(188,46),(189,46),(190,46),(191,46),(195,84),(196,84),(197,27),(197,74),(198,67),(199,67),(200,26),(201,67),(202,67),(203,27),(203,74),(204,27),(205,27),(206,27),(207,27),(208,76),(209,76),(210,76),(211,76),(212,66),(213,66),(214,66),(215,66),(216,66),(217,63),(218,27),(219,76),(220,64),(221,45),(223,64),(224,64),(225,64),(226,64),(227,78),(228,78),(229,78),(230,78),(231,78),(232,78),(233,78),(234,78),(235,78),(236,46),(237,46),(238,26),(239,26),(240,26),(242,26),(243,26),(244,26),(245,26),(246,73),(247,73),(248,24),(249,85),(250,85),(252,84),(253,86),(254,29),(254,75),(255,29),(255,75),(256,29),(256,75),(257,46),(258,87),(259,29),(260,29),(261,62),(261,87),(262,62),(262,87),(263,62),(263,87),(264,78),(264,87),(265,78),(265,87),(266,78),(266,87),(267,62),(267,87),(268,62),(268,87),(269,62),(269,87),(270,62),(270,87),(271,62),(271,87),(272,76),(272,77),(274,29),(275,26),(276,26),(277,26),(278,26),(279,26),(280,26),(281,26),(282,26),(283,26),(284,26),(285,26),(286,62),(287,60),(288,88),(289,46),(289,88),(290,46),(290,88),(291,88),(292,45),(293,45),(294,45),(295,45),(296,45),(297,63),(297,64),(298,63),(298,64),(299,64),(300,64),(301,64),(302,64),(303,63),(304,45),(305,84),(307,84),(308,84),(309,84),(310,84),(311,84),(312,29),(312,75),(313,29),(314,29),(315,45),(316,64),(317,64),(318,64),(319,64),(320,64),(321,64),(322,64),(323,63),(324,63);
CREATE TABLE `oc_product_to_download` (
  `product_id` int(11) NOT NULL,
  `download_id` int(11) NOT NULL,
  PRIMARY KEY (`product_id`,`download_id`)
) ENGINE=MyISAM DEFAULT CHARSET=utf8;
CREATE TABLE `oc_product_to_layout` (
  `product_id` int(11) NOT NULL,
  `store_id` int(11) NOT NULL,
  `layout_id` int(11) NOT NULL,
  PRIMARY KEY (`product_id`,`store_id`)
) ENGINE=MyISAM DEFAULT CHARSET=utf8;
CREATE TABLE `oc_product_to_store` (
  `product_id` int(11) NOT NULL,
  `store_id` int(11) NOT NULL DEFAULT '0',
  PRIMARY KEY (`product_id`,`store_id`)
) ENGINE=MyISAM DEFAULT CHARSET=utf8;
INSERT INTO `oc_product_to_store` VALUES (28,0),(29,0),(30,0),(31,0),(32,0),(33,0),(34,0),(35,0),(36,0),(41,0),(42,0),(43,0),(44,0),(45,0),(47,0),(48,0),(53,0),(54,0),(55,0),(56,0),(57,0),(58,0),(59,0),(60,0),(61,0),(62,0),(63,0),(64,0),(65,0),(66,0),(67,0),(68,0),(69,0),(70,0),(71,0),(72,0),(73,0),(74,0),(76,0),(77,0),(78,0),(79,0),(80,0),(82,0),(83,0),(84,0),(85,0),(87,0),(88,0),(89,0),(90,0),(92,0),(93,0),(94,0),(95,0),(96,0),(98,0),(99,0),(100,0),(101,0),(102,0),(103,0),(104,0),(105,0),(106,0),(107,0),(108,0),(109,0),(110,0),(111,0),(112,0),(113,0),(114,0),(115,0),(118,0),(119,0),(120,0),(121,0),(122,0),(123,0),(124,0),(125,0),(126,0),(127,0),(128,0),(129,0),(130,0),(131,0),(132,0),(133,0),(134,0),(135,0),(136,0),(137,0),(139,0),(141,0),(142,0),(143,0),(144,0),(145,0),(146,0),(147,0),(148,0),(149,0),(150,0),(151,0),(152,0),(153,0),(154,0),(155,0),(156,0),(157,0),(158,0),(159,0),(160,0),(161,0),(162,0),(163,0),(164,0),(165,0),(166,0),(167,0),(168,0),(169,0),(170,0),(171,0),(172,0),(173,0),(174,0),(175,0),(176,0),(177,0),(178,0),(179,0),(180,0),(181,0),(182,0),(183,0),(184,0),(185,0),(186,0),(188,0),(189,0),(190,0),(191,0),(195,0),(196,0),(197,0),(198,0),(199,0),(200,0),(201,0),(202,0),(203,0),(204,0),(205,0),(206,0),(207,0),(208,0),(209,0),(210,0),(211,0),(212,0),(213,0),(214,0),(215,0),(216,0),(217,0),(218,0),(219,0),(220,0),(221,0),(223,0),(224,0),(225,0),(226,0),(227,0),(228,0),(229,0),(230,0),(231,0),(232,0),(233,0),(234,0),(235,0),(236,0),(237,0),(238,0),(239,0),(240,0),(242,0),(243,0),(244,0),(245,0),(246,0),(247,0),(248,0),(249,0),(250,0),(252,0),(253,0),(254,0),(255,0),(256,0),(257,0),(258,0),(259,0),(260,0),(261,0),(262,0),(263,0),(264,0),(265,0),(266,0),(267,0),(268,0),(269,0),(270,0),(271,0),(272,0),(274,0),(275,0),(276,0),(277,0),(278,0),(279,0),(280,0),(281,0),(282,0),(283,0),(284,0),(285,0),(286,0),(287,0),(288,0),(289,0),(290,0),(291,0),(292,0),(293,0),(294,0),(295,0),(296,0),(297,0),(298,0),(299,0),(300,0),(301,0),(302,0),(303,0),(304,0),(305,0),(307,0),(308,0),(309,0),(310,0),(311,0),(312,0),(313,0),(314,0),(315,0),(316,0),(317,0),(318,0),(319,0),(320,0),(321,0),(322,0),(323,0),(324,0);
CREATE TABLE `oc_return` (
  `return_id` int(11) NOT NULL AUTO_INCREMENT,
  `order_id` int(11) NOT NULL,
  `product_id` int(11) NOT NULL,
  `customer_id` int(11) NOT NULL,
  `firstname` varchar(32) NOT NULL,
  `lastname` varchar(32) NOT NULL,
  `email` varchar(96) NOT NULL,
  `telephone` varchar(32) NOT NULL,
  `product` varchar(255) NOT NULL,
  `model` varchar(64) NOT NULL,
  `quantity` int(4) NOT NULL,
  `opened` tinyint(1) NOT NULL,
  `return_reason_id` int(11) NOT NULL,
  `return_action_id` int(11) NOT NULL,
  `return_status_id` int(11) NOT NULL,
  `comment` text,
  `date_ordered` date NOT NULL,
  `date_added` datetime NOT NULL,
  `date_modified` datetime NOT NULL,
  PRIMARY KEY (`return_id`)
) ENGINE=MyISAM AUTO_INCREMENT=2 DEFAULT CHARSET=utf8;
INSERT INTO `oc_return` VALUES (1,46456465,0,0,'sdfasdf','sadfasdf','rimas.travel@gmail.com','544646','1545','46465',1,0,5,0,2,'Klaida arba kitos detalės:Klaida arba kitos detalės:Klaida arba kitos detalės:','0000-00-00','2013-12-29 16:00:32','2013-12-29 16:00:32');
CREATE TABLE `oc_return_action` (
  `return_action_id` int(11) NOT NULL AUTO_INCREMENT,
  `language_id` int(11) NOT NULL DEFAULT '0',
  `name` varchar(64) NOT NULL,
  PRIMARY KEY (`return_action_id`,`language_id`)
) ENGINE=MyISAM AUTO_INCREMENT=4 DEFAULT CHARSET=utf8;
INSERT INTO `oc_return_action` VALUES (1,1,'Refunded'),(2,1,'Credit Issued'),(3,1,'Replacement Sent'),(1,2,'Refunded'),(2,2,'Credit Issued'),(3,2,'Replacement Sent');
CREATE TABLE `oc_return_history` (
  `return_history_id` int(11) NOT NULL AUTO_INCREMENT,
  `return_id` int(11) NOT NULL,
  `return_status_id` int(11) NOT NULL,
  `notify` tinyint(1) NOT NULL,
  `comment` text NOT NULL,
  `date_added` datetime NOT NULL,
  PRIMARY KEY (`return_history_id`)
) ENGINE=MyISAM DEFAULT CHARSET=utf8;
CREATE TABLE `oc_return_reason` (
  `return_reason_id` int(11) NOT NULL AUTO_INCREMENT,
  `language_id` int(11) NOT NULL DEFAULT '0',
  `name` varchar(128) NOT NULL,
  PRIMARY KEY (`return_reason_id`,`language_id`)
) ENGINE=MyISAM AUTO_INCREMENT=6 DEFAULT CHARSET=utf8;
INSERT INTO `oc_return_reason` VALUES (1,1,'Dead On Arrival'),(2,1,'Received Wrong Item'),(3,1,'Order Error'),(4,1,'Faulty, please supply details'),(5,1,'Other, please supply details'),(1,2,'Dead On Arrival'),(2,2,'Received Wrong Item'),(3,2,'Order Error'),(4,2,'Faulty, please supply details'),(5,2,'Other, please supply details');
CREATE TABLE `oc_return_status` (
  `return_status_id` int(11) NOT NULL AUTO_INCREMENT,
  `language_id` int(11) NOT NULL DEFAULT '0',
  `name` varchar(32) NOT NULL,
  PRIMARY KEY (`return_status_id`,`language_id`)
) ENGINE=MyISAM AUTO_INCREMENT=4 DEFAULT CHARSET=utf8;
INSERT INTO `oc_return_status` VALUES (1,1,'Pending'),(3,1,'Complete'),(2,1,'Awaiting Products'),(1,2,'Pending'),(3,2,'Complete'),(2,2,'Awaiting Products');
CREATE TABLE `oc_review` (
  `review_id` int(11) NOT NULL AUTO_INCREMENT,
  `product_id` int(11) NOT NULL,
  `customer_id` int(11) NOT NULL,
  `author` varchar(64) NOT NULL,
  `text` text NOT NULL,
  `rating` int(1) NOT NULL,
  `status` tinyint(1) NOT NULL DEFAULT '0',
  `date_added` datetime NOT NULL DEFAULT '0000-00-00 00:00:00',
  `date_modified` datetime NOT NULL DEFAULT '0000-00-00 00:00:00',
  PRIMARY KEY (`review_id`),
  KEY `product_id` (`product_id`)
) ENGINE=MyISAM AUTO_INCREMENT=9 DEFAULT CHARSET=utf8;
INSERT INTO `oc_review` VALUES (1,53,0,'Harijs','I think i\'m gonna buy this that is cheap !',5,1,'2014-12-13 13:54:17','0000-00-00 00:00:00'),(2,115,60,'Jurga','Na jei nuo paprastu buteliuku kamšteliai tinka, pirksiu! Laukiu atsakymo.\r\n',5,1,'2015-02-04 17:46:43','0000-00-00 00:00:00'),(3,95,0,'Irena','Very beautiful geocoin, it looks better in real life than in the picture. It is quite big. \r\nI am very happy I decided to buy it. I think the price is reasonable for such a charming geocoin. ',5,1,'2014-12-13 13:53:11','0000-00-00 00:00:00'),(4,115,0,'Geoshop.LT','Atsakymas: Taip, šiems PET\'ams tinka kamšteliai nuo bet kokių &quot;bambalių&quot;, kurių pilnos pakelės :)',5,1,'2015-02-04 17:46:56','0000-00-00 00:00:00'),(5,259,0,'Arūnas','Pirkau toki, tikras š . Nesilaiko monetos, pastoviai iskrenta. O norint isimti sunkiai gaunasi. Nerekomenduociau, beje kitur uz 1eura parduoda',1,0,'2015-05-19 22:54:08','0000-00-00 00:00:00'),(7,58,0,'Ignas','Patiko greitas pristatymas, nebloga kaina (nors galėtų būti ir geresnė :) ). Beje, labai maloniai nustebino dovanėlė - nemokamas užrašų popierėlis.',4,1,'2015-09-10 19:05:33','0000-00-00 00:00:00'),(8,58,0,'Geoshop.LT','Sutinkame kad kaina galėtų būti geresnė, tačiau jaučiamės atsakingi, kad dėl tos galimos geros kainos, kas antra palangė nebūtų aplipdyta naniukais :)',5,1,'2015-12-16 13:13:09','0000-00-00 00:00:00');
CREATE TABLE `oc_stock_status` (
  `stock_status_id` int(11) NOT NULL AUTO_INCREMENT,
  `language_id` int(11) NOT NULL,
  `name` varchar(32) NOT NULL,
  PRIMARY KEY (`stock_status_id`,`language_id`)
) ENGINE=MyISAM AUTO_INCREMENT=9 DEFAULT CHARSET=utf8;
INSERT INTO `oc_stock_status` VALUES (7,2,'Turime sandėlyje'),(8,2,'Užsakyta'),(5,2,'Nėra'),(6,2,'2 - 3 Dienos'),(8,1,'Pre-Order'),(5,1,'Out Of Stock'),(6,1,'2 - 3 Days'),(7,1,'In Stock');
CREATE TABLE `oc_store` (
  `store_id` int(11) NOT NULL AUTO_INCREMENT,
  `name` varchar(64) NOT NULL,
  `url` varchar(255) NOT NULL,
  `ssl` varchar(255) NOT NULL,
  PRIMARY KEY (`store_id`)
) ENGINE=MyISAM DEFAULT CHARSET=utf8;
CREATE TABLE `oc_tax_class` (
  `tax_class_id` int(11) NOT NULL AUTO_INCREMENT,
  `title` varchar(32) NOT NULL,
  `description` varchar(255) NOT NULL,
  `date_added` datetime NOT NULL DEFAULT '0000-00-00 00:00:00',
  `date_modified` datetime NOT NULL DEFAULT '0000-00-00 00:00:00',
  PRIMARY KEY (`tax_class_id`)
) ENGINE=MyISAM AUTO_INCREMENT=11 DEFAULT CHARSET=utf8;
INSERT INTO `oc_tax_class` VALUES (9,'Taxable Goods','Taxed Stuff','2009-01-06 23:21:53','2011-09-23 14:07:50'),(10,'Downloadable Products','Downloadable','2011-09-21 22:19:39','2011-09-22 10:27:36');
CREATE TABLE `oc_tax_rate` (
  `tax_rate_id` int(11) NOT NULL AUTO_INCREMENT,
  `geo_zone_id` int(11) NOT NULL DEFAULT '0',
  `name` varchar(32) NOT NULL,
  `rate` decimal(15,4) NOT NULL DEFAULT '0.0000',
  `type` char(1) NOT NULL,
  `date_added` datetime NOT NULL DEFAULT '0000-00-00 00:00:00',
  `date_modified` datetime NOT NULL DEFAULT '0000-00-00 00:00:00',
  PRIMARY KEY (`tax_rate_id`)
) ENGINE=MyISAM AUTO_INCREMENT=88 DEFAULT CHARSET=utf8;
INSERT INTO `oc_tax_rate` VALUES (86,3,'VAT (17.5%)',17.5000,'P','2011-03-09 21:17:10','2011-09-22 22:24:29'),(87,3,'Eco Tax (-2.00)',2.0000,'F','2011-09-21 21:49:23','2011-09-23 00:40:19');
CREATE TABLE `oc_tax_rate_to_customer_group` (
  `tax_rate_id` int(11) NOT NULL,
  `customer_group_id` int(11) NOT NULL,
  PRIMARY KEY (`tax_rate_id`,`customer_group_id`)
) ENGINE=MyISAM DEFAULT CHARSET=utf8;
INSERT INTO `oc_tax_rate_to_customer_group` VALUES (86,1),(87,1);
CREATE TABLE `oc_tax_rule` (
  `tax_rule_id` int(11) NOT NULL AUTO_INCREMENT,
  `tax_class_id` int(11) NOT NULL,
  `tax_rate_id` int(11) NOT NULL,
  `based` varchar(10) NOT NULL,
  `priority` int(5) NOT NULL DEFAULT '1',
  PRIMARY KEY (`tax_rule_id`)
) ENGINE=MyISAM AUTO_INCREMENT=129 DEFAULT CHARSET=utf8;
INSERT INTO `oc_tax_rule` VALUES (121,10,86,'payment',1),(120,10,87,'store',0),(128,9,86,'shipping',1),(127,9,87,'shipping',2);
CREATE TABLE `oc_url_alias` (
  `url_alias_id` int(11) NOT NULL AUTO_INCREMENT,
  `query` varchar(255) NOT NULL,
  `keyword` varchar(255) NOT NULL,
  PRIMARY KEY (`url_alias_id`)
) ENGINE=MyISAM AUTO_INCREMENT=2689 DEFAULT CHARSET=utf8;
INSERT INTO `oc_url_alias` VALUES (996,'product_id=48','ipod_classic'),(778,'information_id=3','Geoshop.lt-privacy-policy'),(849,'manufacturer_id=8','Groundspeak-Lietuvoje-geocaching'),(858,'product_id=42','test'),(859,'category_id=34','mp3-players'),(793,'manufacturer_id=9','CacheMark-Geocoins-travelbug-travelbugs'),(1487,'manufacturer_id=7','Geocaching-Lietuva-Oficialus-Groundspeak-atstovas-Lietuvoje-Lithuania-Distributor'),(797,'manufacturer_id=5','Oakcoins-Lietuva-parduotuve-geocoins-geocoins-Lithuania'),(799,'manufacturer_id=6','Shiny-antspaudai-geocaching-antspaudas'),(796,'manufacturer_id=11','Geoshop.LT-lobiai'),(2115,'manufacturer_id=12','Geoswag-Lithuania-Atstovas-pardavėjas-Geocaching'),(2487,'product_id=54','Boruzele-Lulu-trackable-Geocaching-travel-bug-geocaching-keliauninkas-keliaujantis-prisegtukas-kaina'),(2655,'product_id=56','Frog-travel-bug-geocaching-keliauninkas-keliaujantis-prisegtukas-kaina'),(2582,'product_id=57','Nano-logsheet-geocache-container'),(1478,'manufacturer_id=14','Geocaching-Sanyo-eneloop-rechargable-pakraunamos-baterijos-akumuliatoriai'),(2571,'product_id=62','Mikro-micro-USB-kabelis-1m'),(2482,'product_id=63','USB-pakrovėjas-krautuvas-12v-car-charger-mini-1A'),(2481,'product_id=64','USB-pakrovėjas-krautuvas-12v-car-charger-mini-1A-white-baltas-micro-mikro-automobilinis'),(2505,'product_id=65','USB-pakrovėjas-krautuvas-12v-car-charger-mini-1A-white-baltas-micro-mikro-automobilinis-dvigubas-dual-2.0-12v-1a-1000mA-500_mA'),(2577,'product_id=66','Geocaching-konteineriai-konteineris-mikro-micro-bison-tube-silver'),(893,'category_id=74','Geocaching-konteineriai-konteineris-mažas'),(894,'category_id=26','Geocaching-konteineriai-konteineris-micro-mikro'),(895,'category_id=60','Geocaching-konteineriai-konteineris-nano'),(901,'category_id=61','Geocaching-konteineriai-rankų-darbo-kaina'),(1196,'category_id=62','Rite-in-the-Rain-užrašinės-logbook-logsheet-nano-geocaching'),(2562,'product_id=70','Geocaching-užrašų-knygelė-bloknotas-logbook-RITR-rite-rain-official-yellow'),(2508,'product_id=71','Ferito-magnetas-magnetai-kaina-geocaching-magnet-magnets'),(2241,'category_id=66','Geocaching-magnet-magnets-magnetai-ferrite-neodimo-neodymio-kaina'),(2586,'product_id=72','Neodimio-neodymio-magnetas-magnetai-kaina-geocaching'),(2584,'product_id=73','Neodimio-neodymio-magnetas-magnetai-kaina-geocaching'),(2591,'product_id=76','Neodimio-neodymio-magnetas-magnetai-kaina-geocaching'),(2587,'product_id=77','Neodimio-neodymio-magnetas-magnetai-kaina-geocaching'),(2558,'product_id=80','Geocaching-Camo-adhesive-tape_maskuojanti-lipni-juosta'),(2623,'product_id=82','geocoin-moneta-geomoneta-geocaching-keliauninkai'),(2545,'product_id=83','Geocaching-Kolibris-Hummingbird-hover-travel-bug-geocaching-keliauninkas-keliaujantis-prisegtukas-kaina'),(2497,'product_id=87','Geocaching-Delfinas-Daphne-Dolphin-travel-bug-geocaching-keliauninkas-keliaujantis-prisegtukas-kaina'),(2548,'product_id=88','Geocaching-Labrador-travel-bug-geocaching-keliauninkas-keliaujantis-prisegtukas-kaina'),(2533,'product_id=89','Geocaching-kitty-Whiskers-Cat-travel-bug-geocaching-keliauninkas-keliaujantis-prisegtukas-kaina-trackable'),(2667,'product_id=90','Geocaching-Anemone-Clown-Fish-travel-bug-geocaching-keliauninkas-keliaujantis-prisegtukas-kaina'),(1833,'category_id=20','Geocaching-konteineriai-konteineris-Lietuvoje-PET-ruošiniai-kaina-indeliai-containers-price'),(978,'category_id=64','Geocaching-geomonetos-geocoin-keliauninkai-keliauninkas'),(981,'category_id=45','Trackable-tags-travel-bug-travelbug-keliauninkai-Lietuvoje-Geocaching-kaina'),(1480,'information_id=7','Apie-geocaching-kaip-rasti-ieškoti-lobių'),(2521,'product_id=79','Ismaniosios-pirstines-išmaniosios-pirštinės-smart-gloves-geocaching-capacitive-igloves-iglove-margos-rožinės'),(1558,'information_id=4','Geocaching-Lietuvoje-geoshop-about_us-parduotuvė-Lithuania-reikmenys-medziagos-keliauninkai-Groundspeak-geocaching.com-nemokamas-nemokamai-Vilnius-Vilniuje'),(2676,'information_id=6','Geocaching-prekių-pristatymas-Lietuvoje-Shipping-shipping-rates-omniva-lpexpress'),(1450,'information_id=8','How-start-begin-geocaching-Android-kaip-ieskoti-lobiu'),(992,'category_id=75','Geocaching-iranga-equipment-price'),(2460,'product_id=93','Geocaching-mirror-veidrodis-veidrodelis-retractable-teleskopinis-istraukiamas'),(2630,'product_id=85','Geocaching-geo-moneta-reagular-rare-reta-saulegriza-Summer-Solstice-Gold'),(2658,'product_id=95','Geocaching-Geocoin-Geomoneta-Vėžliukas-žalias-Tessellation-Turtle-Geocoin-Geoswag-Green'),(1550,'category_id=18','travelbug-travel-bug-lietuva-lietuvojekaina-geocaching-Lietvoje-lobiai-trackables-geocoin-geocoins'),(2511,'product_id=98','Garmin-Dakota-GPS-ekrano-apsaugine-plevele'),(2512,'product_id=99','Garmin-Oregon-550-550t-450-450t-GPS-ekrano-apsaugine-plevele-film-protector-screen'),(2515,'product_id=100','Geocaching-swag-smulkmenos-apsikeitimui-trade'),(2513,'product_id=92','Geltona-lipni-juosta-kaina'),(2661,'product_id=102','Zalia-lipni-juosta-kaina-greeen-adhesive-tape-price'),(2627,'product_id=103','Ruda-lipni-juosta-Tesa-kaina-Brown-adhesive-tape-price'),(2528,'product_id=104','Juoda-lipni-juosta-Tesa-kaina-Black-adhesive-tape-price'),(2583,'product_id=105','Geocaching-nano-container-logbook-logsheet-užrašų-lapelis-rite-in-the-rain-paper-waterproof'),(2578,'product_id=106','Geocaching-micro-container-logbook-logsheet-užrašų-lapelis-rite-in-the-rain-paper-waterproof'),(1042,'category_id=76','Geocachin-medžiagos-įranga-priedai-įrankiai-tools'),(2579,'product_id=107','Geocaching-mini-karabinas'),(1691,'product_id=108','Geocaching-epoksidiniai-klijai-epoxy-hlue-moment-henkel'),(2606,'product_id=109','Geocaching-pinta-virve-chacki-spalvos-khaki-rope-25m'),(2572,'product_id=55','Geocaching-geocoin-moneta-geomoneta-geocaching-fire-micro-elements'),(2573,'product_id=110','Geocaching-geocoin-moneta-geomoneta-Water-micro-elements'),(2574,'product_id=111','Geocaching-geocoin-moneta-geomoneta-Wind-micro-elements-vejas'),(2575,'product_id=112','Geocaching-geocoin-moneta-geomoneta-Earth-micro-elements-Zeme'),(2549,'product_id=114','Lauzas-travel-bug-geocaching-keliauninkas-keliaujantis-prisegtukas-kaina'),(2636,'product_id=115','Geocaching-mikro-konteineriai-konteineris-Lietuvoje-PET-ruošiniai-ruošinys-preforma-kaina-preform-price-container-clear-skaidrus-vilniuje-vilnius-kelioninis-indelis-bagažui-lėktuvui'),(2462,'product_id=119','Geocaching-mikro-konteineris-35mm-foto-juostos-dezute-film-canister-konteineriai-Lietvoje'),(2668,'product_id=120','Geocaching-tradicinis-konteineris-600ml-konteineriai-Lietvoje'),(2476,'product_id=121','Geocaching-mikro-micro-konteineris-600ml-konteineriai-Lietvoje-container'),(2653,'product_id=122','Geocaching-mikro-micro-konteineris-15ml-konteineriai-Lietvoje-container-screwable-užsukamas'),(2654,'product_id=123','Geocaching-mikro-micro-konteineris-4ml-konteineriai-Lietvoje-container-screwable-užsukamas'),(2576,'product_id=124','Geocaching-mikro-micro-konteineris-1,5ml-konteineriai-Lietvoje-container'),(2652,'product_id=125','Geocaching-mikro-micro-konteineris-10ml-konteineriai-Lietvoje-container-screwable-užsukamas-indelis'),(1734,'product_id=126','Geocaching-Magnetinis-magnetic-mikro-micro-konteineris-5ml-konteineriai-Lietvoje-container-screwable-užsukamas-indelis'),(2459,'product_id=127','geocaching-Traditional-regular-tradicinis-container-konteineris-Plastikinis-kibirelis-kibiriukas-kaina-price-Lietuvoje-2,8L'),(2457,'product_id=128','geocaching-Traditional-regular-tradicinis-container-konteineris-Plastikinis-kibirelis-kibiriukas-kaina-price-Lietuvoje-2L-talpos'),(2447,'product_id=129','geocaching-Traditional-regular-tradicinis-container-konteineris-Plastikinis-kibirelis-kibiriukas-kaina-price-Lietuvoje-0,5L-talpos'),(2451,'product_id=69','geocaching-Traditional-regular-tradicinis-container-konteineris-Plastikinis-kibirelis-kibiriukas-kaina-price-Lietuvoje-1L-talpos'),(2449,'product_id=130','geocaching-Traditional-regular-tradicinis-container-konteineris-Plastikinis-kibirelis-kibiriukas-kaina-price-Lietuvoje-0,77L-770ml-talpos'),(2438,'product_id=131','geocaching-Traditional-regular-tradicinis-container-konteineris-Plastikinis-Lock&amp;Lock-Seal-lock-kaina-price-Lietuvoje-0,24L-240ml-talpos'),(2445,'product_id=132','geocaching-Traditional-regular-tradicinis-container-konteineris-Plastikinis-Lock&amp;Lock-Seal-lock-kaina-price-Lietuvoje-0,3L-300ml-talpos'),(2450,'product_id=133','geocaching-Traditional-regular-tradicinis-container-konteineris-Plastikinis-Lock&amp;Lock-Seal-lock-kaina-price-Lietuvoje-0,8L-800ml-talpos'),(2453,'product_id=134','geocaching-Traditional-regular-tradicinis-container-konteineris-Plastikinis-Lock&amp;Lock-Seal-lock-kaina-price-Lietuvoje-1,6L-1600ml-talpos'),(2442,'product_id=135','geocaching-Traditional-regular-tradicinis-container-konteineris-Plastikinis-Lock&amp;Lock-Seal-lock-kaina-price-Lietuvoje-0,4L-400ml-talpos'),(2570,'product_id=113','Meskinas-travel-bug-geocaching-keliauninkas-keliaujantis-prisegtukas-kaina-trackable-tag-price-bear'),(2488,'product_id=136','Briedis-travel-bug-geocaching-keliauninkas-keliaujantis-prisegtukas-kaina-trackable-price-Alberta-Moose-Travel-Tag'),(2643,'product_id=137','Katė-travel-bug-geocaching-keliauninkas-keliaujantis-prisegtukas-kaina-trackable-price-Misty-Maine-Coon-Cat-Tag'),(2642,'product_id=139','Šuniukas-travel-bug-geocaching-keliauninkas-keliaujantis-prisegtukas-kaina-trackable-price-Wookiee-Puppy-Tag'),(2550,'product_id=78','geocaching-Led-žibintuvėlis-prožektorius-kaina-price-Lietuvoje-įrankiai-reikmenys-0,5W-flashlight-torch'),(2551,'product_id=60','LED-zibintuvelis-prozektorius-torch-Geocaching-Flashlight'),(2552,'product_id=141','geocaching-Led-žibintuvėlis-prožektorius-kaina-price-Lietuvoje-įrankiai-reikmenys-9-flashlight-torch'),(2647,'product_id=61','Tušinukas-Puponautas-ballpen-vitamn-bean-sudedamas-ištraukiamas-retractable-ball-pen-VITAMIN-kaina-Lietuvoje-Vilnius-Vilniuje'),(2604,'product_id=143','Geocaching-pinta-virve-virvutė-chacki-spalvos-khaki-rope-1m'),(2605,'product_id=144','Geocaching-pinta-virve-virvutė-chacki-spalvos-khaki-rope-2m'),(2607,'product_id=145','Geocaching-pinta-virve-virvutė-chacki-spalvos-khaki-rope-5m'),(1143,'category_id=77','Geocaching-keliauninkai-priedai-keychains-grandinėlės'),(2461,'product_id=147','Geocaching-keliauninkai-priedai-keychains-grandinėlės-grandinėlė-kaina'),(2470,'product_id=146','Geocaching-keliauninkai-priedai-keychains-grandinėlės-grandinėlė-kaina-2,4mm'),(2663,'product_id=148','geocaching-Žiedelis-12mm-kaina-keychain-price'),(2454,'product_id=149','Geocaching-plastikiniai-kaproniniai-tvirtinimo-dirželiai-kaina-plastic-straps-price'),(2464,'product_id=150','Geocaching-iranga-equipment-Eneloop-Rechargeable-pakraunamas-pakraunama-baterija-batteries-kaina-price-ikraunama-2000mah-1900mah-4vnt-4pcs-sanyo-akumuliatorius-AA-LR6'),(2520,'product_id=59','Geocaching-iranga-equipment-Eneloop-Rechargeable-pakraunamas-pakraunama-baterija-batteries-kaina-price-ikraunama-2000mah-1900mah-sanyo-akumuliatorius-AA-LR6'),(2465,'product_id=152','Geocaching-iranga-equipment-Sanyo-Eneloop-Rechargeable-pakraunamas-pakraunama-baterija-batteries-kaina-price-ikraunama-2500mah-akumuliatorius-AAA-LR03'),(2463,'product_id=151','Geocaching-iranga-equipment-Sanyo-Eneloop-Rechargeable-pakraunamas-pakraunama-baterija-batteries-kaina-price-ikraunama-2500mah-akumuliatorius-xx--AA-LR6'),(2547,'product_id=153','Geocaching-iranga-equipment-Sanyo-Eneloop-Charger-slow-lėtas-krautuvas-pakrovėjas-komplektasRechargeable-pakraunamas-pakraunama-baterija-batteries-kaina-price-ikraunama--1900mah-2000mah-akumuliatorius-AAA'),(2466,'product_id=154','Geocaching-Geocoin-Geomoneta-500-lobių-pasiekimas-Finds-Geo-Achievement-Award-Set-kaina-price-Lietuvoje'),(2456,'product_id=96','Geocaching-Geocoin-Geomoneta-1000-lobių-pasiekimas-Finds-Geo-Achievement-Award-Set-kaina-price-Lietuvoje'),(1191,'manufacturer_id=16','Geocaching-CoinsAndPins-geocoins-geocoin-keliauninkas-trackable'),(1195,'category_id=78','Geocaching-lobiai-tušinukai-rašymo-reikmenys-pieštukai'),(2600,'product_id=155','geocaching-Reikmenys-įrankiai-Lietuvoje-rašiklis-rašikliai-parkeris-tušinukas-pieštukas-faber-castel-kaina-price'),(2601,'product_id=156','geocaching-Reikmenys-įrankiai-Lietuvoje-rašiklis-rašikliai-parkeris-tušinukas-pieštukas-paprastas-kaina-price-graphite'),(2568,'product_id=157','geocaching-Reikmenys-įrankiai-Lietuvoje-rašiklis-rašikliai-parkeris-tušinukas-Schneider-kaina-price-blue-mėlynas'),(2569,'product_id=158','geocaching-Reikmenys-įrankiai-Lietuvoje-rašiklis-rašikliai-parkeris-tušinukas-Schneider-kaina-price-black-blue-Germany-Vokietija'),(2622,'product_id=159','geocaching-Reikmenys-įrankiai-Lietuvoje-rašiklis-rašikliai-tušinukas-kaina-price-red-Raudonas'),(2567,'product_id=160','geocaching-Reikmenys-įrankiai-Lietuvoje-rašiklis-rašikliai-tušinukas-kaina-price-blue-mėlynas-vienkartinis'),(2651,'product_id=161','Geocaching-užrašų-knygelė-bloknotas-logbook-su-spirale'),(2649,'product_id=162','Geocaching-užrašų-knygelė-bloknotas-logbook-Smiltainis'),(2581,'product_id=58','geocaching-nano-container-konteineris-aluminium-magnetinis-magnetic-kaina-Lietuvoje-price-nusipirkti-parduoda'),(2563,'product_id=163','Geocaching-grobis-swag-geoswag-smulkmenos-apsikeitimui-trade-kaina-price-karoliukai'),(2561,'product_id=164','Geocaching-grobis-swag-geoswag-smulkmenos-apsikeitimui-trade-kaina-price-karoliukai-maža-gėlytė-akrilas-acrylic'),(2619,'product_id=165','Geocaching-grobis-swag-geoswag-smulkmenos-apsikeitimui-trade-kaina-price-karoliukai-pynutė'),(2540,'product_id=167','Geocaching-grobis-swag-geoswag-smulkmenos-apsikeitimui-trade-kaina-price-karoliukai-gėlė-Antique-Bronze-bronza-bronzos'),(2637,'product_id=166','Geocaching-grobis-swag-geoswag-smulkmenos-apsikeitimui-trade-kaina-price-karoliukai-gėlė-snaigė-Snowflake-snaigės'),(2664,'product_id=168','Geocaching-grobis-swag-geoswag-smulkmenos-apsikeitimui-trade-kaina-price-karoliukai-medinė-žirafa-žirafos-žirafiukai-spalvoti-color'),(2644,'product_id=169','Geocaching-grobis-swag-geoswag-smulkmenos-apsikeitimui-trade-kaina-price-karoliukai-peace-taikos-simbolis-symbol'),(2534,'product_id=171','Geocaching-grobis-swag-geoswag-smulkmenos-apsikeitimui-trade-kaina-price-karoliukai-mėnulis-Antique-copper-Crescent-Moon-jaunas'),(2544,'product_id=172','Geocaching-grobis-swag-geoswag-smulkmenos-apsikeitimui-trade-kaina-price-karoliukai-peace-akrilas-acrylic-dice-game-kauliukas-žaidimo'),(2498,'product_id=173','Geocaching-grobis-swag-geoswag-smulkmenos-apsikeitimui-trade-kaina-price-karoliukai-Drugys-didelis-drugelis-Antique-Bronze-bronza-bronzos'),(2546,'product_id=174','Geocaching-grobis-swag-geoswag-smulkmenos-apsikeitimui-trade-kaina-price-karoliukai-swallow-swallows-kregždutė-kregždutės-Antique-Bronze-bronza-bronzos-spalva-spalvos'),(2538,'product_id=175','Geocaching-grobis-swag-geoswag-smulkmenos-apsikeitimui-trade-kaina-price-karoliukai-gėlė-50mm-Antique-Bronze-bronza-bronzos-spalvos-spalva'),(2657,'product_id=176','Geocaching-grobis-swag-geoswag-smulkmenos-apsikeitimui-trade-kaina-price-karoliukai-gėlė-Verpstė-Distaff-Antique-Bronze-bronza-bronzos-spalvos-spalva'),(2539,'product_id=177','Geocaching-grobis-swag-geoswag-smulkmenos-apsikeitimui-trade-kaina-price-karoliukai-gėlė-Antique-vario-spalvos-spalva-copper'),(2648,'product_id=178','Geocaching-grobis-swag-geoswag-smulkmenos-apsikeitimui-trade-kaina-price-karoliukai-medinė-wood-wooden-šypsenėlė-smile-spalvoti-color'),(2485,'product_id=170','Geocaching-grobis-swag-geoswag-smulkmenos-apsikeitimui-trade-kaina-price-karoliukai-medinė-boružė-boružėlė-spalvoti-color-spalvotos-boružėlės-wood-medis-Ladybug-boružė-boružėlė'),(2542,'product_id=179','Geocaching-grobis-swag-geoswag-smulkmenos-apsikeitimui-trade-kaina-price-karoliukai-akrilas-acrylic-kaukuolė-bronze-bronzos-spalva'),(2626,'product_id=180','Geocaching-grobis-swag-geoswag-smulkmenos-apsikeitimui-trade-kaina-price-karoliukai-akrilas-acrylic-rombas-Rhombus-bronze-bronzos-spalva'),(2543,'product_id=182','Geocaching-grobis-swag-geoswag-smulkmenos-apsikeitimui-trade-kaina-price-karoliukai-akrilas-acrylic-kaukuolė-įvairių-spalvų-plastikas'),(2514,'product_id=183','Geocaching-grobis-swag-geoswag-smulkmenos-apsikeitimui-trade-kaina-price-karoliukai-gėlė-įvairių-spalvų-flower-acrylic-akriliniai-akrilinė'),(2593,'product_id=184','Geocaching-grobis-swag-geoswag-smulkmenos-apsikeitimui-trade-kaina-price-karoliukai-akrilas-acrylic-Oranžinis-orange-spalva-karoliukas-bead'),(2597,'product_id=181','Geocaching-grobis-swag-geoswag-smulkmenos-apsikeitimui-trade-kaina-price-karoliukai-akrilas-acrylic-marga-margas-rankomis-dažytas-rankų-spalva-bead'),(2594,'product_id=185','Geocaching-grobis-swag-geoswag-smulkmenos-apsikeitimui-trade-kaina-price-pakabukas-tibeto-sidabras-trinket-silver'),(1290,'category_id=79','Geocaching-Lietuvoje-PM-premium mebership-narystė-kaina-dovanų kortelė'),(2229,'information_id=9','Straipsniai-apie-geocaching-kas-yra-tie-lobiai-lobių-ieškojimas-Lietuvoje'),(2620,'product_id=188','QR-Tech-Tag-travel-bug-geocaching-keliauninkas-keliaujantis-prisegtukas-kaina-trackable-price-Lietuvoje-Vilniuje-Vilnius'),(2529,'product_id=189','Geocaching-QR-Travel-Bug-Black-travel-bug-geocaching-keliauninkas-keliaujantis-prisegtukas-kaina-trackable-price-Lietuvoje-Vilniuje-Vilnius'),(2565,'product_id=190','geocaching-travel-bug-sticker-decal-clear-car-keliauninkas-keliaujantis-kaina-trackable-price-Lietuvoje-Vilniuje-Vilnius-small'),(2500,'product_id=191','geocaching-Lipdukas-stiklo-automobiliui-travel-bug-sticker-decal-clear-car-keliauninkas-keliaujantis-kaina-trackable-price-Lietuvoje-Vilniuje-Vilnius-big'),(1466,'category_id=84','Geocaching-Containers-extras-maišiukai-bags-priedai-kaina-price'),(2560,'product_id=196','Geocaching-PET-Maišelis-Maskuojanti-Maskuojančios-medžiagos-kaina-Lietuvoje-Price-Camo-container-bag-lobiai-medžiaginis-maišiukas'),(2559,'product_id=195','Geocaching-PET-Maišelis-Maskuojanti-Maskuojančios-medžiagos-kaina-Lietuvoje-Price-Camo-container-bag-lobiai-maišiukas'),(2502,'product_id=68','Geocaching-konteineris-konteineriukas-aliumininis-aliuminis-spavotas-maskuojanciu-spalvu-spalvos-Big-micro-container-aluminum-Camo-geocaching-bison-tube-micro-cache-kaina-price'),(2504,'product_id=200','Geocaching-konteineris-konteineriukas-aliumininis-aliuminis-spavotas-maskuojanciu-spalvu-spalvos-Big-micro-container-aluminum-Camo-geocaching-bison-tube-micro-cache-kaina-price-su-ziedu-ring'),(2443,'product_id=197','geocaching-konteineris-Traditional-regular-tradicinis-container-Plastikinis-Lock&amp;Lock-Seal-lock-kaina-price-Lietuvoje-0,1L-110ml-talpos-Vilnius-su-gumine-tarpine'),(2634,'product_id=199','Geocaching-sidabrine-pilka-lipni-juosta-kaina-silver-adhesive-tape-price-50mm-5cm-10m'),(2633,'product_id=198','Geocaching-sidabrine-pilka-PVC-lipni-juosta-kaina-silver-adhesive-tape-price-15mm-1.5cm-10m'),(2631,'product_id=201','Geocaching-Juoda-PVC-lipni-juosta-kaina-Black-adhesive-tape-price-15mm-10m-tesa'),(2632,'product_id=202','Geocaching-Juoda-PVC-lipni-juosta-kaina-Black-adhesive-tape-price-0,12mm-15mm-20m-Tesa'),(2444,'product_id=203','geocaching-konteineris-Traditional-regular-tradicinis-container-Plastikinis-Lock&amp;Lock-Seal-lock-kaina-price-Lietuvoje-0,295L-0,3L-295ml-talpos-Vilnius-su-gumine-tarpine'),(2448,'product_id=204','geocaching-konteineris-Traditional-regular-tradicinis-container-Plastikinis-Lock&amp;Lock-Seal-lock-kaina-price-Lietuvoje-0,590L-0,5L-590ml-talpos-Vilnius-su-gumine-tarpine-kokybiskas-quality'),(2452,'product_id=205','geocaching-konteineris-Traditional-regular-tradicinis-container-Plastikinis-Lock&amp;Lock-Seal-lock-kaina-price-Lietuvoje-1,04L-1L-1000ml-talpos-Vilnius-su-gumine-tarpine-kokybiskas-quality'),(2446,'product_id=206','Pigus-geocaching-konteineris-Cheap-Traditional-regular-tradicinis-container-Plastikinis-Lock&amp;Lock-Seal-lock-kaina-price-Lietuvoje-0,5L-500ml-talpos-Vilnius-su-gumine-tarpine'),(2440,'product_id=207','Pigus-geocaching-konteineris-Cheap-economy-Traditional-regular-tradicinis-container-Plastikinis-Lock&amp;Lock-Seal-lock-kaina-price-Lietuvoje-0,3L-300ml-talpos-Vilnius-su-gumine-tarpine'),(2489,'product_id=208','Geocaching-viela-konteineriui-tvirtinti-PVC-zn-Cinkuota-wire'),(2491,'product_id=209','Geocaching-viela-konteineriui-tvirtinti-PVC-zn-Cinkuota-wire-coated-galvanized-Zalia-Green'),(2492,'product_id=210','Geocaching-viela-konteineriui-tvirtinti-PVC-zn-Cinkuota-wire-coated-galvanized-Zalia-Green-1,2-1,8'),(2490,'product_id=211','Geocaching-viela-konteineriui-tvirtinti-PVC-zn-Cinkuota-wire-coated-galvanized-Zalia-Brown-1,2-1,8'),(2585,'product_id=212','Neodimio-neodymio-magnetas-magnetai-kaina-geocaching-magnetas-vilnius'),(2590,'product_id=213','Neodimio-neodymio-magnetas-magnetai-kaina-geocaching-magnetas-vilnius-N35-disko-formos-disc'),(2588,'product_id=214','Neodimio-neodymio-magnetas-magnetai-kaina-geocaching-magnetas-vilnius-N35'),(2589,'product_id=215','Neodimio-neodymio-magnetas-magnetai-kaina-geocaching-magnetas-vilnius-N35-disc-apvalus-galingas-pirkti-parduodu'),(2556,'product_id=217','Geocaching-Geocoin-Geomoneta-kaina-price-Lietuvoje-Lietuviska-Lietuvos-veliavos-flag-veliava-kaina-Lithuania-Lithuanian'),(2458,'product_id=218','geocaching-konteineris-Traditional-regular-tradicinis-container-Plastikinis-Lock&amp;Lock-Seal-lock-kaina-price-Lietuvoje-2L-2660ml-2,66L-talpos-Vilnius-su-gumine-tarpine-kokybiskas-quality'),(2493,'product_id=219','Geocaching-viela-konteineriui-tvirtinti-PVC-zn-Cinkuota-wire-coated-galvanized-Zalia-Green-3,1-3,8_Pet'),(2602,'product_id=220','Geocaching-Geocoin-Geomoneta-kaina-price-Lietuvoje-Lietuviska-Lietuvos-regular-The-first-Lithuanian-anniversary&quot;Lituanica&quot;-Lituanica-Lituanika-jubiliejinė-pirmoji'),(1575,'manufacturer_id=17','www.geocoinshop.de-geocoinshop-lithuania'),(2645,'product_id=53','TB-Travel-bug-travelbug-Lietuva-Lietuvoje-kaina-keliauninkas-keliauninkai-trackable-kaina-price-parduodu-geocaching-groundspeak'),(2628,'product_id=223','Geocaching-Geocoin-Geomoneta-kaina-price-Lietuva-Lietuvoje-Lietuviska-Lietuvos-kaina-price-Lithuania-Lithuanian-Regular-size-Samuelis-Morze-Samuel-Morse-ly2kw-keliauninkas-aukso-bronzos-spalvos-antique-bronze'),(2639,'product_id=226','Geocaching-Geocoin-Geomoneta-kaina-price-Lietuva-Lietuvoje-Lietuviska-Lietuvos-kaina-price-Lithuania-Lithuanian-Regular-size-Spyga-Taukuota-Fig-ly2kw-keliauninkas-bronze-bronzos-aukso'),(2640,'product_id=225','Geocaching-Geocoin-Geomoneta-kaina-price-Lietuva-Lietuvoje-Lietuviska-Lietuvos-kaina-price-Lithuania-Lithuanian-Regular-size-Spyga-Taukuota-Fig-ly2kw-keliauninkas-sidabro-silver'),(2629,'product_id=224','Geocaching-Geocoin-Geomoneta-kaina-price-Lietuva-Lietuvoje-Lietuviska-Lietuvos-kaina-price-Lithuania-Lithuanian-Regular-size-Samuelis-Morze-Samuel-Morse-ly2kw-keliauninkas-antique-silver-sidabro-spalvos'),(2615,'product_id=227','Geocaching-kaina-price-Lietuvoje-tusinukas-all-weather-pen-ball-uni-uniball-mitsubishi-neuzsalantis-melynas-melynos-spalvos-power-tank-SN227-227-blue-refillable'),(2608,'product_id=228','Geocaching-kaina-price-Lietuvoje-tusinukas-all-weather-pen-ball-uni-uniball-mitsubishi-neuzsalantis-juodas-juodos-spalvos-power-tank-SG-200-SG200-black-refillable'),(2616,'product_id=229','Geocaching-kaina-price-Lietuvoje-tusinukas-all-weather-pen-ball-uni-uniball-mitsubishi-neuzsalantis-melynas-melynos-spalvos-power-tank-SN-220EW-SN220EW-blue-refillable-1,0-1.0'),(2519,'product_id=230','Geocaching-kaina-price-Lietuvoje-tusinukas-pen-ball-uni-uniball-mitsubishi-melynas-melynos-spalvos-SX-217-SX217-blue-greitai-dziustantis-kairiarankiams'),(2618,'product_id=231','Geocaching-kaina-price-Lietuvoje-tusinukas-all-weather-pen-ball-uni-uniball-mitsubishi-neuzsalantis-juodas-juodos-spalvos-power-tank-SG-200-SG200-black-refil  lable-melynas-melynos-serdele'),(2614,'product_id=232','Geocaching-kaina-price-Lietuvoje-tusinukas-all-weather-pen-ball-uni-uniball-mitsubishi-neuzsalantis-juodas-juodos-spalvos-power-SN-220EW-SN227-227-SN220EW-Blue-black-refillable-melynas-melynos-serdele'),(2609,'product_id=233','Geocaching-kaina-price-Lietuvoje-tusinukas-all-weather-pen-ball-uni-uniball-mitsubishi-neuzsalantis-juodas-juodos-spalvos-power-tank-SG-200-SG200-black-refil  lable-Blue-black-refillable-melynas-melynos-serdele-refill-SP7'),(2611,'product_id=234','Geocaching-kaina-price-Lietuvoje-tusinukas-all-weather-pen-ball-uni-uniball-mitsubishi-neuzsalantis-melynas-melynos-spalvos-power-tank-SN-220EW-SN220EW-blue-  refillable-1,0-1.0,0.7,melynas-melynos-serdele-refill-SNP7'),(2613,'product_id=235','Geocaching-kaina-price-Lietuvoje-tusinukas-all-weather-pen-ball-uni-uniball-mitsubishi-neuzsalantis-juodas-juodos-spalvos-power-SN-220EW-SN227-227-SN220EW-Blue-black-refillable-melynas-melynos-serdelė-0.7,melynas-melynos-serdele-refill-SNP7'),(2656,'product_id=221','Geocaching-travel-bug-travelbug-geocaching-keliauninkas-keliaujantis-prisegtukas-kaina-price-Signal-Frog-Travel-Tag-varlyte-varliukas'),(2566,'product_id=236','Geocaching-QR-Travel-Bug-Blue-travel-bug-geocaching-keliauninkas-keliaujantis-prisegtukas-kaina-trackable-price-Lietuvoje-Vilniuje-Vilnius-Melynas-melynos-spalvos'),(2621,'product_id=237','Geocaching-QR-Travel-Bug-travel-bug-geocaching-keliauninkas-keliaujantis-prisegtukas-kaina-trackable-price-Lietuvoje-Vilniuje-Vilnius-raudonos-raudonas-spalv  os-red-atomic-pink-Lithuania'),(1830,'category_id=33','Geocaching-antspaudai-antspaudas-rubber-stamp-delf-inking-Shiny-antspaudukas-datatorius-dataoriai'),(2564,'product_id=239','Geocaching-mikro-konteineriai-konteineris-Lietuvoje-PET-ruošiniai-ruošinys-preforma-kaina-preform-price-container-small-mažas-kelioninis-indelis-kremui-šampūnui-susipilti-rankiniam-bagažui-bagažas'),(2599,'product_id=118',' Geocaching-mikro-konteinerio-kamšelis-kamštukas-PET-ruošiniai-ruošinys-preform-konteineriai-konteineris-Lietuvoje-cap'),(2510,'product_id=240','Geocaching-mikro-konteinerio-kamšelis-kamštukas-PET-ruošiniai-ruošinys-preform-konteineriai-konteineris-Lietuvoje-Vilnius-FTF-žalias-naujas-new-CAP'),(2499,'product_id=242','Geocaching-mikro-konteineriai-konteineris-Lietuvoje-PET-ruošiniai-ruošinys-preforma-kaina-preform-price-container-cap-kaina-price-kelioninis-indelis-rankiniam-bagažui'),(2509,'product_id=243','Geocaching-mikro-konteinerio-kamšelis-kamštukas-PET-ruošiniai-ruošinys-preform-konteineriai-konteineris-Lietuvoje-Vilnius-FTF-mėlynas-naujas-new-CAP-5L-bambalys-bambalis'),(2365,'information_id=10','Geocaching-vilniuje-draugai'),(2635,'product_id=244','Geocaching-mikro-konteineriai-konteineris-Lietuvoje-PET-ruošiniai-ruošinys-preforma-kaina-preform-price-container-black-magnetic-magnet-magnetinis-neodimio-sidabrinis-sidabro-silver-color-Neodymium-hand-made-ranku-darbo'),(2527,'product_id=245','Geocaching-mikro-konteineriai-konteineris-Lietuvoje-PET-ruošiniai-ruošinys-preforma-kaina-preform-price-container-black-magnetic-magnet-magnetinis-neodimio-juodas-black-Neodymium-hand-made-ranku-darbo'),(1931,'category_id=85','Geocaching-travel-bug-travelbug-geocaching-keliauninkas-keliaujantis-kaina-price-Travel-Tag-LWG-EWG-Lithuanian-Latvian-Estonian-wood-wooden-geocoin'),(2555,'product_id=250','Wood-geocoin-geocaching-design-diazainas-moneta-medine'),(2478,'product_id=247','Geocaching-antpaudas-antspaudai-gamyba-Lietuvoje-kaina-pigiai-Shiny-datatorius-Geltonas-mini-dater-stamp-S-300'),(2480,'product_id=246','Geocaching-antpaudas-antspaudai-gamyba-Lietuvoje-kaina-pigiai-Shiny-datatorius-Zalias-green-mini-dater-stamp-PET-300-eco-Shiny-stamp-Mini-Dater-PET-300'),(2517,'product_id=248','Geocaching-grobis-geo-swag-geoswag-smulkmenos-apsikeitimui-trade-kaina-price-karoliukai-medinė-wood-wooden-šypsenėlė-smile-spalvoti-color-ser-rinkinys-grobio-didelis'),(2596,'product_id=252','Geocaching-mikro-konteineriai-konteineris-Lietuvoje-PET-ruošiniai-ruošinys-preforma-kaina-preform-price-container-laikiklis-holder'),(1999,'category_id=86','Geocaching-rinkinys-rinkiniai-kaina-set-price'),(2598,'product_id=253','Geocaching-mikro-konteineriai-konteineris-Lietuvoje-PET-ruošiniai-ruošinys-preforma-kaina-preform-price-container-laikiklis-holder-rinkinys-set-of-kamštelis-ftf-cap'),(2522,'product_id=255','Ismaniosios-pirstines-išmaniosios-pirštinės-smart-gloves-geocaching-capacitive-igloves-iglove-pilkos'),(2524,'product_id=256','Ismaniosios-pirstines-išmaniosios-pirštinės-smart-gloves-geocaching-capacitive-igloves-iglove-mėlynos'),(2662,'product_id=257','Geocaching-QR-Travel-Bug-travel-bug-geocaching-keliauninkas-keliaujantis-prisegtukas-kaina-trackable-price-Lietuvoje-Vilniuje-Vilnius-raudonos-raudonas-spalv  os-red-atomic-pink-Lithuania'),(2082,'category_id=87','Rite-In-The-Rain-užrašų-knygelės-popierius-A4-Atsparus-drėgmei-neperšlampantis-nešlampantis-oficialus-atstovas-lietuvoje-official-distributor-in-Lituania'),(2554,'product_id=249','Lithuanian-wood-geocoin-wooden-medinė-geomoneta-kaina-užsisakyti- Latvian-Estonian-wooden-ewg-event-geocaching-LWG'),(2506,'product_id=259','EUR-Euro-Eurų-monetų-eurams-laikiklis-piniginė-taupyklė-dėklas-monetoms-metalinėms-pinigams-centams-metalinių-plastikinis-pigiai-kaina-Vilniuje-Lietuvoje-siuntimas-visi-miestai-Taupyklė-mėlynos-spalvos-mėlynas-ružavos-centų-dėtuvė-dėkliukas'),(2507,'product_id=260','EUR-Euro-Eurų-EURO-monetų-eurams-laikiklis-piniginė-taupyklė-dėklas-monetoms-metalinėms-pinigams-centams-metalinių-plastikinis-skaidrus-pigiai-kaina-Vilniuje-Lietuvoje-siuntimas-visi-miestai-Taupyklė-mėlynos-spalvos-mėlynas-ružavas-centų-rožinis-dėkliukas'),(2659,'product_id=261','Rite-In-The-Rain-užrašų-knygelės-Atsparus-drėgmei-neperšlampantis-nešlampantis-oficialus-atstovas-lietuvoje-geltona-spirale-RITR-yellow-bloknotas'),(2660,'product_id=262','Rite-In-The-Rain-užrašų-knygelė-Atspari-drėgmei-neperšlampanti-nešlampantis-oficialus-atstovas-lietuvoje-žalia-spirale-RITR-green-army-bloknotas-taktinis-tactical-kariškiams-miškininkams-nebijanti-drėgmės-vandens'),(2624,'product_id=264','Rite-In-The-Rain-neužšąlantis-tušinukas-kariškiams-miškininkams-sportininkams-encounter-Atsparus-drėgmei-karščiui-šalčiui'),(2625,'product_id=266','Rite-In-The-Rain-neužšąlantis-tušinukas-kariškiams-miškininkams-sportininkams-encounter-Atsparus-drėgmei-karščiui-šalčiui-komplektas-su-šerdele-47R'),(2471,'product_id=258','Rite-In-The-Rain-A4-formato-popierius-atsparus-drėgmei-užrašų-knygelės-popierius-A4-Atsparus-drėgmei-neperšlampantis-nešlampantis-oficialus-atstovas-lietuvoje-kaina-pigiai-parduodu-nešlampantis'),(2114,'manufacturer_id=10','Rite-in-the-Rain-Lietuva-Lietuvoje-Produktai-Užrašų-knygelės-atsparios-vandeniui-lietui-drėgmei-popierius'),(2638,'product_id=238','Geocaching-mikro-konteineriai-konteineris-Lietuvoje-PET-ruošiniai-ruošinys-preforma-kaina-preform-price-container-clear-skaidrus-vilniuje-vilnius-kelioninis-indelis-indeliai-kosmetikai'),(2496,'product_id=272','PVC-laiklis-geomonetai-geomonetoms-dėklas-dėkliukas'),(2469,'product_id=274','Geocaching-mirror-veidrodis-veidrodelis-retractable-teleskopinis-istraukiamas-5cm-50mm-Apžvalgos-sudedamas-juodas'),(2240,'category_id=25','Geocaching-antsiuvai-antsiuvas-kaina-patches'),(2682,'product_id=289','TB-patch-antsiuvas-keliauninkas-blue-melynas'),(2683,'product_id=290','Geocaching-antsiuvas-travel-bug-keliauninkas'),(2475,'product_id=291','Geocaching-logo-antsiuvas-žalias-kaina-patch-green'),(2595,'product_id=292','panda-geocaching-tag'),(2518,'product_id=302','ROT13-geomoneta'),(2684,'product_id=303','CITO-geomoneta-geocoin-kaina'),(2495,'product_id=304','CITO-keliaujantis-prisegtukas-trackable-keliauninkas-pigiau'),(2666,'product_id=312','Ismaniosios-pirstines-išmaniosios-pirštinės-smart-gloves-geocaching-capacitive-igloves-iglove-rudos-tamsiai'),(2525,'product_id=313','Geocaching-magnet-mmagnetas-retractable-teleskopinis-istraukiamas-sudedamas-neodimio-meodyium-magnet'),(2592,'product_id=216','Neodimio-neodymio-magnetas-magnetai-kaina-geocaching-magnetas-vilnius-N50-disc-apvalus-galingas-pirkti-parduodu-sink-hole-ziedas-ring-skyle-konusas-konusine-skyle'),(2580,'product_id=314','geocaching-įrankis-užrašinių-susukimo-susukti-logroller-log-roller-uniquegeocaches-unique-geocaches-short-trumpas'),(2603,'product_id=142','Plastikiniai-plastmasiniai-plastic-soldiers-kareivėliai-kareivukai-kaina-nusipirkti-pirkti-pigiai'),(2677,'product_id=315','Connie-the-Crab-Travel-Tag-geocaching-price'),(2688,'product_id=316','Caching-and-Culture-Estonia-estonian-geocoin-price-estiška-geomoneta');
CREATE TABLE `oc_user_group` (
  `user_group_id` int(11) NOT NULL AUTO_INCREMENT,
  `name` varchar(64) NOT NULL,
  `permission` text NOT NULL,
  PRIMARY KEY (`user_group_id`)
) ENGINE=MyISAM AUTO_INCREMENT=13 DEFAULT CHARSET=utf8;
INSERT INTO `oc_user_group` VALUES (1,'Top Administrator','a:2:{s:6:\"access\";a:140:{i:0;s:17:\"catalog/attribute\";i:1;s:23:\"catalog/attribute_group\";i:2;s:16:\"catalog/category\";i:3;s:16:\"catalog/download\";i:4;s:14:\"catalog/filter\";i:5;s:19:\"catalog/information\";i:6;s:20:\"catalog/manufacturer\";i:7;s:14:\"catalog/option\";i:8;s:15:\"catalog/product\";i:9;s:14:\"catalog/review\";i:10;s:18:\"common/filemanager\";i:11;s:13:\"design/banner\";i:12;s:13:\"design/layout\";i:13;s:14:\"extension/feed\";i:14;s:17:\"extension/manager\";i:15;s:16:\"extension/module\";i:16;s:17:\"extension/payment\";i:17;s:18:\"extension/shipping\";i:18;s:15:\"extension/total\";i:19;s:16:\"feed/google_base\";i:20;s:19:\"feed/google_sitemap\";i:21;s:20:\"localisation/country\";i:22;s:21:\"localisation/currency\";i:23;s:21:\"localisation/geo_zone\";i:24;s:21:\"localisation/language\";i:25;s:25:\"localisation/length_class\";i:26;s:25:\"localisation/order_status\";i:27;s:26:\"localisation/return_action\";i:28;s:26:\"localisation/return_reason\";i:29;s:26:\"localisation/return_status\";i:30;s:25:\"localisation/stock_status\";i:31;s:22:\"localisation/tax_class\";i:32;s:21:\"localisation/tax_rate\";i:33;s:25:\"localisation/weight_class\";i:34;s:17:\"localisation/zone\";i:35;s:14:\"module/account\";i:36;s:16:\"module/affiliate\";i:37;s:13:\"module/banner\";i:38;s:17:\"module/bestseller\";i:39;s:15:\"module/carousel\";i:40;s:15:\"module/category\";i:41;s:15:\"module/featured\";i:42;s:13:\"module/filter\";i:43;s:18:\"module/google_talk\";i:44;s:18:\"module/information\";i:45;s:13:\"module/latest\";i:46;s:16:\"module/slideshow\";i:47;s:14:\"module/special\";i:48;s:12:\"module/store\";i:49;s:14:\"module/welcome\";i:50;s:24:\"payment/authorizenet_aim\";i:51;s:21:\"payment/bank_transfer\";i:52;s:14:\"payment/cheque\";i:53;s:11:\"payment/cod\";i:54;s:21:\"payment/free_checkout\";i:55;s:14:\"payment/liqpay\";i:56;s:20:\"payment/moneybookers\";i:57;s:14:\"payment/nochex\";i:58;s:15:\"payment/paymate\";i:59;s:16:\"payment/paypoint\";i:60;s:13:\"payment/payza\";i:61;s:26:\"payment/perpetual_payments\";i:62;s:14:\"payment/pp_pro\";i:63;s:17:\"payment/pp_pro_uk\";i:64;s:19:\"payment/pp_standard\";i:65;s:15:\"payment/sagepay\";i:66;s:22:\"payment/sagepay_direct\";i:67;s:18:\"payment/sagepay_us\";i:68;s:19:\"payment/twocheckout\";i:69;s:28:\"payment/web_payment_software\";i:70;s:16:\"payment/worldpay\";i:71;s:27:\"report/affiliate_commission\";i:72;s:22:\"report/customer_credit\";i:73;s:22:\"report/customer_online\";i:74;s:21:\"report/customer_order\";i:75;s:22:\"report/customer_reward\";i:76;s:24:\"report/product_purchased\";i:77;s:21:\"report/product_viewed\";i:78;s:18:\"report/sale_coupon\";i:79;s:17:\"report/sale_order\";i:80;s:18:\"report/sale_return\";i:81;s:20:\"report/sale_shipping\";i:82;s:15:\"report/sale_tax\";i:83;s:14:\"sale/affiliate\";i:84;s:12:\"sale/contact\";i:85;s:11:\"sale/coupon\";i:86;s:13:\"sale/customer\";i:87;s:20:\"sale/customer_ban_ip\";i:88;s:19:\"sale/customer_group\";i:89;s:10:\"sale/order\";i:90;s:11:\"sale/return\";i:91;s:12:\"sale/voucher\";i:92;s:18:\"sale/voucher_theme\";i:93;s:15:\"setting/setting\";i:94;s:13:\"setting/store\";i:95;s:16:\"shipping/auspost\";i:96;s:17:\"shipping/citylink\";i:97;s:14:\"shipping/fedex\";i:98;s:13:\"shipping/flat\";i:99;s:13:\"shipping/free\";i:100;s:13:\"shipping/item\";i:101;s:23:\"shipping/parcelforce_48\";i:102;s:15:\"shipping/pickup\";i:103;s:19:\"shipping/royal_mail\";i:104;s:12:\"shipping/ups\";i:105;s:13:\"shipping/usps\";i:106;s:15:\"shipping/weight\";i:107;s:11:\"tool/backup\";i:108;s:14:\"tool/error_log\";i:109;s:12:\"total/coupon\";i:110;s:12:\"total/credit\";i:111;s:14:\"total/handling\";i:112;s:16:\"total/klarna_fee\";i:113;s:19:\"total/low_order_fee\";i:114;s:12:\"total/reward\";i:115;s:14:\"total/shipping\";i:116;s:15:\"total/sub_total\";i:117;s:9:\"total/tax\";i:118;s:11:\"total/total\";i:119;s:13:\"total/voucher\";i:120;s:9:\"user/user\";i:121;s:20:\"user/user_permission\";i:122;s:13:\"module/beauty\";i:123;s:15:\"payment/paysera\";i:124;s:15:\"shipping/weight\";i:125;s:15:\"shipping/pickup\";i:126;s:15:\"shipping/weight\";i:127;s:13:\"shipping/free\";i:128;s:21:\"payment/bank_transfer\";i:129;s:17:\"module/bestseller\";i:130;s:13:\"module/latest\";i:131;s:14:\"module/welcome\";i:132;s:18:\"module/information\";i:133;s:12:\"module/store\";i:134;s:16:\"shipping/weight2\";i:135;s:16:\"shipping/weight2\";i:136;s:16:\"shipping/weight2\";i:137;s:16:\"shipping/weight2\";i:138;s:19:\"payment/pp_standard\";i:139;s:14:\"module/special\";}s:6:\"modify\";a:140:{i:0;s:17:\"catalog/attribute\";i:1;s:23:\"catalog/attribute_group\";i:2;s:16:\"catalog/category\";i:3;s:16:\"catalog/download\";i:4;s:14:\"catalog/filter\";i:5;s:19:\"catalog/information\";i:6;s:20:\"catalog/manufacturer\";i:7;s:14:\"catalog/option\";i:8;s:15:\"catalog/product\";i:9;s:14:\"catalog/review\";i:10;s:18:\"common/filemanager\";i:11;s:13:\"design/banner\";i:12;s:13:\"design/layout\";i:13;s:14:\"extension/feed\";i:14;s:17:\"extension/manager\";i:15;s:16:\"extension/module\";i:16;s:17:\"extension/payment\";i:17;s:18:\"extension/shipping\";i:18;s:15:\"extension/total\";i:19;s:16:\"feed/google_base\";i:20;s:19:\"feed/google_sitemap\";i:21;s:20:\"localisation/country\";i:22;s:21:\"localisation/currency\";i:23;s:21:\"localisation/geo_zone\";i:24;s:21:\"localisation/language\";i:25;s:25:\"localisation/length_class\";i:26;s:25:\"localisation/order_status\";i:27;s:26:\"localisation/return_action\";i:28;s:26:\"localisation/return_reason\";i:29;s:26:\"localisation/return_status\";i:30;s:25:\"localisation/stock_status\";i:31;s:22:\"localisation/tax_class\";i:32;s:21:\"localisation/tax_rate\";i:33;s:25:\"localisation/weight_class\";i:34;s:17:\"localisation/zone\";i:35;s:14:\"module/account\";i:36;s:16:\"module/affiliate\";i:37;s:13:\"module/banner\";i:38;s:17:\"module/bestseller\";i:39;s:15:\"module/carousel\";i:40;s:15:\"module/category\";i:41;s:15:\"module/featured\";i:42;s:13:\"module/filter\";i:43;s:18:\"module/google_talk\";i:44;s:18:\"module/information\";i:45;s:13:\"module/latest\";i:46;s:16:\"module/slideshow\";i:47;s:14:\"module/special\";i:48;s:12:\"module/store\";i:49;s:14:\"module/welcome\";i:50;s:24:\"payment/authorizenet_aim\";i:51;s:21:\"payment/bank_transfer\";i:52;s:14:\"payment/cheque\";i:53;s:11:\"payment/cod\";i:54;s:21:\"payment/free_checkout\";i:55;s:14:\"payment/liqpay\";i:56;s:20:\"payment/moneybookers\";i:57;s:14:\"payment/nochex\";i:58;s:15:\"payment/paymate\";i:59;s:16:\"payment/paypoint\";i:60;s:13:\"payment/payza\";i:61;s:26:\"payment/perpetual_payments\";i:62;s:14:\"payment/pp_pro\";i:63;s:17:\"payment/pp_pro_uk\";i:64;s:19:\"payment/pp_standard\";i:65;s:15:\"payment/sagepay\";i:66;s:22:\"payment/sagepay_direct\";i:67;s:18:\"payment/sagepay_us\";i:68;s:19:\"payment/twocheckout\";i:69;s:28:\"payment/web_payment_software\";i:70;s:16:\"payment/worldpay\";i:71;s:27:\"report/affiliate_commission\";i:72;s:22:\"report/customer_credit\";i:73;s:22:\"report/customer_online\";i:74;s:21:\"report/customer_order\";i:75;s:22:\"report/customer_reward\";i:76;s:24:\"report/product_purchased\";i:77;s:21:\"report/product_viewed\";i:78;s:18:\"report/sale_coupon\";i:79;s:17:\"report/sale_order\";i:80;s:18:\"report/sale_return\";i:81;s:20:\"report/sale_shipping\";i:82;s:15:\"report/sale_tax\";i:83;s:14:\"sale/affiliate\";i:84;s:12:\"sale/contact\";i:85;s:11:\"sale/coupon\";i:86;s:13:\"sale/customer\";i:87;s:20:\"sale/customer_ban_ip\";i:88;s:19:\"sale/customer_group\";i:89;s:10:\"sale/order\";i:90;s:11:\"sale/return\";i:91;s:12:\"sale/voucher\";i:92;s:18:\"sale/voucher_theme\";i:93;s:15:\"setting/setting\";i:94;s:13:\"setting/store\";i:95;s:16:\"shipping/auspost\";i:96;s:17:\"shipping/citylink\";i:97;s:14:\"shipping/fedex\";i:98;s:13:\"shipping/flat\";i:99;s:13:\"shipping/free\";i:100;s:13:\"shipping/item\";i:101;s:23:\"shipping/parcelforce_48\";i:102;s:15:\"shipping/pickup\";i:103;s:19:\"shipping/royal_mail\";i:104;s:12:\"shipping/ups\";i:105;s:13:\"shipping/usps\";i:106;s:15:\"shipping/weight\";i:107;s:11:\"tool/backup\";i:108;s:14:\"tool/error_log\";i:109;s:12:\"total/coupon\";i:110;s:12:\"total/credit\";i:111;s:14:\"total/handling\";i:112;s:16:\"total/klarna_fee\";i:113;s:19:\"total/low_order_fee\";i:114;s:12:\"total/reward\";i:115;s:14:\"total/shipping\";i:116;s:15:\"total/sub_total\";i:117;s:9:\"total/tax\";i:118;s:11:\"total/total\";i:119;s:13:\"total/voucher\";i:120;s:9:\"user/user\";i:121;s:20:\"user/user_permission\";i:122;s:13:\"module/beauty\";i:123;s:15:\"payment/paysera\";i:124;s:15:\"shipping/weight\";i:125;s:15:\"shipping/pickup\";i:126;s:15:\"shipping/weight\";i:127;s:13:\"shipping/free\";i:128;s:21:\"payment/bank_transfer\";i:129;s:17:\"module/bestseller\";i:130;s:13:\"module/latest\";i:131;s:14:\"module/welcome\";i:132;s:18:\"module/information\";i:133;s:12:\"module/store\";i:134;s:16:\"shipping/weight2\";i:135;s:16:\"shipping/weight2\";i:136;s:16:\"shipping/weight2\";i:137;s:16:\"shipping/weight2\";i:138;s:19:\"payment/pp_standard\";i:139;s:14:\"module/special\";}}'),(10,'Demonstration',''),(11,'Prekiu ikelimas','a:2:{s:6:\"access\";a:7:{i:0;s:17:\"catalog/attribute\";i:1;s:23:\"catalog/attribute_group\";i:2;s:16:\"catalog/category\";i:3;s:19:\"catalog/information\";i:4;s:15:\"catalog/product\";i:5;s:13:\"sale/customer\";i:6;s:10:\"sale/order\";}s:6:\"modify\";a:3:{i:0;s:17:\"catalog/attribute\";i:1;s:19:\"catalog/information\";i:2;s:18:\"module/information\";}}'),(12,'Darbinis','a:2:{s:6:\"access\";a:9:{i:0;s:16:\"catalog/category\";i:1;s:15:\"catalog/product\";i:2;s:22:\"report/customer_online\";i:3;s:21:\"report/product_viewed\";i:4;s:17:\"report/sale_order\";i:5;s:13:\"sale/customer\";i:6;s:10:\"sale/order\";i:7;s:15:\"setting/setting\";i:8;s:13:\"setting/store\";}s:6:\"modify\";a:9:{i:0;s:16:\"catalog/category\";i:1;s:15:\"catalog/product\";i:2;s:22:\"report/customer_online\";i:3;s:24:\"report/product_purchased\";i:4;s:21:\"report/product_viewed\";i:5;s:13:\"sale/customer\";i:6;s:10:\"sale/order\";i:7;s:15:\"setting/setting\";i:8;s:13:\"setting/store\";}}');
CREATE TABLE `oc_voucher` (
  `voucher_id` int(11) NOT NULL AUTO_INCREMENT,
  `order_id` int(11) NOT NULL,
  `code` varchar(10) NOT NULL,
  `from_name` varchar(64) NOT NULL,
  `from_email` varchar(96) NOT NULL,
  `to_name` varchar(64) NOT NULL,
  `to_email` varchar(96) NOT NULL,
  `voucher_theme_id` int(11) NOT NULL,
  `message` text NOT NULL,
  `amount` decimal(15,4) NOT NULL,
  `status` tinyint(1) NOT NULL,
  `date_added` datetime NOT NULL DEFAULT '0000-00-00 00:00:00',
  PRIMARY KEY (`voucher_id`)
) ENGINE=MyISAM AUTO_INCREMENT=2 DEFAULT CHARSET=utf8;
INSERT INTO `oc_voucher` VALUES (1,38,'226be11757','ff','rimas.travel@gmail.com','ff','samiras_sp@yahoo.com',8,'asdfadsf',25.0000,1,'2014-01-03 14:09:56');
CREATE TABLE `oc_voucher_history` (
  `voucher_history_id` int(11) NOT NULL AUTO_INCREMENT,
  `voucher_id` int(11) NOT NULL,
  `order_id` int(11) NOT NULL,
  `amount` decimal(15,4) NOT NULL,
  `date_added` datetime NOT NULL,
  PRIMARY KEY (`voucher_history_id`)
) ENGINE=MyISAM DEFAULT CHARSET=utf8;
CREATE TABLE `oc_voucher_theme` (
  `voucher_theme_id` int(11) NOT NULL AUTO_INCREMENT,
  `image` varchar(255) NOT NULL,
  PRIMARY KEY (`voucher_theme_id`)
) ENGINE=MyISAM AUTO_INCREMENT=9 DEFAULT CHARSET=utf8;
INSERT INTO `oc_voucher_theme` VALUES (8,'data/Trackables/Trackable_Tags/Trackable_tags.jpg');
CREATE TABLE `oc_voucher_theme_description` (
  `voucher_theme_id` int(11) NOT NULL,
  `language_id` int(11) NOT NULL,
  `name` varchar(32) NOT NULL,
  PRIMARY KEY (`voucher_theme_id`,`language_id`)
) ENGINE=MyISAM DEFAULT CHARSET=utf8;
INSERT INTO `oc_voucher_theme_description` VALUES (8,1,'Geoshop.LT gift Voucher'),(8,2,'Geoshop.LT dovanų kuponas');
CREATE TABLE `oc_weight_class` (
  `weight_class_id` int(11) NOT NULL AUTO_INCREMENT,
  `value` decimal(15,8) NOT NULL DEFAULT '0.00000000',
  PRIMARY KEY (`weight_class_id`)
) ENGINE=MyISAM AUTO_INCREMENT=7 DEFAULT CHARSET=utf8;
INSERT INTO `oc_weight_class` VALUES (1,1.00000000),(2,1000.00000000),(5,2.20460000),(6,35.27400000);
CREATE TABLE `oc_weight_class_description` (
  `weight_class_id` int(11) NOT NULL AUTO_INCREMENT,
  `language_id` int(11) NOT NULL,
  `title` varchar(32) NOT NULL,
  `unit` varchar(4) NOT NULL,
  PRIMARY KEY (`weight_class_id`,`language_id`)
) ENGINE=MyISAM AUTO_INCREMENT=7 DEFAULT CHARSET=utf8;
INSERT INTO `oc_weight_class_description` VALUES (1,1,'Kilogram','kg'),(2,1,'Gram','g'),(5,1,'Pound ','lb'),(6,1,'Ounce','oz'),(1,2,'Kilogram','kg'),(2,2,'Gram','g'),(5,2,'Pound ','lb'),(6,2,'Ounce','oz');
CREATE TABLE `oc_zone` (
  `zone_id` int(11) NOT NULL AUTO_INCREMENT,
  `country_id` int(11) NOT NULL,
  `name` varchar(128) NOT NULL,
  `code` varchar(32) NOT NULL,
  `status` tinyint(1) NOT NULL DEFAULT '1',
  PRIMARY KEY (`zone_id`)
) ENGINE=MyISAM AUTO_INCREMENT=4033 DEFAULT CHARSET=utf8;
INSERT INTO `oc_zone` VALUES (1,1,'Badakhshan','BDS',1),(2,1,'Badghis','BDG',1),(3,1,'Baghlan','BGL',1),(4,1,'Balkh','BAL',1),(5,1,'Bamian','BAM',1),(6,1,'Farah','FRA',1),(7,1,'Faryab','FYB',1),(8,1,'Ghazni','GHA',1),(9,1,'Ghowr','GHO',1),(10,1,'Helmand','HEL',1),(11,1,'Herat','HER',1),(12,1,'Jowzjan','JOW',1),(13,1,'Kabul','KAB',1),(14,1,'Kandahar','KAN',1),(15,1,'Kapisa','KAP',1),(16,1,'Khost','KHO',1),(17,1,'Konar','KNR',1),(18,1,'Kondoz','KDZ',1),(19,1,'Laghman','LAG',1),(20,1,'Lowgar','LOW',1),(21,1,'Nangrahar','NAN',1),(22,1,'Nimruz','NIM',1),(23,1,'Nurestan','NUR',1),(24,1,'Oruzgan','ORU',1),(25,1,'Paktia','PIA',1),(26,1,'Paktika','PKA',1),(27,1,'Parwan','PAR',1),(28,1,'Samangan','SAM',1),(29,1,'Sar-e Pol','SAR',1),(30,1,'Takhar','TAK',1),(31,1,'Wardak','WAR',1),(32,1,'Zabol','ZAB',1),(33,2,'Berat','BR',1),(34,2,'Bulqize','BU',1),(35,2,'Delvine','DL',1),(36,2,'Devoll','DV',1),(37,2,'Diber','DI',1),(38,2,'Durres','DR',1),(39,2,'Elbasan','EL',1),(40,2,'Kolonje','ER',1),(41,2,'Fier','FR',1),(42,2,'Gjirokaster','GJ',1),(43,2,'Gramsh','GR',1),(44,2,'Has','HA',1),(45,2,'Kavaje','KA',1),(46,2,'Kurbin','KB',1),(47,2,'Kucove','KC',1),(48,2,'Korce','KO',1),(49,2,'Kruje','KR',1),(50,2,'Kukes','KU',1),(51,2,'Librazhd','LB',1),(52,2,'Lezhe','LE',1),(53,2,'Lushnje','LU',1),(54,2,'Malesi e Madhe','MM',1),(55,2,'Mallakaster','MK',1),(56,2,'Mat','MT',1),(57,2,'Mirdite','MR',1),(58,2,'Peqin','PQ',1),(59,2,'Permet','PR',1),(60,2,'Pogradec','PG',1),(61,2,'Puke','PU',1),(62,2,'Shkoder','SH',1),(63,2,'Skrapar','SK',1),(64,2,'Sarande','SR',1),(65,2,'Tepelene','TE',1),(66,2,'Tropoje','TP',1),(67,2,'Tirane','TR',1),(68,2,'Vlore','VL',1),(69,3,'Adrar','ADR',1),(70,3,'Ain Defla','ADE',1),(71,3,'Ain Temouchent','ATE',1),(72,3,'Alger','ALG',1),(73,3,'Annaba','ANN',1),(74,3,'Batna','BAT',1),(75,3,'Bechar','BEC',1),(76,3,'Bejaia','BEJ',1),(77,3,'Biskra','BIS',1),(78,3,'Blida','BLI',1),(79,3,'Bordj Bou Arreridj','BBA',1),(80,3,'Bouira','BOA',1),(81,3,'Boumerdes','BMD',1),(82,3,'Chlef','CHL',1),(83,3,'Constantine','CON',1),(84,3,'Djelfa','DJE',1),(85,3,'El Bayadh','EBA',1),(86,3,'El Oued','EOU',1),(87,3,'El Tarf','ETA',1),(88,3,'Ghardaia','GHA',1),(89,3,'Guelma','GUE',1),(90,3,'Illizi','ILL',1),(91,3,'Jijel','JIJ',1),(92,3,'Khenchela','KHE',1),(93,3,'Laghouat','LAG',1),(94,3,'Muaskar','MUA',1),(95,3,'Medea','MED',1),(96,3,'Mila','MIL',1),(97,3,'Mostaganem','MOS',1),(98,3,'M\'Sila','MSI',1),(99,3,'Naama','NAA',1),(100,3,'Oran','ORA',1),(101,3,'Ouargla','OUA',1),(102,3,'Oum el-Bouaghi','OEB',1),(103,3,'Relizane','REL',1),(104,3,'Saida','SAI',1),(105,3,'Setif','SET',1),(106,3,'Sidi Bel Abbes','SBA',1),(107,3,'Skikda','SKI',1),(108,3,'Souk Ahras','SAH',1),(109,3,'Tamanghasset','TAM',1),(110,3,'Tebessa','TEB',1),(111,3,'Tiaret','TIA',1),(112,3,'Tindouf','TIN',1),(113,3,'Tipaza','TIP',1),(114,3,'Tissemsilt','TIS',1),(115,3,'Tizi Ouzou','TOU',1),(116,3,'Tlemcen','TLE',1),(117,4,'Eastern','E',1),(118,4,'Manu\'a','M',1),(119,4,'Rose Island','R',1),(120,4,'Swains Island','S',1),(121,4,'Western','W',1),(122,5,'Andorra la Vella','ALV',1),(123,5,'Canillo','CAN',1),(124,5,'Encamp','ENC',1),(125,5,'Escaldes-Engordany','ESE',1),(126,5,'La Massana','LMA',1),(127,5,'Ordino','ORD',1),(128,5,'Sant Julia de Loria','SJL',1),(129,6,'Bengo','BGO',1),(130,6,'Benguela','BGU',1),(131,6,'Bie','BIE',1),(132,6,'Cabinda','CAB',1),(133,6,'Cuando-Cubango','CCU',1),(134,6,'Cuanza Norte','CNO',1),(135,6,'Cuanza Sul','CUS',1),(136,6,'Cunene','CNN',1),(137,6,'Huambo','HUA',1),(138,6,'Huila','HUI',1),(139,6,'Luanda','LUA',1),(140,6,'Lunda Norte','LNO',1),(141,6,'Lunda Sul','LSU',1),(142,6,'Malange','MAL',1),(143,6,'Moxico','MOX',1),(144,6,'Namibe','NAM',1),(145,6,'Uige','UIG',1),(146,6,'Zaire','ZAI',1),(147,9,'Saint George','ASG',1),(148,9,'Saint John','ASJ',1),(149,9,'Saint Mary','ASM',1),(150,9,'Saint Paul','ASL',1),(151,9,'Saint Peter','ASR',1),(152,9,'Saint Philip','ASH',1),(153,9,'Barbuda','BAR',1),(154,9,'Redonda','RED',1),(155,10,'Antartida e Islas del Atlantico','AN',1),(156,10,'Buenos Aires','BA',1),(157,10,'Catamarca','CA',1),(158,10,'Chaco','CH',1),(159,10,'Chubut','CU',1),(160,10,'Cordoba','CO',1),(161,10,'Corrientes','CR',1),(162,10,'Distrito Federal','DF',1),(163,10,'Entre Rios','ER',1),(164,10,'Formosa','FO',1),(165,10,'Jujuy','JU',1),(166,10,'La Pampa','LP',1),(167,10,'La Rioja','LR',1),(168,10,'Mendoza','ME',1),(169,10,'Misiones','MI',1),(170,10,'Neuquen','NE',1),(171,10,'Rio Negro','RN',1),(172,10,'Salta','SA',1),(173,10,'San Juan','SJ',1),(174,10,'San Luis','SL',1),(175,10,'Santa Cruz','SC',1),(176,10,'Santa Fe','SF',1),(177,10,'Santiago del Estero','SD',1),(178,10,'Tierra del Fuego','TF',1),(179,10,'Tucuman','TU',1),(180,11,'Aragatsotn','AGT',1),(181,11,'Ararat','ARR',1),(182,11,'Armavir','ARM',1),(183,11,'Geghark\'unik\'','GEG',1),(184,11,'Kotayk\'','KOT',1),(185,11,'Lorri','LOR',1),(186,11,'Shirak','SHI',1),(187,11,'Syunik\'','SYU',1),(188,11,'Tavush','TAV',1),(189,11,'Vayots\' Dzor','VAY',1),(190,11,'Yerevan','YER',1),(191,13,'Australian Capital Territory','ACT',1),(192,13,'New South Wales','NSW',1),(193,13,'Northern Territory','NT',1),(194,13,'Queensland','QLD',1),(195,13,'South Australia','SA',1),(196,13,'Tasmania','TAS',1),(197,13,'Victoria','VIC',1),(198,13,'Western Australia','WA',1),(199,14,'Burgenland','BUR',1),(200,14,'Kärnten','KAR',1),(201,14,'Nieder&ouml;sterreich','NOS',1),(202,14,'Ober&ouml;sterreich','OOS',1),(203,14,'Salzburg','SAL',1),(204,14,'Steiermark','STE',1),(205,14,'Tirol','TIR',1),(206,14,'Vorarlberg','VOR',1),(207,14,'Wien','WIE',1),(208,15,'Ali Bayramli','AB',1),(209,15,'Abseron','ABS',1),(210,15,'AgcabAdi','AGC',1),(211,15,'Agdam','AGM',1),(212,15,'Agdas','AGS',1),(213,15,'Agstafa','AGA',1),(214,15,'Agsu','AGU',1),(215,15,'Astara','AST',1),(216,15,'Baki','BA',1),(217,15,'BabAk','BAB',1),(218,15,'BalakAn','BAL',1),(219,15,'BArdA','BAR',1),(220,15,'Beylaqan','BEY',1),(221,15,'Bilasuvar','BIL',1),(222,15,'Cabrayil','CAB',1),(223,15,'Calilabab','CAL',1),(224,15,'Culfa','CUL',1),(225,15,'Daskasan','DAS',1),(226,15,'Davaci','DAV',1),(227,15,'Fuzuli','FUZ',1),(228,15,'Ganca','GA',1),(229,15,'Gadabay','GAD',1),(230,15,'Goranboy','GOR',1),(231,15,'Goycay','GOY',1),(232,15,'Haciqabul','HAC',1),(233,15,'Imisli','IMI',1),(234,15,'Ismayilli','ISM',1),(235,15,'Kalbacar','KAL',1),(236,15,'Kurdamir','KUR',1),(237,15,'Lankaran','LA',1),(238,15,'Lacin','LAC',1),(239,15,'Lankaran','LAN',1),(240,15,'Lerik','LER',1),(241,15,'Masalli','MAS',1),(242,15,'Mingacevir','MI',1),(243,15,'Naftalan','NA',1),(244,15,'Neftcala','NEF',1),(245,15,'Oguz','OGU',1),(246,15,'Ordubad','ORD',1),(247,15,'Qabala','QAB',1),(248,15,'Qax','QAX',1),(249,15,'Qazax','QAZ',1),(250,15,'Qobustan','QOB',1),(251,15,'Quba','QBA',1),(252,15,'Qubadli','QBI',1),(253,15,'Qusar','QUS',1),(254,15,'Saki','SA',1),(255,15,'Saatli','SAT',1),(256,15,'Sabirabad','SAB',1),(257,15,'Sadarak','SAD',1),(258,15,'Sahbuz','SAH',1),(259,15,'Saki','SAK',1),(260,15,'Salyan','SAL',1),(261,15,'Sumqayit','SM',1),(262,15,'Samaxi','SMI',1),(263,15,'Samkir','SKR',1),(264,15,'Samux','SMX',1),(265,15,'Sarur','SAR',1),(266,15,'Siyazan','SIY',1),(267,15,'Susa','SS',1),(268,15,'Susa','SUS',1),(269,15,'Tartar','TAR',1),(270,15,'Tovuz','TOV',1),(271,15,'Ucar','UCA',1),(272,15,'Xankandi','XA',1),(273,15,'Xacmaz','XAC',1),(274,15,'Xanlar','XAN',1),(275,15,'Xizi','XIZ',1),(276,15,'Xocali','XCI',1),(277,15,'Xocavand','XVD',1),(278,15,'Yardimli','YAR',1),(279,15,'Yevlax','YEV',1),(280,15,'Zangilan','ZAN',1),(281,15,'Zaqatala','ZAQ',1),(282,15,'Zardab','ZAR',1),(283,15,'Naxcivan','NX',1),(284,16,'Acklins','ACK',1),(285,16,'Berry Islands','BER',1),(286,16,'Bimini','BIM',1),(287,16,'Black Point','BLK',1),(288,16,'Cat Island','CAT',1),(289,16,'Central Abaco','CAB',1),(290,16,'Central Andros','CAN',1),(291,16,'Central Eleuthera','CEL',1),(292,16,'City of Freeport','FRE',1),(293,16,'Crooked Island','CRO',1),(294,16,'East Grand Bahama','EGB',1),(295,16,'Exuma','EXU',1),(296,16,'Grand Cay','GRD',1),(297,16,'Harbour Island','HAR',1),(298,16,'Hope Town','HOP',1),(299,16,'Inagua','INA',1),(300,16,'Long Island','LNG',1),(301,16,'Mangrove Cay','MAN',1),(302,16,'Mayaguana','MAY',1),(303,16,'Moore\'s Island','MOO',1),(304,16,'North Abaco','NAB',1),(305,16,'North Andros','NAN',1),(306,16,'North Eleuthera','NEL',1),(307,16,'Ragged Island','RAG',1),(308,16,'Rum Cay','RUM',1),(309,16,'San Salvador','SAL',1),(310,16,'South Abaco','SAB',1),(311,16,'South Andros','SAN',1),(312,16,'South Eleuthera','SEL',1),(313,16,'Spanish Wells','SWE',1),(314,16,'West Grand Bahama','WGB',1),(315,17,'Capital','CAP',1),(316,17,'Central','CEN',1),(317,17,'Muharraq','MUH',1),(318,17,'Northern','NOR',1),(319,17,'Southern','SOU',1),(320,18,'Barisal','BAR',1),(321,18,'Chittagong','CHI',1),(322,18,'Dhaka','DHA',1),(323,18,'Khulna','KHU',1),(324,18,'Rajshahi','RAJ',1),(325,18,'Sylhet','SYL',1),(326,19,'Christ Church','CC',1),(327,19,'Saint Andrew','AND',1),(328,19,'Saint George','GEO',1),(329,19,'Saint James','JAM',1),(330,19,'Saint John','JOH',1),(331,19,'Saint Joseph','JOS',1),(332,19,'Saint Lucy','LUC',1),(333,19,'Saint Michael','MIC',1),(334,19,'Saint Peter','PET',1),(335,19,'Saint Philip','PHI',1),(336,19,'Saint Thomas','THO',1),(337,20,'Brestskaya (Brest)','BR',1),(338,20,'Homyel\'skaya (Homyel\')','HO',1),(339,20,'Horad Minsk','HM',1),(340,20,'Hrodzyenskaya (Hrodna)','HR',1),(341,20,'Mahilyowskaya (Mahilyow)','MA',1),(342,20,'Minskaya','MI',1),(343,20,'Vitsyebskaya (Vitsyebsk)','VI',1),(344,21,'Antwerpen','VAN',1),(345,21,'Brabant Wallon','WBR',1),(346,21,'Hainaut','WHT',1),(347,21,'Liège','WLG',1),(348,21,'Limburg','VLI',1),(349,21,'Luxembourg','WLX',1),(350,21,'Namur','WNA',1),(351,21,'Oost-Vlaanderen','VOV',1),(352,21,'Vlaams Brabant','VBR',1),(353,21,'West-Vlaanderen','VWV',1),(354,22,'Belize','BZ',1),(355,22,'Cayo','CY',1),(356,22,'Corozal','CR',1),(357,22,'Orange Walk','OW',1),(358,22,'Stann Creek','SC',1),(359,22,'Toledo','TO',1),(360,23,'Alibori','AL',1),(361,23,'Atakora','AK',1),(362,23,'Atlantique','AQ',1),(363,23,'Borgou','BO',1),(364,23,'Collines','CO',1),(365,23,'Donga','DO',1),(366,23,'Kouffo','KO',1),(367,23,'Littoral','LI',1),(368,23,'Mono','MO',1),(369,23,'Oueme','OU',1),(370,23,'Plateau','PL',1),(371,23,'Zou','ZO',1),(372,24,'Devonshire','DS',1),(373,24,'Hamilton City','HC',1),(374,24,'Hamilton','HA',1),(375,24,'Paget','PG',1),(376,24,'Pembroke','PB',1),(377,24,'Saint George City','GC',1),(378,24,'Saint George\'s','SG',1),(379,24,'Sandys','SA',1),(380,24,'Smith\'s','SM',1),(381,24,'Southampton','SH',1),(382,24,'Warwick','WA',1),(383,25,'Bumthang','BUM',1),(384,25,'Chukha','CHU',1),(385,25,'Dagana','DAG',1),(386,25,'Gasa','GAS',1),(387,25,'Haa','HAA',1),(388,25,'Lhuntse','LHU',1),(389,25,'Mongar','MON',1),(390,25,'Paro','PAR',1),(391,25,'Pemagatshel','PEM',1),(392,25,'Punakha','PUN',1),(393,25,'Samdrup Jongkhar','SJO',1),(394,25,'Samtse','SAT',1),(395,25,'Sarpang','SAR',1),(396,25,'Thimphu','THI',1),(397,25,'Trashigang','TRG',1),(398,25,'Trashiyangste','TRY',1),(399,25,'Trongsa','TRO',1),(400,25,'Tsirang','TSI',1),(401,25,'Wangdue Phodrang','WPH',1),(402,25,'Zhemgang','ZHE',1),(403,26,'Beni','BEN',1),(404,26,'Chuquisaca','CHU',1),(405,26,'Cochabamba','COC',1),(406,26,'La Paz','LPZ',1),(407,26,'Oruro','ORU',1),(408,26,'Pando','PAN',1),(409,26,'Potosi','POT',1),(410,26,'Santa Cruz','SCZ',1),(411,26,'Tarija','TAR',1),(412,27,'Brcko district','BRO',1),(413,27,'Unsko-Sanski Kanton','FUS',1),(414,27,'Posavski Kanton','FPO',1),(415,27,'Tuzlanski Kanton','FTU',1),(416,27,'Zenicko-Dobojski Kanton','FZE',1),(417,27,'Bosanskopodrinjski Kanton','FBP',1),(418,27,'Srednjebosanski Kanton','FSB',1),(419,27,'Hercegovacko-neretvanski Kanton','FHN',1),(420,27,'Zapadnohercegovacka Zupanija','FZH',1),(421,27,'Kanton Sarajevo','FSA',1),(422,27,'Zapadnobosanska','FZA',1),(423,27,'Banja Luka','SBL',1),(424,27,'Doboj','SDO',1),(425,27,'Bijeljina','SBI',1),(426,27,'Vlasenica','SVL',1),(427,27,'Sarajevo-Romanija or Sokolac','SSR',1),(428,27,'Foca','SFO',1),(429,27,'Trebinje','STR',1),(430,28,'Central','CE',1),(431,28,'Ghanzi','GH',1),(432,28,'Kgalagadi','KD',1),(433,28,'Kgatleng','KT',1),(434,28,'Kweneng','KW',1),(435,28,'Ngamiland','NG',1),(436,28,'North East','NE',1),(437,28,'North West','NW',1),(438,28,'South East','SE',1),(439,28,'Southern','SO',1),(440,30,'Acre','AC',1),(441,30,'Alagoas','AL',1),(442,30,'Amapá','AP',1),(443,30,'Amazonas','AM',1),(444,30,'Bahia','BA',1),(445,30,'Ceará','CE',1),(446,30,'Distrito Federal','DF',1),(447,30,'Espírito Santo','ES',1),(448,30,'Goiás','GO',1),(449,30,'Maranhão','MA',1),(450,30,'Mato Grosso','MT',1),(451,30,'Mato Grosso do Sul','MS',1),(452,30,'Minas Gerais','MG',1),(453,30,'Pará','PA',1),(454,30,'Paraíba','PB',1),(455,30,'Paraná','PR',1),(456,30,'Pernambuco','PE',1),(457,30,'Piauí','PI',1),(458,30,'Rio de Janeiro','RJ',1),(459,30,'Rio Grande do Norte','RN',1),(460,30,'Rio Grande do Sul','RS',1),(461,30,'Rondônia','RO',1),(462,30,'Roraima','RR',1),(463,30,'Santa Catarina','SC',1),(464,30,'São Paulo','SP',1),(465,30,'Sergipe','SE',1),(466,30,'Tocantins','TO',1),(467,31,'Peros Banhos','PB',1),(468,31,'Salomon Islands','SI',1),(469,31,'Nelsons Island','NI',1),(470,31,'Three Brothers','TB',1),(471,31,'Eagle Islands','EA',1),(472,31,'Danger Island','DI',1),(473,31,'Egmont Islands','EG',1),(474,31,'Diego Garcia','DG',1),(475,32,'Belait','BEL',1),(476,32,'Brunei and Muara','BRM',1),(477,32,'Temburong','TEM',1),(478,32,'Tutong','TUT',1),(479,33,'Blagoevgrad','',1),(480,33,'Burgas','',1),(481,33,'Dobrich','',1),(482,33,'Gabrovo','',1),(483,33,'Haskovo','',1),(484,33,'Kardjali','',1),(485,33,'Kyustendil','',1),(486,33,'Lovech','',1),(487,33,'Montana','',1),(488,33,'Pazardjik','',1),(489,33,'Pernik','',1),(490,33,'Pleven','',1),(491,33,'Plovdiv','',1),(492,33,'Razgrad','',1),(493,33,'Shumen','',1),(494,33,'Silistra','',1),(495,33,'Sliven','',1),(496,33,'Smolyan','',1),(497,33,'Sofia','',1),(498,33,'Sofia - town','',1),(499,33,'Stara Zagora','',1),(500,33,'Targovishte','',1),(501,33,'Varna','',1),(502,33,'Veliko Tarnovo','',1),(503,33,'Vidin','',1),(504,33,'Vratza','',1),(505,33,'Yambol','',1),(506,34,'Bale','BAL',1),(507,34,'Bam','BAM',1),(508,34,'Banwa','BAN',1),(509,34,'Bazega','BAZ',1),(510,34,'Bougouriba','BOR',1),(511,34,'Boulgou','BLG',1),(512,34,'Boulkiemde','BOK',1),(513,34,'Comoe','COM',1),(514,34,'Ganzourgou','GAN',1),(515,34,'Gnagna','GNA',1),(516,34,'Gourma','GOU',1),(517,34,'Houet','HOU',1),(518,34,'Ioba','IOA',1),(519,34,'Kadiogo','KAD',1),(520,34,'Kenedougou','KEN',1),(521,34,'Komondjari','KOD',1),(522,34,'Kompienga','KOP',1),(523,34,'Kossi','KOS',1),(524,34,'Koulpelogo','KOL',1),(525,34,'Kouritenga','KOT',1),(526,34,'Kourweogo','KOW',1),(527,34,'Leraba','LER',1),(528,34,'Loroum','LOR',1),(529,34,'Mouhoun','MOU',1),(530,34,'Nahouri','NAH',1),(531,34,'Namentenga','NAM',1),(532,34,'Nayala','NAY',1),(533,34,'Noumbiel','NOU',1),(534,34,'Oubritenga','OUB',1),(535,34,'Oudalan','OUD',1),(536,34,'Passore','PAS',1),(537,34,'Poni','PON',1),(538,34,'Sanguie','SAG',1),(539,34,'Sanmatenga','SAM',1),(540,34,'Seno','SEN',1),(541,34,'Sissili','SIS',1),(542,34,'Soum','SOM',1),(543,34,'Sourou','SOR',1),(544,34,'Tapoa','TAP',1),(545,34,'Tuy','TUY',1),(546,34,'Yagha','YAG',1),(547,34,'Yatenga','YAT',1),(548,34,'Ziro','ZIR',1),(549,34,'Zondoma','ZOD',1),(550,34,'Zoundweogo','ZOW',1),(551,35,'Bubanza','BB',1),(552,35,'Bujumbura','BJ',1),(553,35,'Bururi','BR',1),(554,35,'Cankuzo','CA',1),(555,35,'Cibitoke','CI',1),(556,35,'Gitega','GI',1),(557,35,'Karuzi','KR',1),(558,35,'Kayanza','KY',1),(559,35,'Kirundo','KI',1),(560,35,'Makamba','MA',1),(561,35,'Muramvya','MU',1),(562,35,'Muyinga','MY',1),(563,35,'Mwaro','MW',1),(564,35,'Ngozi','NG',1),(565,35,'Rutana','RT',1),(566,35,'Ruyigi','RY',1),(567,36,'Phnom Penh','PP',1),(568,36,'Preah Seihanu (Kompong Som or Sihanoukville)','PS',1),(569,36,'Pailin','PA',1),(570,36,'Keb','KB',1),(571,36,'Banteay Meanchey','BM',1),(572,36,'Battambang','BA',1),(573,36,'Kampong Cham','KM',1),(574,36,'Kampong Chhnang','KN',1),(575,36,'Kampong Speu','KU',1),(576,36,'Kampong Som','KO',1),(577,36,'Kampong Thom','KT',1),(578,36,'Kampot','KP',1),(579,36,'Kandal','KL',1),(580,36,'Kaoh Kong','KK',1),(581,36,'Kratie','KR',1),(582,36,'Mondul Kiri','MK',1),(583,36,'Oddar Meancheay','OM',1),(584,36,'Pursat','PU',1),(585,36,'Preah Vihear','PR',1),(586,36,'Prey Veng','PG',1),(587,36,'Ratanak Kiri','RK',1),(588,36,'Siemreap','SI',1),(589,36,'Stung Treng','ST',1),(590,36,'Svay Rieng','SR',1),(591,36,'Takeo','TK',1),(592,37,'Adamawa (Adamaoua)','ADA',1),(593,37,'Centre','CEN',1),(594,37,'East (Est)','EST',1),(595,37,'Extreme North (Extreme-Nord)','EXN',1),(596,37,'Littoral','LIT',1),(597,37,'North (Nord)','NOR',1),(598,37,'Northwest (Nord-Ouest)','NOT',1),(599,37,'West (Ouest)','OUE',1),(600,37,'South (Sud)','SUD',1),(601,37,'Southwest (Sud-Ouest).','SOU',1),(602,38,'Alberta','AB',1),(603,38,'British Columbia','BC',1),(604,38,'Manitoba','MB',1),(605,38,'New Brunswick','NB',1),(606,38,'Newfoundland and Labrador','NL',1),(607,38,'Northwest Territories','NT',1),(608,38,'Nova Scotia','NS',1),(609,38,'Nunavut','NU',1),(610,38,'Ontario','ON',1),(611,38,'Prince Edward Island','PE',1),(612,38,'Qu&eacute;bec','QC',1),(613,38,'Saskatchewan','SK',1),(614,38,'Yukon Territory','YT',1),(615,39,'Boa Vista','BV',1),(616,39,'Brava','BR',1),(617,39,'Calheta de Sao Miguel','CS',1),(618,39,'Maio','MA',1),(619,39,'Mosteiros','MO',1),(620,39,'Paul','PA',1),(621,39,'Porto Novo','PN',1),(622,39,'Praia','PR',1),(623,39,'Ribeira Grande','RG',1),(624,39,'Sal','SL',1),(625,39,'Santa Catarina','CA',1),(626,39,'Santa Cruz','CR',1),(627,39,'Sao Domingos','SD',1),(628,39,'Sao Filipe','SF',1),(629,39,'Sao Nicolau','SN',1),(630,39,'Sao Vicente','SV',1),(631,39,'Tarrafal','TA',1),(632,40,'Creek','CR',1),(633,40,'Eastern','EA',1),(634,40,'Midland','ML',1),(635,40,'South Town','ST',1),(636,40,'Spot Bay','SP',1),(637,40,'Stake Bay','SK',1),(638,40,'West End','WD',1),(639,40,'Western','WN',1),(640,41,'Bamingui-Bangoran','BBA',1),(641,41,'Basse-Kotto','BKO',1),(642,41,'Haute-Kotto','HKO',1),(643,41,'Haut-Mbomou','HMB',1),(644,41,'Kemo','KEM',1),(645,41,'Lobaye','LOB',1),(646,41,'Mambere-KadeÔ','MKD',1),(647,41,'Mbomou','MBO',1),(648,41,'Nana-Mambere','NMM',1),(649,41,'Ombella-M\'Poko','OMP',1),(650,41,'Ouaka','OUK',1),(651,41,'Ouham','OUH',1),(652,41,'Ouham-Pende','OPE',1),(653,41,'Vakaga','VAK',1),(654,41,'Nana-Grebizi','NGR',1),(655,41,'Sangha-Mbaere','SMB',1),(656,41,'Bangui','BAN',1),(657,42,'Batha','BA',1),(658,42,'Biltine','BI',1),(659,42,'Borkou-Ennedi-Tibesti','BE',1),(660,42,'Chari-Baguirmi','CB',1),(661,42,'Guera','GU',1),(662,42,'Kanem','KA',1),(663,42,'Lac','LA',1),(664,42,'Logone Occidental','LC',1),(665,42,'Logone Oriental','LR',1),(666,42,'Mayo-Kebbi','MK',1),(667,42,'Moyen-Chari','MC',1),(668,42,'Ouaddai','OU',1),(669,42,'Salamat','SA',1),(670,42,'Tandjile','TA',1),(671,43,'Aisen del General Carlos Ibanez','AI',1),(672,43,'Antofagasta','AN',1),(673,43,'Araucania','AR',1),(674,43,'Atacama','AT',1),(675,43,'Bio-Bio','BI',1),(676,43,'Coquimbo','CO',1),(677,43,'Libertador General Bernardo O\'Hi','LI',1),(678,43,'Los Lagos','LL',1),(679,43,'Magallanes y de la Antartica Chi','MA',1),(680,43,'Maule','ML',1),(681,43,'Region Metropolitana','RM',1),(682,43,'Tarapaca','TA',1),(683,43,'Valparaiso','VS',1),(684,44,'Anhui','AN',1),(685,44,'Beijing','BE',1),(686,44,'Chongqing','CH',1),(687,44,'Fujian','FU',1),(688,44,'Gansu','GA',1),(689,44,'Guangdong','GU',1),(690,44,'Guangxi','GX',1),(691,44,'Guizhou','GZ',1),(692,44,'Hainan','HA',1),(693,44,'Hebei','HB',1),(694,44,'Heilongjiang','HL',1),(695,44,'Henan','HE',1),(696,44,'Hong Kong','HK',1),(697,44,'Hubei','HU',1),(698,44,'Hunan','HN',1),(699,44,'Inner Mongolia','IM',1),(700,44,'Jiangsu','JI',1),(701,44,'Jiangxi','JX',1),(702,44,'Jilin','JL',1),(703,44,'Liaoning','LI',1),(704,44,'Macau','MA',1),(705,44,'Ningxia','NI',1),(706,44,'Shaanxi','SH',1),(707,44,'Shandong','SA',1),(708,44,'Shanghai','SG',1),(709,44,'Shanxi','SX',1),(710,44,'Sichuan','SI',1),(711,44,'Tianjin','TI',1),(712,44,'Xinjiang','XI',1),(713,44,'Yunnan','YU',1),(714,44,'Zhejiang','ZH',1),(715,46,'Direction Island','D',1),(716,46,'Home Island','H',1),(717,46,'Horsburgh Island','O',1),(718,46,'South Island','S',1),(719,46,'West Island','W',1),(720,47,'Amazonas','AMZ',1),(721,47,'Antioquia','ANT',1),(722,47,'Arauca','ARA',1),(723,47,'Atlantico','ATL',1),(724,47,'Bogota D.C.','BDC',1),(725,47,'Bolivar','BOL',1),(726,47,'Boyaca','BOY',1),(727,47,'Caldas','CAL',1),(728,47,'Caqueta','CAQ',1),(729,47,'Casanare','CAS',1),(730,47,'Cauca','CAU',1),(731,47,'Cesar','CES',1),(732,47,'Choco','CHO',1),(733,47,'Cordoba','COR',1),(734,47,'Cundinamarca','CAM',1),(735,47,'Guainia','GNA',1),(736,47,'Guajira','GJR',1),(737,47,'Guaviare','GVR',1),(738,47,'Huila','HUI',1),(739,47,'Magdalena','MAG',1),(740,47,'Meta','MET',1),(741,47,'Narino','NAR',1),(742,47,'Norte de Santander','NDS',1),(743,47,'Putumayo','PUT',1),(744,47,'Quindio','QUI',1),(745,47,'Risaralda','RIS',1),(746,47,'San Andres y Providencia','SAP',1),(747,47,'Santander','SAN',1),(748,47,'Sucre','SUC',1),(749,47,'Tolima','TOL',1),(750,47,'Valle del Cauca','VDC',1),(751,47,'Vaupes','VAU',1),(752,47,'Vichada','VIC',1),(753,48,'Grande Comore','G',1),(754,48,'Anjouan','A',1),(755,48,'Moheli','M',1),(756,49,'Bouenza','BO',1),(757,49,'Brazzaville','BR',1),(758,49,'Cuvette','CU',1),(759,49,'Cuvette-Ouest','CO',1),(760,49,'Kouilou','KO',1),(761,49,'Lekoumou','LE',1),(762,49,'Likouala','LI',1),(763,49,'Niari','NI',1),(764,49,'Plateaux','PL',1),(765,49,'Pool','PO',1),(766,49,'Sangha','SA',1),(767,50,'Pukapuka','PU',1),(768,50,'Rakahanga','RK',1),(769,50,'Manihiki','MK',1),(770,50,'Penrhyn','PE',1),(771,50,'Nassau Island','NI',1),(772,50,'Surwarrow','SU',1),(773,50,'Palmerston','PA',1),(774,50,'Aitutaki','AI',1),(775,50,'Manuae','MA',1),(776,50,'Takutea','TA',1),(777,50,'Mitiaro','MT',1),(778,50,'Atiu','AT',1),(779,50,'Mauke','MU',1),(780,50,'Rarotonga','RR',1),(781,50,'Mangaia','MG',1),(782,51,'Alajuela','AL',1),(783,51,'Cartago','CA',1),(784,51,'Guanacaste','GU',1),(785,51,'Heredia','HE',1),(786,51,'Limon','LI',1),(787,51,'Puntarenas','PU',1),(788,51,'San Jose','SJ',1),(789,52,'Abengourou','ABE',1),(790,52,'Abidjan','ABI',1),(791,52,'Aboisso','ABO',1),(792,52,'Adiake','ADI',1),(793,52,'Adzope','ADZ',1),(794,52,'Agboville','AGB',1),(795,52,'Agnibilekrou','AGN',1),(796,52,'Alepe','ALE',1),(797,52,'Bocanda','BOC',1),(798,52,'Bangolo','BAN',1),(799,52,'Beoumi','BEO',1),(800,52,'Biankouma','BIA',1),(801,52,'Bondoukou','BDK',1),(802,52,'Bongouanou','BGN',1),(803,52,'Bouafle','BFL',1),(804,52,'Bouake','BKE',1),(805,52,'Bouna','BNA',1),(806,52,'Boundiali','BDL',1),(807,52,'Dabakala','DKL',1),(808,52,'Dabou','DBU',1),(809,52,'Daloa','DAL',1),(810,52,'Danane','DAN',1),(811,52,'Daoukro','DAO',1),(812,52,'Dimbokro','DIM',1),(813,52,'Divo','DIV',1),(814,52,'Duekoue','DUE',1),(815,52,'Ferkessedougou','FER',1),(816,52,'Gagnoa','GAG',1),(817,52,'Grand-Bassam','GBA',1),(818,52,'Grand-Lahou','GLA',1),(819,52,'Guiglo','GUI',1),(820,52,'Issia','ISS',1),(821,52,'Jacqueville','JAC',1),(822,52,'Katiola','KAT',1),(823,52,'Korhogo','KOR',1),(824,52,'Lakota','LAK',1),(825,52,'Man','MAN',1),(826,52,'Mankono','MKN',1),(827,52,'Mbahiakro','MBA',1),(828,52,'Odienne','ODI',1),(829,52,'Oume','OUM',1),(830,52,'Sakassou','SAK',1),(831,52,'San-Pedro','SPE',1),(832,52,'Sassandra','SAS',1),(833,52,'Seguela','SEG',1),(834,52,'Sinfra','SIN',1),(835,52,'Soubre','SOU',1),(836,52,'Tabou','TAB',1),(837,52,'Tanda','TAN',1),(838,52,'Tiebissou','TIE',1),(839,52,'Tingrela','TIN',1),(840,52,'Tiassale','TIA',1),(841,52,'Touba','TBA',1),(842,52,'Toulepleu','TLP',1),(843,52,'Toumodi','TMD',1),(844,52,'Vavoua','VAV',1),(845,52,'Yamoussoukro','YAM',1),(846,52,'Zuenoula','ZUE',1),(847,53,'Bjelovar-Bilogora','BB',1),(848,53,'City of Zagreb','CZ',1),(849,53,'Dubrovnik-Neretva','DN',1),(850,53,'Istra','IS',1),(851,53,'Karlovac','KA',1),(852,53,'Koprivnica-Krizevci','KK',1),(853,53,'Krapina-Zagorje','KZ',1),(854,53,'Lika-Senj','LS',1),(855,53,'Medimurje','ME',1),(856,53,'Osijek-Baranja','OB',1),(857,53,'Pozega-Slavonia','PS',1),(858,53,'Primorje-Gorski Kotar','PG',1),(859,53,'Sibenik','SI',1),(860,53,'Sisak-Moslavina','SM',1),(861,53,'Slavonski Brod-Posavina','SB',1),(862,53,'Split-Dalmatia','SD',1),(863,53,'Varazdin','VA',1),(864,53,'Virovitica-Podravina','VP',1),(865,53,'Vukovar-Srijem','VS',1),(866,53,'Zadar-Knin','ZK',1),(867,53,'Zagreb','ZA',1),(868,54,'Camaguey','CA',1),(869,54,'Ciego de Avila','CD',1),(870,54,'Cienfuegos','CI',1),(871,54,'Ciudad de La Habana','CH',1),(872,54,'Granma','GR',1),(873,54,'Guantanamo','GU',1),(874,54,'Holguin','HO',1),(875,54,'Isla de la Juventud','IJ',1),(876,54,'La Habana','LH',1),(877,54,'Las Tunas','LT',1),(878,54,'Matanzas','MA',1),(879,54,'Pinar del Rio','PR',1),(880,54,'Sancti Spiritus','SS',1),(881,54,'Santiago de Cuba','SC',1),(882,54,'Villa Clara','VC',1),(883,55,'Famagusta','F',1),(884,55,'Kyrenia','K',1),(885,55,'Larnaca','A',1),(886,55,'Limassol','I',1),(887,55,'Nicosia','N',1),(888,55,'Paphos','P',1),(889,56,'Ústecký','U',1),(890,56,'Jihočeský','C',1),(891,56,'Jihomoravský','B',1),(892,56,'Karlovarský','K',1),(893,56,'Královehradecký','H',1),(894,56,'Liberecký','L',1),(895,56,'Moravskoslezský','T',1),(896,56,'Olomoucký','M',1),(897,56,'Pardubický','E',1),(898,56,'Plzeňský','P',1),(899,56,'Praha','A',1),(900,56,'Středočeský','S',1),(901,56,'Vysočina','J',1),(902,56,'Zlínský','Z',1),(903,57,'Arhus','AR',1),(904,57,'Bornholm','BH',1),(905,57,'Copenhagen','CO',1),(906,57,'Faroe Islands','FO',1),(907,57,'Frederiksborg','FR',1),(908,57,'Fyn','FY',1),(909,57,'Kobenhavn','KO',1),(910,57,'Nordjylland','NO',1),(911,57,'Ribe','RI',1),(912,57,'Ringkobing','RK',1),(913,57,'Roskilde','RO',1),(914,57,'Sonderjylland','SO',1),(915,57,'Storstrom','ST',1),(916,57,'Vejle','VK',1),(917,57,'Vestj&aelig;lland','VJ',1),(918,57,'Viborg','VB',1),(919,58,'\'Ali Sabih','S',1),(920,58,'Dikhil','K',1),(921,58,'Djibouti','J',1),(922,58,'Obock','O',1),(923,58,'Tadjoura','T',1),(924,59,'Saint Andrew Parish','AND',1),(925,59,'Saint David Parish','DAV',1),(926,59,'Saint George Parish','GEO',1),(927,59,'Saint John Parish','JOH',1),(928,59,'Saint Joseph Parish','JOS',1),(929,59,'Saint Luke Parish','LUK',1),(930,59,'Saint Mark Parish','MAR',1),(931,59,'Saint Patrick Parish','PAT',1),(932,59,'Saint Paul Parish','PAU',1),(933,59,'Saint Peter Parish','PET',1),(934,60,'Distrito Nacional','DN',1),(935,60,'Azua','AZ',1),(936,60,'Baoruco','BC',1),(937,60,'Barahona','BH',1),(938,60,'Dajabon','DJ',1),(939,60,'Duarte','DU',1),(940,60,'Elias Pina','EL',1),(941,60,'El Seybo','SY',1),(942,60,'Espaillat','ET',1),(943,60,'Hato Mayor','HM',1),(944,60,'Independencia','IN',1),(945,60,'La Altagracia','AL',1),(946,60,'La Romana','RO',1),(947,60,'La Vega','VE',1),(948,60,'Maria Trinidad Sanchez','MT',1),(949,60,'Monsenor Nouel','MN',1),(950,60,'Monte Cristi','MC',1),(951,60,'Monte Plata','MP',1),(952,60,'Pedernales','PD',1),(953,60,'Peravia (Bani)','PR',1),(954,60,'Puerto Plata','PP',1),(955,60,'Salcedo','SL',1),(956,60,'Samana','SM',1),(957,60,'Sanchez Ramirez','SH',1),(958,60,'San Cristobal','SC',1),(959,60,'San Jose de Ocoa','JO',1),(960,60,'San Juan','SJ',1),(961,60,'San Pedro de Macoris','PM',1),(962,60,'Santiago','SA',1),(963,60,'Santiago Rodriguez','ST',1),(964,60,'Santo Domingo','SD',1),(965,60,'Valverde','VA',1),(966,61,'Aileu','AL',1),(967,61,'Ainaro','AN',1),(968,61,'Baucau','BA',1),(969,61,'Bobonaro','BO',1),(970,61,'Cova Lima','CO',1),(971,61,'Dili','DI',1),(972,61,'Ermera','ER',1),(973,61,'Lautem','LA',1),(974,61,'Liquica','LI',1),(975,61,'Manatuto','MT',1),(976,61,'Manufahi','MF',1),(977,61,'Oecussi','OE',1),(978,61,'Viqueque','VI',1),(979,62,'Azuay','AZU',1),(980,62,'Bolivar','BOL',1),(981,62,'Ca&ntilde;ar','CAN',1),(982,62,'Carchi','CAR',1),(983,62,'Chimborazo','CHI',1),(984,62,'Cotopaxi','COT',1),(985,62,'El Oro','EOR',1),(986,62,'Esmeraldas','ESM',1),(987,62,'Gal&aacute;pagos','GPS',1),(988,62,'Guayas','GUA',1),(989,62,'Imbabura','IMB',1),(990,62,'Loja','LOJ',1),(991,62,'Los Rios','LRO',1),(992,62,'Manab&iacute;','MAN',1),(993,62,'Morona Santiago','MSA',1),(994,62,'Napo','NAP',1),(995,62,'Orellana','ORE',1),(996,62,'Pastaza','PAS',1),(997,62,'Pichincha','PIC',1),(998,62,'Sucumb&iacute;os','SUC',1),(999,62,'Tungurahua','TUN',1),(1000,62,'Zamora Chinchipe','ZCH',1),(1001,63,'Ad Daqahliyah','DHY',1),(1002,63,'Al Bahr al Ahmar','BAM',1),(1003,63,'Al Buhayrah','BHY',1),(1004,63,'Al Fayyum','FYM',1),(1005,63,'Al Gharbiyah','GBY',1),(1006,63,'Al Iskandariyah','IDR',1),(1007,63,'Al Isma\'iliyah','IML',1),(1008,63,'Al Jizah','JZH',1),(1009,63,'Al Minufiyah','MFY',1),(1010,63,'Al Minya','MNY',1),(1011,63,'Al Qahirah','QHR',1),(1012,63,'Al Qalyubiyah','QLY',1),(1013,63,'Al Wadi al Jadid','WJD',1),(1014,63,'Ash Sharqiyah','SHQ',1),(1015,63,'As Suways','SWY',1),(1016,63,'Aswan','ASW',1),(1017,63,'Asyut','ASY',1),(1018,63,'Bani Suwayf','BSW',1),(1019,63,'Bur Sa\'id','BSD',1),(1020,63,'Dumyat','DMY',1),(1021,63,'Janub Sina\'','JNS',1),(1022,63,'Kafr ash Shaykh','KSH',1),(1023,63,'Matruh','MAT',1),(1024,63,'Qina','QIN',1),(1025,63,'Shamal Sina\'','SHS',1),(1026,63,'Suhaj','SUH',1),(1027,64,'Ahuachapan','AH',1),(1028,64,'Cabanas','CA',1),(1029,64,'Chalatenango','CH',1),(1030,64,'Cuscatlan','CU',1),(1031,64,'La Libertad','LB',1),(1032,64,'La Paz','PZ',1),(1033,64,'La Union','UN',1),(1034,64,'Morazan','MO',1),(1035,64,'San Miguel','SM',1),(1036,64,'San Salvador','SS',1),(1037,64,'San Vicente','SV',1),(1038,64,'Santa Ana','SA',1),(1039,64,'Sonsonate','SO',1),(1040,64,'Usulutan','US',1),(1041,65,'Provincia Annobon','AN',1),(1042,65,'Provincia Bioko Norte','BN',1),(1043,65,'Provincia Bioko Sur','BS',1),(1044,65,'Provincia Centro Sur','CS',1),(1045,65,'Provincia Kie-Ntem','KN',1),(1046,65,'Provincia Litoral','LI',1),(1047,65,'Provincia Wele-Nzas','WN',1),(1048,66,'Central (Maekel)','MA',1),(1049,66,'Anseba (Keren)','KE',1),(1050,66,'Southern Red Sea (Debub-Keih-Bahri)','DK',1),(1051,66,'Northern Red Sea (Semien-Keih-Bahri)','SK',1),(1052,66,'Southern (Debub)','DE',1),(1053,66,'Gash-Barka (Barentu)','BR',1),(1054,67,'Harjumaa (Tallinn)','HA',1),(1055,67,'Hiiumaa (Kardla)','HI',1),(1056,67,'Ida-Virumaa (Johvi)','IV',1),(1057,67,'Jarvamaa (Paide)','JA',1),(1058,67,'Jogevamaa (Jogeva)','JO',1),(1059,67,'Laane-Virumaa (Rakvere)','LV',1),(1060,67,'Laanemaa (Haapsalu)','LA',1),(1061,67,'Parnumaa (Parnu)','PA',1),(1062,67,'Polvamaa (Polva)','PO',1),(1063,67,'Raplamaa (Rapla)','RA',1),(1064,67,'Saaremaa (Kuessaare)','SA',1),(1065,67,'Tartumaa (Tartu)','TA',1),(1066,67,'Valgamaa (Valga)','VA',1),(1067,67,'Viljandimaa (Viljandi)','VI',1),(1068,67,'Vorumaa (Voru)','VO',1),(1069,68,'Afar','AF',1),(1070,68,'Amhara','AH',1),(1071,68,'Benishangul-Gumaz','BG',1),(1072,68,'Gambela','GB',1),(1073,68,'Hariai','HR',1),(1074,68,'Oromia','OR',1),(1075,68,'Somali','SM',1),(1076,68,'Southern Nations - Nationalities and Peoples Region','SN',1),(1077,68,'Tigray','TG',1),(1078,68,'Addis Ababa','AA',1),(1079,68,'Dire Dawa','DD',1),(1080,71,'Central Division','C',1),(1081,71,'Northern Division','N',1),(1082,71,'Eastern Division','E',1),(1083,71,'Western Division','W',1),(1084,71,'Rotuma','R',1),(1085,72,'Ahvenanmaan Laani','AL',1),(1086,72,'Etela-Suomen Laani','ES',1),(1087,72,'Ita-Suomen Laani','IS',1),(1088,72,'Lansi-Suomen Laani','LS',1),(1089,72,'Lapin Lanani','LA',1),(1090,72,'Oulun Laani','OU',1),(1114,74,'Ain','01',1),(1115,74,'Aisne','02',1),(1116,74,'Allier','03',1),(1117,74,'Alpes de Haute Provence','04',1),(1118,74,'Hautes-Alpes','05',1),(1119,74,'Alpes Maritimes','06',1),(1120,74,'Ard&egrave;che','07',1),(1121,74,'Ardennes','08',1),(1122,74,'Ari&egrave;ge','09',1),(1123,74,'Aube','10',1),(1124,74,'Aude','11',1),(1125,74,'Aveyron','12',1),(1126,74,'Bouches du Rh&ocirc;ne','13',1),(1127,74,'Calvados','14',1),(1128,74,'Cantal','15',1),(1129,74,'Charente','16',1),(1130,74,'Charente Maritime','17',1),(1131,74,'Cher','18',1),(1132,74,'Corr&egrave;ze','19',1),(1133,74,'Corse du Sud','2A',1),(1134,74,'Haute Corse','2B',1),(1135,74,'C&ocirc;te d&#039;or','21',1),(1136,74,'C&ocirc;tes d&#039;Armor','22',1),(1137,74,'Creuse','23',1),(1138,74,'Dordogne','24',1),(1139,74,'Doubs','25',1),(1140,74,'Dr&ocirc;me','26',1),(1141,74,'Eure','27',1),(1142,74,'Eure et Loir','28',1),(1143,74,'Finist&egrave;re','29',1),(1144,74,'Gard','30',1),(1145,74,'Haute Garonne','31',1),(1146,74,'Gers','32',1),(1147,74,'Gironde','33',1),(1148,74,'H&eacute;rault','34',1),(1149,74,'Ille et Vilaine','35',1),(1150,74,'Indre','36',1),(1151,74,'Indre et Loire','37',1),(1152,74,'Is&eacute;re','38',1),(1153,74,'Jura','39',1),(1154,74,'Landes','40',1),(1155,74,'Loir et Cher','41',1),(1156,74,'Loire','42',1),(1157,74,'Haute Loire','43',1),(1158,74,'Loire Atlantique','44',1),(1159,74,'Loiret','45',1),(1160,74,'Lot','46',1),(1161,74,'Lot et Garonne','47',1),(1162,74,'Loz&egrave;re','48',1),(1163,74,'Maine et Loire','49',1),(1164,74,'Manche','50',1),(1165,74,'Marne','51',1),(1166,74,'Haute Marne','52',1),(1167,74,'Mayenne','53',1),(1168,74,'Meurthe et Moselle','54',1),(1169,74,'Meuse','55',1),(1170,74,'Morbihan','56',1),(1171,74,'Moselle','57',1),(1172,74,'Ni&egrave;vre','58',1),(1173,74,'Nord','59',1),(1174,74,'Oise','60',1),(1175,74,'Orne','61',1),(1176,74,'Pas de Calais','62',1),(1177,74,'Puy de D&ocirc;me','63',1),(1178,74,'Pyr&eacute;n&eacute;es Atlantiques','64',1),(1179,74,'Hautes Pyr&eacute;n&eacute;es','65',1),(1180,74,'Pyr&eacute;n&eacute;es Orientales','66',1),(1181,74,'Bas Rhin','67',1),(1182,74,'Haut Rhin','68',1),(1183,74,'Rh&ocirc;ne','69',1),(1184,74,'Haute Sa&ocirc;ne','70',1),(1185,74,'Sa&ocirc;ne et Loire','71',1),(1186,74,'Sarthe','72',1),(1187,74,'Savoie','73',1),(1188,74,'Haute Savoie','74',1),(1189,74,'Paris','75',1),(1190,74,'Seine Maritime','76',1),(1191,74,'Seine et Marne','77',1),(1192,74,'Yvelines','78',1),(1193,74,'Deux S&egrave;vres','79',1),(1194,74,'Somme','80',1),(1195,74,'Tarn','81',1),(1196,74,'Tarn et Garonne','82',1),(1197,74,'Var','83',1),(1198,74,'Vaucluse','84',1),(1199,74,'Vend&eacute;e','85',1),(1200,74,'Vienne','86',1),(1201,74,'Haute Vienne','87',1),(1202,74,'Vosges','88',1),(1203,74,'Yonne','89',1),(1204,74,'Territoire de Belfort','90',1),(1205,74,'Essonne','91',1),(1206,74,'Hauts de Seine','92',1),(1207,74,'Seine St-Denis','93',1),(1208,74,'Val de Marne','94',1),(1209,74,'Val d\'Oise','95',1),(1210,76,'Archipel des Marquises','M',1),(1211,76,'Archipel des Tuamotu','T',1),(1212,76,'Archipel des Tubuai','I',1),(1213,76,'Iles du Vent','V',1),(1214,76,'Iles Sous-le-Vent','S',1),(1215,77,'Iles Crozet','C',1),(1216,77,'Iles Kerguelen','K',1),(1217,77,'Ile Amsterdam','A',1),(1218,77,'Ile Saint-Paul','P',1),(1219,77,'Adelie Land','D',1),(1220,78,'Estuaire','ES',1),(1221,78,'Haut-Ogooue','HO',1),(1222,78,'Moyen-Ogooue','MO',1),(1223,78,'Ngounie','NG',1),(1224,78,'Nyanga','NY',1),(1225,78,'Ogooue-Ivindo','OI',1),(1226,78,'Ogooue-Lolo','OL',1),(1227,78,'Ogooue-Maritime','OM',1),(1228,78,'Woleu-Ntem','WN',1),(1229,79,'Banjul','BJ',1),(1230,79,'Basse','BS',1),(1231,79,'Brikama','BR',1),(1232,79,'Janjangbure','JA',1),(1233,79,'Kanifeng','KA',1),(1234,79,'Kerewan','KE',1),(1235,79,'Kuntaur','KU',1),(1236,79,'Mansakonko','MA',1),(1237,79,'Lower River','LR',1),(1238,79,'Central River','CR',1),(1239,79,'North Bank','NB',1),(1240,79,'Upper River','UR',1),(1241,79,'Western','WE',1),(1242,80,'Abkhazia','AB',1),(1243,80,'Ajaria','AJ',1),(1244,80,'Tbilisi','TB',1),(1245,80,'Guria','GU',1),(1246,80,'Imereti','IM',1),(1247,80,'Kakheti','KA',1),(1248,80,'Kvemo Kartli','KK',1),(1249,80,'Mtskheta-Mtianeti','MM',1),(1250,80,'Racha Lechkhumi and Kvemo Svanet','RL',1),(1251,80,'Samegrelo-Zemo Svaneti','SZ',1),(1252,80,'Samtskhe-Javakheti','SJ',1),(1253,80,'Shida Kartli','SK',1),(1254,81,'Baden-W&uuml;rttemberg','BAW',1),(1255,81,'Bayern','BAY',1),(1256,81,'Berlin','BER',1),(1257,81,'Brandenburg','BRG',1),(1258,81,'Bremen','BRE',1),(1259,81,'Hamburg','HAM',1),(1260,81,'Hessen','HES',1),(1261,81,'Mecklenburg-Vorpommern','MEC',1),(1262,81,'Niedersachsen','NDS',1),(1263,81,'Nordrhein-Westfalen','NRW',1),(1264,81,'Rheinland-Pfalz','RHE',1),(1265,81,'Saarland','SAR',1),(1266,81,'Sachsen','SAS',1),(1267,81,'Sachsen-Anhalt','SAC',1),(1268,81,'Schleswig-Holstein','SCN',1),(1269,81,'Th&uuml;ringen','THE',1),(1270,82,'Ashanti Region','AS',1),(1271,82,'Brong-Ahafo Region','BA',1),(1272,82,'Central Region','CE',1),(1273,82,'Eastern Region','EA',1),(1274,82,'Greater Accra Region','GA',1),(1275,82,'Northern Region','NO',1),(1276,82,'Upper East Region','UE',1),(1277,82,'Upper West Region','UW',1),(1278,82,'Volta Region','VO',1),(1279,82,'Western Region','WE',1),(1280,84,'Attica','AT',1),(1281,84,'Central Greece','CN',1),(1282,84,'Central Macedonia','CM',1),(1283,84,'Crete','CR',1),(1284,84,'East Macedonia and Thrace','EM',1),(1285,84,'Epirus','EP',1),(1286,84,'Ionian Islands','II',1),(1287,84,'North Aegean','NA',1),(1288,84,'Peloponnesos','PP',1),(1289,84,'South Aegean','SA',1),(1290,84,'Thessaly','TH',1),(1291,84,'West Greece','WG',1),(1292,84,'West Macedonia','WM',1),(1293,85,'Avannaa','A',1),(1294,85,'Tunu','T',1),(1295,85,'Kitaa','K',1),(1296,86,'Saint Andrew','A',1),(1297,86,'Saint David','D',1),(1298,86,'Saint George','G',1),(1299,86,'Saint John','J',1),(1300,86,'Saint Mark','M',1),(1301,86,'Saint Patrick','P',1),(1302,86,'Carriacou','C',1),(1303,86,'Petit Martinique','Q',1),(1304,89,'Alta Verapaz','AV',1),(1305,89,'Baja Verapaz','BV',1),(1306,89,'Chimaltenango','CM',1),(1307,89,'Chiquimula','CQ',1),(1308,89,'El Peten','PE',1),(1309,89,'El Progreso','PR',1),(1310,89,'El Quiche','QC',1),(1311,89,'Escuintla','ES',1),(1312,89,'Guatemala','GU',1),(1313,89,'Huehuetenango','HU',1),(1314,89,'Izabal','IZ',1),(1315,89,'Jalapa','JA',1),(1316,89,'Jutiapa','JU',1),(1317,89,'Quetzaltenango','QZ',1),(1318,89,'Retalhuleu','RE',1),(1319,89,'Sacatepequez','ST',1),(1320,89,'San Marcos','SM',1),(1321,89,'Santa Rosa','SR',1),(1322,89,'Solola','SO',1),(1323,89,'Suchitepequez','SU',1),(1324,89,'Totonicapan','TO',1),(1325,89,'Zacapa','ZA',1),(1326,90,'Conakry','CNK',1),(1327,90,'Beyla','BYL',1),(1328,90,'Boffa','BFA',1),(1329,90,'Boke','BOK',1),(1330,90,'Coyah','COY',1),(1331,90,'Dabola','DBL',1),(1332,90,'Dalaba','DLB',1),(1333,90,'Dinguiraye','DGR',1),(1334,90,'Dubreka','DBR',1),(1335,90,'Faranah','FRN',1),(1336,90,'Forecariah','FRC',1),(1337,90,'Fria','FRI',1),(1338,90,'Gaoual','GAO',1),(1339,90,'Gueckedou','GCD',1),(1340,90,'Kankan','KNK',1),(1341,90,'Kerouane','KRN',1),(1342,90,'Kindia','KND',1),(1343,90,'Kissidougou','KSD',1),(1344,90,'Koubia','KBA',1),(1345,90,'Koundara','KDA',1),(1346,90,'Kouroussa','KRA',1),(1347,90,'Labe','LAB',1),(1348,90,'Lelouma','LLM',1),(1349,90,'Lola','LOL',1),(1350,90,'Macenta','MCT',1),(1351,90,'Mali','MAL',1),(1352,90,'Mamou','MAM',1),(1353,90,'Mandiana','MAN',1),(1354,90,'Nzerekore','NZR',1),(1355,90,'Pita','PIT',1),(1356,90,'Siguiri','SIG',1),(1357,90,'Telimele','TLM',1),(1358,90,'Tougue','TOG',1),(1359,90,'Yomou','YOM',1),(1360,91,'Bafata Region','BF',1),(1361,91,'Biombo Region','BB',1),(1362,91,'Bissau Region','BS',1),(1363,91,'Bolama Region','BL',1),(1364,91,'Cacheu Region','CA',1),(1365,91,'Gabu Region','GA',1),(1366,91,'Oio Region','OI',1),(1367,91,'Quinara Region','QU',1),(1368,91,'Tombali Region','TO',1),(1369,92,'Barima-Waini','BW',1),(1370,92,'Cuyuni-Mazaruni','CM',1),(1371,92,'Demerara-Mahaica','DM',1),(1372,92,'East Berbice-Corentyne','EC',1),(1373,92,'Essequibo Islands-West Demerara','EW',1),(1374,92,'Mahaica-Berbice','MB',1),(1375,92,'Pomeroon-Supenaam','PM',1),(1376,92,'Potaro-Siparuni','PI',1),(1377,92,'Upper Demerara-Berbice','UD',1),(1378,92,'Upper Takutu-Upper Essequibo','UT',1),(1379,93,'Artibonite','AR',1),(1380,93,'Centre','CE',1),(1381,93,'Grand\'Anse','GA',1),(1382,93,'Nord','ND',1),(1383,93,'Nord-Est','NE',1),(1384,93,'Nord-Ouest','NO',1),(1385,93,'Ouest','OU',1),(1386,93,'Sud','SD',1),(1387,93,'Sud-Est','SE',1),(1388,94,'Flat Island','F',1),(1389,94,'McDonald Island','M',1),(1390,94,'Shag Island','S',1),(1391,94,'Heard Island','H',1),(1392,95,'Atlantida','AT',1),(1393,95,'Choluteca','CH',1),(1394,95,'Colon','CL',1),(1395,95,'Comayagua','CM',1),(1396,95,'Copan','CP',1),(1397,95,'Cortes','CR',1),(1398,95,'El Paraiso','PA',1),(1399,95,'Francisco Morazan','FM',1),(1400,95,'Gracias a Dios','GD',1),(1401,95,'Intibuca','IN',1),(1402,95,'Islas de la Bahia (Bay Islands)','IB',1),(1403,95,'La Paz','PZ',1),(1404,95,'Lempira','LE',1),(1405,95,'Ocotepeque','OC',1),(1406,95,'Olancho','OL',1),(1407,95,'Santa Barbara','SB',1),(1408,95,'Valle','VA',1),(1409,95,'Yoro','YO',1),(1410,96,'Central and Western Hong Kong Island','HCW',1),(1411,96,'Eastern Hong Kong Island','HEA',1),(1412,96,'Southern Hong Kong Island','HSO',1),(1413,96,'Wan Chai Hong Kong Island','HWC',1),(1414,96,'Kowloon City Kowloon','KKC',1),(1415,96,'Kwun Tong Kowloon','KKT',1),(1416,96,'Sham Shui Po Kowloon','KSS',1),(1417,96,'Wong Tai Sin Kowloon','KWT',1),(1418,96,'Yau Tsim Mong Kowloon','KYT',1),(1419,96,'Islands New Territories','NIS',1),(1420,96,'Kwai Tsing New Territories','NKT',1),(1421,96,'North New Territories','NNO',1),(1422,96,'Sai Kung New Territories','NSK',1),(1423,96,'Sha Tin New Territories','NST',1),(1424,96,'Tai Po New Territories','NTP',1),(1425,96,'Tsuen Wan New Territories','NTW',1),(1426,96,'Tuen Mun New Territories','NTM',1),(1427,96,'Yuen Long New Territories','NYL',1),(1428,97,'Bacs-Kiskun','BK',1),(1429,97,'Baranya','BA',1),(1430,97,'Bekes','BE',1),(1431,97,'Bekescsaba','BS',1),(1432,97,'Borsod-Abauj-Zemplen','BZ',1),(1433,97,'Budapest','BU',1),(1434,97,'Csongrad','CS',1),(1435,97,'Debrecen','DE',1),(1436,97,'Dunaujvaros','DU',1),(1437,97,'Eger','EG',1),(1438,97,'Fejer','FE',1),(1439,97,'Gyor','GY',1),(1440,97,'Gyor-Moson-Sopron','GM',1),(1441,97,'Hajdu-Bihar','HB',1),(1442,97,'Heves','HE',1),(1443,97,'Hodmezovasarhely','HO',1),(1444,97,'Jasz-Nagykun-Szolnok','JN',1),(1445,97,'Kaposvar','KA',1),(1446,97,'Kecskemet','KE',1),(1447,97,'Komarom-Esztergom','KO',1),(1448,97,'Miskolc','MI',1),(1449,97,'Nagykanizsa','NA',1),(1450,97,'Nograd','NO',1),(1451,97,'Nyiregyhaza','NY',1),(1452,97,'Pecs','PE',1),(1453,97,'Pest','PS',1),(1454,97,'Somogy','SO',1),(1455,97,'Sopron','SP',1),(1456,97,'Szabolcs-Szatmar-Bereg','SS',1),(1457,97,'Szeged','SZ',1),(1458,97,'Szekesfehervar','SE',1),(1459,97,'Szolnok','SL',1),(1460,97,'Szombathely','SM',1),(1461,97,'Tatabanya','TA',1),(1462,97,'Tolna','TO',1),(1463,97,'Vas','VA',1),(1464,97,'Veszprem','VE',1),(1465,97,'Zala','ZA',1),(1466,97,'Zalaegerszeg','ZZ',1),(1467,98,'Austurland','AL',1),(1468,98,'Hofuoborgarsvaeoi','HF',1),(1469,98,'Norourland eystra','NE',1),(1470,98,'Norourland vestra','NV',1),(1471,98,'Suourland','SL',1),(1472,98,'Suournes','SN',1),(1473,98,'Vestfiroir','VF',1),(1474,98,'Vesturland','VL',1),(1475,99,'Andaman and Nicobar Islands','AN',1),(1476,99,'Andhra Pradesh','AP',1),(1477,99,'Arunachal Pradesh','AR',1),(1478,99,'Assam','AS',1),(1479,99,'Bihar','BI',1),(1480,99,'Chandigarh','CH',1),(1481,99,'Dadra and Nagar Haveli','DA',1),(1482,99,'Daman and Diu','DM',1),(1483,99,'Delhi','DE',1),(1484,99,'Goa','GO',1),(1485,99,'Gujarat','GU',1),(1486,99,'Haryana','HA',1),(1487,99,'Himachal Pradesh','HP',1),(1488,99,'Jammu and Kashmir','JA',1),(1489,99,'Karnataka','KA',1),(1490,99,'Kerala','KE',1),(1491,99,'Lakshadweep Islands','LI',1),(1492,99,'Madhya Pradesh','MP',1),(1493,99,'Maharashtra','MA',1),(1494,99,'Manipur','MN',1),(1495,99,'Meghalaya','ME',1),(1496,99,'Mizoram','MI',1),(1497,99,'Nagaland','NA',1),(1498,99,'Orissa','OR',1),(1499,99,'Pondicherry','PO',1),(1500,99,'Punjab','PU',1),(1501,99,'Rajasthan','RA',1),(1502,99,'Sikkim','SI',1),(1503,99,'Tamil Nadu','TN',1),(1504,99,'Tripura','TR',1),(1505,99,'Uttar Pradesh','UP',1),(1506,99,'West Bengal','WB',1),(1507,100,'Aceh','AC',1),(1508,100,'Bali','BA',1),(1509,100,'Banten','BT',1),(1510,100,'Bengkulu','BE',1),(1511,100,'BoDeTaBek','BD',1),(1512,100,'Gorontalo','GO',1),(1513,100,'Jakarta Raya','JK',1),(1514,100,'Jambi','JA',1),(1515,100,'Jawa Barat','JB',1),(1516,100,'Jawa Tengah','JT',1),(1517,100,'Jawa Timur','JI',1),(1518,100,'Kalimantan Barat','KB',1),(1519,100,'Kalimantan Selatan','KS',1),(1520,100,'Kalimantan Tengah','KT',1),(1521,100,'Kalimantan Timur','KI',1),(1522,100,'Kepulauan Bangka Belitung','BB',1),(1523,100,'Lampung','LA',1),(1524,100,'Maluku','MA',1),(1525,100,'Maluku Utara','MU',1),(1526,100,'Nusa Tenggara Barat','NB',1),(1527,100,'Nusa Tenggara Timur','NT',1),(1528,100,'Papua','PA',1),(1529,100,'Riau','RI',1),(1530,100,'Sulawesi Selatan','SN',1),(1531,100,'Sulawesi Tengah','ST',1),(1532,100,'Sulawesi Tenggara','SG',1),(1533,100,'Sulawesi Utara','SA',1),(1534,100,'Sumatera Barat','SB',1),(1535,100,'Sumatera Selatan','SS',1),(1536,100,'Sumatera Utara','SU',1),(1537,100,'Yogyakarta','YO',1),(1538,101,'Tehran','TEH',1),(1539,101,'Qom','QOM',1),(1540,101,'Markazi','MKZ',1),(1541,101,'Qazvin','QAZ',1),(1542,101,'Gilan','GIL',1),(1543,101,'Ardabil','ARD',1),(1544,101,'Zanjan','ZAN',1),(1545,101,'East Azarbaijan','EAZ',1),(1546,101,'West Azarbaijan','WEZ',1),(1547,101,'Kurdistan','KRD',1),(1548,101,'Hamadan','HMD',1),(1549,101,'Kermanshah','KRM',1),(1550,101,'Ilam','ILM',1),(1551,101,'Lorestan','LRS',1),(1552,101,'Khuzestan','KZT',1),(1553,101,'Chahar Mahaal and Bakhtiari','CMB',1),(1554,101,'Kohkiluyeh and Buyer Ahmad','KBA',1),(1555,101,'Bushehr','BSH',1),(1556,101,'Fars','FAR',1),(1557,101,'Hormozgan','HRM',1),(1558,101,'Sistan and Baluchistan','SBL',1),(1559,101,'Kerman','KRB',1),(1560,101,'Yazd','YZD',1),(1561,101,'Esfahan','EFH',1),(1562,101,'Semnan','SMN',1),(1563,101,'Mazandaran','MZD',1),(1564,101,'Golestan','GLS',1),(1565,101,'North Khorasan','NKH',1),(1566,101,'Razavi Khorasan','RKH',1),(1567,101,'South Khorasan','SKH',1),(1568,102,'Baghdad','BD',1),(1569,102,'Salah ad Din','SD',1),(1570,102,'Diyala','DY',1),(1571,102,'Wasit','WS',1),(1572,102,'Maysan','MY',1),(1573,102,'Al Basrah','BA',1),(1574,102,'Dhi Qar','DQ',1),(1575,102,'Al Muthanna','MU',1),(1576,102,'Al Qadisyah','QA',1),(1577,102,'Babil','BB',1),(1578,102,'Al Karbala','KB',1),(1579,102,'An Najaf','NJ',1),(1580,102,'Al Anbar','AB',1),(1581,102,'Ninawa','NN',1),(1582,102,'Dahuk','DH',1),(1583,102,'Arbil','AL',1),(1584,102,'At Ta\'mim','TM',1),(1585,102,'As Sulaymaniyah','SL',1),(1586,103,'Carlow','CA',1),(1587,103,'Cavan','CV',1),(1588,103,'Clare','CL',1),(1589,103,'Cork','CO',1),(1590,103,'Donegal','DO',1),(1591,103,'Dublin','DU',1),(1592,103,'Galway','GA',1),(1593,103,'Kerry','KE',1),(1594,103,'Kildare','KI',1),(1595,103,'Kilkenny','KL',1),(1596,103,'Laois','LA',1),(1597,103,'Leitrim','LE',1),(1598,103,'Limerick','LI',1),(1599,103,'Longford','LO',1),(1600,103,'Louth','LU',1),(1601,103,'Mayo','MA',1),(1602,103,'Meath','ME',1),(1603,103,'Monaghan','MO',1),(1604,103,'Offaly','OF',1),(1605,103,'Roscommon','RO',1),(1606,103,'Sligo','SL',1),(1607,103,'Tipperary','TI',1),(1608,103,'Waterford','WA',1),(1609,103,'Westmeath','WE',1),(1610,103,'Wexford','WX',1),(1611,103,'Wicklow','WI',1),(1612,104,'Be\'er Sheva','BS',1),(1613,104,'Bika\'at Hayarden','BH',1),(1614,104,'Eilat and Arava','EA',1),(1615,104,'Galil','GA',1),(1616,104,'Haifa','HA',1),(1617,104,'Jehuda Mountains','JM',1),(1618,104,'Jerusalem','JE',1),(1619,104,'Negev','NE',1),(1620,104,'Semaria','SE',1),(1621,104,'Sharon','SH',1),(1622,104,'Tel Aviv (Gosh Dan)','TA',1),(3860,105,'Caltanissetta','CL',1),(3842,105,'Agrigento','AG',1),(3843,105,'Alessandria','AL',1),(3844,105,'Ancona','AN',1),(3845,105,'Aosta','AO',1),(3846,105,'Arezzo','AR',1),(3847,105,'Ascoli Piceno','AP',1),(3848,105,'Asti','AT',1),(3849,105,'Avellino','AV',1),(3850,105,'Bari','BA',1),(3851,105,'Belluno','BL',1),(3852,105,'Benevento','BN',1),(3853,105,'Bergamo','BG',1),(3854,105,'Biella','BI',1),(3855,105,'Bologna','BO',1),(3856,105,'Bolzano','BZ',1),(3857,105,'Brescia','BS',1),(3858,105,'Brindisi','BR',1),(3859,105,'Cagliari','CA',1),(1643,106,'Clarendon Parish','CLA',1),(1644,106,'Hanover Parish','HAN',1),(1645,106,'Kingston Parish','KIN',1),(1646,106,'Manchester Parish','MAN',1),(1647,106,'Portland Parish','POR',1),(1648,106,'Saint Andrew Parish','AND',1),(1649,106,'Saint Ann Parish','ANN',1),(1650,106,'Saint Catherine Parish','CAT',1),(1651,106,'Saint Elizabeth Parish','ELI',1),(1652,106,'Saint James Parish','JAM',1),(1653,106,'Saint Mary Parish','MAR',1),(1654,106,'Saint Thomas Parish','THO',1),(1655,106,'Trelawny Parish','TRL',1),(1656,106,'Westmoreland Parish','WML',1),(1657,107,'Aichi','AI',1),(1658,107,'Akita','AK',1),(1659,107,'Aomori','AO',1),(1660,107,'Chiba','CH',1),(1661,107,'Ehime','EH',1),(1662,107,'Fukui','FK',1),(1663,107,'Fukuoka','FU',1),(1664,107,'Fukushima','FS',1),(1665,107,'Gifu','GI',1),(1666,107,'Gumma','GU',1),(1667,107,'Hiroshima','HI',1),(1668,107,'Hokkaido','HO',1),(1669,107,'Hyogo','HY',1),(1670,107,'Ibaraki','IB',1),(1671,107,'Ishikawa','IS',1),(1672,107,'Iwate','IW',1),(1673,107,'Kagawa','KA',1),(1674,107,'Kagoshima','KG',1),(1675,107,'Kanagawa','KN',1),(1676,107,'Kochi','KO',1),(1677,107,'Kumamoto','KU',1),(1678,107,'Kyoto','KY',1),(1679,107,'Mie','MI',1),(1680,107,'Miyagi','MY',1),(1681,107,'Miyazaki','MZ',1),(1682,107,'Nagano','NA',1),(1683,107,'Nagasaki','NG',1),(1684,107,'Nara','NR',1),(1685,107,'Niigata','NI',1),(1686,107,'Oita','OI',1),(1687,107,'Okayama','OK',1),(1688,107,'Okinawa','ON',1),(1689,107,'Osaka','OS',1),(1690,107,'Saga','SA',1),(1691,107,'Saitama','SI',1),(1692,107,'Shiga','SH',1),(1693,107,'Shimane','SM',1),(1694,107,'Shizuoka','SZ',1),(1695,107,'Tochigi','TO',1),(1696,107,'Tokushima','TS',1),(1697,107,'Tokyo','TK',1),(1698,107,'Tottori','TT',1),(1699,107,'Toyama','TY',1),(1700,107,'Wakayama','WA',1),(1701,107,'Yamagata','YA',1),(1702,107,'Yamaguchi','YM',1),(1703,107,'Yamanashi','YN',1),(1704,108,'\'Amman','AM',1),(1705,108,'Ajlun','AJ',1),(1706,108,'Al \'Aqabah','AA',1),(1707,108,'Al Balqa\'','AB',1),(1708,108,'Al Karak','AK',1),(1709,108,'Al Mafraq','AL',1),(1710,108,'At Tafilah','AT',1),(1711,108,'Az Zarqa\'','AZ',1),(1712,108,'Irbid','IR',1),(1713,108,'Jarash','JA',1),(1714,108,'Ma\'an','MA',1),(1715,108,'Madaba','MD',1),(1716,109,'Almaty','AL',1),(1717,109,'Almaty City','AC',1),(1718,109,'Aqmola','AM',1),(1719,109,'Aqtobe','AQ',1),(1720,109,'Astana City','AS',1),(1721,109,'Atyrau','AT',1),(1722,109,'Batys Qazaqstan','BA',1),(1723,109,'Bayqongyr City','BY',1),(1724,109,'Mangghystau','MA',1),(1725,109,'Ongtustik Qazaqstan','ON',1),(1726,109,'Pavlodar','PA',1),(1727,109,'Qaraghandy','QA',1),(1728,109,'Qostanay','QO',1),(1729,109,'Qyzylorda','QY',1),(1730,109,'Shyghys Qazaqstan','SH',1),(1731,109,'Soltustik Qazaqstan','SO',1),(1732,109,'Zhambyl','ZH',1),(1733,110,'Central','CE',1),(1734,110,'Coast','CO',1),(1735,110,'Eastern','EA',1),(1736,110,'Nairobi Area','NA',1),(1737,110,'North Eastern','NE',1),(1738,110,'Nyanza','NY',1),(1739,110,'Rift Valley','RV',1),(1740,110,'Western','WE',1),(1741,111,'Abaiang','AG',1),(1742,111,'Abemama','AM',1),(1743,111,'Aranuka','AK',1),(1744,111,'Arorae','AO',1),(1745,111,'Banaba','BA',1),(1746,111,'Beru','BE',1),(1747,111,'Butaritari','bT',1),(1748,111,'Kanton','KA',1),(1749,111,'Kiritimati','KR',1),(1750,111,'Kuria','KU',1),(1751,111,'Maiana','MI',1),(1752,111,'Makin','MN',1),(1753,111,'Marakei','ME',1),(1754,111,'Nikunau','NI',1),(1755,111,'Nonouti','NO',1),(1756,111,'Onotoa','ON',1),(1757,111,'Tabiteuea','TT',1),(1758,111,'Tabuaeran','TR',1),(1759,111,'Tamana','TM',1),(1760,111,'Tarawa','TW',1),(1761,111,'Teraina','TE',1),(1762,112,'Chagang-do','CHA',1),(1763,112,'Hamgyong-bukto','HAB',1),(1764,112,'Hamgyong-namdo','HAN',1),(1765,112,'Hwanghae-bukto','HWB',1),(1766,112,'Hwanghae-namdo','HWN',1),(1767,112,'Kangwon-do','KAN',1),(1768,112,'P\'yongan-bukto','PYB',1),(1769,112,'P\'yongan-namdo','PYN',1),(1770,112,'Ryanggang-do (Yanggang-do)','YAN',1),(1771,112,'Rason Directly Governed City','NAJ',1),(1772,112,'P\'yongyang Special City','PYO',1),(1773,113,'Ch\'ungch\'ong-bukto','CO',1),(1774,113,'Ch\'ungch\'ong-namdo','CH',1),(1775,113,'Cheju-do','CD',1),(1776,113,'Cholla-bukto','CB',1),(1777,113,'Cholla-namdo','CN',1),(1778,113,'Inch\'on-gwangyoksi','IG',1),(1779,113,'Kangwon-do','KA',1),(1780,113,'Kwangju-gwangyoksi','KG',1),(1781,113,'Kyonggi-do','KD',1),(1782,113,'Kyongsang-bukto','KB',1),(1783,113,'Kyongsang-namdo','KN',1),(1784,113,'Pusan-gwangyoksi','PG',1),(1785,113,'Soul-t\'ukpyolsi','SO',1),(1786,113,'Taegu-gwangyoksi','TA',1),(1787,113,'Taejon-gwangyoksi','TG',1),(1788,114,'Al \'Asimah','AL',1),(1789,114,'Al Ahmadi','AA',1),(1790,114,'Al Farwaniyah','AF',1),(1791,114,'Al Jahra\'','AJ',1),(1792,114,'Hawalli','HA',1),(1793,115,'Bishkek','GB',1),(1794,115,'Batken','B',1),(1795,115,'Chu','C',1),(1796,115,'Jalal-Abad','J',1),(1797,115,'Naryn','N',1),(1798,115,'Osh','O',1),(1799,115,'Talas','T',1),(1800,115,'Ysyk-Kol','Y',1),(1801,116,'Vientiane','VT',1),(1802,116,'Attapu','AT',1),(1803,116,'Bokeo','BK',1),(1804,116,'Bolikhamxai','BL',1),(1805,116,'Champasak','CH',1),(1806,116,'Houaphan','HO',1),(1807,116,'Khammouan','KH',1),(1808,116,'Louang Namtha','LM',1),(1809,116,'Louangphabang','LP',1),(1810,116,'Oudomxai','OU',1),(1811,116,'Phongsali','PH',1),(1812,116,'Salavan','SL',1),(1813,116,'Savannakhet','SV',1),(1814,116,'Vientiane','VI',1),(1815,116,'Xaignabouli','XA',1),(1816,116,'Xekong','XE',1),(1817,116,'Xiangkhoang','XI',1),(1818,116,'Xaisomboun','XN',1),(1819,117,'Aizkraukles Rajons','AIZ',1),(1820,117,'Aluksnes Rajons','ALU',1),(1821,117,'Balvu Rajons','BAL',1),(1822,117,'Bauskas Rajons','BAU',1),(1823,117,'Cesu Rajons','CES',1),(1824,117,'Daugavpils Rajons','DGR',1),(1825,117,'Dobeles Rajons','DOB',1),(1826,117,'Gulbenes Rajons','GUL',1),(1827,117,'Jekabpils Rajons','JEK',1),(1828,117,'Jelgavas Rajons','JGR',1),(1829,117,'Kraslavas Rajons','KRA',1),(1830,117,'Kuldigas Rajons','KUL',1),(1831,117,'Liepajas Rajons','LPR',1),(1832,117,'Limbazu Rajons','LIM',1),(1833,117,'Ludzas Rajons','LUD',1),(1834,117,'Madonas Rajons','MAD',1),(1835,117,'Ogres Rajons','OGR',1),(1836,117,'Preilu Rajons','PRE',1),(1837,117,'Rezeknes Rajons','RZR',1),(1838,117,'Rigas Rajons','RGR',1),(1839,117,'Saldus Rajons','SAL',1),(1840,117,'Talsu Rajons','TAL',1),(1841,117,'Tukuma Rajons','TUK',1),(1842,117,'Valkas Rajons','VLK',1),(1843,117,'Valmieras Rajons','VLM',1),(1844,117,'Ventspils Rajons','VSR',1),(1845,117,'Daugavpils','DGV',1),(1846,117,'Jelgava','JGV',1),(1847,117,'Jurmala','JUR',1),(1848,117,'Liepaja','LPK',1),(1849,117,'Rezekne','RZK',1),(1850,117,'Riga','RGA',1),(1851,117,'Ventspils','VSL',1),(1852,119,'Berea','BE',1),(1853,119,'Butha-Buthe','BB',1),(1854,119,'Leribe','LE',1),(1855,119,'Mafeteng','MF',1),(1856,119,'Maseru','MS',1),(1857,119,'Mohale\'s Hoek','MH',1),(1858,119,'Mokhotlong','MK',1),(1859,119,'Qacha\'s Nek','QN',1),(1860,119,'Quthing','QT',1),(1861,119,'Thaba-Tseka','TT',1),(1862,120,'Bomi','BI',1),(1863,120,'Bong','BG',1),(1864,120,'Grand Bassa','GB',1),(1865,120,'Grand Cape Mount','CM',1),(1866,120,'Grand Gedeh','GG',1),(1867,120,'Grand Kru','GK',1),(1868,120,'Lofa','LO',1),(1869,120,'Margibi','MG',1),(1870,120,'Maryland','ML',1),(1871,120,'Montserrado','MS',1),(1872,120,'Nimba','NB',1),(1873,120,'River Cess','RC',1),(1874,120,'Sinoe','SN',1),(1875,121,'Ajdabiya','AJ',1),(1876,121,'Al \'Aziziyah','AZ',1),(1877,121,'Al Fatih','FA',1),(1878,121,'Al Jabal al Akhdar','JA',1),(1879,121,'Al Jufrah','JU',1),(1880,121,'Al Khums','KH',1),(1881,121,'Al Kufrah','KU',1),(1882,121,'An Nuqat al Khams','NK',1),(1883,121,'Ash Shati\'','AS',1),(1884,121,'Awbari','AW',1),(1885,121,'Az Zawiyah','ZA',1),(1886,121,'Banghazi','BA',1),(1887,121,'Darnah','DA',1),(1888,121,'Ghadamis','GD',1),(1889,121,'Gharyan','GY',1),(1890,121,'Misratah','MI',1),(1891,121,'Murzuq','MZ',1),(1892,121,'Sabha','SB',1),(1893,121,'Sawfajjin','SW',1),(1894,121,'Surt','SU',1),(1895,121,'Tarabulus (Tripoli)','TL',1),(1896,121,'Tarhunah','TH',1),(1897,121,'Tubruq','TU',1),(1898,121,'Yafran','YA',1),(1899,121,'Zlitan','ZL',1),(1900,122,'Vaduz','V',1),(1901,122,'Schaan','A',1),(1902,122,'Balzers','B',1),(1903,122,'Triesen','N',1),(1904,122,'Eschen','E',1),(1905,122,'Mauren','M',1),(1906,122,'Triesenberg','T',1),(1907,122,'Ruggell','R',1),(1908,122,'Gamprin','G',1),(1909,122,'Schellenberg','L',1),(1910,122,'Planken','P',1),(1911,123,'Alytus','AL',1),(1912,123,'Kaunas','KA',1),(1913,123,'Klaipeda','KL',1),(1914,123,'Marijampole','MA',1),(1915,123,'Panevezys','PA',1),(1916,123,'Siauliai','SI',1),(1917,123,'Taurage','TA',1),(1918,123,'Telsiai','TE',1),(1919,123,'Utena','UT',1),(1920,123,'Vilnius','VI',1),(1921,124,'Diekirch','DD',1),(1922,124,'Clervaux','DC',1),(1923,124,'Redange','DR',1),(1924,124,'Vianden','DV',1),(1925,124,'Wiltz','DW',1),(1926,124,'Grevenmacher','GG',1),(1927,124,'Echternach','GE',1),(1928,124,'Remich','GR',1),(1929,124,'Luxembourg','LL',1),(1930,124,'Capellen','LC',1),(1931,124,'Esch-sur-Alzette','LE',1),(1932,124,'Mersch','LM',1),(1933,125,'Our Lady Fatima Parish','OLF',1),(1934,125,'St. Anthony Parish','ANT',1),(1935,125,'St. Lazarus Parish','LAZ',1),(1936,125,'Cathedral Parish','CAT',1),(1937,125,'St. Lawrence Parish','LAW',1),(1938,127,'Antananarivo','AN',1),(1939,127,'Antsiranana','AS',1),(1940,127,'Fianarantsoa','FN',1),(1941,127,'Mahajanga','MJ',1),(1942,127,'Toamasina','TM',1),(1943,127,'Toliara','TL',1),(1944,128,'Balaka','BLK',1),(1945,128,'Blantyre','BLT',1),(1946,128,'Chikwawa','CKW',1),(1947,128,'Chiradzulu','CRD',1),(1948,128,'Chitipa','CTP',1),(1949,128,'Dedza','DDZ',1),(1950,128,'Dowa','DWA',1),(1951,128,'Karonga','KRG',1),(1952,128,'Kasungu','KSG',1),(1953,128,'Likoma','LKM',1),(1954,128,'Lilongwe','LLG',1),(1955,128,'Machinga','MCG',1),(1956,128,'Mangochi','MGC',1),(1957,128,'Mchinji','MCH',1),(1958,128,'Mulanje','MLJ',1),(1959,128,'Mwanza','MWZ',1),(1960,128,'Mzimba','MZM',1),(1961,128,'Ntcheu','NTU',1),(1962,128,'Nkhata Bay','NKB',1),(1963,128,'Nkhotakota','NKH',1),(1964,128,'Nsanje','NSJ',1),(1965,128,'Ntchisi','NTI',1),(1966,128,'Phalombe','PHL',1),(1967,128,'Rumphi','RMP',1),(1968,128,'Salima','SLM',1),(1969,128,'Thyolo','THY',1),(1970,128,'Zomba','ZBA',1),(1971,129,'Johor','JO',1),(1972,129,'Kedah','KE',1),(1973,129,'Kelantan','KL',1),(1974,129,'Labuan','LA',1),(1975,129,'Melaka','ME',1),(1976,129,'Negeri Sembilan','NS',1),(1977,129,'Pahang','PA',1),(1978,129,'Perak','PE',1),(1979,129,'Perlis','PR',1),(1980,129,'Pulau Pinang','PP',1),(1981,129,'Sabah','SA',1),(1982,129,'Sarawak','SR',1),(1983,129,'Selangor','SE',1),(1984,129,'Terengganu','TE',1),(1985,129,'Wilayah Persekutuan','WP',1),(1986,130,'Thiladhunmathi Uthuru','THU',1),(1987,130,'Thiladhunmathi Dhekunu','THD',1),(1988,130,'Miladhunmadulu Uthuru','MLU',1),(1989,130,'Miladhunmadulu Dhekunu','MLD',1),(1990,130,'Maalhosmadulu Uthuru','MAU',1),(1991,130,'Maalhosmadulu Dhekunu','MAD',1),(1992,130,'Faadhippolhu','FAA',1),(1993,130,'Male Atoll','MAA',1),(1994,130,'Ari Atoll Uthuru','AAU',1),(1995,130,'Ari Atoll Dheknu','AAD',1),(1996,130,'Felidhe Atoll','FEA',1),(1997,130,'Mulaku Atoll','MUA',1),(1998,130,'Nilandhe Atoll Uthuru','NAU',1),(1999,130,'Nilandhe Atoll Dhekunu','NAD',1),(2000,130,'Kolhumadulu','KLH',1),(2001,130,'Hadhdhunmathi','HDH',1),(2002,130,'Huvadhu Atoll Uthuru','HAU',1),(2003,130,'Huvadhu Atoll Dhekunu','HAD',1),(2004,130,'Fua Mulaku','FMU',1),(2005,130,'Addu','ADD',1),(2006,131,'Gao','GA',1),(2007,131,'Kayes','KY',1),(2008,131,'Kidal','KD',1),(2009,131,'Koulikoro','KL',1),(2010,131,'Mopti','MP',1),(2011,131,'Segou','SG',1),(2012,131,'Sikasso','SK',1),(2013,131,'Tombouctou','TB',1),(2014,131,'Bamako Capital District','CD',1),(2015,132,'Attard','ATT',1),(2016,132,'Balzan','BAL',1),(2017,132,'Birgu','BGU',1),(2018,132,'Birkirkara','BKK',1),(2019,132,'Birzebbuga','BRZ',1),(2020,132,'Bormla','BOR',1),(2021,132,'Dingli','DIN',1),(2022,132,'Fgura','FGU',1),(2023,132,'Floriana','FLO',1),(2024,132,'Gudja','GDJ',1),(2025,132,'Gzira','GZR',1),(2026,132,'Gargur','GRG',1),(2027,132,'Gaxaq','GXQ',1),(2028,132,'Hamrun','HMR',1),(2029,132,'Iklin','IKL',1),(2030,132,'Isla','ISL',1),(2031,132,'Kalkara','KLK',1),(2032,132,'Kirkop','KRK',1),(2033,132,'Lija','LIJ',1),(2034,132,'Luqa','LUQ',1),(2035,132,'Marsa','MRS',1),(2036,132,'Marsaskala','MKL',1),(2037,132,'Marsaxlokk','MXL',1),(2038,132,'Mdina','MDN',1),(2039,132,'Melliea','MEL',1),(2040,132,'Mgarr','MGR',1),(2041,132,'Mosta','MST',1),(2042,132,'Mqabba','MQA',1),(2043,132,'Msida','MSI',1),(2044,132,'Mtarfa','MTF',1),(2045,132,'Naxxar','NAX',1),(2046,132,'Paola','PAO',1),(2047,132,'Pembroke','PEM',1),(2048,132,'Pieta','PIE',1),(2049,132,'Qormi','QOR',1),(2050,132,'Qrendi','QRE',1),(2051,132,'Rabat','RAB',1),(2052,132,'Safi','SAF',1),(2053,132,'San Giljan','SGI',1),(2054,132,'Santa Lucija','SLU',1),(2055,132,'San Pawl il-Bahar','SPB',1),(2056,132,'San Gwann','SGW',1),(2057,132,'Santa Venera','SVE',1),(2058,132,'Siggiewi','SIG',1),(2059,132,'Sliema','SLM',1),(2060,132,'Swieqi','SWQ',1),(2061,132,'Ta Xbiex','TXB',1),(2062,132,'Tarxien','TRX',1),(2063,132,'Valletta','VLT',1),(2064,132,'Xgajra','XGJ',1),(2065,132,'Zabbar','ZBR',1),(2066,132,'Zebbug','ZBG',1),(2067,132,'Zejtun','ZJT',1),(2068,132,'Zurrieq','ZRQ',1),(2069,132,'Fontana','FNT',1),(2070,132,'Ghajnsielem','GHJ',1),(2071,132,'Gharb','GHR',1),(2072,132,'Ghasri','GHS',1),(2073,132,'Kercem','KRC',1),(2074,132,'Munxar','MUN',1),(2075,132,'Nadur','NAD',1),(2076,132,'Qala','QAL',1),(2077,132,'Victoria','VIC',1),(2078,132,'San Lawrenz','SLA',1),(2079,132,'Sannat','SNT',1),(2080,132,'Xagra','ZAG',1),(2081,132,'Xewkija','XEW',1),(2082,132,'Zebbug','ZEB',1),(2083,133,'Ailinginae','ALG',1),(2084,133,'Ailinglaplap','ALL',1),(2085,133,'Ailuk','ALK',1),(2086,133,'Arno','ARN',1),(2087,133,'Aur','AUR',1),(2088,133,'Bikar','BKR',1),(2089,133,'Bikini','BKN',1),(2090,133,'Bokak','BKK',1),(2091,133,'Ebon','EBN',1),(2092,133,'Enewetak','ENT',1),(2093,133,'Erikub','EKB',1),(2094,133,'Jabat','JBT',1),(2095,133,'Jaluit','JLT',1),(2096,133,'Jemo','JEM',1),(2097,133,'Kili','KIL',1),(2098,133,'Kwajalein','KWJ',1),(2099,133,'Lae','LAE',1),(2100,133,'Lib','LIB',1),(2101,133,'Likiep','LKP',1),(2102,133,'Majuro','MJR',1),(2103,133,'Maloelap','MLP',1),(2104,133,'Mejit','MJT',1),(2105,133,'Mili','MIL',1),(2106,133,'Namorik','NMK',1),(2107,133,'Namu','NAM',1),(2108,133,'Rongelap','RGL',1),(2109,133,'Rongrik','RGK',1),(2110,133,'Toke','TOK',1),(2111,133,'Ujae','UJA',1),(2112,133,'Ujelang','UJL',1),(2113,133,'Utirik','UTK',1),(2114,133,'Wotho','WTH',1),(2115,133,'Wotje','WTJ',1),(2116,135,'Adrar','AD',1),(2117,135,'Assaba','AS',1),(2118,135,'Brakna','BR',1),(2119,135,'Dakhlet Nouadhibou','DN',1),(2120,135,'Gorgol','GO',1),(2121,135,'Guidimaka','GM',1),(2122,135,'Hodh Ech Chargui','HC',1),(2123,135,'Hodh El Gharbi','HG',1),(2124,135,'Inchiri','IN',1),(2125,135,'Tagant','TA',1),(2126,135,'Tiris Zemmour','TZ',1),(2127,135,'Trarza','TR',1),(2128,135,'Nouakchott','NO',1),(2129,136,'Beau Bassin-Rose Hill','BR',1),(2130,136,'Curepipe','CU',1),(2131,136,'Port Louis','PU',1),(2132,136,'Quatre Bornes','QB',1),(2133,136,'Vacoas-Phoenix','VP',1),(2134,136,'Agalega Islands','AG',1),(2135,136,'Cargados Carajos Shoals (Saint Brandon Islands)','CC',1),(2136,136,'Rodrigues','RO',1),(2137,136,'Black River','BL',1),(2138,136,'Flacq','FL',1),(2139,136,'Grand Port','GP',1),(2140,136,'Moka','MO',1),(2141,136,'Pamplemousses','PA',1),(2142,136,'Plaines Wilhems','PW',1),(2143,136,'Port Louis','PL',1),(2144,136,'Riviere du Rempart','RR',1),(2145,136,'Savanne','SA',1),(2146,138,'Baja California Norte','BN',1),(2147,138,'Baja California Sur','BS',1),(2148,138,'Campeche','CA',1),(2149,138,'Chiapas','CI',1),(2150,138,'Chihuahua','CH',1),(2151,138,'Coahuila de Zaragoza','CZ',1),(2152,138,'Colima','CL',1),(2153,138,'Distrito Federal','DF',1),(2154,138,'Durango','DU',1),(2155,138,'Guanajuato','GA',1),(2156,138,'Guerrero','GE',1),(2157,138,'Hidalgo','HI',1),(2158,138,'Jalisco','JA',1),(2159,138,'Mexico','ME',1),(2160,138,'Michoacan de Ocampo','MI',1),(2161,138,'Morelos','MO',1),(2162,138,'Nayarit','NA',1),(2163,138,'Nuevo Leon','NL',1),(2164,138,'Oaxaca','OA',1),(2165,138,'Puebla','PU',1),(2166,138,'Queretaro de Arteaga','QA',1),(2167,138,'Quintana Roo','QR',1),(2168,138,'San Luis Potosi','SA',1),(2169,138,'Sinaloa','SI',1),(2170,138,'Sonora','SO',1),(2171,138,'Tabasco','TB',1),(2172,138,'Tamaulipas','TM',1),(2173,138,'Tlaxcala','TL',1),(2174,138,'Veracruz-Llave','VE',1),(2175,138,'Yucatan','YU',1),(2176,138,'Zacatecas','ZA',1),(2177,139,'Chuuk','C',1),(2178,139,'Kosrae','K',1),(2179,139,'Pohnpei','P',1),(2180,139,'Yap','Y',1),(2181,140,'Gagauzia','GA',1),(2182,140,'Chisinau','CU',1),(2183,140,'Balti','BA',1),(2184,140,'Cahul','CA',1),(2185,140,'Edinet','ED',1),(2186,140,'Lapusna','LA',1),(2187,140,'Orhei','OR',1),(2188,140,'Soroca','SO',1),(2189,140,'Tighina','TI',1),(2190,140,'Ungheni','UN',1),(2191,140,'St‚nga Nistrului','SN',1),(2192,141,'Fontvieille','FV',1),(2193,141,'La Condamine','LC',1),(2194,141,'Monaco-Ville','MV',1),(2195,141,'Monte-Carlo','MC',1),(2196,142,'Ulanbaatar','1',1),(2197,142,'Orhon','035',1),(2198,142,'Darhan uul','037',1),(2199,142,'Hentiy','039',1),(2200,142,'Hovsgol','041',1),(2201,142,'Hovd','043',1),(2202,142,'Uvs','046',1),(2203,142,'Tov','047',1),(2204,142,'Selenge','049',1),(2205,142,'Suhbaatar','051',1),(2206,142,'Omnogovi','053',1),(2207,142,'Ovorhangay','055',1),(2208,142,'Dzavhan','057',1),(2209,142,'DundgovL','059',1),(2210,142,'Dornod','061',1),(2211,142,'Dornogov','063',1),(2212,142,'Govi-Sumber','064',1),(2213,142,'Govi-Altay','065',1),(2214,142,'Bulgan','067',1),(2215,142,'Bayanhongor','069',1),(2216,142,'Bayan-Olgiy','071',1),(2217,142,'Arhangay','073',1),(2218,143,'Saint Anthony','A',1),(2219,143,'Saint Georges','G',1),(2220,143,'Saint Peter','P',1),(2221,144,'Agadir','AGD',1);
INSERT INTO `oc_zone` VALUES (2222,144,'Al Hoceima','HOC',1),(2223,144,'Azilal','AZI',1),(2224,144,'Beni Mellal','BME',1),(2225,144,'Ben Slimane','BSL',1),(2226,144,'Boulemane','BLM',1),(2227,144,'Casablanca','CBL',1),(2228,144,'Chaouen','CHA',1),(2229,144,'El Jadida','EJA',1),(2230,144,'El Kelaa des Sraghna','EKS',1),(2231,144,'Er Rachidia','ERA',1),(2232,144,'Essaouira','ESS',1),(2233,144,'Fes','FES',1),(2234,144,'Figuig','FIG',1),(2235,144,'Guelmim','GLM',1),(2236,144,'Ifrane','IFR',1),(2237,144,'Kenitra','KEN',1),(2238,144,'Khemisset','KHM',1),(2239,144,'Khenifra','KHN',1),(2240,144,'Khouribga','KHO',1),(2241,144,'Laayoune','LYN',1),(2242,144,'Larache','LAR',1),(2243,144,'Marrakech','MRK',1),(2244,144,'Meknes','MKN',1),(2245,144,'Nador','NAD',1),(2246,144,'Ouarzazate','ORZ',1),(2247,144,'Oujda','OUJ',1),(2248,144,'Rabat-Sale','RSA',1),(2249,144,'Safi','SAF',1),(2250,144,'Settat','SET',1),(2251,144,'Sidi Kacem','SKA',1),(2252,144,'Tangier','TGR',1),(2253,144,'Tan-Tan','TAN',1),(2254,144,'Taounate','TAO',1),(2255,144,'Taroudannt','TRD',1),(2256,144,'Tata','TAT',1),(2257,144,'Taza','TAZ',1),(2258,144,'Tetouan','TET',1),(2259,144,'Tiznit','TIZ',1),(2260,144,'Ad Dakhla','ADK',1),(2261,144,'Boujdour','BJD',1),(2262,144,'Es Smara','ESM',1),(2263,145,'Cabo Delgado','CD',1),(2264,145,'Gaza','GZ',1),(2265,145,'Inhambane','IN',1),(2266,145,'Manica','MN',1),(2267,145,'Maputo (city)','MC',1),(2268,145,'Maputo','MP',1),(2269,145,'Nampula','NA',1),(2270,145,'Niassa','NI',1),(2271,145,'Sofala','SO',1),(2272,145,'Tete','TE',1),(2273,145,'Zambezia','ZA',1),(2274,146,'Ayeyarwady','AY',1),(2275,146,'Bago','BG',1),(2276,146,'Magway','MG',1),(2277,146,'Mandalay','MD',1),(2278,146,'Sagaing','SG',1),(2279,146,'Tanintharyi','TN',1),(2280,146,'Yangon','YG',1),(2281,146,'Chin State','CH',1),(2282,146,'Kachin State','KC',1),(2283,146,'Kayah State','KH',1),(2284,146,'Kayin State','KN',1),(2285,146,'Mon State','MN',1),(2286,146,'Rakhine State','RK',1),(2287,146,'Shan State','SH',1),(2288,147,'Caprivi','CA',1),(2289,147,'Erongo','ER',1),(2290,147,'Hardap','HA',1),(2291,147,'Karas','KR',1),(2292,147,'Kavango','KV',1),(2293,147,'Khomas','KH',1),(2294,147,'Kunene','KU',1),(2295,147,'Ohangwena','OW',1),(2296,147,'Omaheke','OK',1),(2297,147,'Omusati','OT',1),(2298,147,'Oshana','ON',1),(2299,147,'Oshikoto','OO',1),(2300,147,'Otjozondjupa','OJ',1),(2301,148,'Aiwo','AO',1),(2302,148,'Anabar','AA',1),(2303,148,'Anetan','AT',1),(2304,148,'Anibare','AI',1),(2305,148,'Baiti','BA',1),(2306,148,'Boe','BO',1),(2307,148,'Buada','BU',1),(2308,148,'Denigomodu','DE',1),(2309,148,'Ewa','EW',1),(2310,148,'Ijuw','IJ',1),(2311,148,'Meneng','ME',1),(2312,148,'Nibok','NI',1),(2313,148,'Uaboe','UA',1),(2314,148,'Yaren','YA',1),(2315,149,'Bagmati','BA',1),(2316,149,'Bheri','BH',1),(2317,149,'Dhawalagiri','DH',1),(2318,149,'Gandaki','GA',1),(2319,149,'Janakpur','JA',1),(2320,149,'Karnali','KA',1),(2321,149,'Kosi','KO',1),(2322,149,'Lumbini','LU',1),(2323,149,'Mahakali','MA',1),(2324,149,'Mechi','ME',1),(2325,149,'Narayani','NA',1),(2326,149,'Rapti','RA',1),(2327,149,'Sagarmatha','SA',1),(2328,149,'Seti','SE',1),(2329,150,'Drenthe','DR',1),(2330,150,'Flevoland','FL',1),(2331,150,'Friesland','FR',1),(2332,150,'Gelderland','GE',1),(2333,150,'Groningen','GR',1),(2334,150,'Limburg','LI',1),(2335,150,'Noord Brabant','NB',1),(2336,150,'Noord Holland','NH',1),(2337,150,'Overijssel','OV',1),(2338,150,'Utrecht','UT',1),(2339,150,'Zeeland','ZE',1),(2340,150,'Zuid Holland','ZH',1),(2341,152,'Iles Loyaute','L',1),(2342,152,'Nord','N',1),(2343,152,'Sud','S',1),(2344,153,'Auckland','AUK',1),(2345,153,'Bay of Plenty','BOP',1),(2346,153,'Canterbury','CAN',1),(2347,153,'Coromandel','COR',1),(2348,153,'Gisborne','GIS',1),(2349,153,'Fiordland','FIO',1),(2350,153,'Hawke\'s Bay','HKB',1),(2351,153,'Marlborough','MBH',1),(2352,153,'Manawatu-Wanganui','MWT',1),(2353,153,'Mt Cook-Mackenzie','MCM',1),(2354,153,'Nelson','NSN',1),(2355,153,'Northland','NTL',1),(2356,153,'Otago','OTA',1),(2357,153,'Southland','STL',1),(2358,153,'Taranaki','TKI',1),(2359,153,'Wellington','WGN',1),(2360,153,'Waikato','WKO',1),(2361,153,'Wairarapa','WAI',1),(2362,153,'West Coast','WTC',1),(2363,154,'Atlantico Norte','AN',1),(2364,154,'Atlantico Sur','AS',1),(2365,154,'Boaco','BO',1),(2366,154,'Carazo','CA',1),(2367,154,'Chinandega','CI',1),(2368,154,'Chontales','CO',1),(2369,154,'Esteli','ES',1),(2370,154,'Granada','GR',1),(2371,154,'Jinotega','JI',1),(2372,154,'Leon','LE',1),(2373,154,'Madriz','MD',1),(2374,154,'Managua','MN',1),(2375,154,'Masaya','MS',1),(2376,154,'Matagalpa','MT',1),(2377,154,'Nuevo Segovia','NS',1),(2378,154,'Rio San Juan','RS',1),(2379,154,'Rivas','RI',1),(2380,155,'Agadez','AG',1),(2381,155,'Diffa','DF',1),(2382,155,'Dosso','DS',1),(2383,155,'Maradi','MA',1),(2384,155,'Niamey','NM',1),(2385,155,'Tahoua','TH',1),(2386,155,'Tillaberi','TL',1),(2387,155,'Zinder','ZD',1),(2388,156,'Abia','AB',1),(2389,156,'Abuja Federal Capital Territory','CT',1),(2390,156,'Adamawa','AD',1),(2391,156,'Akwa Ibom','AK',1),(2392,156,'Anambra','AN',1),(2393,156,'Bauchi','BC',1),(2394,156,'Bayelsa','BY',1),(2395,156,'Benue','BN',1),(2396,156,'Borno','BO',1),(2397,156,'Cross River','CR',1),(2398,156,'Delta','DE',1),(2399,156,'Ebonyi','EB',1),(2400,156,'Edo','ED',1),(2401,156,'Ekiti','EK',1),(2402,156,'Enugu','EN',1),(2403,156,'Gombe','GO',1),(2404,156,'Imo','IM',1),(2405,156,'Jigawa','JI',1),(2406,156,'Kaduna','KD',1),(2407,156,'Kano','KN',1),(2408,156,'Katsina','KT',1),(2409,156,'Kebbi','KE',1),(2410,156,'Kogi','KO',1),(2411,156,'Kwara','KW',1),(2412,156,'Lagos','LA',1),(2413,156,'Nassarawa','NA',1),(2414,156,'Niger','NI',1),(2415,156,'Ogun','OG',1),(2416,156,'Ondo','ONG',1),(2417,156,'Osun','OS',1),(2418,156,'Oyo','OY',1),(2419,156,'Plateau','PL',1),(2420,156,'Rivers','RI',1),(2421,156,'Sokoto','SO',1),(2422,156,'Taraba','TA',1),(2423,156,'Yobe','YO',1),(2424,156,'Zamfara','ZA',1),(2425,159,'Northern Islands','N',1),(2426,159,'Rota','R',1),(2427,159,'Saipan','S',1),(2428,159,'Tinian','T',1),(2429,160,'Akershus','AK',1),(2430,160,'Aust-Agder','AA',1),(2431,160,'Buskerud','BU',1),(2432,160,'Finnmark','FM',1),(2433,160,'Hedmark','HM',1),(2434,160,'Hordaland','HL',1),(2435,160,'More og Romdal','MR',1),(2436,160,'Nord-Trondelag','NT',1),(2437,160,'Nordland','NL',1),(2438,160,'Ostfold','OF',1),(2439,160,'Oppland','OP',1),(2440,160,'Oslo','OL',1),(2441,160,'Rogaland','RL',1),(2442,160,'Sor-Trondelag','ST',1),(2443,160,'Sogn og Fjordane','SJ',1),(2444,160,'Svalbard','SV',1),(2445,160,'Telemark','TM',1),(2446,160,'Troms','TR',1),(2447,160,'Vest-Agder','VA',1),(2448,160,'Vestfold','VF',1),(2449,161,'Ad Dakhiliyah','DA',1),(2450,161,'Al Batinah','BA',1),(2451,161,'Al Wusta','WU',1),(2452,161,'Ash Sharqiyah','SH',1),(2453,161,'Az Zahirah','ZA',1),(2454,161,'Masqat','MA',1),(2455,161,'Musandam','MU',1),(2456,161,'Zufar','ZU',1),(2457,162,'Balochistan','B',1),(2458,162,'Federally Administered Tribal Areas','T',1),(2459,162,'Islamabad Capital Territory','I',1),(2460,162,'North-West Frontier','N',1),(2461,162,'Punjab','P',1),(2462,162,'Sindh','S',1),(2463,163,'Aimeliik','AM',1),(2464,163,'Airai','AR',1),(2465,163,'Angaur','AN',1),(2466,163,'Hatohobei','HA',1),(2467,163,'Kayangel','KA',1),(2468,163,'Koror','KO',1),(2469,163,'Melekeok','ME',1),(2470,163,'Ngaraard','NA',1),(2471,163,'Ngarchelong','NG',1),(2472,163,'Ngardmau','ND',1),(2473,163,'Ngatpang','NT',1),(2474,163,'Ngchesar','NC',1),(2475,163,'Ngeremlengui','NR',1),(2476,163,'Ngiwal','NW',1),(2477,163,'Peleliu','PE',1),(2478,163,'Sonsorol','SO',1),(2479,164,'Bocas del Toro','BT',1),(2480,164,'Chiriqui','CH',1),(2481,164,'Cocle','CC',1),(2482,164,'Colon','CL',1),(2483,164,'Darien','DA',1),(2484,164,'Herrera','HE',1),(2485,164,'Los Santos','LS',1),(2486,164,'Panama','PA',1),(2487,164,'San Blas','SB',1),(2488,164,'Veraguas','VG',1),(2489,165,'Bougainville','BV',1),(2490,165,'Central','CE',1),(2491,165,'Chimbu','CH',1),(2492,165,'Eastern Highlands','EH',1),(2493,165,'East New Britain','EB',1),(2494,165,'East Sepik','ES',1),(2495,165,'Enga','EN',1),(2496,165,'Gulf','GU',1),(2497,165,'Madang','MD',1),(2498,165,'Manus','MN',1),(2499,165,'Milne Bay','MB',1),(2500,165,'Morobe','MR',1),(2501,165,'National Capital','NC',1),(2502,165,'New Ireland','NI',1),(2503,165,'Northern','NO',1),(2504,165,'Sandaun','SA',1),(2505,165,'Southern Highlands','SH',1),(2506,165,'Western','WE',1),(2507,165,'Western Highlands','WH',1),(2508,165,'West New Britain','WB',1),(2509,166,'Alto Paraguay','AG',1),(2510,166,'Alto Parana','AN',1),(2511,166,'Amambay','AM',1),(2512,166,'Asuncion','AS',1),(2513,166,'Boqueron','BO',1),(2514,166,'Caaguazu','CG',1),(2515,166,'Caazapa','CZ',1),(2516,166,'Canindeyu','CN',1),(2517,166,'Central','CE',1),(2518,166,'Concepcion','CC',1),(2519,166,'Cordillera','CD',1),(2520,166,'Guaira','GU',1),(2521,166,'Itapua','IT',1),(2522,166,'Misiones','MI',1),(2523,166,'Neembucu','NE',1),(2524,166,'Paraguari','PA',1),(2525,166,'Presidente Hayes','PH',1),(2526,166,'San Pedro','SP',1),(2527,167,'Amazonas','AM',1),(2528,167,'Ancash','AN',1),(2529,167,'Apurimac','AP',1),(2530,167,'Arequipa','AR',1),(2531,167,'Ayacucho','AY',1),(2532,167,'Cajamarca','CJ',1),(2533,167,'Callao','CL',1),(2534,167,'Cusco','CU',1),(2535,167,'Huancavelica','HV',1),(2536,167,'Huanuco','HO',1),(2537,167,'Ica','IC',1),(2538,167,'Junin','JU',1),(2539,167,'La Libertad','LD',1),(2540,167,'Lambayeque','LY',1),(2541,167,'Lima','LI',1),(2542,167,'Loreto','LO',1),(2543,167,'Madre de Dios','MD',1),(2544,167,'Moquegua','MO',1),(2545,167,'Pasco','PA',1),(2546,167,'Piura','PI',1),(2547,167,'Puno','PU',1),(2548,167,'San Martin','SM',1),(2549,167,'Tacna','TA',1),(2550,167,'Tumbes','TU',1),(2551,167,'Ucayali','UC',1),(2552,168,'Abra','ABR',1),(2553,168,'Agusan del Norte','ANO',1),(2554,168,'Agusan del Sur','ASU',1),(2555,168,'Aklan','AKL',1),(2556,168,'Albay','ALB',1),(2557,168,'Antique','ANT',1),(2558,168,'Apayao','APY',1),(2559,168,'Aurora','AUR',1),(2560,168,'Basilan','BAS',1),(2561,168,'Bataan','BTA',1),(2562,168,'Batanes','BTE',1),(2563,168,'Batangas','BTG',1),(2564,168,'Biliran','BLR',1),(2565,168,'Benguet','BEN',1),(2566,168,'Bohol','BOL',1),(2567,168,'Bukidnon','BUK',1),(2568,168,'Bulacan','BUL',1),(2569,168,'Cagayan','CAG',1),(2570,168,'Camarines Norte','CNO',1),(2571,168,'Camarines Sur','CSU',1),(2572,168,'Camiguin','CAM',1),(2573,168,'Capiz','CAP',1),(2574,168,'Catanduanes','CAT',1),(2575,168,'Cavite','CAV',1),(2576,168,'Cebu','CEB',1),(2577,168,'Compostela','CMP',1),(2578,168,'Davao del Norte','DNO',1),(2579,168,'Davao del Sur','DSU',1),(2580,168,'Davao Oriental','DOR',1),(2581,168,'Eastern Samar','ESA',1),(2582,168,'Guimaras','GUI',1),(2583,168,'Ifugao','IFU',1),(2584,168,'Ilocos Norte','INO',1),(2585,168,'Ilocos Sur','ISU',1),(2586,168,'Iloilo','ILO',1),(2587,168,'Isabela','ISA',1),(2588,168,'Kalinga','KAL',1),(2589,168,'Laguna','LAG',1),(2590,168,'Lanao del Norte','LNO',1),(2591,168,'Lanao del Sur','LSU',1),(2592,168,'La Union','UNI',1),(2593,168,'Leyte','LEY',1),(2594,168,'Maguindanao','MAG',1),(2595,168,'Marinduque','MRN',1),(2596,168,'Masbate','MSB',1),(2597,168,'Mindoro Occidental','MIC',1),(2598,168,'Mindoro Oriental','MIR',1),(2599,168,'Misamis Occidental','MSC',1),(2600,168,'Misamis Oriental','MOR',1),(2601,168,'Mountain','MOP',1),(2602,168,'Negros Occidental','NOC',1),(2603,168,'Negros Oriental','NOR',1),(2604,168,'North Cotabato','NCT',1),(2605,168,'Northern Samar','NSM',1),(2606,168,'Nueva Ecija','NEC',1),(2607,168,'Nueva Vizcaya','NVZ',1),(2608,168,'Palawan','PLW',1),(2609,168,'Pampanga','PMP',1),(2610,168,'Pangasinan','PNG',1),(2611,168,'Quezon','QZN',1),(2612,168,'Quirino','QRN',1),(2613,168,'Rizal','RIZ',1),(2614,168,'Romblon','ROM',1),(2615,168,'Samar','SMR',1),(2616,168,'Sarangani','SRG',1),(2617,168,'Siquijor','SQJ',1),(2618,168,'Sorsogon','SRS',1),(2619,168,'South Cotabato','SCO',1),(2620,168,'Southern Leyte','SLE',1),(2621,168,'Sultan Kudarat','SKU',1),(2622,168,'Sulu','SLU',1),(2623,168,'Surigao del Norte','SNO',1),(2624,168,'Surigao del Sur','SSU',1),(2625,168,'Tarlac','TAR',1),(2626,168,'Tawi-Tawi','TAW',1),(2627,168,'Zambales','ZBL',1),(2628,168,'Zamboanga del Norte','ZNO',1),(2629,168,'Zamboanga del Sur','ZSU',1),(2630,168,'Zamboanga Sibugay','ZSI',1),(2631,170,'Dolnoslaskie','DO',1),(2632,170,'Kujawsko-Pomorskie','KP',1),(2633,170,'Lodzkie','LO',1),(2634,170,'Lubelskie','LL',1),(2635,170,'Lubuskie','LU',1),(2636,170,'Malopolskie','ML',1),(2637,170,'Mazowieckie','MZ',1),(2638,170,'Opolskie','OP',1),(2639,170,'Podkarpackie','PP',1),(2640,170,'Podlaskie','PL',1),(2641,170,'Pomorskie','PM',1),(2642,170,'Slaskie','SL',1),(2643,170,'Swietokrzyskie','SW',1),(2644,170,'Warminsko-Mazurskie','WM',1),(2645,170,'Wielkopolskie','WP',1),(2646,170,'Zachodniopomorskie','ZA',1),(2647,198,'Saint Pierre','P',1),(2648,198,'Miquelon','M',1),(2649,171,'A&ccedil;ores','AC',1),(2650,171,'Aveiro','AV',1),(2651,171,'Beja','BE',1),(2652,171,'Braga','BR',1),(2653,171,'Bragan&ccedil;a','BA',1),(2654,171,'Castelo Branco','CB',1),(2655,171,'Coimbra','CO',1),(2656,171,'&Eacute;vora','EV',1),(2657,171,'Faro','FA',1),(2658,171,'Guarda','GU',1),(2659,171,'Leiria','LE',1),(2660,171,'Lisboa','LI',1),(2661,171,'Madeira','ME',1),(2662,171,'Portalegre','PO',1),(2663,171,'Porto','PR',1),(2664,171,'Santar&eacute;m','SA',1),(2665,171,'Set&uacute;bal','SE',1),(2666,171,'Viana do Castelo','VC',1),(2667,171,'Vila Real','VR',1),(2668,171,'Viseu','VI',1),(2669,173,'Ad Dawhah','DW',1),(2670,173,'Al Ghuwayriyah','GW',1),(2671,173,'Al Jumayliyah','JM',1),(2672,173,'Al Khawr','KR',1),(2673,173,'Al Wakrah','WK',1),(2674,173,'Ar Rayyan','RN',1),(2675,173,'Jarayan al Batinah','JB',1),(2676,173,'Madinat ash Shamal','MS',1),(2677,173,'Umm Sa\'id','UD',1),(2678,173,'Umm Salal','UL',1),(2679,175,'Alba','AB',1),(2680,175,'Arad','AR',1),(2681,175,'Arges','AG',1),(2682,175,'Bacau','BC',1),(2683,175,'Bihor','BH',1),(2684,175,'Bistrita-Nasaud','BN',1),(2685,175,'Botosani','BT',1),(2686,175,'Brasov','BV',1),(2687,175,'Braila','BR',1),(2688,175,'Bucuresti','B',1),(2689,175,'Buzau','BZ',1),(2690,175,'Caras-Severin','CS',1),(2691,175,'Calarasi','CL',1),(2692,175,'Cluj','CJ',1),(2693,175,'Constanta','CT',1),(2694,175,'Covasna','CV',1),(2695,175,'Dimbovita','DB',1),(2696,175,'Dolj','DJ',1),(2697,175,'Galati','GL',1),(2698,175,'Giurgiu','GR',1),(2699,175,'Gorj','GJ',1),(2700,175,'Harghita','HR',1),(2701,175,'Hunedoara','HD',1),(2702,175,'Ialomita','IL',1),(2703,175,'Iasi','IS',1),(2704,175,'Ilfov','IF',1),(2705,175,'Maramures','MM',1),(2706,175,'Mehedinti','MH',1),(2707,175,'Mures','MS',1),(2708,175,'Neamt','NT',1),(2709,175,'Olt','OT',1),(2710,175,'Prahova','PH',1),(2711,175,'Satu-Mare','SM',1),(2712,175,'Salaj','SJ',1),(2713,175,'Sibiu','SB',1),(2714,175,'Suceava','SV',1),(2715,175,'Teleorman','TR',1),(2716,175,'Timis','TM',1),(2717,175,'Tulcea','TL',1),(2718,175,'Vaslui','VS',1),(2719,175,'Valcea','VL',1),(2720,175,'Vrancea','VN',1),(2721,176,'Abakan','AB',1),(2722,176,'Aginskoye','AG',1),(2723,176,'Anadyr','AN',1),(2724,176,'Arkahangelsk','AR',1),(2725,176,'Astrakhan','AS',1),(2726,176,'Barnaul','BA',1),(2727,176,'Belgorod','BE',1),(2728,176,'Birobidzhan','BI',1),(2729,176,'Blagoveshchensk','BL',1),(2730,176,'Bryansk','BR',1),(2731,176,'Cheboksary','CH',1),(2732,176,'Chelyabinsk','CL',1),(2733,176,'Cherkessk','CR',1),(2734,176,'Chita','CI',1),(2735,176,'Dudinka','DU',1),(2736,176,'Elista','EL',1),(2737,176,'Gomo-Altaysk','GO',1),(2738,176,'Gorno-Altaysk','GA',1),(2739,176,'Groznyy','GR',1),(2740,176,'Irkutsk','IR',1),(2741,176,'Ivanovo','IV',1),(2742,176,'Izhevsk','IZ',1),(2743,176,'Kalinigrad','KA',1),(2744,176,'Kaluga','KL',1),(2745,176,'Kasnodar','KS',1),(2746,176,'Kazan','KZ',1),(2747,176,'Kemerovo','KE',1),(2748,176,'Khabarovsk','KH',1),(2749,176,'Khanty-Mansiysk','KM',1),(2750,176,'Kostroma','KO',1),(2751,176,'Krasnodar','KR',1),(2752,176,'Krasnoyarsk','KN',1),(2753,176,'Kudymkar','KU',1),(2754,176,'Kurgan','KG',1),(2755,176,'Kursk','KK',1),(2756,176,'Kyzyl','KY',1),(2757,176,'Lipetsk','LI',1),(2758,176,'Magadan','MA',1),(2759,176,'Makhachkala','MK',1),(2760,176,'Maykop','MY',1),(2761,176,'Moscow','MO',1),(2762,176,'Murmansk','MU',1),(2763,176,'Nalchik','NA',1),(2764,176,'Naryan Mar','NR',1),(2765,176,'Nazran','NZ',1),(2766,176,'Nizhniy Novgorod','NI',1),(2767,176,'Novgorod','NO',1),(2768,176,'Novosibirsk','NV',1),(2769,176,'Omsk','OM',1),(2770,176,'Orel','OR',1),(2771,176,'Orenburg','OE',1),(2772,176,'Palana','PA',1),(2773,176,'Penza','PE',1),(2774,176,'Perm','PR',1),(2775,176,'Petropavlovsk-Kamchatskiy','PK',1),(2776,176,'Petrozavodsk','PT',1),(2777,176,'Pskov','PS',1),(2778,176,'Rostov-na-Donu','RO',1),(2779,176,'Ryazan','RY',1),(2780,176,'Salekhard','SL',1),(2781,176,'Samara','SA',1),(2782,176,'Saransk','SR',1),(2783,176,'Saratov','SV',1),(2784,176,'Smolensk','SM',1),(2785,176,'St. Petersburg','SP',1),(2786,176,'Stavropol','ST',1),(2787,176,'Syktyvkar','SY',1),(2788,176,'Tambov','TA',1),(2789,176,'Tomsk','TO',1),(2790,176,'Tula','TU',1),(2791,176,'Tura','TR',1),(2792,176,'Tver','TV',1),(2793,176,'Tyumen','TY',1),(2794,176,'Ufa','UF',1),(2795,176,'Ul\'yanovsk','UL',1),(2796,176,'Ulan-Ude','UU',1),(2797,176,'Ust\'-Ordynskiy','US',1),(2798,176,'Vladikavkaz','VL',1),(2799,176,'Vladimir','VA',1),(2800,176,'Vladivostok','VV',1),(2801,176,'Volgograd','VG',1),(2802,176,'Vologda','VD',1),(2803,176,'Voronezh','VO',1),(2804,176,'Vyatka','VY',1),(2805,176,'Yakutsk','YA',1),(2806,176,'Yaroslavl','YR',1),(2807,176,'Yekaterinburg','YE',1),(2808,176,'Yoshkar-Ola','YO',1),(2809,177,'Butare','BU',1),(2810,177,'Byumba','BY',1),(2811,177,'Cyangugu','CY',1),(2812,177,'Gikongoro','GK',1),(2813,177,'Gisenyi','GS',1),(2814,177,'Gitarama','GT',1),(2815,177,'Kibungo','KG',1),(2816,177,'Kibuye','KY',1),(2817,177,'Kigali Rurale','KR',1),(2818,177,'Kigali-ville','KV',1),(2819,177,'Ruhengeri','RU',1),(2820,177,'Umutara','UM',1),(2821,178,'Christ Church Nichola Town','CCN',1),(2822,178,'Saint Anne Sandy Point','SAS',1),(2823,178,'Saint George Basseterre','SGB',1),(2824,178,'Saint George Gingerland','SGG',1),(2825,178,'Saint James Windward','SJW',1),(2826,178,'Saint John Capesterre','SJC',1),(2827,178,'Saint John Figtree','SJF',1),(2828,178,'Saint Mary Cayon','SMC',1),(2829,178,'Saint Paul Capesterre','CAP',1),(2830,178,'Saint Paul Charlestown','CHA',1),(2831,178,'Saint Peter Basseterre','SPB',1),(2832,178,'Saint Thomas Lowland','STL',1),(2833,178,'Saint Thomas Middle Island','STM',1),(2834,178,'Trinity Palmetto Point','TPP',1),(2835,179,'Anse-la-Raye','AR',1),(2836,179,'Castries','CA',1),(2837,179,'Choiseul','CH',1),(2838,179,'Dauphin','DA',1),(2839,179,'Dennery','DE',1),(2840,179,'Gros-Islet','GI',1),(2841,179,'Laborie','LA',1),(2842,179,'Micoud','MI',1),(2843,179,'Praslin','PR',1),(2844,179,'Soufriere','SO',1),(2845,179,'Vieux-Fort','VF',1),(2846,180,'Charlotte','C',1),(2847,180,'Grenadines','R',1),(2848,180,'Saint Andrew','A',1),(2849,180,'Saint David','D',1),(2850,180,'Saint George','G',1),(2851,180,'Saint Patrick','P',1),(2852,181,'A\'ana','AN',1),(2853,181,'Aiga-i-le-Tai','AI',1),(2854,181,'Atua','AT',1),(2855,181,'Fa\'asaleleaga','FA',1),(2856,181,'Gaga\'emauga','GE',1),(2857,181,'Gagaifomauga','GF',1),(2858,181,'Palauli','PA',1),(2859,181,'Satupa\'itea','SA',1),(2860,181,'Tuamasaga','TU',1),(2861,181,'Va\'a-o-Fonoti','VF',1),(2862,181,'Vaisigano','VS',1),(2863,182,'Acquaviva','AC',1),(2864,182,'Borgo Maggiore','BM',1),(2865,182,'Chiesanuova','CH',1),(2866,182,'Domagnano','DO',1),(2867,182,'Faetano','FA',1),(2868,182,'Fiorentino','FI',1),(2869,182,'Montegiardino','MO',1),(2870,182,'Citta di San Marino','SM',1),(2871,182,'Serravalle','SE',1),(2872,183,'Sao Tome','S',1),(2873,183,'Principe','P',1),(2874,184,'Al Bahah','BH',1),(2875,184,'Al Hudud ash Shamaliyah','HS',1),(2876,184,'Al Jawf','JF',1),(2877,184,'Al Madinah','MD',1),(2878,184,'Al Qasim','QS',1),(2879,184,'Ar Riyad','RD',1),(2880,184,'Ash Sharqiyah (Eastern)','AQ',1),(2881,184,'\'Asir','AS',1),(2882,184,'Ha\'il','HL',1),(2883,184,'Jizan','JZ',1),(2884,184,'Makkah','ML',1),(2885,184,'Najran','NR',1),(2886,184,'Tabuk','TB',1),(2887,185,'Dakar','DA',1),(2888,185,'Diourbel','DI',1),(2889,185,'Fatick','FA',1),(2890,185,'Kaolack','KA',1),(2891,185,'Kolda','KO',1),(2892,185,'Louga','LO',1),(2893,185,'Matam','MA',1),(2894,185,'Saint-Louis','SL',1),(2895,185,'Tambacounda','TA',1),(2896,185,'Thies','TH',1),(2897,185,'Ziguinchor','ZI',1),(2898,186,'Anse aux Pins','AP',1),(2899,186,'Anse Boileau','AB',1),(2900,186,'Anse Etoile','AE',1),(2901,186,'Anse Louis','AL',1),(2902,186,'Anse Royale','AR',1),(2903,186,'Baie Lazare','BL',1),(2904,186,'Baie Sainte Anne','BS',1),(2905,186,'Beau Vallon','BV',1),(2906,186,'Bel Air','BA',1),(2907,186,'Bel Ombre','BO',1),(2908,186,'Cascade','CA',1),(2909,186,'Glacis','GL',1),(2910,186,'Grand\' Anse (on Mahe)','GM',1),(2911,186,'Grand\' Anse (on Praslin)','GP',1),(2912,186,'La Digue','DG',1),(2913,186,'La Riviere Anglaise','RA',1),(2914,186,'Mont Buxton','MB',1),(2915,186,'Mont Fleuri','MF',1),(2916,186,'Plaisance','PL',1),(2917,186,'Pointe La Rue','PR',1),(2918,186,'Port Glaud','PG',1),(2919,186,'Saint Louis','SL',1),(2920,186,'Takamaka','TA',1),(2921,187,'Eastern','E',1),(2922,187,'Northern','N',1),(2923,187,'Southern','S',1),(2924,187,'Western','W',1),(2925,189,'Banskobystrický','BA',1),(2926,189,'Bratislavský','BR',1),(2927,189,'Košický','KO',1),(2928,189,'Nitriansky','NI',1),(2929,189,'Prešovský','PR',1),(2930,189,'Trenčiansky','TC',1),(2931,189,'Trnavský','TV',1),(2932,189,'Žilinský','ZI',1),(2933,191,'Central','CE',1),(2934,191,'Choiseul','CH',1),(2935,191,'Guadalcanal','GC',1),(2936,191,'Honiara','HO',1),(2937,191,'Isabel','IS',1),(2938,191,'Makira','MK',1),(2939,191,'Malaita','ML',1),(2940,191,'Rennell and Bellona','RB',1),(2941,191,'Temotu','TM',1),(2942,191,'Western','WE',1),(2943,192,'Awdal','AW',1),(2944,192,'Bakool','BK',1),(2945,192,'Banaadir','BN',1),(2946,192,'Bari','BR',1),(2947,192,'Bay','BY',1),(2948,192,'Galguduud','GA',1),(2949,192,'Gedo','GE',1),(2950,192,'Hiiraan','HI',1),(2951,192,'Jubbada Dhexe','JD',1),(2952,192,'Jubbada Hoose','JH',1),(2953,192,'Mudug','MU',1),(2954,192,'Nugaal','NU',1),(2955,192,'Sanaag','SA',1),(2956,192,'Shabeellaha Dhexe','SD',1),(2957,192,'Shabeellaha Hoose','SH',1),(2958,192,'Sool','SL',1),(2959,192,'Togdheer','TO',1),(2960,192,'Woqooyi Galbeed','WG',1),(2961,193,'Eastern Cape','EC',1),(2962,193,'Free State','FS',1),(2963,193,'Gauteng','GT',1),(2964,193,'KwaZulu-Natal','KN',1),(2965,193,'Limpopo','LP',1),(2966,193,'Mpumalanga','MP',1),(2967,193,'North West','NW',1),(2968,193,'Northern Cape','NC',1),(2969,193,'Western Cape','WC',1),(2970,195,'La Coru&ntilde;a','CA',1),(2971,195,'&Aacute;lava','AL',1),(2972,195,'Albacete','AB',1),(2973,195,'Alicante','AC',1),(2974,195,'Almeria','AM',1),(2975,195,'Asturias','AS',1),(2976,195,'&Aacute;vila','AV',1),(2977,195,'Badajoz','BJ',1),(2978,195,'Baleares','IB',1),(2979,195,'Barcelona','BA',1),(2980,195,'Burgos','BU',1),(2981,195,'C&aacute;ceres','CC',1),(2982,195,'C&aacute;diz','CZ',1),(2983,195,'Cantabria','CT',1),(2984,195,'Castell&oacute;n','CL',1),(2985,195,'Ceuta','CE',1),(2986,195,'Ciudad Real','CR',1),(2987,195,'C&oacute;rdoba','CD',1),(2988,195,'Cuenca','CU',1),(2989,195,'Girona','GI',1),(2990,195,'Granada','GD',1),(2991,195,'Guadalajara','GJ',1),(2992,195,'Guip&uacute;zcoa','GP',1),(2993,195,'Huelva','HL',1),(2994,195,'Huesca','HS',1),(2995,195,'Ja&eacute;n','JN',1),(2996,195,'La Rioja','RJ',1),(2997,195,'Las Palmas','PM',1),(2998,195,'Leon','LE',1),(2999,195,'Lleida','LL',1),(3000,195,'Lugo','LG',1),(3001,195,'Madrid','MD',1),(3002,195,'Malaga','MA',1),(3003,195,'Melilla','ML',1),(3004,195,'Murcia','MU',1),(3005,195,'Navarra','NV',1),(3006,195,'Ourense','OU',1),(3007,195,'Palencia','PL',1),(3008,195,'Pontevedra','PO',1),(3009,195,'Salamanca','SL',1),(3010,195,'Santa Cruz de Tenerife','SC',1),(3011,195,'Segovia','SG',1),(3012,195,'Sevilla','SV',1),(3013,195,'Soria','SO',1),(3014,195,'Tarragona','TA',1),(3015,195,'Teruel','TE',1),(3016,195,'Toledo','TO',1),(3017,195,'Valencia','VC',1),(3018,195,'Valladolid','VD',1),(3019,195,'Vizcaya','VZ',1),(3020,195,'Zamora','ZM',1),(3021,195,'Zaragoza','ZR',1),(3022,196,'Central','CE',1),(3023,196,'Eastern','EA',1),(3024,196,'North Central','NC',1),(3025,196,'Northern','NO',1),(3026,196,'North Western','NW',1),(3027,196,'Sabaragamuwa','SA',1),(3028,196,'Southern','SO',1),(3029,196,'Uva','UV',1),(3030,196,'Western','WE',1),(3031,197,'Ascension','A',1),(3032,197,'Saint Helena','S',1),(3033,197,'Tristan da Cunha','T',1),(3034,199,'A\'ali an Nil','ANL',1),(3035,199,'Al Bahr al Ahmar','BAM',1),(3036,199,'Al Buhayrat','BRT',1),(3037,199,'Al Jazirah','JZR',1),(3038,199,'Al Khartum','KRT',1),(3039,199,'Al Qadarif','QDR',1),(3040,199,'Al Wahdah','WDH',1),(3041,199,'An Nil al Abyad','ANB',1),(3042,199,'An Nil al Azraq','ANZ',1),(3043,199,'Ash Shamaliyah','ASH',1),(3044,199,'Bahr al Jabal','BJA',1),(3045,199,'Gharb al Istiwa\'iyah','GIS',1),(3046,199,'Gharb Bahr al Ghazal','GBG',1),(3047,199,'Gharb Darfur','GDA',1),(3048,199,'Gharb Kurdufan','GKU',1),(3049,199,'Janub Darfur','JDA',1),(3050,199,'Janub Kurdufan','JKU',1),(3051,199,'Junqali','JQL',1),(3052,199,'Kassala','KSL',1),(3053,199,'Nahr an Nil','NNL',1),(3054,199,'Shamal Bahr al Ghazal','SBG',1),(3055,199,'Shamal Darfur','SDA',1),(3056,199,'Shamal Kurdufan','SKU',1),(3057,199,'Sharq al Istiwa\'iyah','SIS',1),(3058,199,'Sinnar','SNR',1),(3059,199,'Warab','WRB',1),(3060,200,'Brokopondo','BR',1),(3061,200,'Commewijne','CM',1),(3062,200,'Coronie','CR',1),(3063,200,'Marowijne','MA',1),(3064,200,'Nickerie','NI',1),(3065,200,'Para','PA',1),(3066,200,'Paramaribo','PM',1),(3067,200,'Saramacca','SA',1),(3068,200,'Sipaliwini','SI',1),(3069,200,'Wanica','WA',1),(3070,202,'Hhohho','H',1),(3071,202,'Lubombo','L',1),(3072,202,'Manzini','M',1),(3073,202,'Shishelweni','S',1),(3074,203,'Blekinge','K',1),(3075,203,'Dalarna','W',1),(3076,203,'G&auml;vleborg','X',1),(3077,203,'Gotland','I',1),(3078,203,'Halland','N',1),(3079,203,'J&auml;mtland','Z',1),(3080,203,'J&ouml;nk&ouml;ping','F',1),(3081,203,'Kalmar','H',1),(3082,203,'Kronoberg','G',1),(3083,203,'Norrbotten','BD',1),(3084,203,'&Ouml;rebro','T',1),(3085,203,'&Ouml;sterg&ouml;tland','E',1),(3086,203,'Sk&aring;ne','M',1),(3087,203,'S&ouml;dermanland','D',1),(3088,203,'Stockholm','AB',1),(3089,203,'Uppsala','C',1),(3090,203,'V&auml;rmland','S',1),(3091,203,'V&auml;sterbotten','AC',1),(3092,203,'V&auml;sternorrland','Y',1),(3093,203,'V&auml;stmanland','U',1),(3094,203,'V&auml;stra G&ouml;taland','O',1),(3095,204,'Aargau','AG',1),(3096,204,'Appenzell Ausserrhoden','AR',1),(3097,204,'Appenzell Innerrhoden','AI',1),(3098,204,'Basel-Stadt','BS',1),(3099,204,'Basel-Landschaft','BL',1),(3100,204,'Bern','BE',1),(3101,204,'Fribourg','FR',1),(3102,204,'Gen&egrave;ve','GE',1),(3103,204,'Glarus','GL',1),(3104,204,'Graub&uuml;nden','GR',1),(3105,204,'Jura','JU',1),(3106,204,'Luzern','LU',1),(3107,204,'Neuch&acirc;tel','NE',1),(3108,204,'Nidwald','NW',1),(3109,204,'Obwald','OW',1),(3110,204,'St. Gallen','SG',1),(3111,204,'Schaffhausen','SH',1),(3112,204,'Schwyz','SZ',1),(3113,204,'Solothurn','SO',1),(3114,204,'Thurgau','TG',1),(3115,204,'Ticino','TI',1),(3116,204,'Uri','UR',1),(3117,204,'Valais','VS',1),(3118,204,'Vaud','VD',1),(3119,204,'Zug','ZG',1),(3120,204,'Z&uuml;rich','ZH',1),(3121,205,'Al Hasakah','HA',1),(3122,205,'Al Ladhiqiyah','LA',1),(3123,205,'Al Qunaytirah','QU',1),(3124,205,'Ar Raqqah','RQ',1),(3125,205,'As Suwayda','SU',1),(3126,205,'Dara','DA',1),(3127,205,'Dayr az Zawr','DZ',1),(3128,205,'Dimashq','DI',1),(3129,205,'Halab','HL',1),(3130,205,'Hamah','HM',1),(3131,205,'Hims','HI',1),(3132,205,'Idlib','ID',1),(3133,205,'Rif Dimashq','RD',1),(3134,205,'Tartus','TA',1),(3135,206,'Chang-hua','CH',1),(3136,206,'Chia-i','CI',1),(3137,206,'Hsin-chu','HS',1),(3138,206,'Hua-lien','HL',1),(3139,206,'I-lan','IL',1),(3140,206,'Kao-hsiung county','KH',1),(3141,206,'Kin-men','KM',1),(3142,206,'Lien-chiang','LC',1),(3143,206,'Miao-li','ML',1),(3144,206,'Nan-t\'ou','NT',1),(3145,206,'P\'eng-hu','PH',1),(3146,206,'P\'ing-tung','PT',1),(3147,206,'T\'ai-chung','TG',1),(3148,206,'T\'ai-nan','TA',1),(3149,206,'T\'ai-pei county','TP',1),(3150,206,'T\'ai-tung','TT',1),(3151,206,'T\'ao-yuan','TY',1),(3152,206,'Yun-lin','YL',1),(3153,206,'Chia-i city','CC',1),(3154,206,'Chi-lung','CL',1),(3155,206,'Hsin-chu','HC',1),(3156,206,'T\'ai-chung','TH',1),(3157,206,'T\'ai-nan','TN',1),(3158,206,'Kao-hsiung city','KC',1),(3159,206,'T\'ai-pei city','TC',1),(3160,207,'Gorno-Badakhstan','GB',1),(3161,207,'Khatlon','KT',1),(3162,207,'Sughd','SU',1),(3163,208,'Arusha','AR',1),(3164,208,'Dar es Salaam','DS',1),(3165,208,'Dodoma','DO',1),(3166,208,'Iringa','IR',1),(3167,208,'Kagera','KA',1),(3168,208,'Kigoma','KI',1),(3169,208,'Kilimanjaro','KJ',1),(3170,208,'Lindi','LN',1),(3171,208,'Manyara','MY',1),(3172,208,'Mara','MR',1),(3173,208,'Mbeya','MB',1),(3174,208,'Morogoro','MO',1),(3175,208,'Mtwara','MT',1),(3176,208,'Mwanza','MW',1),(3177,208,'Pemba North','PN',1),(3178,208,'Pemba South','PS',1),(3179,208,'Pwani','PW',1),(3180,208,'Rukwa','RK',1),(3181,208,'Ruvuma','RV',1),(3182,208,'Shinyanga','SH',1),(3183,208,'Singida','SI',1),(3184,208,'Tabora','TB',1),(3185,208,'Tanga','TN',1),(3186,208,'Zanzibar Central/South','ZC',1),(3187,208,'Zanzibar North','ZN',1),(3188,208,'Zanzibar Urban/West','ZU',1),(3189,209,'Amnat Charoen','Amnat Charoen',1),(3190,209,'Ang Thong','Ang Thong',1),(3191,209,'Ayutthaya','Ayutthaya',1),(3192,209,'Bangkok','Bangkok',1),(3193,209,'Buriram','Buriram',1),(3194,209,'Chachoengsao','Chachoengsao',1),(3195,209,'Chai Nat','Chai Nat',1),(3196,209,'Chaiyaphum','Chaiyaphum',1),(3197,209,'Chanthaburi','Chanthaburi',1),(3198,209,'Chiang Mai','Chiang Mai',1),(3199,209,'Chiang Rai','Chiang Rai',1),(3200,209,'Chon Buri','Chon Buri',1),(3201,209,'Chumphon','Chumphon',1),(3202,209,'Kalasin','Kalasin',1),(3203,209,'Kamphaeng Phet','Kamphaeng Phet',1),(3204,209,'Kanchanaburi','Kanchanaburi',1),(3205,209,'Khon Kaen','Khon Kaen',1),(3206,209,'Krabi','Krabi',1),(3207,209,'Lampang','Lampang',1),(3208,209,'Lamphun','Lamphun',1),(3209,209,'Loei','Loei',1),(3210,209,'Lop Buri','Lop Buri',1),(3211,209,'Mae Hong Son','Mae Hong Son',1),(3212,209,'Maha Sarakham','Maha Sarakham',1),(3213,209,'Mukdahan','Mukdahan',1),(3214,209,'Nakhon Nayok','Nakhon Nayok',1),(3215,209,'Nakhon Pathom','Nakhon Pathom',1),(3216,209,'Nakhon Phanom','Nakhon Phanom',1),(3217,209,'Nakhon Ratchasima','Nakhon Ratchasima',1),(3218,209,'Nakhon Sawan','Nakhon Sawan',1),(3219,209,'Nakhon Si Thammarat','Nakhon Si Thammarat',1),(3220,209,'Nan','Nan',1),(3221,209,'Narathiwat','Narathiwat',1),(3222,209,'Nong Bua Lamphu','Nong Bua Lamphu',1),(3223,209,'Nong Khai','Nong Khai',1),(3224,209,'Nonthaburi','Nonthaburi',1),(3225,209,'Pathum Thani','Pathum Thani',1),(3226,209,'Pattani','Pattani',1),(3227,209,'Phangnga','Phangnga',1),(3228,209,'Phatthalung','Phatthalung',1),(3229,209,'Phayao','Phayao',1),(3230,209,'Phetchabun','Phetchabun',1),(3231,209,'Phetchaburi','Phetchaburi',1),(3232,209,'Phichit','Phichit',1),(3233,209,'Phitsanulok','Phitsanulok',1),(3234,209,'Phrae','Phrae',1),(3235,209,'Phuket','Phuket',1),(3236,209,'Prachin Buri','Prachin Buri',1),(3237,209,'Prachuap Khiri Khan','Prachuap Khiri Khan',1),(3238,209,'Ranong','Ranong',1),(3239,209,'Ratchaburi','Ratchaburi',1),(3240,209,'Rayong','Rayong',1),(3241,209,'Roi Et','Roi Et',1),(3242,209,'Sa Kaeo','Sa Kaeo',1),(3243,209,'Sakon Nakhon','Sakon Nakhon',1),(3244,209,'Samut Prakan','Samut Prakan',1),(3245,209,'Samut Sakhon','Samut Sakhon',1),(3246,209,'Samut Songkhram','Samut Songkhram',1),(3247,209,'Sara Buri','Sara Buri',1),(3248,209,'Satun','Satun',1),(3249,209,'Sing Buri','Sing Buri',1),(3250,209,'Sisaket','Sisaket',1),(3251,209,'Songkhla','Songkhla',1),(3252,209,'Sukhothai','Sukhothai',1),(3253,209,'Suphan Buri','Suphan Buri',1),(3254,209,'Surat Thani','Surat Thani',1),(3255,209,'Surin','Surin',1),(3256,209,'Tak','Tak',1),(3257,209,'Trang','Trang',1),(3258,209,'Trat','Trat',1),(3259,209,'Ubon Ratchathani','Ubon Ratchathani',1),(3260,209,'Udon Thani','Udon Thani',1),(3261,209,'Uthai Thani','Uthai Thani',1),(3262,209,'Uttaradit','Uttaradit',1),(3263,209,'Yala','Yala',1),(3264,209,'Yasothon','Yasothon',1),(3265,210,'Kara','K',1),(3266,210,'Plateaux','P',1),(3267,210,'Savanes','S',1),(3268,210,'Centrale','C',1),(3269,210,'Maritime','M',1),(3270,211,'Atafu','A',1),(3271,211,'Fakaofo','F',1),(3272,211,'Nukunonu','N',1),(3273,212,'Ha\'apai','H',1),(3274,212,'Tongatapu','T',1),(3275,212,'Vava\'u','V',1),(3276,213,'Couva/Tabaquite/Talparo','CT',1),(3277,213,'Diego Martin','DM',1),(3278,213,'Mayaro/Rio Claro','MR',1),(3279,213,'Penal/Debe','PD',1),(3280,213,'Princes Town','PT',1),(3281,213,'Sangre Grande','SG',1),(3282,213,'San Juan/Laventille','SL',1),(3283,213,'Siparia','SI',1),(3284,213,'Tunapuna/Piarco','TP',1),(3285,213,'Port of Spain','PS',1),(3286,213,'San Fernando','SF',1),(3287,213,'Arima','AR',1),(3288,213,'Point Fortin','PF',1),(3289,213,'Chaguanas','CH',1),(3290,213,'Tobago','TO',1),(3291,214,'Ariana','AR',1),(3292,214,'Beja','BJ',1),(3293,214,'Ben Arous','BA',1),(3294,214,'Bizerte','BI',1),(3295,214,'Gabes','GB',1),(3296,214,'Gafsa','GF',1),(3297,214,'Jendouba','JE',1),(3298,214,'Kairouan','KR',1),(3299,214,'Kasserine','KS',1),(3300,214,'Kebili','KB',1),(3301,214,'Kef','KF',1),(3302,214,'Mahdia','MH',1),(3303,214,'Manouba','MN',1),(3304,214,'Medenine','ME',1),(3305,214,'Monastir','MO',1),(3306,214,'Nabeul','NA',1),(3307,214,'Sfax','SF',1),(3308,214,'Sidi','SD',1),(3309,214,'Siliana','SL',1),(3310,214,'Sousse','SO',1),(3311,214,'Tataouine','TA',1),(3312,214,'Tozeur','TO',1),(3313,214,'Tunis','TU',1),(3314,214,'Zaghouan','ZA',1),(3315,215,'Adana','ADA',1),(3316,215,'Adıyaman','ADI',1),(3317,215,'Afyonkarahisar','AFY',1),(3318,215,'Ağrı','AGR',1),(3319,215,'Aksaray','AKS',1),(3320,215,'Amasya','AMA',1),(3321,215,'Ankara','ANK',1),(3322,215,'Antalya','ANT',1),(3323,215,'Ardahan','ARD',1),(3324,215,'Artvin','ART',1),(3325,215,'Aydın','AYI',1),(3326,215,'Balıkesir','BAL',1),(3327,215,'Bartın','BAR',1),(3328,215,'Batman','BAT',1),(3329,215,'Bayburt','BAY',1),(3330,215,'Bilecik','BIL',1),(3331,215,'Bingöl','BIN',1),(3332,215,'Bitlis','BIT',1),(3333,215,'Bolu','BOL',1),(3334,215,'Burdur','BRD',1),(3335,215,'Bursa','BRS',1),(3336,215,'Çanakkale','CKL',1),(3337,215,'Çankırı','CKR',1),(3338,215,'Çorum','COR',1),(3339,215,'Denizli','DEN',1),(3340,215,'Diyarbakir','DIY',1),(3341,215,'Düzce','DUZ',1),(3342,215,'Edirne','EDI',1),(3343,215,'Elazığ','ELA',1),(3344,215,'Erzincan','EZC',1),(3345,215,'Erzurum','EZR',1),(3346,215,'Eskişehir','ESK',1),(3347,215,'Gaziantep','GAZ',1),(3348,215,'Giresun','GIR',1),(3349,215,'Gümüşhane','GMS',1),(3350,215,'Hakkari','HKR',1),(3351,215,'Hatay','HTY',1),(3352,215,'Iğdır','IGD',1),(3353,215,'Isparta','ISP',1),(3354,215,'İstanbul','IST',1),(3355,215,'İzmir','IZM',1),(3356,215,'Kahramanmaraş','KAH',1),(3357,215,'Karabük','KRB',1),(3358,215,'Karaman','KRM',1),(3359,215,'Kars','KRS',1),(3360,215,'Kastamonu','KAS',1),(3361,215,'Kayseri','KAY',1),(3362,215,'Kilis','KLS',1),(3363,215,'Kırıkkale','KRK',1),(3364,215,'Kırklareli','KLR',1),(3365,215,'Kırşehir','KRH',1),(3366,215,'Kocaeli','KOC',1),(3367,215,'Konya','KON',1),(3368,215,'Kütahya','KUT',1),(3369,215,'Malatya','MAL',1),(3370,215,'Manisa','MAN',1),(3371,215,'Mardin','MAR',1),(3372,215,'Mersin','MER',1),(3373,215,'Muğla','MUG',1),(3374,215,'Muş','MUS',1),(3375,215,'Nevşehir','NEV',1),(3376,215,'Niğde','NIG',1),(3377,215,'Ordu','ORD',1),(3378,215,'Osmaniye','OSM',1),(3379,215,'Rize','RIZ',1),(3380,215,'Sakarya','SAK',1),(3381,215,'Samsun','SAM',1),(3382,215,'Şanlıurfa','SAN',1),(3383,215,'Siirt','SII',1),(3384,215,'Sinop','SIN',1),(3385,215,'Şırnak','SIR',1),(3386,215,'Sivas','SIV',1),(3387,215,'Tekirdağ','TEL',1),(3388,215,'Tokat','TOK',1),(3389,215,'Trabzon','TRA',1),(3390,215,'Tunceli','TUN',1),(3391,215,'Uşak','USK',1),(3392,215,'Van','VAN',1),(3393,215,'Yalova','YAL',1),(3394,215,'Yozgat','YOZ',1),(3395,215,'Zonguldak','ZON',1),(3396,216,'Ahal Welayaty','A',1),(3397,216,'Balkan Welayaty','B',1),(3398,216,'Dashhowuz Welayaty','D',1),(3399,216,'Lebap Welayaty','L',1),(3400,216,'Mary Welayaty','M',1),(3401,217,'Ambergris Cays','AC',1),(3402,217,'Dellis Cay','DC',1),(3403,217,'French Cay','FC',1),(3404,217,'Little Water Cay','LW',1),(3405,217,'Parrot Cay','RC',1),(3406,217,'Pine Cay','PN',1),(3407,217,'Salt Cay','SL',1),(3408,217,'Grand Turk','GT',1),(3409,217,'South Caicos','SC',1),(3410,217,'East Caicos','EC',1),(3411,217,'Middle Caicos','MC',1),(3412,217,'North Caicos','NC',1),(3413,217,'Providenciales','PR',1),(3414,217,'West Caicos','WC',1),(3415,218,'Nanumanga','NMG',1),(3416,218,'Niulakita','NLK',1),(3417,218,'Niutao','NTO',1),(3418,218,'Funafuti','FUN',1),(3419,218,'Nanumea','NME',1),(3420,218,'Nui','NUI',1),(3421,218,'Nukufetau','NFT',1),(3422,218,'Nukulaelae','NLL',1),(3423,218,'Vaitupu','VAI',1),(3424,219,'Kalangala','KAL',1),(3425,219,'Kampala','KMP',1),(3426,219,'Kayunga','KAY',1),(3427,219,'Kiboga','KIB',1),(3428,219,'Luwero','LUW',1),(3429,219,'Masaka','MAS',1),(3430,219,'Mpigi','MPI',1),(3431,219,'Mubende','MUB',1),(3432,219,'Mukono','MUK',1),(3433,219,'Nakasongola','NKS',1),(3434,219,'Rakai','RAK',1),(3435,219,'Sembabule','SEM',1),(3436,219,'Wakiso','WAK',1),(3437,219,'Bugiri','BUG',1),(3438,219,'Busia','BUS',1),(3439,219,'Iganga','IGA',1),(3440,219,'Jinja','JIN',1),(3441,219,'Kaberamaido','KAB',1),(3442,219,'Kamuli','KML',1),(3443,219,'Kapchorwa','KPC',1),(3444,219,'Katakwi','KTK',1),(3445,219,'Kumi','KUM',1),(3446,219,'Mayuge','MAY',1),(3447,219,'Mbale','MBA',1),(3448,219,'Pallisa','PAL',1),(3449,219,'Sironko','SIR',1),(3450,219,'Soroti','SOR',1),(3451,219,'Tororo','TOR',1),(3452,219,'Adjumani','ADJ',1),(3453,219,'Apac','APC',1),(3454,219,'Arua','ARU',1),(3455,219,'Gulu','GUL',1),(3456,219,'Kitgum','KIT',1),(3457,219,'Kotido','KOT',1),(3458,219,'Lira','LIR',1),(3459,219,'Moroto','MRT',1),(3460,219,'Moyo','MOY',1),(3461,219,'Nakapiripirit','NAK',1),(3462,219,'Nebbi','NEB',1),(3463,219,'Pader','PAD',1),(3464,219,'Yumbe','YUM',1),(3465,219,'Bundibugyo','BUN',1),(3466,219,'Bushenyi','BSH',1),(3467,219,'Hoima','HOI',1),(3468,219,'Kabale','KBL',1),(3469,219,'Kabarole','KAR',1),(3470,219,'Kamwenge','KAM',1),(3471,219,'Kanungu','KAN',1),(3472,219,'Kasese','KAS',1),(3473,219,'Kibaale','KBA',1),(3474,219,'Kisoro','KIS',1),(3475,219,'Kyenjojo','KYE',1),(3476,219,'Masindi','MSN',1),(3477,219,'Mbarara','MBR',1),(3478,219,'Ntungamo','NTU',1),(3479,219,'Rukungiri','RUK',1),(3480,220,'Cherkasy','CK',1),(3481,220,'Chernihiv','CH',1),(3482,220,'Chernivtsi','CV',1),(3483,220,'Crimea','CR',1),(3484,220,'Dnipropetrovs\'k','DN',1),(3485,220,'Donets\'k','DO',1),(3486,220,'Ivano-Frankivs\'k','IV',1),(3487,220,'Kharkiv Kherson','KL',1),(3488,220,'Khmel\'nyts\'kyy','KM',1),(3489,220,'Kirovohrad','KR',1),(3490,220,'Kiev','KV',1),(3491,220,'Kyyiv','KY',1),(3492,220,'Luhans\'k','LU',1),(3493,220,'L\'viv','LV',1),(3494,220,'Mykolayiv','MY',1),(3495,220,'Odesa','OD',1),(3496,220,'Poltava','PO',1),(3497,220,'Rivne','RI',1),(3498,220,'Sevastopol','SE',1),(3499,220,'Sumy','SU',1),(3500,220,'Ternopil\'','TE',1),(3501,220,'Vinnytsya','VI',1),(3502,220,'Volyn\'','VO',1),(3503,220,'Zakarpattya','ZK',1),(3504,220,'Zaporizhzhya','ZA',1),(3505,220,'Zhytomyr','ZH',1),(3506,221,'Abu Zaby','AZ',1),(3507,221,'\'Ajman','AJ',1),(3508,221,'Al Fujayrah','FU',1),(3509,221,'Ash Shariqah','SH',1),(3510,221,'Dubayy','DU',1),(3511,221,'R\'as al Khaymah','RK',1),(3512,221,'Umm al Qaywayn','UQ',1),(3513,222,'Aberdeen','ABN',1),(3514,222,'Aberdeenshire','ABNS',1),(3515,222,'Anglesey','ANG',1),(3516,222,'Angus','AGS',1),(3517,222,'Argyll and Bute','ARY',1),(3518,222,'Bedfordshire','BEDS',1),(3519,222,'Berkshire','BERKS',1),(3520,222,'Blaenau Gwent','BLA',1),(3521,222,'Bridgend','BRI',1),(3522,222,'Bristol','BSTL',1),(3523,222,'Buckinghamshire','BUCKS',1),(3524,222,'Caerphilly','CAE',1),(3525,222,'Cambridgeshire','CAMBS',1),(3526,222,'Cardiff','CDF',1),(3527,222,'Carmarthenshire','CARM',1),(3528,222,'Ceredigion','CDGN',1),(3529,222,'Cheshire','CHES',1),(3530,222,'Clackmannanshire','CLACK',1),(3531,222,'Conwy','CON',1),(3532,222,'Cornwall','CORN',1),(3533,222,'Denbighshire','DNBG',1),(3534,222,'Derbyshire','DERBY',1),(3535,222,'Devon','DVN',1),(3536,222,'Dorset','DOR',1),(3537,222,'Dumfries and Galloway','DGL',1),(3538,222,'Dundee','DUND',1),(3539,222,'Durham','DHM',1),(3540,222,'East Ayrshire','ARYE',1),(3541,222,'East Dunbartonshire','DUNBE',1),(3542,222,'East Lothian','LOTE',1),(3543,222,'East Renfrewshire','RENE',1),(3544,222,'East Riding of Yorkshire','ERYS',1),(3545,222,'East Sussex','SXE',1),(3546,222,'Edinburgh','EDIN',1),(3547,222,'Essex','ESX',1),(3548,222,'Falkirk','FALK',1),(3549,222,'Fife','FFE',1),(3550,222,'Flintshire','FLINT',1),(3551,222,'Glasgow','GLAS',1),(3552,222,'Gloucestershire','GLOS',1),(3553,222,'Greater London','LDN',1),(3554,222,'Greater Manchester','MCH',1),(3555,222,'Gwynedd','GDD',1),(3556,222,'Hampshire','HANTS',1),(3557,222,'Herefordshire','HWR',1),(3558,222,'Hertfordshire','HERTS',1),(3559,222,'Highlands','HLD',1),(3560,222,'Inverclyde','IVER',1),(3561,222,'Isle of Wight','IOW',1),(3562,222,'Kent','KNT',1),(3563,222,'Lancashire','LANCS',1),(3564,222,'Leicestershire','LEICS',1),(3565,222,'Lincolnshire','LINCS',1),(3566,222,'Merseyside','MSY',1),(3567,222,'Merthyr Tydfil','MERT',1),(3568,222,'Midlothian','MLOT',1),(3569,222,'Monmouthshire','MMOUTH',1),(3570,222,'Moray','MORAY',1),(3571,222,'Neath Port Talbot','NPRTAL',1),(3572,222,'Newport','NEWPT',1),(3573,222,'Norfolk','NOR',1),(3574,222,'North Ayrshire','ARYN',1),(3575,222,'North Lanarkshire','LANN',1),(3576,222,'North Yorkshire','YSN',1),(3577,222,'Northamptonshire','NHM',1),(3578,222,'Northumberland','NLD',1),(3579,222,'Nottinghamshire','NOT',1),(3580,222,'Orkney Islands','ORK',1),(3581,222,'Oxfordshire','OFE',1),(3582,222,'Pembrokeshire','PEM',1),(3583,222,'Perth and Kinross','PERTH',1),(3584,222,'Powys','PWS',1),(3585,222,'Renfrewshire','REN',1),(3586,222,'Rhondda Cynon Taff','RHON',1),(3587,222,'Rutland','RUT',1),(3588,222,'Scottish Borders','BOR',1),(3589,222,'Shetland Islands','SHET',1),(3590,222,'Shropshire','SPE',1),(3591,222,'Somerset','SOM',1),(3592,222,'South Ayrshire','ARYS',1),(3593,222,'South Lanarkshire','LANS',1),(3594,222,'South Yorkshire','YSS',1),(3595,222,'Staffordshire','SFD',1),(3596,222,'Stirling','STIR',1),(3597,222,'Suffolk','SFK',1),(3598,222,'Surrey','SRY',1),(3599,222,'Swansea','SWAN',1),(3600,222,'Torfaen','TORF',1),(3601,222,'Tyne and Wear','TWR',1),(3602,222,'Vale of Glamorgan','VGLAM',1),(3603,222,'Warwickshire','WARKS',1),(3604,222,'West Dunbartonshire','WDUN',1),(3605,222,'West Lothian','WLOT',1),(3606,222,'West Midlands','WMD',1),(3607,222,'West Sussex','SXW',1),(3608,222,'West Yorkshire','YSW',1),(3609,222,'Western Isles','WIL',1),(3610,222,'Wiltshire','WLT',1),(3611,222,'Worcestershire','WORCS',1),(3612,222,'Wrexham','WRX',1),(3613,223,'Alabama','AL',1),(3614,223,'Alaska','AK',1),(3615,223,'American Samoa','AS',1),(3616,223,'Arizona','AZ',1),(3617,223,'Arkansas','AR',1),(3618,223,'Armed Forces Africa','AF',1),(3619,223,'Armed Forces Americas','AA',1),(3620,223,'Armed Forces Canada','AC',1),(3621,223,'Armed Forces Europe','AE',1),(3622,223,'Armed Forces Middle East','AM',1),(3623,223,'Armed Forces Pacific','AP',1),(3624,223,'California','CA',1),(3625,223,'Colorado','CO',1),(3626,223,'Connecticut','CT',1),(3627,223,'Delaware','DE',1),(3628,223,'District of Columbia','DC',1),(3629,223,'Federated States Of Micronesia','FM',1),(3630,223,'Florida','FL',1),(3631,223,'Georgia','GA',1),(3632,223,'Guam','GU',1),(3633,223,'Hawaii','HI',1),(3634,223,'Idaho','ID',1),(3635,223,'Illinois','IL',1),(3636,223,'Indiana','IN',1),(3637,223,'Iowa','IA',1),(3638,223,'Kansas','KS',1),(3639,223,'Kentucky','KY',1),(3640,223,'Louisiana','LA',1),(3641,223,'Maine','ME',1),(3642,223,'Marshall Islands','MH',1),(3643,223,'Maryland','MD',1),(3644,223,'Massachusetts','MA',1),(3645,223,'Michigan','MI',1),(3646,223,'Minnesota','MN',1),(3647,223,'Mississippi','MS',1),(3648,223,'Missouri','MO',1),(3649,223,'Montana','MT',1),(3650,223,'Nebraska','NE',1),(3651,223,'Nevada','NV',1),(3652,223,'New Hampshire','NH',1),(3653,223,'New Jersey','NJ',1),(3654,223,'New Mexico','NM',1),(3655,223,'New York','NY',1),(3656,223,'North Carolina','NC',1),(3657,223,'North Dakota','ND',1),(3658,223,'Northern Mariana Islands','MP',1),(3659,223,'Ohio','OH',1),(3660,223,'Oklahoma','OK',1),(3661,223,'Oregon','OR',1),(3662,223,'Palau','PW',1),(3663,223,'Pennsylvania','PA',1),(3664,223,'Puerto Rico','PR',1),(3665,223,'Rhode Island','RI',1),(3666,223,'South Carolina','SC',1),(3667,223,'South Dakota','SD',1),(3668,223,'Tennessee','TN',1),(3669,223,'Texas','TX',1),(3670,223,'Utah','UT',1),(3671,223,'Vermont','VT',1),(3672,223,'Virgin Islands','VI',1),(3673,223,'Virginia','VA',1),(3674,223,'Washington','WA',1),(3675,223,'West Virginia','WV',1),(3676,223,'Wisconsin','WI',1),(3677,223,'Wyoming','WY',1),(3678,224,'Baker Island','BI',1),(3679,224,'Howland Island','HI',1),(3680,224,'Jarvis Island','JI',1),(3681,224,'Johnston Atoll','JA',1),(3682,224,'Kingman Reef','KR',1),(3683,224,'Midway Atoll','MA',1),(3684,224,'Navassa Island','NI',1),(3685,224,'Palmyra Atoll','PA',1),(3686,224,'Wake Island','WI',1),(3687,225,'Artigas','AR',1),(3688,225,'Canelones','CA',1),(3689,225,'Cerro Largo','CL',1),(3690,225,'Colonia','CO',1),(3691,225,'Durazno','DU',1),(3692,225,'Flores','FS',1),(3693,225,'Florida','FA',1),(3694,225,'Lavalleja','LA',1),(3695,225,'Maldonado','MA',1),(3696,225,'Montevideo','MO',1),(3697,225,'Paysandu','PA',1),(3698,225,'Rio Negro','RN',1),(3699,225,'Rivera','RV',1),(3700,225,'Rocha','RO',1),(3701,225,'Salto','SL',1),(3702,225,'San Jose','SJ',1),(3703,225,'Soriano','SO',1),(3704,225,'Tacuarembo','TA',1),(3705,225,'Treinta y Tres','TT',1),(3706,226,'Andijon','AN',1),(3707,226,'Buxoro','BU',1),(3708,226,'Farg\'ona','FA',1),(3709,226,'Jizzax','JI',1),(3710,226,'Namangan','NG',1),(3711,226,'Navoiy','NW',1),(3712,226,'Qashqadaryo','QA',1),(3713,226,'Qoraqalpog\'iston Republikasi','QR',1),(3714,226,'Samarqand','SA',1),(3715,226,'Sirdaryo','SI',1),(3716,226,'Surxondaryo','SU',1),(3717,226,'Toshkent City','TK',1),(3718,226,'Toshkent Region','TO',1),(3719,226,'Xorazm','XO',1),(3720,227,'Malampa','MA',1),(3721,227,'Penama','PE',1),(3722,227,'Sanma','SA',1),(3723,227,'Shefa','SH',1),(3724,227,'Tafea','TA',1),(3725,227,'Torba','TO',1),(3726,229,'Amazonas','AM',1),(3727,229,'Anzoategui','AN',1),(3728,229,'Apure','AP',1),(3729,229,'Aragua','AR',1),(3730,229,'Barinas','BA',1),(3731,229,'Bolivar','BO',1),(3732,229,'Carabobo','CA',1),(3733,229,'Cojedes','CO',1),(3734,229,'Delta Amacuro','DA',1),(3735,229,'Dependencias Federales','DF',1),(3736,229,'Distrito Federal','DI',1),(3737,229,'Falcon','FA',1),(3738,229,'Guarico','GU',1),(3739,229,'Lara','LA',1),(3740,229,'Merida','ME',1),(3741,229,'Miranda','MI',1),(3742,229,'Monagas','MO',1),(3743,229,'Nueva Esparta','NE',1),(3744,229,'Portuguesa','PO',1),(3745,229,'Sucre','SU',1),(3746,229,'Tachira','TA',1),(3747,229,'Trujillo','TR',1),(3748,229,'Vargas','VA',1),(3749,229,'Yaracuy','YA',1),(3750,229,'Zulia','ZU',1),(3751,230,'An Giang','AG',1),(3752,230,'Bac Giang','BG',1),(3753,230,'Bac Kan','BK',1),(3754,230,'Bac Lieu','BL',1),(3755,230,'Bac Ninh','BC',1),(3756,230,'Ba Ria-Vung Tau','BR',1),(3757,230,'Ben Tre','BN',1),(3758,230,'Binh Dinh','BH',1),(3759,230,'Binh Duong','BU',1),(3760,230,'Binh Phuoc','BP',1),(3761,230,'Binh Thuan','BT',1),(3762,230,'Ca Mau','CM',1),(3763,230,'Can Tho','CT',1),(3764,230,'Cao Bang','CB',1),(3765,230,'Dak Lak','DL',1),(3766,230,'Dak Nong','DG',1),(3767,230,'Da Nang','DN',1),(3768,230,'Dien Bien','DB',1),(3769,230,'Dong Nai','DI',1),(3770,230,'Dong Thap','DT',1),(3771,230,'Gia Lai','GL',1),(3772,230,'Ha Giang','HG',1),(3773,230,'Hai Duong','HD',1),(3774,230,'Hai Phong','HP',1),(3775,230,'Ha Nam','HM',1),(3776,230,'Ha Noi','HI',1),(3777,230,'Ha Tay','HT',1),(3778,230,'Ha Tinh','HH',1),(3779,230,'Hoa Binh','HB',1),(3780,230,'Ho Chi Minh City','HC',1),(3781,230,'Hau Giang','HU',1),(3782,230,'Hung Yen','HY',1),(3783,232,'Saint Croix','C',1),(3784,232,'Saint John','J',1),(3785,232,'Saint Thomas','T',1),(3786,233,'Alo','A',1),(3787,233,'Sigave','S',1),(3788,233,'Wallis','W',1),(3789,235,'Abyan','AB',1),(3790,235,'Adan','AD',1),(3791,235,'Amran','AM',1),(3792,235,'Al Bayda','BA',1),(3793,235,'Ad Dali','DA',1),(3794,235,'Dhamar','DH',1),(3795,235,'Hadramawt','HD',1),(3796,235,'Hajjah','HJ',1),(3797,235,'Al Hudaydah','HU',1),(3798,235,'Ibb','IB',1),(3799,235,'Al Jawf','JA',1),(3800,235,'Lahij','LA',1),(3801,235,'Ma\'rib','MA',1),(3802,235,'Al Mahrah','MR',1),(3803,235,'Al Mahwit','MW',1),(3804,235,'Sa\'dah','SD',1),(3805,235,'San\'a','SN',1),(3806,235,'Shabwah','SH',1),(3807,235,'Ta\'izz','TA',1),(3812,237,'Bas-Congo','BC',1),(3813,237,'Bandundu','BN',1),(3814,237,'Equateur','EQ',1),(3815,237,'Katanga','KA',1),(3816,237,'Kasai-Oriental','KE',1),(3817,237,'Kinshasa','KN',1),(3818,237,'Kasai-Occidental','KW',1),(3819,237,'Maniema','MA',1),(3820,237,'Nord-Kivu','NK',1),(3821,237,'Orientale','OR',1),(3822,237,'Sud-Kivu','SK',1),(3823,238,'Central','CE',1),(3824,238,'Copperbelt','CB',1),(3825,238,'Eastern','EA',1),(3826,238,'Luapula','LP',1),(3827,238,'Lusaka','LK',1),(3828,238,'Northern','NO',1),(3829,238,'North-Western','NW',1),(3830,238,'Southern','SO',1),(3831,238,'Western','WE',1),(3832,239,'Bulawayo','BU',1),(3833,239,'Harare','HA',1),(3834,239,'Manicaland','ML',1),(3835,239,'Mashonaland Central','MC',1),(3836,239,'Mashonaland East','ME',1),(3837,239,'Mashonaland West','MW',1),(3838,239,'Masvingo','MV',1),(3839,239,'Matabeleland North','MN',1),(3840,239,'Matabeleland South','MS',1),(3841,239,'Midlands','MD',1),(3861,105,'Campobasso','CB',1),(3862,105,'Carbonia-Iglesias','CI',1),(3863,105,'Caserta','CE',1),(3864,105,'Catania','CT',1),(3865,105,'Catanzaro','CZ',1),(3866,105,'Chieti','CH',1),(3867,105,'Como','CO',1),(3868,105,'Cosenza','CS',1),(3869,105,'Cremona','CR',1),(3870,105,'Crotone','KR',1),(3871,105,'Cuneo','CN',1),(3872,105,'Enna','EN',1),(3873,105,'Ferrara','FE',1),(3874,105,'Firenze','FI',1),(3875,105,'Foggia','FG',1),(3876,105,'Forli-Cesena','FC',1),(3877,105,'Frosinone','FR',1),(3878,105,'Genova','GE',1),(3879,105,'Gorizia','GO',1),(3880,105,'Grosseto','GR',1),(3881,105,'Imperia','IM',1),(3882,105,'Isernia','IS',1),(3883,105,'L&#39;Aquila','AQ',1),(3884,105,'La Spezia','SP',1),(3885,105,'Latina','LT',1),(3886,105,'Lecce','LE',1),(3887,105,'Lecco','LC',1),(3888,105,'Livorno','LI',1),(3889,105,'Lodi','LO',1),(3890,105,'Lucca','LU',1),(3891,105,'Macerata','MC',1),(3892,105,'Mantova','MN',1),(3893,105,'Massa-Carrara','MS',1),(3894,105,'Matera','MT',1),(3895,105,'Medio Campidano','VS',1),(3896,105,'Messina','ME',1),(3897,105,'Milano','MI',1),(3898,105,'Modena','MO',1),(3899,105,'Napoli','NA',1),(3900,105,'Novara','NO',1),(3901,105,'Nuoro','NU',1),(3902,105,'Ogliastra','OG',1),(3903,105,'Olbia-Tempio','OT',1),(3904,105,'Oristano','OR',1),(3905,105,'Padova','PD',1),(3906,105,'Palermo','PA',1),(3907,105,'Parma','PR',1),(3908,105,'Pavia','PV',1),(3909,105,'Perugia','PG',1),(3910,105,'Pesaro e Urbino','PU',1),(3911,105,'Pescara','PE',1),(3912,105,'Piacenza','PC',1),(3913,105,'Pisa','PI',1),(3914,105,'Pistoia','PT',1),(3915,105,'Pordenone','PN',1),(3916,105,'Potenza','PZ',1),(3917,105,'Prato','PO',1),(3918,105,'Ragusa','RG',1),(3919,105,'Ravenna','RA',1),(3920,105,'Reggio Calabria','RC',1),(3921,105,'Reggio Emilia','RE',1),(3922,105,'Rieti','RI',1),(3923,105,'Rimini','RN',1),(3924,105,'Roma','RM',1),(3925,105,'Rovigo','RO',1),(3926,105,'Salerno','SA',1),(3927,105,'Sassari','SS',1),(3928,105,'Savona','SV',1),(3929,105,'Siena','SI',1),(3930,105,'Siracusa','SR',1),(3931,105,'Sondrio','SO',1),(3932,105,'Taranto','TA',1),(3933,105,'Teramo','TE',1),(3934,105,'Terni','TR',1),(3935,105,'Torino','TO',1),(3936,105,'Trapani','TP',1),(3937,105,'Trento','TN',1),(3938,105,'Treviso','TV',1),(3939,105,'Trieste','TS',1),(3940,105,'Udine','UD',1),(3941,105,'Varese','VA',1),(3942,105,'Venezia','VE',1),(3943,105,'Verbano-Cusio-Ossola','VB',1),(3944,105,'Vercelli','VC',1),(3945,105,'Verona','VR',1),(3946,105,'Vibo Valentia','VV',1),(3947,105,'Vicenza','VI',1),(3948,105,'Viterbo','VT',1),(3949,222,'County Antrim','ANT',1),(3950,222,'County Armagh','ARM',1),(3951,222,'County Down','DOW',1),(3952,222,'County Fermanagh','FER',1),(3953,222,'County Londonderry','LDY',1),(3954,222,'County Tyrone','TYR',1),(3955,222,'Cumbria','CMA',1),(3956,190,'Pomurska','1',1),(3957,190,'Podravska','2',1),(3958,190,'Koroška','3',1),(3959,190,'Savinjska','4',1),(3960,190,'Zasavska','5',1),(3961,190,'Spodnjeposavska','6',1),(3962,190,'Jugovzhodna Slovenija','7',1),(3963,190,'Osrednjeslovenska','8',1),(3964,190,'Gorenjska','9',1),(3965,190,'Notranjsko-kraška','10',1),(3966,190,'Goriška','11',1),(3967,190,'Obalno-kraška','12',1),(3968,33,'Ruse','',1),(3969,101,'Alborz','ALB',1),(3970,21,'Brussels-Capital Region','BRU',1),(3971,138,'Aguascalientes','AG',1),(3972,222,'Isle of Man','IOM',1),(3973,242,'Andrijevica','01',1),(3974,242,'Bar','02',1),(3975,242,'Berane','03',1),(3976,242,'Bijelo Polje','04',1),(3977,242,'Budva','05',1),(3978,242,'Cetinje','06',1),(3979,242,'Danilovgrad','07',1),(3980,242,'Herceg-Novi','08',1),(3981,242,'Kolašin','09',1),(3982,242,'Kotor','10',1),(3983,242,'Mojkovac','11',1),(3984,242,'Nikšić','12',1),(3985,242,'Plav','13',1),(3986,242,'Pljevlja','14',1),(3987,242,'Plužine','15',1),(3988,242,'Podgorica','16',1),(3989,242,'Rožaje','17',1),(3990,242,'Šavnik','18',1),(3991,242,'Tivat','19',1),(3992,242,'Ulcinj','20',1),(3993,242,'Žabljak','21',1),(3994,243,'Belgrade','00',1),(3995,243,'North Bačka','01',1),(3996,243,'Central Banat','02',1),(3997,243,'North Banat','03',1),(3998,243,'South Banat','04',1),(3999,243,'West Bačka','05',1),(4000,243,'South Bačka','06',1),(4001,243,'Srem','07',1),(4002,243,'Mačva','08',1),(4003,243,'Kolubara','09',1),(4004,243,'Podunavlje','10',1),(4005,243,'Braničevo','11',1),(4006,243,'Šumadija','12',1),(4007,243,'Pomoravlje','13',1),(4008,243,'Bor','14',1),(4009,243,'Zaječar','15',1),(4010,243,'Zlatibor','16',1),(4011,243,'Moravica','17',1),(4012,243,'Raška','18',1),(4013,243,'Rasina','19',1),(4014,243,'Nišava','20',1),(4015,243,'Toplica','21',1),(4016,243,'Pirot','22',1),(4017,243,'Jablanica','23',1),(4018,243,'Pčinja','24',1),(4019,243,'Kosovo','KM',1),(4020,245,'Bonaire','BO',1),(4021,245,'Saba','SA',1),(4022,245,'Sint Eustatius','SE',1),(4023,248,'Central Equatoria','EC',1),(4024,248,'Eastern Equatoria','EE',1),(4025,248,'Jonglei','JG',1),(4026,248,'Lakes','LK',1),(4027,248,'Northern Bahr el-Ghazal','BN',1),(4028,248,'Unity','UY',1),(4029,248,'Upper Nile','NU',1),(4030,248,'Warrap','WR',1),(4031,248,'Western Bahr el-Ghazal','BW',1),(4032,248,'Western Equatoria','EW',1);
CREATE TABLE `oc_zone_to_geo_zone` (
  `zone_to_geo_zone_id` int(11) NOT NULL AUTO_INCREMENT,
  `country_id` int(11) NOT NULL,
  `zone_id` int(11) NOT NULL DEFAULT '0',
  `geo_zone_id` int(11) NOT NULL,
  `date_added` datetime NOT NULL DEFAULT '0000-00-00 00:00:00',
  `date_modified` datetime NOT NULL DEFAULT '0000-00-00 00:00:00',
  PRIMARY KEY (`zone_to_geo_zone_id`)
) ENGINE=MyISAM AUTO_INCREMENT=279 DEFAULT CHARSET=utf8;
INSERT INTO `oc_zone_to_geo_zone` VALUES (57,222,0,3,'2010-02-26 22:33:24','0000-00-00 00:00:00'),(251,204,0,9,'2014-08-31 09:15:37','0000-00-00 00:00:00'),(83,123,0,5,'2014-01-04 20:21:18','0000-00-00 00:00:00'),(274,244,0,6,'2014-08-31 10:23:43','0000-00-00 00:00:00'),(273,175,0,6,'2014-08-31 10:23:43','0000-00-00 00:00:00'),(272,132,0,6,'2014-08-31 10:23:43','0000-00-00 00:00:00'),(271,53,0,6,'2014-08-31 10:23:43','0000-00-00 00:00:00'),(82,123,0,7,'2014-01-04 20:19:16','0000-00-00 00:00:00'),(77,123,0,8,'2014-01-04 20:16:15','0000-00-00 00:00:00'),(270,33,0,6,'2014-08-31 10:23:43','0000-00-00 00:00:00'),(269,55,0,6,'2014-08-31 10:23:43','0000-00-00 00:00:00'),(268,21,0,6,'2014-08-31 10:23:43','0000-00-00 00:00:00'),(267,74,0,6,'2014-08-31 10:23:43','0000-00-00 00:00:00'),(266,57,0,6,'2014-08-31 10:23:43','0000-00-00 00:00:00'),(265,203,0,6,'2014-08-31 10:23:43','0000-00-00 00:00:00'),(264,72,0,6,'2014-08-31 10:23:43','0000-00-00 00:00:00'),(263,14,0,6,'2014-08-31 10:23:43','0000-00-00 00:00:00'),(262,222,0,6,'2014-08-31 10:23:43','0000-00-00 00:00:00'),(250,98,0,9,'2014-08-31 09:15:37','0000-00-00 00:00:00'),(249,104,0,9,'2014-08-31 09:15:37','0000-00-00 00:00:00'),(248,176,0,9,'2014-08-31 09:15:37','0000-00-00 00:00:00'),(247,160,0,9,'2014-08-31 09:15:37','0000-00-00 00:00:00'),(261,67,0,6,'2014-08-31 10:23:43','0000-00-00 00:00:00'),(135,123,0,10,'2014-01-13 20:31:51','0000-00-00 00:00:00'),(134,117,0,10,'2014-01-13 20:31:51','0000-00-00 00:00:00'),(133,67,0,10,'2014-01-13 20:31:51','0000-00-00 00:00:00'),(132,170,0,10,'2014-01-13 20:31:51','0000-00-00 00:00:00'),(129,123,0,11,'2014-01-05 11:19:40','0000-00-00 00:00:00'),(137,189,0,10,'2014-01-13 20:31:51','0000-00-00 00:00:00'),(136,14,0,10,'2014-01-13 20:31:51','0000-00-00 00:00:00'),(138,56,0,10,'2014-01-13 20:31:51','0000-00-00 00:00:00'),(246,20,0,9,'2014-08-31 09:15:37','0000-00-00 00:00:00'),(245,13,0,9,'2014-08-31 09:15:37','0000-00-00 00:00:00'),(244,38,0,9,'2014-08-31 09:15:37','0000-00-00 00:00:00'),(243,223,0,9,'2014-08-31 09:15:37','0000-00-00 00:00:00'),(242,113,0,9,'2014-08-31 09:15:37','0000-00-00 00:00:00'),(241,140,0,9,'2014-08-31 09:15:37','0000-00-00 00:00:00'),(260,81,0,6,'2014-08-31 10:23:43','0000-00-00 00:00:00'),(259,189,0,6,'2014-08-31 10:23:43','0000-00-00 00:00:00'),(258,56,0,6,'2014-08-31 10:23:43','0000-00-00 00:00:00'),(257,170,0,6,'2014-08-31 10:23:43','0000-00-00 00:00:00'),(256,117,0,6,'2014-08-31 10:23:43','0000-00-00 00:00:00'),(255,103,0,6,'2014-08-31 10:23:43','0000-00-00 00:00:00'),(240,220,0,9,'2014-08-31 09:15:37','0000-00-00 00:00:00'),(192,117,0,13,'2014-08-14 12:37:16','0000-00-00 00:00:00'),(189,67,0,14,'2014-08-11 19:31:37','0000-00-00 00:00:00'),(254,150,0,6,'2014-08-31 10:23:43','0000-00-00 00:00:00'),(253,103,0,6,'2014-08-31 10:23:43','0000-00-00 00:00:00'),(252,81,0,6,'2014-08-31 10:23:43','0000-00-00 00:00:00'),(275,123,0,15,'2014-12-24 11:15:20','0000-00-00 00:00:00'),(276,123,0,16,'2015-06-16 11:10:34','0000-00-00 00:00:00'),(277,117,0,16,'2015-06-16 11:10:34','0000-00-00 00:00:00'),(278,67,0,16,'2015-06-16 11:10:34','0000-00-00 00:00:00');
